74.7.227.0 - - [13/Dec/2025:00:25:38 +0100] "GET /data/upload/image/666175ed27e9a.jpg?path=//lib/apt/solvers HTTP/1.1" 200 14098 edition.gerdgeorge.de "-" "Mozilla/5.0 AppleWebKit/537.36 (KHTML, like Gecko; compatible; GPTBot/1.3; +https://openai.com/gptbot)" "-"
74.7.227.0 - - [13/Dec/2025:00:25:39 +0100] "GET /data/upload/image/666171fb77d06.jpg?path=//proc/self/root/etc/emacs HTTP/1.1" 200 14161 edition.gerdgeorge.de "-" "Mozilla/5.0 AppleWebKit/537.36 (KHTML, like Gecko; compatible; GPTBot/1.3; +https://openai.com/gptbot)" "-"
74.7.227.0 - - [13/Dec/2025:00:25:39 +0100] "GET /data/upload/image/666170d0e451f.jpg?path=//lib/apt/methods HTTP/1.1" 200 36894 edition.gerdgeorge.de "-" "Mozilla/5.0 AppleWebKit/537.36 (KHTML, like Gecko; compatible; GPTBot/1.3; +https://openai.com/gptbot)" "-"
74.7.227.0 - - [13/Dec/2025:00:25:40 +0100] "GET /data/upload/image/666171fb77d06.jpg?path=//lib/apt/solvers HTTP/1.1" 200 14098 edition.gerdgeorge.de "-" "Mozilla/5.0 AppleWebKit/537.36 (KHTML, like Gecko; compatible; GPTBot/1.3; +https://openai.com/gptbot)" "-"
54.156.248.0 - - [13/Dec/2025:00:25:40 +0100] "GET /jets/?path=//proc/self/root/proc/self/root/proc/thread-self/root/kunden/usr/lib/locale/es_DO/LC_MESSAGES HTTP/1.1" 200 15431 edition.gerdgeorge.de "-" "Mozilla/5.0 AppleWebKit/537.36 (KHTML, like Gecko; compatible; Amazonbot/0.1; +https://developer.amazon.com/support/amazonbot) Chrome/119.0.6045.214 Safari/537.36" "-"
74.7.227.0 - - [13/Dec/2025:00:25:40 +0100] "GET /data/upload/image/666171fb77d06.jpg?path=//proc/self/root/mnt/strato HTTP/1.1" 200 14130 edition.gerdgeorge.de "-" "Mozilla/5.0 AppleWebKit/537.36 (KHTML, like Gecko; compatible; GPTBot/1.3; +https://openai.com/gptbot)" "-"
74.7.227.0 - - [13/Dec/2025:00:25:41 +0100] "GET /data/upload/image/666171fb77d06.jpg?path=//proc/self/root/tmp/abuse HTTP/1.1" 200 12782 edition.gerdgeorge.de "-" "Mozilla/5.0 AppleWebKit/537.36 (KHTML, like Gecko; compatible; GPTBot/1.3; +https://openai.com/gptbot)" "-"
74.7.227.0 - - [13/Dec/2025:00:25:41 +0100] "GET /data/upload/image/6661718a9bb90.jpg?path=//etc/logrotate.d HTTP/1.1" 200 21181 edition.gerdgeorge.de "-" "Mozilla/5.0 AppleWebKit/537.36 (KHTML, like Gecko; compatible; GPTBot/1.3; +https://openai.com/gptbot)" "-"
74.7.227.0 - - [13/Dec/2025:00:25:42 +0100] "GET /data/upload/image/666171fb77d06.jpg?path=//usr/lib/apt/solvers HTTP/1.1" 200 14156 edition.gerdgeorge.de "-" "Mozilla/5.0 AppleWebKit/537.36 (KHTML, like Gecko; compatible; GPTBot/1.3; +https://openai.com/gptbot)" "-"
74.7.227.0 - - [13/Dec/2025:00:25:42 +0100] "GET /data/upload/image/66617162bc9a5.jpg?path=//proc/self/root/lib/locale HTTP/1.1" 200 690266 edition.gerdgeorge.de "-" "Mozilla/5.0 AppleWebKit/537.36 (KHTML, like Gecko; compatible; GPTBot/1.3; +https://openai.com/gptbot)" "-"
74.7.227.0 - - [13/Dec/2025:00:25:43 +0100] "GET /data/upload/image/666171fb77d06.jpg?path=//proc/self/root/var/cache HTTP/1.1" 200 20984 edition.gerdgeorge.de "-" "Mozilla/5.0 AppleWebKit/537.36 (KHTML, like Gecko; compatible; GPTBot/1.3; +https://openai.com/gptbot)" "-"
74.7.227.0 - - [13/Dec/2025:00:25:43 +0100] "GET /data/upload/image/666171fb77d06.jpg?path=//proc/self/root/var/local HTTP/1.1" 200 14145 edition.gerdgeorge.de "-" "Mozilla/5.0 AppleWebKit/537.36 (KHTML, like Gecko; compatible; GPTBot/1.3; +https://openai.com/gptbot)" "-"
74.7.227.0 - - [13/Dec/2025:00:25:44 +0100] "GET /data/upload/image/666171fb77d06.jpg?path=//proc/self/root/lib/locale HTTP/1.1" 200 690266 edition.gerdgeorge.de "-" "Mozilla/5.0 AppleWebKit/537.36 (KHTML, like Gecko; compatible; GPTBot/1.3; +https://openai.com/gptbot)" "-"
74.7.227.0 - - [13/Dec/2025:00:25:45 +0100] "GET /data/upload/image/666171fb77d06.jpg?path=//proc/self/root/etc/emacs/site-start.d HTTP/1.1" 200 20572 edition.gerdgeorge.de "-" "Mozilla/5.0 AppleWebKit/537.36 (KHTML, like Gecko; compatible; GPTBot/1.3; +https://openai.com/gptbot)" "-"
34.224.9.0 - - [13/Dec/2025:00:25:45 +0100] "GET /serviette-calamar/?path=//proc/thread-self/root/kunden/kunden/proc/self/root/kunden/kunden/lib/systemd HTTP/1.1" 200 18039 edition.gerdgeorge.de "-" "Mozilla/5.0 AppleWebKit/537.36 (KHTML, like Gecko; compatible; Amazonbot/0.1; +https://developer.amazon.com/support/amazonbot) Chrome/119.0.6045.214 Safari/537.36" "-"
74.7.227.0 - - [13/Dec/2025:00:25:45 +0100] "GET /data/upload/image/666171fb77d06.jpg?path=//proc/self/root/etc/fonts HTTP/1.1" 200 16982 edition.gerdgeorge.de "-" "Mozilla/5.0 AppleWebKit/537.36 (KHTML, like Gecko; compatible; GPTBot/1.3; +https://openai.com/gptbot)" "-"
74.7.227.0 - - [13/Dec/2025:00:25:46 +0100] "GET /data/upload/image/666171fb77d06.jpg?path=//usr/lib/apt/planners HTTP/1.1" 200 14162 edition.gerdgeorge.de "-" "Mozilla/5.0 AppleWebKit/537.36 (KHTML, like Gecko; compatible; GPTBot/1.3; +https://openai.com/gptbot)" "-"
74.7.227.0 - - [13/Dec/2025:00:25:46 +0100] "GET /data/upload/image/666171fb77d06.jpg?path=//proc/self/root/mnt/strato/web HTTP/1.1" 200 12840 edition.gerdgeorge.de "-" "Mozilla/5.0 AppleWebKit/537.36 (KHTML, like Gecko; compatible; GPTBot/1.3; +https://openai.com/gptbot)" "-"
74.7.227.0 - - [13/Dec/2025:00:25:47 +0100] "GET /data/upload/image/666170d0e451f.jpg?path=//proc/self/root/etc/groff HTTP/1.1" 200 15726 edition.gerdgeorge.de "-" "Mozilla/5.0 AppleWebKit/537.36 (KHTML, like Gecko; compatible; GPTBot/1.3; +https://openai.com/gptbot)" "-"
74.7.227.0 - - [13/Dec/2025:00:25:47 +0100] "GET /data/upload/image/666171fb77d06.jpg?path=//proc/self/root/lib/ispell HTTP/1.1" 200 14302 edition.gerdgeorge.de "-" "Mozilla/5.0 AppleWebKit/537.36 (KHTML, like Gecko; compatible; GPTBot/1.3; +https://openai.com/gptbot)" "-"
74.7.227.0 - - [13/Dec/2025:00:25:48 +0100] "GET /data/upload/image/666171fb77d06.jpg?path=//usr/local/games HTTP/1.1" 200 12685 edition.gerdgeorge.de "-" "Mozilla/5.0 AppleWebKit/537.36 (KHTML, like Gecko; compatible; GPTBot/1.3; +https://openai.com/gptbot)" "-"
52.204.71.0 - - [13/Dec/2025:00:25:48 +0100] "GET /?path=//proc/self/root/kunden/proc/self/root/proc/self/root/proc/self/root/kunden/lib/locale/en_NZ HTTP/1.1" 200 34551 edition.gerdgeorge.de "-" "Mozilla/5.0 AppleWebKit/537.36 (KHTML, like Gecko; compatible; Amazonbot/0.1; +https://developer.amazon.com/support/amazonbot) Chrome/119.0.6045.214 Safari/537.36" "-"
74.7.227.0 - - [13/Dec/2025:00:25:48 +0100] "GET /data/upload/image/66617162bc9a5.jpg?path=//proc/self/root/lib/locale/nl_NL@euro HTTP/1.1" 200 31026 edition.gerdgeorge.de "-" "Mozilla/5.0 AppleWebKit/537.36 (KHTML, like Gecko; compatible; GPTBot/1.3; +https://openai.com/gptbot)" "-"
74.7.227.0 - - [13/Dec/2025:00:25:49 +0100] "GET /data/upload/image/66617162bc9a5.jpg?path=//proc/self/root/lib/locale/en_SG HTTP/1.1" 200 30781 edition.gerdgeorge.de "-" "Mozilla/5.0 AppleWebKit/537.36 (KHTML, like Gecko; compatible; GPTBot/1.3; +https://openai.com/gptbot)" "-"
74.7.227.0 - - [13/Dec/2025:00:25:49 +0100] "GET /data/upload/image/66617162bc9a5.jpg?path=//proc/self/root/lib/locale/mn_MN HTTP/1.1" 200 30779 edition.gerdgeorge.de "-" "Mozilla/5.0 AppleWebKit/537.36 (KHTML, like Gecko; compatible; GPTBot/1.3; +https://openai.com/gptbot)" "-"
74.7.227.0 - - [13/Dec/2025:00:25:50 +0100] "GET /data/upload/image/666171fb77d06.jpg?path=//proc/self/root/lib/locale/hy_AM HTTP/1.1" 200 30778 edition.gerdgeorge.de "-" "Mozilla/5.0 AppleWebKit/537.36 (KHTML, like Gecko; compatible; GPTBot/1.3; +https://openai.com/gptbot)" "-"
74.7.227.0 - - [13/Dec/2025:00:25:51 +0100] "GET /data/upload/image/666171fb77d06.jpg?path=//proc/self/root/lib/locale/tt_RU@iqtelif HTTP/1.1" 200 31171 edition.gerdgeorge.de "-" "Mozilla/5.0 AppleWebKit/537.36 (KHTML, like Gecko; compatible; GPTBot/1.3; +https://openai.com/gptbot)" "-"
74.7.227.0 - - [13/Dec/2025:00:25:51 +0100] "GET /data/upload/image/666171fb77d06.jpg?path=//proc/self/root/lib/locale/es_BO HTTP/1.1" 200 30780 edition.gerdgeorge.de "-" "Mozilla/5.0 AppleWebKit/537.36 (KHTML, like Gecko; compatible; GPTBot/1.3; +https://openai.com/gptbot)" "-"
74.7.227.0 - - [13/Dec/2025:00:25:52 +0100] "GET /data/upload/image/666171fb77d06.jpg?path=//proc/self/root/lib/locale/gu_IN HTTP/1.1" 200 30779 edition.gerdgeorge.de "-" "Mozilla/5.0 AppleWebKit/537.36 (KHTML, like Gecko; compatible; GPTBot/1.3; +https://openai.com/gptbot)" "-"
3.212.219.0 - - [13/Dec/2025:00:25:52 +0100] "GET /books/?path=//kunden/proc/self/root/kunden/kunden/lib/locale/bo_CN HTTP/1.1" 200 32008 edition.gerdgeorge.de "-" "Mozilla/5.0 AppleWebKit/537.36 (KHTML, like Gecko; compatible; Amazonbot/0.1; +https://developer.amazon.com/support/amazonbot) Chrome/119.0.6045.214 Safari/537.36" "-"
74.7.227.0 - - [13/Dec/2025:00:25:52 +0100] "GET /data/upload/image/666171fb77d06.jpg?path=//proc/self/root/lib/locale/tr_TR HTTP/1.1" 200 30781 edition.gerdgeorge.de "-" "Mozilla/5.0 AppleWebKit/537.36 (KHTML, like Gecko; compatible; GPTBot/1.3; +https://openai.com/gptbot)" "-"
74.7.227.0 - - [13/Dec/2025:00:25:53 +0100] "GET /data/upload/image/666171fb77d06.jpg?path=//proc/self/root/lib/locale/af_ZA.utf8 HTTP/1.1" 200 31023 edition.gerdgeorge.de "-" "Mozilla/5.0 AppleWebKit/537.36 (KHTML, like Gecko; compatible; GPTBot/1.3; +https://openai.com/gptbot)" "-"
74.7.227.0 - - [13/Dec/2025:00:25:53 +0100] "GET /data/upload/image/666171fb77d06.jpg?path=//proc/self/root/lib/locale/gd_GB.utf8 HTTP/1.1" 200 31023 edition.gerdgeorge.de "-" "Mozilla/5.0 AppleWebKit/537.36 (KHTML, like Gecko; compatible; GPTBot/1.3; +https://openai.com/gptbot)" "-"
74.7.227.0 - - [13/Dec/2025:00:25:54 +0100] "GET /data/upload/image/66617162bc9a5.jpg?path=//proc/self/root/lib/locale/es_PY.utf8 HTTP/1.1" 200 31023 edition.gerdgeorge.de "-" "Mozilla/5.0 AppleWebKit/537.36 (KHTML, like Gecko; compatible; GPTBot/1.3; +https://openai.com/gptbot)" "-"
74.7.227.0 - - [13/Dec/2025:00:25:54 +0100] "GET /data/upload/image/66617162bc9a5.jpg?path=//proc/self/root/lib/locale/zh_TW.utf8 HTTP/1.1" 200 31023 edition.gerdgeorge.de "-" "Mozilla/5.0 AppleWebKit/537.36 (KHTML, like Gecko; compatible; GPTBot/1.3; +https://openai.com/gptbot)" "-"
74.7.227.0 - - [13/Dec/2025:00:25:55 +0100] "GET /data/upload/image/666171fb77d06.jpg?path=//proc/self/root/lib/locale/lg_UG.utf8 HTTP/1.1" 200 31022 edition.gerdgeorge.de "-" "Mozilla/5.0 AppleWebKit/537.36 (KHTML, like Gecko; compatible; GPTBot/1.3; +https://openai.com/gptbot)" "-"
74.7.227.0 - - [13/Dec/2025:00:25:55 +0100] "GET /data/upload/image/666171fb77d06.jpg?path=//proc/self/root/lib/locale/pt_PT.utf8 HTTP/1.1" 200 31022 edition.gerdgeorge.de "-" "Mozilla/5.0 AppleWebKit/537.36 (KHTML, like Gecko; compatible; GPTBot/1.3; +https://openai.com/gptbot)" "-"
44.193.102.0 - - [13/Dec/2025:00:25:56 +0100] "GET /contact/?path=//proc/self/root/kunden/proc/self/root/proc/self/root/kunden/proc/self HTTP/1.1" 200 80929 edition.gerdgeorge.de "-" "Mozilla/5.0 AppleWebKit/537.36 (KHTML, like Gecko; compatible; Amazonbot/0.1; +https://developer.amazon.com/support/amazonbot) Chrome/119.0.6045.214 Safari/537.36" "-"
216.73.216.0 - - [13/Dec/2025:00:25:56 +0100] "GET /imprint?fileloc=%2F%2Fkunden%2Fkunden%2Fusr%2Fshare%2Fpoppler%2FunicodeMap%2FKOI8-R&path=%2F%2Fkunden%2Fkunden%2Fusr%2Fshare%2Fpoppler%2FunicodeMap HTTP/1.1" 200 13412 edition.gerdgeorge.de "-" "Mozilla/5.0 AppleWebKit/537.36 (KHTML, like Gecko; compatible; ClaudeBot/1.0; +claudebot@anthropic.com)" "-"
216.73.216.0 - - [13/Dec/2025:00:25:56 +0100] "GET /imprint?fileloc=%2F%2Fkunden%2Fkunden%2Fusr%2Fshare%2Fmc%2Fsyntax%2Flisp.syntax&path=%2F%2Fkunden%2Fkunden%2Fusr%2Fshare%2Fmc%2Fsyntax HTTP/1.1" 200 14736 edition.gerdgeorge.de "-" "Mozilla/5.0 AppleWebKit/537.36 (KHTML, like Gecko; compatible; ClaudeBot/1.0; +claudebot@anthropic.com)" "-"
74.7.227.0 - - [13/Dec/2025:00:25:56 +0100] "GET /data/upload/image/666171fb77d06.jpg?path=//proc/self/root/lib/locale/lzh_TW HTTP/1.1" 200 30827 edition.gerdgeorge.de "-" "Mozilla/5.0 AppleWebKit/537.36 (KHTML, like Gecko; compatible; GPTBot/1.3; +https://openai.com/gptbot)" "-"
74.7.227.0 - - [13/Dec/2025:00:25:57 +0100] "GET /data/upload/image/666171fb77d06.jpg?path=//proc/self/root/lib/locale/tt_RU@iqtelif/LC_MESSAGES HTTP/1.1" 200 14547 edition.gerdgeorge.de "-" "Mozilla/5.0 AppleWebKit/537.36 (KHTML, like Gecko; compatible; GPTBot/1.3; +https://openai.com/gptbot)" "-"
216.73.216.0 - - [13/Dec/2025:00:25:57 +0100] "GET /imprint?path=%2F%2Fkunden%2Fkunden%2Fusr%2Fshare%2Fcmake-3.18%2FModules%2FFetchContent HTTP/1.1" 200 14614 edition.gerdgeorge.de "-" "Mozilla/5.0 AppleWebKit/537.36 (KHTML, like Gecko; compatible; ClaudeBot/1.0; +claudebot@anthropic.com)" "-"
74.7.227.0 - - [13/Dec/2025:00:25:57 +0100] "GET /data/upload/image/666171fb77d06.jpg?path=//proc/self/root/lib/locale/es_BO/LC_MESSAGES HTTP/1.1" 200 14492 edition.gerdgeorge.de "-" "Mozilla/5.0 AppleWebKit/537.36 (KHTML, like Gecko; compatible; GPTBot/1.3; +https://openai.com/gptbot)" "-"
216.73.216.0 - - [13/Dec/2025:00:25:57 +0100] "GET /imprint?fileloc=%2F%2Fkunden%2Fkunden%2Fusr%2Fshare%2Fmc%2Fsyntax%2Fxml.syntax&path=%2F%2Fkunden%2Fkunden%2Fusr%2Fshare%2Fmc%2Fsyntax HTTP/1.1" 200 13707 edition.gerdgeorge.de "-" "Mozilla/5.0 AppleWebKit/537.36 (KHTML, like Gecko; compatible; ClaudeBot/1.0; +claudebot@anthropic.com)" "-"
74.7.227.0 - - [13/Dec/2025:00:25:58 +0100] "GET /data/upload/image/666171fb77d06.jpg?path=//proc/self/root/lib/locale/gu_IN/LC_MESSAGES HTTP/1.1" 200 14492 edition.gerdgeorge.de "-" "Mozilla/5.0 AppleWebKit/537.36 (KHTML, like Gecko; compatible; GPTBot/1.3; +https://openai.com/gptbot)" "-"
216.73.216.0 - - [13/Dec/2025:00:25:58 +0100] "GET /imprint?fileloc=%2F%2Fkunden%2Fkunden%2Fusr%2Fshare%2Fcmake-3.18%2FModules%2FFindHTMLHelp.cmake&path=%2F%2Fkunden%2Fkunden%2Fusr%2Fshare%2Fcmake-3.18%2FModules HTTP/1.1" 200 14073 edition.gerdgeorge.de "-" "Mozilla/5.0 AppleWebKit/537.36 (KHTML, like Gecko; compatible; ClaudeBot/1.0; +claudebot@anthropic.com)" "-"
74.7.227.0 - - [13/Dec/2025:00:25:58 +0100] "GET /data/upload/image/666171fb77d06.jpg?path=//proc/self/root/lib/locale/hy_AM/LC_MESSAGES HTTP/1.1" 200 14491 edition.gerdgeorge.de "-" "Mozilla/5.0 AppleWebKit/537.36 (KHTML, like Gecko; compatible; GPTBot/1.3; +https://openai.com/gptbot)" "-"
216.73.216.0 - - [13/Dec/2025:00:25:58 +0100] "GET /imprint?fileloc=%2F%2Fproc%2Fself%2Fcwd%2Fwp-includes%2Frest-api%2Fendpoints%2Fclass-wp-rest-template-autosaves-controller.php&path=%2F%2Fproc%2Fself%2Fcwd%2Fwp-includes%2Frest-api%2Fendpoints HTTP/1.1" 200 20768 edition.gerdgeorge.de "-" "Mozilla/5.0 AppleWebKit/537.36 (KHTML, like Gecko; compatible; ClaudeBot/1.0; +claudebot@anthropic.com)" "-"
216.73.216.0 - - [13/Dec/2025:00:25:59 +0100] "GET /mare-sei?fileloc=%2F%2Flib%2Fapt%2Fmethods%2Fmirror+https&path=%2F%2Flib%2Fapt%2Fmethods HTTP/1.1" 200 12284 edition.gerdgeorge.de "-" "Mozilla/5.0 AppleWebKit/537.36 (KHTML, like Gecko; compatible; ClaudeBot/1.0; +claudebot@anthropic.com)" "-"
74.7.227.0 - - [13/Dec/2025:00:25:59 +0100] "GET /data/upload/image/666171fb77d06.jpg?fileloc=//proc/self/root/lib/locale/af_ZA.utf8/LC_NUMERIC&path=//proc/self/root/lib/locale/af_ZA.utf8 HTTP/1.1" 200 12533 edition.gerdgeorge.de "-" "Mozilla/5.0 AppleWebKit/537.36 (KHTML, like Gecko; compatible; GPTBot/1.3; +https://openai.com/gptbot)" "-"
74.7.227.0 - - [13/Dec/2025:00:25:59 +0100] "GET /data/upload/image/66617162bc9a5.jpg?path=//proc/self/root/lib/locale/nl_NL@euro/LC_MESSAGES HTTP/1.1" 200 14527 edition.gerdgeorge.de "-" "Mozilla/5.0 AppleWebKit/537.36 (KHTML, like Gecko; compatible; GPTBot/1.3; +https://openai.com/gptbot)" "-"
216.73.216.0 - - [13/Dec/2025:00:26:00 +0100] "GET /imprint?fileloc=%2F%2Fkunden%2Fkunden%2Fusr%2Fshare%2Fmc%2Fsyntax%2Fsql.syntax&path=%2F%2Fkunden%2Fkunden%2Fusr%2Fshare%2Fmc%2Fsyntax HTTP/1.1" 200 23404 edition.gerdgeorge.de "-" "Mozilla/5.0 AppleWebKit/537.36 (KHTML, like Gecko; compatible; ClaudeBot/1.0; +claudebot@anthropic.com)" "-"
74.7.227.0 - - [13/Dec/2025:00:26:00 +0100] "GET /data/upload/image/666171fb77d06.jpg?path=//proc/self/root/lib/locale/af_ZA.utf8/LC_MESSAGES HTTP/1.1" 200 14527 edition.gerdgeorge.de "-" "Mozilla/5.0 AppleWebKit/537.36 (KHTML, like Gecko; compatible; GPTBot/1.3; +https://openai.com/gptbot)" "-"
52.3.104.0 - - [13/Dec/2025:00:26:00 +0100] "GET /cockpit/?path=//proc/self/root/proc/self/root/kunden/kunden/proc/self/root/proc/thread-self/root/lib/locale/es_BO HTTP/1.1" 200 34927 edition.gerdgeorge.de "-" "Mozilla/5.0 AppleWebKit/537.36 (KHTML, like Gecko; compatible; Amazonbot/0.1; +https://developer.amazon.com/support/amazonbot) Chrome/119.0.6045.214 Safari/537.36" "-"
74.7.227.0 - - [13/Dec/2025:00:26:00 +0100] "GET /data/upload/image/666171fb77d06.jpg?path=//proc/self/root/lib/locale/gd_GB.utf8/LC_MESSAGES HTTP/1.1" 200 14527 edition.gerdgeorge.de "-" "Mozilla/5.0 AppleWebKit/537.36 (KHTML, like Gecko; compatible; GPTBot/1.3; +https://openai.com/gptbot)" "-"
216.73.216.0 - - [13/Dec/2025:00:26:01 +0100] "GET /crevettes-en-chaines?path=%2Fhomepages%2F31%2Fd696029188%2Fhtdocs%2FNeu_GerdGeorge%2FGerdGeorgeDianaBackup%2Fwp-includes%2FSimplePie%2Fsrc%2FHTTP HTTP/1.1" 200 17067 edition.gerdgeorge.de "-" "Mozilla/5.0 AppleWebKit/537.36 (KHTML, like Gecko; compatible; ClaudeBot/1.0; +claudebot@anthropic.com)" "-"
74.7.227.0 - - [13/Dec/2025:00:26:01 +0100] "GET /data/upload/image/666171fb77d06.jpg?path=//proc/self/root/lib/locale/lg_UG.utf8/LC_MESSAGES HTTP/1.1" 200 14527 edition.gerdgeorge.de "-" "Mozilla/5.0 AppleWebKit/537.36 (KHTML, like Gecko; compatible; GPTBot/1.3; +https://openai.com/gptbot)" "-"
74.7.227.0 - - [13/Dec/2025:00:26:02 +0100] "GET /data/upload/image/666171fb77d06.jpg?path=//proc/self/root/lib/locale/pt_PT.utf8/LC_MESSAGES HTTP/1.1" 200 14526 edition.gerdgeorge.de "-" "Mozilla/5.0 AppleWebKit/537.36 (KHTML, like Gecko; compatible; GPTBot/1.3; +https://openai.com/gptbot)" "-"
216.73.216.0 - - [13/Dec/2025:00:26:02 +0100] "GET /imprint?fileloc=%2F%2Fproc%2Fthread-self%2Fcwd%2Fwp-includes%2Fsodium_compat%2Fsrc%2FCore32%2FChaCha20%2FCtx.php&path=%2F%2Fproc%2Fthread-self%2Fcwd%2Fwp-includes%2Fsodium_compat%2Fsrc%2FCore32%2FChaCha20 HTTP/1.1" 200 17757 edition.gerdgeorge.de "-" "Mozilla/5.0 AppleWebKit/537.36 (KHTML, like Gecko; compatible; ClaudeBot/1.0; +claudebot@anthropic.com)" "-"
74.7.227.0 - - [13/Dec/2025:00:26:02 +0100] "GET /data/upload/image/666171fb77d06.jpg?path=//proc/self/root/lib/locale/lzh_TW/LC_MESSAGES HTTP/1.1" 200 14499 edition.gerdgeorge.de "-" "Mozilla/5.0 AppleWebKit/537.36 (KHTML, like Gecko; compatible; GPTBot/1.3; +https://openai.com/gptbot)" "-"
74.7.227.0 - - [13/Dec/2025:00:26:03 +0100] "GET /data/upload/image/66617162bc9a5.jpg?path=//proc/self/root/lib/locale/es_PY.utf8/LC_MESSAGES HTTP/1.1" 200 14527 edition.gerdgeorge.de "-" "Mozilla/5.0 AppleWebKit/537.36 (KHTML, like Gecko; compatible; GPTBot/1.3; +https://openai.com/gptbot)" "-"
216.73.216.0 - - [13/Dec/2025:00:26:03 +0100] "GET /imprint?fileloc=%2F%2Fproc%2Fself%2Fcwd%2Fwp-includes%2Frest-api%2Ffields%2Fclass-wp-rest-post-meta-fields.php&path=%2F%2Fproc%2Fself%2Fcwd%2Fwp-includes%2Frest-api%2Ffields HTTP/1.1" 200 13784 edition.gerdgeorge.de "-" "Mozilla/5.0 AppleWebKit/537.36 (KHTML, like Gecko; compatible; ClaudeBot/1.0; +claudebot@anthropic.com)" "-"
74.7.227.0 - - [13/Dec/2025:00:26:03 +0100] "GET /data/upload/image/66617162bc9a5.jpg?path=//proc/self/root/lib/locale/en_SG/LC_MESSAGES HTTP/1.1" 200 14492 edition.gerdgeorge.de "-" "Mozilla/5.0 AppleWebKit/537.36 (KHTML, like Gecko; compatible; GPTBot/1.3; +https://openai.com/gptbot)" "-"
74.7.227.0 - - [13/Dec/2025:00:26:04 +0100] "GET /data/upload/image/66617162bc9a5.jpg?path=//proc/self/root/lib/locale/mn_MN/LC_MESSAGES HTTP/1.1" 200 14492 edition.gerdgeorge.de "-" "Mozilla/5.0 AppleWebKit/537.36 (KHTML, like Gecko; compatible; GPTBot/1.3; +https://openai.com/gptbot)" "-"
216.73.216.0 - - [13/Dec/2025:00:26:04 +0100] "GET /imprint?fileloc=%2F%2Fkunden%2Fkunden%2Fusr%2Fshare%2Fpoppler%2FunicodeMap%2FISO-2022-KR&path=%2F%2Fkunden%2Fkunden%2Fusr%2Fshare%2Fpoppler%2FunicodeMap HTTP/1.1" 200 80772 edition.gerdgeorge.de "-" "Mozilla/5.0 AppleWebKit/537.36 (KHTML, like Gecko; compatible; ClaudeBot/1.0; +claudebot@anthropic.com)" "-"
34.225.243.0 - - [13/Dec/2025:00:26:04 +0100] "GET /serviette-calamar/?path=//kunden/proc/self/root/kunden/proc/self/root/kunden/kunden/proc/self/root/proc/self/root/lib/locale/en_PH HTTP/1.1" 200 35526 edition.gerdgeorge.de "-" "Mozilla/5.0 AppleWebKit/537.36 (KHTML, like Gecko; compatible; Amazonbot/0.1; +https://developer.amazon.com/support/amazonbot) Chrome/119.0.6045.214 Safari/537.36" "-"
74.7.227.0 - - [13/Dec/2025:00:26:04 +0100] "GET /data/upload/image/66617162bc9a5.jpg?path=//proc/self/root/lib/locale/zh_TW.utf8/LC_MESSAGES HTTP/1.1" 200 14526 edition.gerdgeorge.de "-" "Mozilla/5.0 AppleWebKit/537.36 (KHTML, like Gecko; compatible; GPTBot/1.3; +https://openai.com/gptbot)" "-"
216.73.216.0 - - [13/Dec/2025:00:26:05 +0100] "GET /imprint?path=%2F%2Fproc%2Fself%2Fcwd%2Fwp-content%2Fplugins%2Felementor%2Fdata%2Fbase HTTP/1.1" 200 20928 edition.gerdgeorge.de "-" "Mozilla/5.0 AppleWebKit/537.36 (KHTML, like Gecko; compatible; ClaudeBot/1.0; +claudebot@anthropic.com)" "-"
74.7.227.0 - - [13/Dec/2025:00:26:05 +0100] "GET /data/upload/image/666171fb77d06.jpg?path=//proc/self/root/lib/locale/tr_TR/LC_MESSAGES HTTP/1.1" 200 14492 edition.gerdgeorge.de "-" "Mozilla/5.0 AppleWebKit/537.36 (KHTML, like Gecko; compatible; GPTBot/1.3; +https://openai.com/gptbot)" "-"
74.7.227.0 - - [13/Dec/2025:00:26:05 +0100] "GET /data/upload/image/66617162bc9a5.jpg?path=//proc/self/root/lib/locale/kk_KZ.rk1048 HTTP/1.1" 200 31124 edition.gerdgeorge.de "-" "Mozilla/5.0 AppleWebKit/537.36 (KHTML, like Gecko; compatible; GPTBot/1.3; +https://openai.com/gptbot)" "-"
216.73.216.0 - - [13/Dec/2025:00:26:06 +0100] "GET /imprint?fileloc=%2F%2Fproc%2Fself%2Fcwd%2Fwp-includes%2Fjs%2Fjquery%2Fui%2Fsortable.min.js&path=%2F%2Fproc%2Fself%2Fcwd%2Fwp-includes%2Fjs%2Fjquery%2Fui HTTP/1.1" 200 41530 edition.gerdgeorge.de "-" "Mozilla/5.0 AppleWebKit/537.36 (KHTML, like Gecko; compatible; ClaudeBot/1.0; +claudebot@anthropic.com)" "-"
74.7.227.0 - - [13/Dec/2025:00:26:06 +0100] "GET /data/upload/image/66617162bc9a5.jpg?path=//proc/self/root/lib/locale/zh_CN.gb18030 HTTP/1.1" 200 31170 edition.gerdgeorge.de "-" "Mozilla/5.0 AppleWebKit/537.36 (KHTML, like Gecko; compatible; GPTBot/1.3; +https://openai.com/gptbot)" "-"
74.7.227.0 - - [13/Dec/2025:00:26:07 +0100] "GET /data/upload/image/666171fb77d06.jpg?path=//proc/self/root/lib/locale/zh_CN.gb18030 HTTP/1.1" 200 31170 edition.gerdgeorge.de "-" "Mozilla/5.0 AppleWebKit/537.36 (KHTML, like Gecko; compatible; GPTBot/1.3; +https://openai.com/gptbot)" "-"
216.73.216.0 - - [13/Dec/2025:00:26:07 +0100] "GET /imprint?fileloc=%2F%2Fkunden%2Fkunden%2Fusr%2Fshare%2Fcmake-3.18%2FModules%2FFindPython3.cmake&path=%2F%2Fkunden%2Fkunden%2Fusr%2Fshare%2Fcmake-3.18%2FModules HTTP/1.1" 200 27292 edition.gerdgeorge.de "-" "Mozilla/5.0 AppleWebKit/537.36 (KHTML, like Gecko; compatible; ClaudeBot/1.0; +claudebot@anthropic.com)" "-"
74.7.227.0 - - [13/Dec/2025:00:26:07 +0100] "GET /data/upload/image/66617162bc9a5.jpg?path=//proc/self/root/lib/locale/kw_GB.utf8 HTTP/1.1" 200 31022 edition.gerdgeorge.de "-" "Mozilla/5.0 AppleWebKit/537.36 (KHTML, like Gecko; compatible; GPTBot/1.3; +https://openai.com/gptbot)" "-"
74.7.227.0 - - [13/Dec/2025:00:26:08 +0100] "GET /data/upload/image/666171fb77d06.jpg?path=//proc/self/root/lib/locale/en_GB.iso885915 HTTP/1.1" 200 31270 edition.gerdgeorge.de "-" "Mozilla/5.0 AppleWebKit/537.36 (KHTML, like Gecko; compatible; GPTBot/1.3; +https://openai.com/gptbot)" "-"
216.73.216.0 - - [13/Dec/2025:00:26:08 +0100] "GET /imprint?fileloc=%2F%2Fkunden%2Fkunden%2Fusr%2Fshare%2Fcmake-3.18%2FModules%2FWriteCompilerDetectionHeader.cmake&path=%2F%2Fkunden%2Fkunden%2Fusr%2Fshare%2Fcmake-3.18%2FModules HTTP/1.1" 200 40976 edition.gerdgeorge.de "-" "Mozilla/5.0 AppleWebKit/537.36 (KHTML, like Gecko; compatible; ClaudeBot/1.0; +claudebot@anthropic.com)" "-"
54.92.171.0 - - [13/Dec/2025:00:26:08 +0100] "GET /jets/?path=//kunden/proc/self/root/proc/self/root/proc/thread-self/root/var/mail HTTP/1.1" 200 13345 edition.gerdgeorge.de "-" "Mozilla/5.0 AppleWebKit/537.36 (KHTML, like Gecko; compatible; Amazonbot/0.1; +https://developer.amazon.com/support/amazonbot) Chrome/119.0.6045.214 Safari/537.36" "-"
74.7.227.0 - - [13/Dec/2025:00:26:08 +0100] "GET /data/upload/image/66617162bc9a5.jpg?path=//proc/self/root/lib/locale/sv_SE.iso885915 HTTP/1.1" 200 31270 edition.gerdgeorge.de "-" "Mozilla/5.0 AppleWebKit/537.36 (KHTML, like Gecko; compatible; GPTBot/1.3; +https://openai.com/gptbot)" "-"
74.7.227.0 - - [13/Dec/2025:00:26:09 +0100] "GET /data/upload/image/666171fb77d06.jpg?path=//proc/self/root/lib/locale/en_DK.iso885915 HTTP/1.1" 200 31271 edition.gerdgeorge.de "-" "Mozilla/5.0 AppleWebKit/537.36 (KHTML, like Gecko; compatible; GPTBot/1.3; +https://openai.com/gptbot)" "-"
216.73.216.0 - - [13/Dec/2025:00:26:09 +0100] "GET /imprint?fileloc=%2F%2Fproc%2Fself%2Fcwd%2Fwp-content%2Fplugins%2Fx7%2Funinstall.php&path=%2F%2Fproc%2Fself%2Fcwd%2Fwp-content%2Fplugins%2Fx7 HTTP/1.1" 200 13792 edition.gerdgeorge.de "-" "Mozilla/5.0 AppleWebKit/537.36 (KHTML, like Gecko; compatible; ClaudeBot/1.0; +claudebot@anthropic.com)" "-"
74.7.227.0 - - [13/Dec/2025:00:26:09 +0100] "GET /data/upload/image/66617162bc9a5.jpg?path=//proc/self/root/lib/locale/en_US.iso885915 HTTP/1.1" 200 31271 edition.gerdgeorge.de "-" "Mozilla/5.0 AppleWebKit/537.36 (KHTML, like Gecko; compatible; GPTBot/1.3; +https://openai.com/gptbot)" "-"
216.73.216.0 - - [13/Dec/2025:00:26:10 +0100] "GET /imprint?fileloc=%2F%2Fkunden%2Fkunden%2Fusr%2Fshare%2Fcmake-3.18%2FModules%2FCMakeJavaInformation.cmake&path=%2F%2Fkunden%2Fkunden%2Fusr%2Fshare%2Fcmake-3.18%2FModules HTTP/1.1" 200 14470 edition.gerdgeorge.de "-" "Mozilla/5.0 AppleWebKit/537.36 (KHTML, like Gecko; compatible; ClaudeBot/1.0; +claudebot@anthropic.com)" "-"
74.7.227.0 - - [13/Dec/2025:00:26:10 +0100] "GET /data/upload/image/666171fb77d06.jpg?path=//proc/self/root/lib/locale/en_US.iso885915 HTTP/1.1" 200 31271 edition.gerdgeorge.de "-" "Mozilla/5.0 AppleWebKit/537.36 (KHTML, like Gecko; compatible; GPTBot/1.3; +https://openai.com/gptbot)" "-"
74.7.227.0 - - [13/Dec/2025:00:26:10 +0100] "GET /data/upload/image/666171fb77d06.jpg?path=//proc/self/root/lib/locale/sv_SE.iso885915 HTTP/1.1" 200 31270 edition.gerdgeorge.de "-" "Mozilla/5.0 AppleWebKit/537.36 (KHTML, like Gecko; compatible; GPTBot/1.3; +https://openai.com/gptbot)" "-"
216.73.216.0 - - [13/Dec/2025:00:26:11 +0100] "GET /imprint?path=%2F%2Fproc%2Fthread-self%2Fcwd%2Fwp-content%2Fplugins%2Fwpforms-190%2Fwpforms-190 HTTP/1.1" 200 13022 edition.gerdgeorge.de "-" "Mozilla/5.0 AppleWebKit/537.36 (KHTML, like Gecko; compatible; ClaudeBot/1.0; +claudebot@anthropic.com)" "-"
74.7.227.0 - - [13/Dec/2025:00:26:11 +0100] "GET /data/upload/image/66617162bc9a5.jpg?path=//proc/self/root/lib/locale/en_DK.iso885915 HTTP/1.1" 200 31271 edition.gerdgeorge.de "-" "Mozilla/5.0 AppleWebKit/537.36 (KHTML, like Gecko; compatible; GPTBot/1.3; +https://openai.com/gptbot)" "-"
74.7.227.0 - - [13/Dec/2025:00:26:11 +0100] "GET /data/upload/image/66617162bc9a5.jpg?path=//proc/self/root/lib/locale/kk_KZ.rk1048/LC_MESSAGES HTTP/1.1" 200 14541 edition.gerdgeorge.de "-" "Mozilla/5.0 AppleWebKit/537.36 (KHTML, like Gecko; compatible; GPTBot/1.3; +https://openai.com/gptbot)" "-"
34.206.249.0 - - [13/Dec/2025:00:26:12 +0100] "GET /serviette-calamar/?path=//proc/self/root/proc/thread-self/root/proc/thread-self/root/kunden/proc/thread-self/root/lib/locale/en_DK HTTP/1.1" 200 35275 edition.gerdgeorge.de "-" "Mozilla/5.0 AppleWebKit/537.36 (KHTML, like Gecko; compatible; Amazonbot/0.1; +https://developer.amazon.com/support/amazonbot) Chrome/119.0.6045.214 Safari/537.36" "-"
216.73.216.0 - - [13/Dec/2025:00:26:12 +0100] "GET /imprint?fileloc=%2F%2Fproc%2Fself%2Fcwd%2Fwp-includes%2Fsodium_compat%2Fsrc%2FCore%2FCurve25519%2FH.php&path=%2F%2Fproc%2Fself%2Fcwd%2Fwp-includes%2Fsodium_compat%2Fsrc%2FCore%2FCurve25519 HTTP/1.1" 200 123231 edition.gerdgeorge.de "-" "Mozilla/5.0 AppleWebKit/537.36 (KHTML, like Gecko; compatible; ClaudeBot/1.0; +claudebot@anthropic.com)" "-"
74.7.227.0 - - [13/Dec/2025:00:26:12 +0100] "GET /data/upload/image/66617162bc9a5.jpg?path=//proc/self/root/lib/locale/zh_CN.gb18030/LC_MESSAGES HTTP/1.1" 200 14548 edition.gerdgeorge.de "-" "Mozilla/5.0 AppleWebKit/537.36 (KHTML, like Gecko; compatible; GPTBot/1.3; +https://openai.com/gptbot)" "-"
74.7.227.0 - - [13/Dec/2025:00:26:13 +0100] "GET /data/upload/image/666171fb77d06.jpg?path=//proc/self/root/lib/locale/zh_CN.gb18030/LC_MESSAGES HTTP/1.1" 200 14548 edition.gerdgeorge.de "-" "Mozilla/5.0 AppleWebKit/537.36 (KHTML, like Gecko; compatible; GPTBot/1.3; +https://openai.com/gptbot)" "-"
216.73.216.0 - - [13/Dec/2025:00:26:13 +0100] "GET /imprint?fileloc=%2F%2Fproc%2Fthread-self%2Fcwd%2Fwp-content%2Fplugins%2Fprotect-uploads%2Fincludes%2Fclass-protect-uploads.php&path=%2F%2Fproc%2Fthread-self%2Fcwd%2Fwp-content%2Fplugins%2Fprotect-uploads%2Fincludes HTTP/1.1" 200 14650 edition.gerdgeorge.de "-" "Mozilla/5.0 AppleWebKit/537.36 (KHTML, like Gecko; compatible; ClaudeBot/1.0; +claudebot@anthropic.com)" "-"
74.7.227.0 - - [13/Dec/2025:00:26:13 +0100] "GET /data/upload/image/66617162bc9a5.jpg?path=//proc/self/root/lib/locale/kw_GB.utf8/LC_MESSAGES HTTP/1.1" 200 14527 edition.gerdgeorge.de "-" "Mozilla/5.0 AppleWebKit/537.36 (KHTML, like Gecko; compatible; GPTBot/1.3; +https://openai.com/gptbot)" "-"
74.7.227.0 - - [13/Dec/2025:00:26:14 +0100] "GET /data/upload/image/666171fb77d06.jpg?path=//proc/self/root/lib/locale/en_GB.iso885915/LC_MESSAGES HTTP/1.1" 200 14562 edition.gerdgeorge.de "-" "Mozilla/5.0 AppleWebKit/537.36 (KHTML, like Gecko; compatible; GPTBot/1.3; +https://openai.com/gptbot)" "-"
216.73.216.0 - - [13/Dec/2025:00:26:14 +0100] "GET /imprint?fileloc=%2F%2Fproc%2Fthread-self%2Fcwd%2Fwp-content%2Fplugins%2Fprotect-uploads%2Fincludes%2Findex.php&path=%2F%2Fproc%2Fthread-self%2Fcwd%2Fwp-content%2Fplugins%2Fprotect-uploads%2Fincludes HTTP/1.1" 200 12704 edition.gerdgeorge.de "-" "Mozilla/5.0 AppleWebKit/537.36 (KHTML, like Gecko; compatible; ClaudeBot/1.0; +claudebot@anthropic.com)" "-"
74.7.227.0 - - [13/Dec/2025:00:26:14 +0100] "GET /data/upload/image/66617162bc9a5.jpg?path=//proc/self/root/lib/locale/sv_SE.iso885915/LC_MESSAGES HTTP/1.1" 200 14562 edition.gerdgeorge.de "-" "Mozilla/5.0 AppleWebKit/537.36 (KHTML, like Gecko; compatible; GPTBot/1.3; +https://openai.com/gptbot)" "-"
74.7.227.0 - - [13/Dec/2025:00:26:15 +0100] "GET /data/upload/image/666171fb77d06.jpg?path=//proc/self/root/lib/locale/en_DK.iso885915/LC_MESSAGES HTTP/1.1" 200 14562 edition.gerdgeorge.de "-" "Mozilla/5.0 AppleWebKit/537.36 (KHTML, like Gecko; compatible; GPTBot/1.3; +https://openai.com/gptbot)" "-"
216.73.216.0 - - [13/Dec/2025:00:26:15 +0100] "GET /imprint?fileloc=%2F%2Fproc%2Fself%2Fcwd%2Fwp-includes%2Fsodium_compat%2Fsrc%2FCore32%2FPoly1305%2FState.php&path=%2F%2Fproc%2Fself%2Fcwd%2Fwp-includes%2Fsodium_compat%2Fsrc%2FCore32%2FPoly1305 HTTP/1.1" 200 29622 edition.gerdgeorge.de "-" "Mozilla/5.0 AppleWebKit/537.36 (KHTML, like Gecko; compatible; ClaudeBot/1.0; +claudebot@anthropic.com)" "-"
74.7.227.0 - - [13/Dec/2025:00:26:15 +0100] "GET /data/upload/image/66617162bc9a5.jpg?path=//proc/self/root/lib/locale/en_US.iso885915/LC_MESSAGES HTTP/1.1" 200 14562 edition.gerdgeorge.de "-" "Mozilla/5.0 AppleWebKit/537.36 (KHTML, like Gecko; compatible; GPTBot/1.3; +https://openai.com/gptbot)" "-"
34.205.163.0 - - [13/Dec/2025:00:26:16 +0100] "GET /serviette-calamar/?path=//proc/self/root/proc/thread-self/root/proc/self/root/proc/thread-self/root/usr/lib/locale/de_AT HTTP/1.1" 200 34721 edition.gerdgeorge.de "-" "Mozilla/5.0 AppleWebKit/537.36 (KHTML, like Gecko; compatible; Amazonbot/0.1; +https://developer.amazon.com/support/amazonbot) Chrome/119.0.6045.214 Safari/537.36" "-"
216.73.216.0 - - [13/Dec/2025:00:26:16 +0100] "GET /imprint?fileloc=%2F%2Fproc%2Fself%2Fcwd%2Fwp-includes%2Fsodium_compat%2Fsrc%2FCore%2FCurve25519%2FFe.php&path=%2F%2Fproc%2Fself%2Fcwd%2Fwp-includes%2Fsodium_compat%2Fsrc%2FCore%2FCurve25519 HTTP/1.1" 200 15842 edition.gerdgeorge.de "-" "Mozilla/5.0 AppleWebKit/537.36 (KHTML, like Gecko; compatible; ClaudeBot/1.0; +claudebot@anthropic.com)" "-"
74.7.227.0 - - [13/Dec/2025:00:26:16 +0100] "GET /data/upload/image/666171fb77d06.jpg?path=//proc/self/root/lib/locale/en_US.iso885915/LC_MESSAGES HTTP/1.1" 200 14562 edition.gerdgeorge.de "-" "Mozilla/5.0 AppleWebKit/537.36 (KHTML, like Gecko; compatible; GPTBot/1.3; +https://openai.com/gptbot)" "-"
74.7.227.0 - - [13/Dec/2025:00:26:16 +0100] "GET /data/upload/image/666171fb77d06.jpg?path=//proc/self/root/lib/locale/sv_SE.iso885915/LC_MESSAGES HTTP/1.1" 200 14562 edition.gerdgeorge.de "-" "Mozilla/5.0 AppleWebKit/537.36 (KHTML, like Gecko; compatible; GPTBot/1.3; +https://openai.com/gptbot)" "-"
216.73.216.0 - - [13/Dec/2025:00:26:17 +0100] "GET /imprint?fileloc=%2F%2Fkunden%2Fkunden%2Fusr%2Fshare%2Fpoppler%2FunicodeMap%2FISO-8859-6&path=%2F%2Fkunden%2Fkunden%2Fusr%2Fshare%2Fpoppler%2FunicodeMap HTTP/1.1" 200 13036 edition.gerdgeorge.de "-" "Mozilla/5.0 AppleWebKit/537.36 (KHTML, like Gecko; compatible; ClaudeBot/1.0; +claudebot@anthropic.com)" "-"
74.7.227.0 - - [13/Dec/2025:00:26:17 +0100] "GET /data/upload/image/66617162bc9a5.jpg?path=//proc/self/root/lib/locale/en_DK.iso885915/LC_MESSAGES HTTP/1.1" 200 14562 edition.gerdgeorge.de "-" "Mozilla/5.0 AppleWebKit/537.36 (KHTML, like Gecko; compatible; GPTBot/1.3; +https://openai.com/gptbot)" "-"
74.7.227.0 - - [13/Dec/2025:00:26:17 +0100] "GET /data/upload/image/66617162bc9a5.jpg?path=//proc/self/root/lib/locale/en_GB.iso885915 HTTP/1.1" 200 31270 edition.gerdgeorge.de "-" "Mozilla/5.0 AppleWebKit/537.36 (KHTML, like Gecko; compatible; GPTBot/1.3; +https://openai.com/gptbot)" "-"
216.73.216.0 - - [13/Dec/2025:00:26:18 +0100] "GET /imprint?fileloc=%2F%2Fkunden%2Fkunden%2Fusr%2Fshare%2Fcmake-3.18%2FModules%2FFindPython.cmake&path=%2F%2Fkunden%2Fkunden%2Fusr%2Fshare%2Fcmake-3.18%2FModules HTTP/1.1" 200 29167 edition.gerdgeorge.de "-" "Mozilla/5.0 AppleWebKit/537.36 (KHTML, like Gecko; compatible; ClaudeBot/1.0; +claudebot@anthropic.com)" "-"
74.7.227.0 - - [13/Dec/2025:00:26:18 +0100] "GET /data/upload/image/666171fb77d06.jpg?path=//proc/self/root/lib/locale/ru_RU.cp1251 HTTP/1.1" 200 31124 edition.gerdgeorge.de "-" "Mozilla/5.0 AppleWebKit/537.36 (KHTML, like Gecko; compatible; GPTBot/1.3; +https://openai.com/gptbot)" "-"
74.7.227.0 - - [13/Dec/2025:00:26:19 +0100] "GET /data/upload/image/666171fb77d06.jpg?path=//proc/self/root/lib/locale/kk_KZ.rk1048 HTTP/1.1" 200 31124 edition.gerdgeorge.de "-" "Mozilla/5.0 AppleWebKit/537.36 (KHTML, like Gecko; compatible; GPTBot/1.3; +https://openai.com/gptbot)" "-"
216.73.216.0 - - [13/Dec/2025:00:26:19 +0100] "GET /imprint?fileloc=%2F%2Fkunden%2Fkunden%2Fusr%2Fshare%2Fmc%2Fsyntax%2Fruby.syntax&path=%2F%2Fkunden%2Fkunden%2Fusr%2Fshare%2Fmc%2Fsyntax HTTP/1.1" 200 18658 edition.gerdgeorge.de "-" "Mozilla/5.0 AppleWebKit/537.36 (KHTML, like Gecko; compatible; ClaudeBot/1.0; +claudebot@anthropic.com)" "-"
186.79.209.0 - - [13/Dec/2025:00:26:19 +0100] "GET /cygnes-gourmands/?path=/homepages/31/d696100910/htdocs HTTP/1.1" 200 12766 edition.gerdgeorge.de "-" "Mozilla/5.0 (Windows NT 6.1; Win64; x64) AppleWebKit/537.36 (KHTML, like Gecko) Chrome/126.0.6478.114 Safari/537.36" "-"
74.7.227.0 - - [13/Dec/2025:00:26:19 +0100] "GET /data/upload/image/66617162bc9a5.jpg?path=//proc/self/root/lib/locale/ru_RU.cp1251 HTTP/1.1" 200 31124 edition.gerdgeorge.de "-" "Mozilla/5.0 AppleWebKit/537.36 (KHTML, like Gecko; compatible; GPTBot/1.3; +https://openai.com/gptbot)" "-"
74.7.227.0 - - [13/Dec/2025:00:26:20 +0100] "GET /data/upload/image/666171fb77d06.jpg?path=//proc/self/root/lib/locale/ast_ES.utf8 HTTP/1.1" 200 31071 edition.gerdgeorge.de "-" "Mozilla/5.0 AppleWebKit/537.36 (KHTML, like Gecko; compatible; GPTBot/1.3; +https://openai.com/gptbot)" "-"
100.29.164.0 - - [13/Dec/2025:00:26:20 +0100] "GET /serviette-calamar/?path=//kunden/kunden/proc/self/root/kunden/proc/self/root/proc/self/root/proc/thread-self/root/kunden/lib/locale/sk_SK HTTP/1.1" 200 35899 edition.gerdgeorge.de "-" "Mozilla/5.0 AppleWebKit/537.36 (KHTML, like Gecko; compatible; Amazonbot/0.1; +https://developer.amazon.com/support/amazonbot) Chrome/119.0.6045.214 Safari/537.36" "-"
74.7.227.0 - - [13/Dec/2025:00:26:20 +0100] "GET /data/upload/image/66617162bc9a5.jpg?path=//proc/self/root/lib/locale/tcy_IN.utf8 HTTP/1.1" 200 31072 edition.gerdgeorge.de "-" "Mozilla/5.0 AppleWebKit/537.36 (KHTML, like Gecko; compatible; GPTBot/1.3; +https://openai.com/gptbot)" "-"
216.73.216.0 - - [13/Dec/2025:00:26:20 +0100] "GET /imprint?fileloc=%2F%2Fkunden%2Fkunden%2Fusr%2Fshare%2Fcmake-3.18%2FModules%2FFindOpenSSL.cmake&path=%2F%2Fkunden%2Fkunden%2Fusr%2Fshare%2Fcmake-3.18%2FModules HTTP/1.1" 200 33192 edition.gerdgeorge.de "-" "Mozilla/5.0 AppleWebKit/537.36 (KHTML, like Gecko; compatible; ClaudeBot/1.0; +claudebot@anthropic.com)" "-"
216.73.216.0 - - [13/Dec/2025:00:26:20 +0100] "GET /imprint?fileloc=%2F%2Fproc%2Fself%2Fcwd%2Fwp-includes%2Fsodium_compat%2Fsrc%2FCore%2FCurve25519%2FREADME.md&path=%2F%2Fproc%2Fself%2Fcwd%2Fwp-includes%2Fsodium_compat%2Fsrc%2FCore%2FCurve25519 HTTP/1.1" 200 12917 edition.gerdgeorge.de "-" "Mozilla/5.0 AppleWebKit/537.36 (KHTML, like Gecko; compatible; ClaudeBot/1.0; +claudebot@anthropic.com)" "-"
74.7.227.0 - - [13/Dec/2025:00:26:21 +0100] "GET /data/upload/image/666171fb77d06.jpg?path=//proc/self/root/lib/locale/ru_RU.koi8r HTTP/1.1" 200 31075 edition.gerdgeorge.de "-" "Mozilla/5.0 AppleWebKit/537.36 (KHTML, like Gecko; compatible; GPTBot/1.3; +https://openai.com/gptbot)" "-"
216.73.216.0 - - [13/Dec/2025:00:26:21 +0100] "GET /imprint?fileloc=%2F%2Fkunden%2Fkunden%2Fusr%2Fshare%2Fcmake-3.18%2FModules%2FCMakeDetermineASM-ATTCompiler.cmake&path=%2F%2Fkunden%2Fkunden%2Fusr%2Fshare%2Fcmake-3.18%2FModules HTTP/1.1" 200 12948 edition.gerdgeorge.de "-" "Mozilla/5.0 AppleWebKit/537.36 (KHTML, like Gecko; compatible; ClaudeBot/1.0; +claudebot@anthropic.com)" "-"
74.7.227.0 - - [13/Dec/2025:00:26:21 +0100] "GET /data/upload/image/66617162bc9a5.jpg?path=//proc/self/root/lib/locale/ast_ES.utf8 HTTP/1.1" 200 31071 edition.gerdgeorge.de "-" "Mozilla/5.0 AppleWebKit/537.36 (KHTML, like Gecko; compatible; GPTBot/1.3; +https://openai.com/gptbot)" "-"
216.73.216.0 - - [13/Dec/2025:00:26:22 +0100] "GET /imprint?fileloc=%2F%2Fkunden%2Fkunden%2Fusr%2Fshare%2Fcmake-3.18%2FModules%2FCTestScriptMode.cmake&path=%2F%2Fkunden%2Fkunden%2Fusr%2Fshare%2Fcmake-3.18%2FModules HTTP/1.1" 200 13188 edition.gerdgeorge.de "-" "Mozilla/5.0 AppleWebKit/537.36 (KHTML, like Gecko; compatible; ClaudeBot/1.0; +claudebot@anthropic.com)" "-"
74.7.227.0 - - [13/Dec/2025:00:26:22 +0100] "GET /data/upload/image/666171fb77d06.jpg?path=//proc/self/root/lib/locale/bhb_IN.utf8 HTTP/1.1" 200 31071 edition.gerdgeorge.de "-" "Mozilla/5.0 AppleWebKit/537.36 (KHTML, like Gecko; compatible; GPTBot/1.3; +https://openai.com/gptbot)" "-"
216.73.216.0 - - [13/Dec/2025:00:26:22 +0100] "GET /imprint?fileloc=%2F%2Fkunden%2Fkunden%2Fusr%2Fshare%2Fmc%2Fsyntax%2Ftcl.syntax&path=%2F%2Fkunden%2Fkunden%2Fusr%2Fshare%2Fmc%2Fsyntax HTTP/1.1" 200 16931 edition.gerdgeorge.de "-" "Mozilla/5.0 AppleWebKit/537.36 (KHTML, like Gecko; compatible; ClaudeBot/1.0; +claudebot@anthropic.com)" "-"
74.7.227.0 - - [13/Dec/2025:00:26:22 +0100] "GET /data/upload/image/666171fb77d06.jpg?path=//proc/self/root/lib/locale/tcy_IN.utf8 HTTP/1.1" 200 31072 edition.gerdgeorge.de "-" "Mozilla/5.0 AppleWebKit/537.36 (KHTML, like Gecko; compatible; GPTBot/1.3; +https://openai.com/gptbot)" "-"
216.73.216.0 - - [13/Dec/2025:00:26:23 +0100] "GET /imprint?fileloc=%2F%2Fkunden%2Fkunden%2Fusr%2Fshare%2Fcmake-3.18%2FModules%2FFindImageMagick.cmake&path=%2F%2Fkunden%2Fkunden%2Fusr%2Fshare%2Fcmake-3.18%2FModules HTTP/1.1" 200 24580 edition.gerdgeorge.de "-" "Mozilla/5.0 AppleWebKit/537.36 (KHTML, like Gecko; compatible; ClaudeBot/1.0; +claudebot@anthropic.com)" "-"
74.7.227.0 - - [13/Dec/2025:00:26:23 +0100] "GET /data/upload/image/666171fb77d06.jpg?path=//proc/self/root/lib/locale/hsb_DE.utf8 HTTP/1.1" 200 31073 edition.gerdgeorge.de "-" "Mozilla/5.0 AppleWebKit/537.36 (KHTML, like Gecko; compatible; GPTBot/1.3; +https://openai.com/gptbot)" "-"
216.73.216.0 - - [13/Dec/2025:00:26:23 +0100] "GET /imprint?path=%2F%2Fkunden%2Fkunden%2Fusr%2Fshare%2Fcmake-3.18%2FModules%2FIntelVSImplicitPath HTTP/1.1" 200 17878 edition.gerdgeorge.de "-" "Mozilla/5.0 AppleWebKit/537.36 (KHTML, like Gecko; compatible; ClaudeBot/1.0; +claudebot@anthropic.com)" "-"
74.7.227.0 - - [13/Dec/2025:00:26:24 +0100] "GET /data/upload/image/66617162bc9a5.jpg?path=//proc/self/root/lib/locale/en_GB.iso885915/LC_MESSAGES HTTP/1.1" 200 14562 edition.gerdgeorge.de "-" "Mozilla/5.0 AppleWebKit/537.36 (KHTML, like Gecko; compatible; GPTBot/1.3; +https://openai.com/gptbot)" "-"
44.221.180.0 - - [13/Dec/2025:00:26:24 +0100] "GET /serviette-calamar/?path=//kunden/proc/self/root/proc/self/root/proc/thread-self/root/proc/self/root/usr/lib/locale/cmn_TW HTTP/1.1" 200 34847 edition.gerdgeorge.de "-" "Mozilla/5.0 AppleWebKit/537.36 (KHTML, like Gecko; compatible; Amazonbot/0.1; +https://developer.amazon.com/support/amazonbot) Chrome/119.0.6045.214 Safari/537.36" "-"
74.7.227.0 - - [13/Dec/2025:00:26:24 +0100] "GET /data/upload/image/666171fb77d06.jpg?path=//proc/self/root/lib/locale/ru_RU.cp1251/LC_MESSAGES HTTP/1.1" 200 14541 edition.gerdgeorge.de "-" "Mozilla/5.0 AppleWebKit/537.36 (KHTML, like Gecko; compatible; GPTBot/1.3; +https://openai.com/gptbot)" "-"
216.73.216.0 - - [13/Dec/2025:00:26:24 +0100] "GET /imprint?fileloc=%2F%2Fkunden%2Fkunden%2Fusr%2Fshare%2Fcmake-3.18%2FModules%2FFindGTest.cmake&path=%2F%2Fkunden%2Fkunden%2Fusr%2Fshare%2Fcmake-3.18%2FModules HTTP/1.1" 200 21213 edition.gerdgeorge.de "-" "Mozilla/5.0 AppleWebKit/537.36 (KHTML, like Gecko; compatible; ClaudeBot/1.0; +claudebot@anthropic.com)" "-"
74.7.227.0 - - [13/Dec/2025:00:26:25 +0100] "GET /data/upload/image/666171fb77d06.jpg?path=//proc/self/root/lib/locale/kk_KZ.rk1048/LC_MESSAGES HTTP/1.1" 200 14541 edition.gerdgeorge.de "-" "Mozilla/5.0 AppleWebKit/537.36 (KHTML, like Gecko; compatible; GPTBot/1.3; +https://openai.com/gptbot)" "-"
74.7.227.0 - - [13/Dec/2025:00:26:25 +0100] "GET /data/upload/image/66617162bc9a5.jpg?path=//proc/self/root/lib/locale/ru_RU.cp1251/LC_MESSAGES HTTP/1.1" 200 14541 edition.gerdgeorge.de "-" "Mozilla/5.0 AppleWebKit/537.36 (KHTML, like Gecko; compatible; GPTBot/1.3; +https://openai.com/gptbot)" "-"
216.73.216.0 - - [13/Dec/2025:00:26:25 +0100] "GET /imprint?fileloc=%2F%2Fkunden%2Fkunden%2Fusr%2Fshare%2Fmc%2Fsyntax%2Fchangelog.syntax&path=%2F%2Fkunden%2Fkunden%2Fusr%2Fshare%2Fmc%2Fsyntax HTTP/1.1" 200 13476 edition.gerdgeorge.de "-" "Mozilla/5.0 AppleWebKit/537.36 (KHTML, like Gecko; compatible; ClaudeBot/1.0; +claudebot@anthropic.com)" "-"
74.7.227.0 - - [13/Dec/2025:00:26:26 +0100] "GET /data/upload/image/666171fb77d06.jpg?path=//proc/self/root/lib/locale/ast_ES.utf8/LC_MESSAGES HTTP/1.1" 200 14534 edition.gerdgeorge.de "-" "Mozilla/5.0 AppleWebKit/537.36 (KHTML, like Gecko; compatible; GPTBot/1.3; +https://openai.com/gptbot)" "-"
216.73.216.0 - - [13/Dec/2025:00:26:26 +0100] "GET /imprint?fileloc=%2F%2Fkunden%2Fkunden%2Fusr%2Fshare%2Fcmake-3.18%2FModules%2FCheckIncludeFile.c.in&path=%2F%2Fkunden%2Fkunden%2Fusr%2Fshare%2Fcmake-3.18%2FModules HTTP/1.1" 200 12662 edition.gerdgeorge.de "-" "Mozilla/5.0 AppleWebKit/537.36 (KHTML, like Gecko; compatible; ClaudeBot/1.0; +claudebot@anthropic.com)" "-"
74.7.227.0 - - [13/Dec/2025:00:26:26 +0100] "GET /data/upload/image/66617162bc9a5.jpg?fileloc=//proc/self/root/lib/locale/tcy_IN.utf8/LC_CTYPE&path=//proc/self/root/lib/locale/tcy_IN.utf8 HTTP/1.1" 200 12475 edition.gerdgeorge.de "-" "Mozilla/5.0 AppleWebKit/537.36 (KHTML, like Gecko; compatible; GPTBot/1.3; +https://openai.com/gptbot)" "-"
74.7.227.0 - - [13/Dec/2025:00:26:27 +0100] "GET /data/upload/image/666171fb77d06.jpg?path=//proc/self/root/lib/locale/ru_RU.koi8r/LC_MESSAGES HTTP/1.1" 200 14534 edition.gerdgeorge.de "-" "Mozilla/5.0 AppleWebKit/537.36 (KHTML, like Gecko; compatible; GPTBot/1.3; +https://openai.com/gptbot)" "-"
216.73.216.0 - - [13/Dec/2025:00:26:27 +0100] "GET /imprint?fileloc=%2F%2Fkunden%2Fkunden%2Fusr%2Fshare%2Fmc%2Fsyntax%2Fcs.syntax&path=%2F%2Fkunden%2Fkunden%2Fusr%2Fshare%2Fmc%2Fsyntax HTTP/1.1" 200 12479 edition.gerdgeorge.de "-" "Mozilla/5.0 AppleWebKit/537.36 (KHTML, like Gecko; compatible; ClaudeBot/1.0; +claudebot@anthropic.com)" "-"
74.7.227.0 - - [13/Dec/2025:00:26:27 +0100] "GET /data/upload/image/66617162bc9a5.jpg?path=//proc/self/root/lib/locale/ast_ES.utf8/LC_MESSAGES HTTP/1.1" 200 14534 edition.gerdgeorge.de "-" "Mozilla/5.0 AppleWebKit/537.36 (KHTML, like Gecko; compatible; GPTBot/1.3; +https://openai.com/gptbot)" "-"
74.7.227.0 - - [13/Dec/2025:00:26:28 +0100] "GET /data/upload/image/66617162bc9a5.jpg?path=//proc/self/root/lib/locale/tcy_IN.utf8/LC_MESSAGES HTTP/1.1" 200 14534 edition.gerdgeorge.de "-" "Mozilla/5.0 AppleWebKit/537.36 (KHTML, like Gecko; compatible; GPTBot/1.3; +https://openai.com/gptbot)" "-"
34.206.193.0 - - [13/Dec/2025:00:26:28 +0100] "GET /jets/?path=//proc/self/root/proc/self/root/kunden/kunden/proc/self/root/proc/self/root/kunden/lib/aspell HTTP/1.1" 200 277865 edition.gerdgeorge.de "-" "Mozilla/5.0 AppleWebKit/537.36 (KHTML, like Gecko; compatible; Amazonbot/0.1; +https://developer.amazon.com/support/amazonbot) Chrome/119.0.6045.214 Safari/537.36" "-"
216.73.216.0 - - [13/Dec/2025:00:26:28 +0100] "GET /imprint?fileloc=%2F%2Fkunden%2Fkunden%2Fusr%2Fshare%2Fcmake-3.18%2FModules%2FCMakePushCheckState.cmake&path=%2F%2Fkunden%2Fkunden%2Fusr%2Fshare%2Fcmake-3.18%2FModules HTTP/1.1" 200 16530 edition.gerdgeorge.de "-" "Mozilla/5.0 AppleWebKit/537.36 (KHTML, like Gecko; compatible; ClaudeBot/1.0; +claudebot@anthropic.com)" "-"
74.7.227.0 - - [13/Dec/2025:00:26:28 +0100] "GET /data/upload/image/666171fb77d06.jpg?path=//proc/self/root/lib/locale/tcy_IN.utf8/LC_MESSAGES HTTP/1.1" 200 14534 edition.gerdgeorge.de "-" "Mozilla/5.0 AppleWebKit/537.36 (KHTML, like Gecko; compatible; GPTBot/1.3; +https://openai.com/gptbot)" "-"
74.7.227.0 - - [13/Dec/2025:00:26:29 +0100] "GET /data/upload/image/666171fb77d06.jpg?path=//proc/self/root/lib/locale/bhb_IN.utf8/LC_MESSAGES HTTP/1.1" 200 14534 edition.gerdgeorge.de "-" "Mozilla/5.0 AppleWebKit/537.36 (KHTML, like Gecko; compatible; GPTBot/1.3; +https://openai.com/gptbot)" "-"
216.73.216.0 - - [13/Dec/2025:00:26:29 +0100] "GET /imprint?fileloc=%2F%2Fkunden%2Fkunden%2Fusr%2Fshare%2Fmc%2Fsyntax%2Fprotobuf.syntax&path=%2F%2Fkunden%2Fkunden%2Fusr%2Fshare%2Fmc%2Fsyntax HTTP/1.1" 200 14029 edition.gerdgeorge.de "-" "Mozilla/5.0 AppleWebKit/537.36 (KHTML, like Gecko; compatible; ClaudeBot/1.0; +claudebot@anthropic.com)" "-"
74.7.227.0 - - [13/Dec/2025:00:26:30 +0100] "GET /data/upload/image/666171fb77d06.jpg?path=//proc/self/root/lib/locale/hsb_DE.utf8/LC_MESSAGES HTTP/1.1" 200 14534 edition.gerdgeorge.de "-" "Mozilla/5.0 AppleWebKit/537.36 (KHTML, like Gecko; compatible; GPTBot/1.3; +https://openai.com/gptbot)" "-"
74.7.227.0 - - [13/Dec/2025:00:26:30 +0100] "GET /data/upload/image/66617162bc9a5.jpg?path=//proc/self/root/lib/locale/hsb_DE.utf8 HTTP/1.1" 200 31073 edition.gerdgeorge.de "-" "Mozilla/5.0 AppleWebKit/537.36 (KHTML, like Gecko; compatible; GPTBot/1.3; +https://openai.com/gptbot)" "-"
216.73.216.0 - - [13/Dec/2025:00:26:30 +0100] "GET /imprint?fileloc=%2F%2Fkunden%2Fkunden%2Fusr%2Fshare%2Fcmake-3.18%2FModules%2FCheckIncludeFile.cxx.in&path=%2F%2Fkunden%2Fkunden%2Fusr%2Fshare%2Fcmake-3.18%2FModules HTTP/1.1" 200 12599 edition.gerdgeorge.de "-" "Mozilla/5.0 AppleWebKit/537.36 (KHTML, like Gecko; compatible; ClaudeBot/1.0; +claudebot@anthropic.com)" "-"
74.7.227.0 - - [13/Dec/2025:00:26:31 +0100] "GET /data/upload/image/66617162bc9a5.jpg?path=//proc/self/root/lib/locale/bhb_IN.utf8 HTTP/1.1" 200 31071 edition.gerdgeorge.de "-" "Mozilla/5.0 AppleWebKit/537.36 (KHTML, like Gecko; compatible; GPTBot/1.3; +https://openai.com/gptbot)" "-"
216.73.216.0 - - [13/Dec/2025:00:26:31 +0100] "GET /imprint?path=%2F%2Fproc%2Fself%2Fcwd%2Fwp-includes%2Fsodium_compat%2Fsrc%2FCore32%2FPoly1305%2FPoly1305 HTTP/1.1" 200 18109 edition.gerdgeorge.de "-" "Mozilla/5.0 AppleWebKit/537.36 (KHTML, like Gecko; compatible; ClaudeBot/1.0; +claudebot@anthropic.com)" "-"
74.7.227.0 - - [13/Dec/2025:00:26:31 +0100] "GET /data/upload/image/66617162bc9a5.jpg?path=//proc/self/root/lib/locale/ru_RU.koi8r HTTP/1.1" 200 31075 edition.gerdgeorge.de "-" "Mozilla/5.0 AppleWebKit/537.36 (KHTML, like Gecko; compatible; GPTBot/1.3; +https://openai.com/gptbot)" "-"
74.7.227.0 - - [13/Dec/2025:00:26:32 +0100] "GET /data/upload/image/66617162bc9a5.jpg?path=//proc/self/root/lib/locale/gez_ET@abegede HTTP/1.1" 200 31220 edition.gerdgeorge.de "-" "Mozilla/5.0 AppleWebKit/537.36 (KHTML, like Gecko; compatible; GPTBot/1.3; +https://openai.com/gptbot)" "-"
18.213.240.0 - - [13/Dec/2025:00:26:32 +0100] "GET /serviette-calamar/?path=//kunden/kunden/proc/thread-self/root/proc/self/root/proc/thread-self/root/kunden/lib/locale/en_AG HTTP/1.1" 200 34782 edition.gerdgeorge.de "-" "Mozilla/5.0 AppleWebKit/537.36 (KHTML, like Gecko; compatible; Amazonbot/0.1; +https://developer.amazon.com/support/amazonbot) Chrome/119.0.6045.214 Safari/537.36" "-"
216.73.216.0 - - [13/Dec/2025:00:26:32 +0100] "GET /imprint?fileloc=%2F%2Fkunden%2Fkunden%2Fusr%2Fshare%2Fcmake-3.18%2FModules%2FFindOpenThreads.cmake&path=%2F%2Fkunden%2Fkunden%2Fusr%2Fshare%2Fcmake-3.18%2FModules HTTP/1.1" 200 16032 edition.gerdgeorge.de "-" "Mozilla/5.0 AppleWebKit/537.36 (KHTML, like Gecko; compatible; ClaudeBot/1.0; +claudebot@anthropic.com)" "-"
74.7.227.0 - - [13/Dec/2025:00:26:32 +0100] "GET /data/upload/image/666171fb77d06.jpg?path=//proc/self/root/lib/locale/ko_KR.euckr HTTP/1.1" 200 31076 edition.gerdgeorge.de "-" "Mozilla/5.0 AppleWebKit/537.36 (KHTML, like Gecko; compatible; GPTBot/1.3; +https://openai.com/gptbot)" "-"
