74.7.227.0 - - [13/Dec/2025:00:43:04 +0100] "GET /data/upload/image/66617162bc9a5.jpg?path=//proc/self/root/lib/locale/fr_BE@euro HTTP/1.1" 200 31026 edition.gerdgeorge.de "-" "Mozilla/5.0 AppleWebKit/537.36 (KHTML, like Gecko; compatible; GPTBot/1.3; +https://openai.com/gptbot)" "-"
3.231.193.0 - - [13/Dec/2025:00:43:04 +0100] "GET /cockpit/?path=//kunden/proc/self/root/proc/thread-self/root/proc/thread-self/root/proc/self/root/lib HTTP/1.1" 200 107210 edition.gerdgeorge.de "-" "Mozilla/5.0 AppleWebKit/537.36 (KHTML, like Gecko; compatible; Amazonbot/0.1; +https://developer.amazon.com/support/amazonbot) Chrome/119.0.6045.214 Safari/537.36" "-"
74.7.227.0 - - [13/Dec/2025:00:43:04 +0100] "GET /data/upload/image/666171fb77d06.jpg?path=//proc/self/root/lib/locale/nl_BE@euro HTTP/1.1" 200 31026 edition.gerdgeorge.de "-" "Mozilla/5.0 AppleWebKit/537.36 (KHTML, like Gecko; compatible; GPTBot/1.3; +https://openai.com/gptbot)" "-"
74.7.227.0 - - [13/Dec/2025:00:43:05 +0100] "GET /data/upload/image/66617162bc9a5.jpg?path=//proc/self/root/lib/locale/pt_PT@euro HTTP/1.1" 200 31026 edition.gerdgeorge.de "-" "Mozilla/5.0 AppleWebKit/537.36 (KHTML, like Gecko; compatible; GPTBot/1.3; +https://openai.com/gptbot)" "-"
74.7.227.0 - - [13/Dec/2025:00:43:06 +0100] "GET /data/upload/image/666171fb77d06.jpg?path=//proc/self/root/lib/locale/eu_ES@euro HTTP/1.1" 200 31026 edition.gerdgeorge.de "-" "Mozilla/5.0 AppleWebKit/537.36 (KHTML, like Gecko; compatible; GPTBot/1.3; +https://openai.com/gptbot)" "-"
74.7.227.0 - - [13/Dec/2025:00:43:06 +0100] "GET /data/upload/image/666171fb77d06.jpg?path=//proc/self/root/lib/locale/sv_FI@euro HTTP/1.1" 200 31025 edition.gerdgeorge.de "-" "Mozilla/5.0 AppleWebKit/537.36 (KHTML, like Gecko; compatible; GPTBot/1.3; +https://openai.com/gptbot)" "-"
74.7.227.0 - - [13/Dec/2025:00:43:07 +0100] "GET /data/upload/image/666171fb77d06.jpg?path=//proc/self/root/lib/locale/br_FR@euro HTTP/1.1" 200 31024 edition.gerdgeorge.de "-" "Mozilla/5.0 AppleWebKit/537.36 (KHTML, like Gecko; compatible; GPTBot/1.3; +https://openai.com/gptbot)" "-"
74.7.227.0 - - [13/Dec/2025:00:43:07 +0100] "GET /data/upload/image/66617162bc9a5.jpg?path=//proc/self/root/lib/locale/es_ES@euro HTTP/1.1" 200 31026 edition.gerdgeorge.de "-" "Mozilla/5.0 AppleWebKit/537.36 (KHTML, like Gecko; compatible; GPTBot/1.3; +https://openai.com/gptbot)" "-"
216.73.216.0 - - [13/Dec/2025:00:43:08 +0100] "GET /imprint?fileloc=%2F%2Flib%2Fruby%2Fvendor_ruby%2Frubygems%2Fresolver%2Fvendor_set.rb&path=%2F%2Flib%2Fruby%2Fvendor_ruby%2Frubygems%2Fresolver HTTP/1.1" 429 227 edition.gerdgeorge.de "-" "Mozilla/5.0 AppleWebKit/537.36 (KHTML, like Gecko; compatible; ClaudeBot/1.0; +claudebot@anthropic.com)" "-"
74.7.227.0 - - [13/Dec/2025:00:43:08 +0100] "GET /data/upload/image/666171fb77d06.jpg?path=//proc/self/root/lib/locale/pt_PT@euro HTTP/1.1" 200 31026 edition.gerdgeorge.de "-" "Mozilla/5.0 AppleWebKit/537.36 (KHTML, like Gecko; compatible; GPTBot/1.3; +https://openai.com/gptbot)" "-"
74.7.242.0 - - [13/Dec/2025:00:43:08 +0100] "GET /?_g=576225 HTTP/1.1" 200 60349 edition.gerdgeorge.de "-" "Mozilla/5.0 (Macintosh; Intel Mac OS X 10_15_7) AppleWebKit/537.36 (KHTML, like Gecko) Chrome/131.0.0.0 Safari/537.36; compatible; OAI-SearchBot/1.3; +https://openai.com/searchbot" "-"
44.193.102.0 - - [13/Dec/2025:00:43:08 +0100] "GET /serviette-calamar/?path=//proc/self/root/proc/self/root/kunden/kunden/kunden/proc/self/root/kunden/lib/locale/es_EC HTTP/1.1" 200 34421 edition.gerdgeorge.de "-" "Mozilla/5.0 AppleWebKit/537.36 (KHTML, like Gecko; compatible; Amazonbot/0.1; +https://developer.amazon.com/support/amazonbot) Chrome/119.0.6045.214 Safari/537.36" "-"
74.7.227.0 - - [13/Dec/2025:00:43:08 +0100] "GET /data/upload/image/666171fb77d06.jpg?path=//proc/self/root/lib/locale/el_GR@euro/LC_MESSAGES HTTP/1.1" 200 14527 edition.gerdgeorge.de "-" "Mozilla/5.0 AppleWebKit/537.36 (KHTML, like Gecko; compatible; GPTBot/1.3; +https://openai.com/gptbot)" "-"
74.7.227.0 - - [13/Dec/2025:00:43:09 +0100] "GET /data/upload/image/666171fb77d06.jpg?path=//proc/self/root/lib/locale/de_BE@euro/LC_MESSAGES HTTP/1.1" 200 14527 edition.gerdgeorge.de "-" "Mozilla/5.0 AppleWebKit/537.36 (KHTML, like Gecko; compatible; GPTBot/1.3; +https://openai.com/gptbot)" "-"
74.7.227.0 - - [13/Dec/2025:00:43:10 +0100] "GET /data/upload/image/66617162bc9a5.jpg?path=//proc/self/root/lib/locale/eu_ES@euro/LC_MESSAGES HTTP/1.1" 200 14527 edition.gerdgeorge.de "-" "Mozilla/5.0 AppleWebKit/537.36 (KHTML, like Gecko; compatible; GPTBot/1.3; +https://openai.com/gptbot)" "-"
74.7.227.0 - - [13/Dec/2025:00:43:10 +0100] "GET /data/upload/image/66617162bc9a5.jpg?path=//proc/self/root/lib/locale/fr_BE@euro/LC_MESSAGES HTTP/1.1" 200 14527 edition.gerdgeorge.de "-" "Mozilla/5.0 AppleWebKit/537.36 (KHTML, like Gecko; compatible; GPTBot/1.3; +https://openai.com/gptbot)" "-"
74.7.227.0 - - [13/Dec/2025:00:43:11 +0100] "GET /data/upload/image/666171fb77d06.jpg?path=//proc/self/root/lib/locale/nl_BE@euro/LC_MESSAGES HTTP/1.1" 200 14527 edition.gerdgeorge.de "-" "Mozilla/5.0 AppleWebKit/537.36 (KHTML, like Gecko; compatible; GPTBot/1.3; +https://openai.com/gptbot)" "-"
74.7.227.0 - - [13/Dec/2025:00:43:11 +0100] "GET /data/upload/image/66617162bc9a5.jpg?path=//proc/self/root/lib/locale/pt_PT@euro/LC_MESSAGES HTTP/1.1" 200 14527 edition.gerdgeorge.de "-" "Mozilla/5.0 AppleWebKit/537.36 (KHTML, like Gecko; compatible; GPTBot/1.3; +https://openai.com/gptbot)" "-"
74.7.227.0 - - [13/Dec/2025:00:43:12 +0100] "GET /data/upload/image/666171fb77d06.jpg?path=//proc/self/root/lib/locale/eu_ES@euro/LC_MESSAGES HTTP/1.1" 200 14527 edition.gerdgeorge.de "-" "Mozilla/5.0 AppleWebKit/537.36 (KHTML, like Gecko; compatible; GPTBot/1.3; +https://openai.com/gptbot)" "-"
54.235.158.0 - - [13/Dec/2025:00:43:12 +0100] "GET /jets/?path=//proc/self/root/proc/thread-self/root/kunden/kunden/proc/self/root/lib/locale/es_ES HTTP/1.1" 200 33925 edition.gerdgeorge.de "-" "Mozilla/5.0 AppleWebKit/537.36 (KHTML, like Gecko; compatible; Amazonbot/0.1; +https://developer.amazon.com/support/amazonbot) Chrome/119.0.6045.214 Safari/537.36" "-"
74.7.227.0 - - [13/Dec/2025:00:43:12 +0100] "GET /data/upload/image/666171fb77d06.jpg?path=//proc/self/root/lib/locale/sv_FI@euro/LC_MESSAGES HTTP/1.1" 200 14527 edition.gerdgeorge.de "-" "Mozilla/5.0 AppleWebKit/537.36 (KHTML, like Gecko; compatible; GPTBot/1.3; +https://openai.com/gptbot)" "-"
216.73.216.0 - - [13/Dec/2025:00:43:13 +0100] "GET /imprint?fileloc=%2F%2Flib%2Fruby%2Fvendor_ruby%2Frubygems%2Fresolver%2Fstats.rb&path=%2F%2Flib%2Fruby%2Fvendor_ruby%2Frubygems%2Fresolver HTTP/1.1" 429 227 edition.gerdgeorge.de "-" "Mozilla/5.0 AppleWebKit/537.36 (KHTML, like Gecko; compatible; ClaudeBot/1.0; +claudebot@anthropic.com)" "-"
74.7.227.0 - - [13/Dec/2025:00:43:13 +0100] "GET /data/upload/image/666171fb77d06.jpg?path=//proc/self/root/lib/locale/br_FR@euro/LC_MESSAGES HTTP/1.1" 200 14527 edition.gerdgeorge.de "-" "Mozilla/5.0 AppleWebKit/537.36 (KHTML, like Gecko; compatible; GPTBot/1.3; +https://openai.com/gptbot)" "-"
74.7.227.0 - - [13/Dec/2025:00:43:13 +0100] "GET /data/upload/image/66617162bc9a5.jpg?path=//proc/self/root/lib/locale/es_ES@euro/LC_MESSAGES HTTP/1.1" 200 14527 edition.gerdgeorge.de "-" "Mozilla/5.0 AppleWebKit/537.36 (KHTML, like Gecko; compatible; GPTBot/1.3; +https://openai.com/gptbot)" "-"
74.7.227.0 - - [13/Dec/2025:00:43:14 +0100] "GET /data/upload/image/666171fb77d06.jpg?path=//proc/self/root/lib/locale/pt_PT@euro/LC_MESSAGES HTTP/1.1" 200 14527 edition.gerdgeorge.de "-" "Mozilla/5.0 AppleWebKit/537.36 (KHTML, like Gecko; compatible; GPTBot/1.3; +https://openai.com/gptbot)" "-"
74.7.227.0 - - [13/Dec/2025:00:43:15 +0100] "GET /data/upload/image/66617162bc9a5.jpg?path=//proc/self/root/lib/locale/fr_FR@euro HTTP/1.1" 200 31026 edition.gerdgeorge.de "-" "Mozilla/5.0 AppleWebKit/537.36 (KHTML, like Gecko; compatible; GPTBot/1.3; +https://openai.com/gptbot)" "-"
74.7.227.0 - - [13/Dec/2025:00:43:15 +0100] "GET /data/upload/image/666171fb77d06.jpg?path=//proc/self/root/lib/locale/en_IE@euro HTTP/1.1" 200 31026 edition.gerdgeorge.de "-" "Mozilla/5.0 AppleWebKit/537.36 (KHTML, like Gecko; compatible; GPTBot/1.3; +https://openai.com/gptbot)" "-"
74.7.227.0 - - [13/Dec/2025:00:43:16 +0100] "GET /data/upload/image/66617162bc9a5.jpg?path=//proc/self/root/lib/locale/de_LU@euro HTTP/1.1" 200 31026 edition.gerdgeorge.de "-" "Mozilla/5.0 AppleWebKit/537.36 (KHTML, like Gecko; compatible; GPTBot/1.3; +https://openai.com/gptbot)" "-"
52.2.191.0 - - [13/Dec/2025:00:43:16 +0100] "GET /serviette-calamar/?path=//kunden/kunden/proc/self/root/proc/self/root/proc/self/root/proc/thread-self/root/kunden/lib/locale/es_NI HTTP/1.1" 200 35419 edition.gerdgeorge.de "-" "Mozilla/5.0 AppleWebKit/537.36 (KHTML, like Gecko; compatible; Amazonbot/0.1; +https://developer.amazon.com/support/amazonbot) Chrome/119.0.6045.214 Safari/537.36" "-"
74.7.227.0 - - [13/Dec/2025:00:43:16 +0100] "GET /data/upload/image/66617162bc9a5.jpg?path=//proc/self/root/lib/locale/eu_FR@euro HTTP/1.1" 200 31026 edition.gerdgeorge.de "-" "Mozilla/5.0 AppleWebKit/537.36 (KHTML, like Gecko; compatible; GPTBot/1.3; +https://openai.com/gptbot)" "-"
74.7.227.0 - - [13/Dec/2025:00:43:17 +0100] "GET /data/upload/image/66617162bc9a5.jpg?path=//proc/self/root/lib/locale/br_FR@euro HTTP/1.1" 200 31024 edition.gerdgeorge.de "-" "Mozilla/5.0 AppleWebKit/537.36 (KHTML, like Gecko; compatible; GPTBot/1.3; +https://openai.com/gptbot)" "-"
74.7.227.0 - - [13/Dec/2025:00:43:17 +0100] "GET /data/upload/image/666171fb77d06.jpg?path=//proc/self/root/lib/locale/de_AT@euro HTTP/1.1" 200 31026 edition.gerdgeorge.de "-" "Mozilla/5.0 AppleWebKit/537.36 (KHTML, like Gecko; compatible; GPTBot/1.3; +https://openai.com/gptbot)" "-"
216.73.216.0 - - [13/Dec/2025:00:43:18 +0100] "GET /imprint?fileloc=%2F%2Flib%2Fruby%2Fvendor_ruby%2Frubygems%2Fresolver%2Fmolinillo.rb&path=%2F%2Flib%2Fruby%2Fvendor_ruby%2Frubygems%2Fresolver HTTP/1.1" 429 227 edition.gerdgeorge.de "-" "Mozilla/5.0 AppleWebKit/537.36 (KHTML, like Gecko; compatible; ClaudeBot/1.0; +claudebot@anthropic.com)" "-"
74.7.227.0 - - [13/Dec/2025:00:43:18 +0100] "GET /data/upload/image/66617162bc9a5.jpg?path=//proc/self/root/lib/locale/fr_LU@euro HTTP/1.1" 200 31026 edition.gerdgeorge.de "-" "Mozilla/5.0 AppleWebKit/537.36 (KHTML, like Gecko; compatible; GPTBot/1.3; +https://openai.com/gptbot)" "-"
74.7.227.0 - - [13/Dec/2025:00:43:18 +0100] "GET /data/upload/image/66617162bc9a5.jpg?path=//proc/self/root/lib/locale/wa_BE@euro HTTP/1.1" 200 31026 edition.gerdgeorge.de "-" "Mozilla/5.0 AppleWebKit/537.36 (KHTML, like Gecko; compatible; GPTBot/1.3; +https://openai.com/gptbot)" "-"
74.7.227.0 - - [13/Dec/2025:00:43:19 +0100] "GET /data/upload/image/66617162bc9a5.jpg?path=//proc/self/root/lib/locale/it_IT@euro HTTP/1.1" 200 31025 edition.gerdgeorge.de "-" "Mozilla/5.0 AppleWebKit/537.36 (KHTML, like Gecko; compatible; GPTBot/1.3; +https://openai.com/gptbot)" "-"
74.7.227.0 - - [13/Dec/2025:00:43:20 +0100] "GET /data/upload/image/666171fb77d06.jpg?path=//proc/self/root/lib/locale/fr_BE@euro HTTP/1.1" 200 31026 edition.gerdgeorge.de "-" "Mozilla/5.0 AppleWebKit/537.36 (KHTML, like Gecko; compatible; GPTBot/1.3; +https://openai.com/gptbot)" "-"
74.7.227.0 - - [13/Dec/2025:00:43:20 +0100] "GET /data/upload/image/666171fb77d06.jpg?path=//proc/self/root/lib/locale/de_DE@euro HTTP/1.1" 200 31026 edition.gerdgeorge.de "-" "Mozilla/5.0 AppleWebKit/537.36 (KHTML, like Gecko; compatible; GPTBot/1.3; +https://openai.com/gptbot)" "-"
74.7.227.0 - - [13/Dec/2025:00:43:21 +0100] "GET /data/upload/image/66617162bc9a5.jpg?path=//proc/self/root/lib/locale/fr_FR@euro/LC_MESSAGES HTTP/1.1" 200 14527 edition.gerdgeorge.de "-" "Mozilla/5.0 AppleWebKit/537.36 (KHTML, like Gecko; compatible; GPTBot/1.3; +https://openai.com/gptbot)" "-"
74.7.227.0 - - [13/Dec/2025:00:43:21 +0100] "GET /data/upload/image/666171fb77d06.jpg?path=//proc/self/root/lib/locale/en_IE@euro/LC_MESSAGES HTTP/1.1" 200 14527 edition.gerdgeorge.de "-" "Mozilla/5.0 AppleWebKit/537.36 (KHTML, like Gecko; compatible; GPTBot/1.3; +https://openai.com/gptbot)" "-"
74.7.227.0 - - [13/Dec/2025:00:43:22 +0100] "GET /data/upload/image/66617162bc9a5.jpg?path=//proc/self/root/lib/locale/de_LU@euro/LC_MESSAGES HTTP/1.1" 200 14527 edition.gerdgeorge.de "-" "Mozilla/5.0 AppleWebKit/537.36 (KHTML, like Gecko; compatible; GPTBot/1.3; +https://openai.com/gptbot)" "-"
74.7.227.0 - - [13/Dec/2025:00:43:22 +0100] "GET /data/upload/image/66617162bc9a5.jpg?path=//proc/self/root/lib/locale/eu_FR@euro/LC_MESSAGES HTTP/1.1" 200 14527 edition.gerdgeorge.de "-" "Mozilla/5.0 AppleWebKit/537.36 (KHTML, like Gecko; compatible; GPTBot/1.3; +https://openai.com/gptbot)" "-"
216.73.216.0 - - [13/Dec/2025:00:43:23 +0100] "GET /imprint?fileloc=%2F%2Flib%2Fruby%2Fvendor_ruby%2Frubygems%2Futil%2Flist.rb&path=%2F%2Flib%2Fruby%2Fvendor_ruby%2Frubygems%2Futil HTTP/1.1" 429 227 edition.gerdgeorge.de "-" "Mozilla/5.0 AppleWebKit/537.36 (KHTML, like Gecko; compatible; ClaudeBot/1.0; +claudebot@anthropic.com)" "-"
74.7.227.0 - - [13/Dec/2025:00:43:23 +0100] "GET /data/upload/image/66617162bc9a5.jpg?path=//proc/self/root/lib/locale/br_FR@euro/LC_MESSAGES HTTP/1.1" 200 14527 edition.gerdgeorge.de "-" "Mozilla/5.0 AppleWebKit/537.36 (KHTML, like Gecko; compatible; GPTBot/1.3; +https://openai.com/gptbot)" "-"
74.7.227.0 - - [13/Dec/2025:00:43:23 +0100] "GET /data/upload/image/666171fb77d06.jpg?path=//proc/self/root/lib/locale/de_AT@euro/LC_MESSAGES HTTP/1.1" 200 14527 edition.gerdgeorge.de "-" "Mozilla/5.0 AppleWebKit/537.36 (KHTML, like Gecko; compatible; GPTBot/1.3; +https://openai.com/gptbot)" "-"
74.7.227.0 - - [13/Dec/2025:00:43:24 +0100] "GET /data/upload/image/66617162bc9a5.jpg?path=//proc/self/root/lib/locale/fr_LU@euro/LC_MESSAGES HTTP/1.1" 200 14527 edition.gerdgeorge.de "-" "Mozilla/5.0 AppleWebKit/537.36 (KHTML, like Gecko; compatible; GPTBot/1.3; +https://openai.com/gptbot)" "-"
74.7.227.0 - - [13/Dec/2025:00:43:25 +0100] "GET /data/upload/image/66617162bc9a5.jpg?path=//proc/self/root/lib/locale/wa_BE@euro/LC_MESSAGES HTTP/1.1" 200 14527 edition.gerdgeorge.de "-" "Mozilla/5.0 AppleWebKit/537.36 (KHTML, like Gecko; compatible; GPTBot/1.3; +https://openai.com/gptbot)" "-"
52.21.62.0 - - [13/Dec/2025:00:43:25 +0100] "GET /serviette-calamar/?path=//proc/self/root/proc/thread-self/root/kunden/kunden/kunden/proc/self/root/lib/locale/es_PE HTTP/1.1" 200 34383 edition.gerdgeorge.de "-" "Mozilla/5.0 AppleWebKit/537.36 (KHTML, like Gecko; compatible; Amazonbot/0.1; +https://developer.amazon.com/support/amazonbot) Chrome/119.0.6045.214 Safari/537.36" "-"
107.23.62.0 - - [13/Dec/2025:00:43:25 +0100] "GET /serviette-calamar/?path=//kunden/kunden/proc/self/root/kunden/kunden/proc/self/root/proc/self/root/var/run HTTP/1.1" 200 23324 edition.gerdgeorge.de "-" "Mozilla/5.0 AppleWebKit/537.36 (KHTML, like Gecko; compatible; Amazonbot/0.1; +https://developer.amazon.com/support/amazonbot) Chrome/119.0.6045.214 Safari/537.36" "-"
74.7.227.0 - - [13/Dec/2025:00:43:25 +0100] "GET /data/upload/image/66617162bc9a5.jpg?path=//proc/self/root/lib/locale/it_IT@euro/LC_MESSAGES HTTP/1.1" 200 14527 edition.gerdgeorge.de "-" "Mozilla/5.0 AppleWebKit/537.36 (KHTML, like Gecko; compatible; GPTBot/1.3; +https://openai.com/gptbot)" "-"
74.7.227.0 - - [13/Dec/2025:00:43:26 +0100] "GET /data/upload/image/666171fb77d06.jpg?path=//proc/self/root/lib/locale/fr_BE@euro/LC_MESSAGES HTTP/1.1" 200 14527 edition.gerdgeorge.de "-" "Mozilla/5.0 AppleWebKit/537.36 (KHTML, like Gecko; compatible; GPTBot/1.3; +https://openai.com/gptbot)" "-"
74.7.227.0 - - [13/Dec/2025:00:43:26 +0100] "GET /data/upload/image/666171fb77d06.jpg?path=//proc/self/root/lib/locale/de_DE@euro/LC_MESSAGES HTTP/1.1" 200 14527 edition.gerdgeorge.de "-" "Mozilla/5.0 AppleWebKit/537.36 (KHTML, like Gecko; compatible; GPTBot/1.3; +https://openai.com/gptbot)" "-"
74.7.227.0 - - [13/Dec/2025:00:43:27 +0100] "GET /data/upload/image/666171fb77d06.jpg?path=//proc/self/root/lib/locale/fr_FR@euro HTTP/1.1" 200 31026 edition.gerdgeorge.de "-" "Mozilla/5.0 AppleWebKit/537.36 (KHTML, like Gecko; compatible; GPTBot/1.3; +https://openai.com/gptbot)" "-"
74.7.227.0 - - [13/Dec/2025:00:43:27 +0100] "GET /data/upload/image/66617162bc9a5.jpg?path=//proc/self/root/lib/locale/sv_FI@euro HTTP/1.1" 200 31025 edition.gerdgeorge.de "-" "Mozilla/5.0 AppleWebKit/537.36 (KHTML, like Gecko; compatible; GPTBot/1.3; +https://openai.com/gptbot)" "-"
216.73.216.0 - - [13/Dec/2025:00:43:28 +0100] "GET /imprint?fileloc=%2F%2Flib%2Fruby%2Fvendor_ruby%2Frubygems%2Fsource%2Flock.rb&path=%2F%2Flib%2Fruby%2Fvendor_ruby%2Frubygems%2Fsource HTTP/1.1" 429 227 edition.gerdgeorge.de "-" "Mozilla/5.0 AppleWebKit/537.36 (KHTML, like Gecko; compatible; ClaudeBot/1.0; +claudebot@anthropic.com)" "-"
74.7.227.0 - - [13/Dec/2025:00:43:28 +0100] "GET /data/upload/image/666171fb77d06.jpg?path=//proc/self/root/lib/locale/fi_FI@euro HTTP/1.1" 200 31026 edition.gerdgeorge.de "-" "Mozilla/5.0 AppleWebKit/537.36 (KHTML, like Gecko; compatible; GPTBot/1.3; +https://openai.com/gptbot)" "-"
3.232.102.0 - - [13/Dec/2025:00:43:28 +0100] "GET /jets/?path=//kunden/proc/self/root/kunden/kunden/kunden/proc/self/root/proc/self/root/lib/locale/bo_IN HTTP/1.1" 200 34455 edition.gerdgeorge.de "-" "Mozilla/5.0 AppleWebKit/537.36 (KHTML, like Gecko; compatible; Amazonbot/0.1; +https://developer.amazon.com/support/amazonbot) Chrome/119.0.6045.214 Safari/537.36" "-"
74.7.227.0 - - [13/Dec/2025:00:43:28 +0100] "GET /data/upload/image/66617162bc9a5.jpg?path=//proc/self/root/lib/locale/de_DE@euro HTTP/1.1" 200 31026 edition.gerdgeorge.de "-" "Mozilla/5.0 AppleWebKit/537.36 (KHTML, like Gecko; compatible; GPTBot/1.3; +https://openai.com/gptbot)" "-"
74.7.227.0 - - [13/Dec/2025:00:43:29 +0100] "GET /data/upload/image/666171fb77d06.jpg?path=//proc/self/root/lib/locale/ca_ES@euro HTTP/1.1" 200 31025 edition.gerdgeorge.de "-" "Mozilla/5.0 AppleWebKit/537.36 (KHTML, like Gecko; compatible; GPTBot/1.3; +https://openai.com/gptbot)" "-"
74.7.227.0 - - [13/Dec/2025:00:43:29 +0100] "GET /data/upload/image/666171fb77d06.jpg?path=//proc/self/root/lib/locale/wa_BE@euro HTTP/1.1" 200 31026 edition.gerdgeorge.de "-" "Mozilla/5.0 AppleWebKit/537.36 (KHTML, like Gecko; compatible; GPTBot/1.3; +https://openai.com/gptbot)" "-"
74.7.227.0 - - [13/Dec/2025:00:43:30 +0100] "GET /data/upload/image/666171fb77d06.jpg?path=//proc/self/root/lib/locale/gl_ES@euro HTTP/1.1" 200 31026 edition.gerdgeorge.de "-" "Mozilla/5.0 AppleWebKit/537.36 (KHTML, like Gecko; compatible; GPTBot/1.3; +https://openai.com/gptbot)" "-"
74.7.227.0 - - [13/Dec/2025:00:43:31 +0100] "GET /data/upload/image/66617162bc9a5.jpg?path=//proc/self/root/lib/locale/ca_ES@euro HTTP/1.1" 200 31025 edition.gerdgeorge.de "-" "Mozilla/5.0 AppleWebKit/537.36 (KHTML, like Gecko; compatible; GPTBot/1.3; +https://openai.com/gptbot)" "-"
74.7.227.0 - - [13/Dec/2025:00:43:31 +0100] "GET /data/upload/image/66617162bc9a5.jpg?path=//proc/self/root/lib/locale/el_GR@euro HTTP/1.1" 200 31026 edition.gerdgeorge.de "-" "Mozilla/5.0 AppleWebKit/537.36 (KHTML, like Gecko; compatible; GPTBot/1.3; +https://openai.com/gptbot)" "-"
74.7.227.0 - - [13/Dec/2025:00:43:32 +0100] "GET /data/upload/image/66617162bc9a5.jpg?path=//proc/self/root/lib/locale/fi_FI@euro HTTP/1.1" 200 31026 edition.gerdgeorge.de "-" "Mozilla/5.0 AppleWebKit/537.36 (KHTML, like Gecko; compatible; GPTBot/1.3; +https://openai.com/gptbot)" "-"
52.203.237.0 - - [13/Dec/2025:00:43:32 +0100] "GET /lievre-hupf/?path=//proc/self/root/proc/self/root/proc/self/root/proc/thread-self/root/lib HTTP/1.1" 200 104332 edition.gerdgeorge.de "-" "Mozilla/5.0 AppleWebKit/537.36 (KHTML, like Gecko; compatible; Amazonbot/0.1; +https://developer.amazon.com/support/amazonbot) Chrome/119.0.6045.214 Safari/537.36" "-"
74.7.227.0 - - [13/Dec/2025:00:43:32 +0100] "GET /data/upload/image/66617162bc9a5.jpg?path=//proc/self/root/lib/locale/gez_ER HTTP/1.1" 200 30828 edition.gerdgeorge.de "-" "Mozilla/5.0 AppleWebKit/537.36 (KHTML, like Gecko; compatible; GPTBot/1.3; +https://openai.com/gptbot)" "-"
216.73.216.0 - - [13/Dec/2025:00:43:33 +0100] "GET /imprint?fileloc=%2F%2Flib%2Fruby%2Fvendor_ruby%2Frubygems%2Fresolver%2Fbest_set.rb&path=%2F%2Flib%2Fruby%2Fvendor_ruby%2Frubygems%2Fresolver HTTP/1.1" 429 227 edition.gerdgeorge.de "-" "Mozilla/5.0 AppleWebKit/537.36 (KHTML, like Gecko; compatible; ClaudeBot/1.0; +claudebot@anthropic.com)" "-"
74.7.227.0 - - [13/Dec/2025:00:43:33 +0100] "GET /data/upload/image/666171fb77d06.jpg?path=//proc/self/root/lib/locale/fr_FR@euro/LC_MESSAGES HTTP/1.1" 200 14527 edition.gerdgeorge.de "-" "Mozilla/5.0 AppleWebKit/537.36 (KHTML, like Gecko; compatible; GPTBot/1.3; +https://openai.com/gptbot)" "-"
74.7.227.0 - - [13/Dec/2025:00:43:33 +0100] "GET /data/upload/image/66617162bc9a5.jpg?fileloc=//proc/self/root/lib/locale/sv_FI@euro/LC_TIME&path=//proc/self/root/lib/locale/sv_FI@euro HTTP/1.1" 200 12471 edition.gerdgeorge.de "-" "Mozilla/5.0 AppleWebKit/537.36 (KHTML, like Gecko; compatible; GPTBot/1.3; +https://openai.com/gptbot)" "-"
74.7.227.0 - - [13/Dec/2025:00:43:34 +0100] "GET /data/upload/image/66617162bc9a5.jpg?fileloc=//proc/self/root/lib/locale/sv_FI@euro/LC_COLLATE&path=//proc/self/root/lib/locale/sv_FI@euro HTTP/1.1" 200 12474 edition.gerdgeorge.de "-" "Mozilla/5.0 AppleWebKit/537.36 (KHTML, like Gecko; compatible; GPTBot/1.3; +https://openai.com/gptbot)" "-"
74.7.227.0 - - [13/Dec/2025:00:43:34 +0100] "GET /data/upload/image/666171fb77d06.jpg?path=//proc/self/root/lib/locale/fi_FI@euro/LC_MESSAGES HTTP/1.1" 200 14527 edition.gerdgeorge.de "-" "Mozilla/5.0 AppleWebKit/537.36 (KHTML, like Gecko; compatible; GPTBot/1.3; +https://openai.com/gptbot)" "-"
74.7.227.0 - - [13/Dec/2025:00:43:35 +0100] "GET /data/upload/image/66617162bc9a5.jpg?path=//proc/self/root/lib/locale/sv_FI@euro/LC_MESSAGES HTTP/1.1" 200 14527 edition.gerdgeorge.de "-" "Mozilla/5.0 AppleWebKit/537.36 (KHTML, like Gecko; compatible; GPTBot/1.3; +https://openai.com/gptbot)" "-"
74.7.227.0 - - [13/Dec/2025:00:43:35 +0100] "GET /?path=//kunden/kunden/kunden/kunden/kunden/kunden/kunden/proc/thread-self/root/kunden/kunden/kunden/proc/thread-self/root/kunden/proc/self/root/proc/self/cwd HTTP/1.1" 200 71461 edition.gerdgeorge.de "-" "Mozilla/5.0 AppleWebKit/537.36 (KHTML, like Gecko; compatible; GPTBot/1.3; +https://openai.com/gptbot)" "-"
74.7.227.0 - - [13/Dec/2025:00:43:36 +0100] "GET /data/upload/image/666171fb77d06.jpg?path=//proc/self/root/lib/locale/wa_BE@euro/LC_MESSAGES HTTP/1.1" 200 14527 edition.gerdgeorge.de "-" "Mozilla/5.0 AppleWebKit/537.36 (KHTML, like Gecko; compatible; GPTBot/1.3; +https://openai.com/gptbot)" "-"
44.195.145.0 - - [13/Dec/2025:00:43:36 +0100] "GET /jets/?path=//proc/self/root/proc/self/root/kunden/proc/self/root/kunden/proc/thread-self/root/lib/locale/ro_RO HTTP/1.1" 200 34922 edition.gerdgeorge.de "-" "Mozilla/5.0 AppleWebKit/537.36 (KHTML, like Gecko; compatible; Amazonbot/0.1; +https://developer.amazon.com/support/amazonbot) Chrome/119.0.6045.214 Safari/537.36" "-"
74.7.227.0 - - [13/Dec/2025:00:43:37 +0100] "GET /data/upload/image/66617162bc9a5.jpg?path=//proc/self/root/lib/locale/ca_ES@euro/LC_MESSAGES HTTP/1.1" 200 14527 edition.gerdgeorge.de "-" "Mozilla/5.0 AppleWebKit/537.36 (KHTML, like Gecko; compatible; GPTBot/1.3; +https://openai.com/gptbot)" "-"
74.7.227.0 - - [13/Dec/2025:00:43:37 +0100] "GET /data/upload/image/666171fb77d06.jpg?path=//proc/self/root/lib/locale/gl_ES@euro/LC_MESSAGES HTTP/1.1" 200 14527 edition.gerdgeorge.de "-" "Mozilla/5.0 AppleWebKit/537.36 (KHTML, like Gecko; compatible; GPTBot/1.3; +https://openai.com/gptbot)" "-"
216.73.216.0 - - [13/Dec/2025:00:43:38 +0100] "GET /imprint?fileloc=%2F%2Flib%2Fruby%2Fvendor_ruby%2Frubygems%2Fsource%2Fspecific_file.rb&path=%2F%2Flib%2Fruby%2Fvendor_ruby%2Frubygems%2Fsource HTTP/1.1" 429 227 edition.gerdgeorge.de "-" "Mozilla/5.0 AppleWebKit/537.36 (KHTML, like Gecko; compatible; ClaudeBot/1.0; +claudebot@anthropic.com)" "-"
74.7.227.0 - - [13/Dec/2025:00:43:38 +0100] "GET /data/upload/image/66617162bc9a5.jpg?path=//proc/self/root/lib/locale/fi_FI@euro/LC_MESSAGES HTTP/1.1" 200 14527 edition.gerdgeorge.de "-" "Mozilla/5.0 AppleWebKit/537.36 (KHTML, like Gecko; compatible; GPTBot/1.3; +https://openai.com/gptbot)" "-"
74.7.227.0 - - [13/Dec/2025:00:43:38 +0100] "GET /data/upload/image/66617162bc9a5.jpg?path=//proc/self/root/lib/locale/gez_ER/LC_MESSAGES HTTP/1.1" 200 14499 edition.gerdgeorge.de "-" "Mozilla/5.0 AppleWebKit/537.36 (KHTML, like Gecko; compatible; GPTBot/1.3; +https://openai.com/gptbot)" "-"
74.7.227.0 - - [13/Dec/2025:00:43:39 +0100] "GET /data/upload/image/66617162bc9a5.jpg?path=//proc/self/root/lib/locale/de_DE@euro/LC_MESSAGES HTTP/1.1" 200 14527 edition.gerdgeorge.de "-" "Mozilla/5.0 AppleWebKit/537.36 (KHTML, like Gecko; compatible; GPTBot/1.3; +https://openai.com/gptbot)" "-"
74.7.227.0 - - [13/Dec/2025:00:43:39 +0100] "GET /data/upload/image/66617162bc9a5.jpg?path=//proc/self/root/lib/locale/el_GR@euro/LC_MESSAGES HTTP/1.1" 200 14527 edition.gerdgeorge.de "-" "Mozilla/5.0 AppleWebKit/537.36 (KHTML, like Gecko; compatible; GPTBot/1.3; +https://openai.com/gptbot)" "-"
74.7.227.0 - - [13/Dec/2025:00:43:40 +0100] "GET /data/upload/image/666171fb77d06.jpg?path=//proc/self/root/lib/locale/ca_ES@euro/LC_MESSAGES HTTP/1.1" 200 14527 edition.gerdgeorge.de "-" "Mozilla/5.0 AppleWebKit/537.36 (KHTML, like Gecko; compatible; GPTBot/1.3; +https://openai.com/gptbot)" "-"
74.7.227.0 - - [13/Dec/2025:00:43:40 +0100] "GET /data/upload/image/666171fb77d06.jpg?path=//proc/self/root/lib/locale/yuw_PG HTTP/1.1" 200 30827 edition.gerdgeorge.de "-" "Mozilla/5.0 AppleWebKit/537.36 (KHTML, like Gecko; compatible; GPTBot/1.3; +https://openai.com/gptbot)" "-"
74.7.227.0 - - [13/Dec/2025:00:43:41 +0100] "GET /data/upload/image/66617162bc9a5.jpg?path=//proc/self/root/lib/locale/kok_IN HTTP/1.1" 200 30828 edition.gerdgeorge.de "-" "Mozilla/5.0 AppleWebKit/537.36 (KHTML, like Gecko; compatible; GPTBot/1.3; +https://openai.com/gptbot)" "-"
52.0.63.0 - - [13/Dec/2025:00:43:41 +0100] "GET /?path=//proc/self/root/proc/self/root/proc/self/root/proc/thread-self/root/lib/locale/en_AU/LC_MESSAGES HTTP/1.1" 200 15532 edition.gerdgeorge.de "-" "Mozilla/5.0 AppleWebKit/537.36 (KHTML, like Gecko; compatible; Amazonbot/0.1; +https://developer.amazon.com/support/amazonbot) Chrome/119.0.6045.214 Safari/537.36" "-"
74.7.227.0 - - [13/Dec/2025:00:43:41 +0100] "GET /data/upload/image/666171fb77d06.jpg?path=//proc/self/root/lib/locale/szl_PL HTTP/1.1" 200 30826 edition.gerdgeorge.de "-" "Mozilla/5.0 AppleWebKit/537.36 (KHTML, like Gecko; compatible; GPTBot/1.3; +https://openai.com/gptbot)" "-"
74.7.227.0 - - [13/Dec/2025:00:43:42 +0100] "GET /data/upload/image/66617162bc9a5.jpg?path=//proc/self/root/lib/locale/nhn_MX HTTP/1.1" 200 30826 edition.gerdgeorge.de "-" "Mozilla/5.0 AppleWebKit/537.36 (KHTML, like Gecko; compatible; GPTBot/1.3; +https://openai.com/gptbot)" "-"
216.73.216.0 - - [13/Dec/2025:00:43:43 +0100] "GET /imprint?fileloc=%2F%2Flib%2Fruby%2Fvendor_ruby%2Frubygems%2Fresolver%2Fset.rb&path=%2F%2Flib%2Fruby%2Fvendor_ruby%2Frubygems%2Fresolver HTTP/1.1" 429 227 edition.gerdgeorge.de "-" "Mozilla/5.0 AppleWebKit/537.36 (KHTML, like Gecko; compatible; ClaudeBot/1.0; +claudebot@anthropic.com)" "-"
74.7.227.0 - - [13/Dec/2025:00:43:43 +0100] "GET /data/upload/image/66617162bc9a5.jpg?path=//proc/self/root/lib/locale/kab_DZ HTTP/1.1" 200 30824 edition.gerdgeorge.de "-" "Mozilla/5.0 AppleWebKit/537.36 (KHTML, like Gecko; compatible; GPTBot/1.3; +https://openai.com/gptbot)" "-"
74.7.227.0 - - [13/Dec/2025:00:43:43 +0100] "GET /data/upload/image/666171fb77d06.jpg?path=//proc/self/root/lib/locale/nds_DE HTTP/1.1" 200 30826 edition.gerdgeorge.de "-" "Mozilla/5.0 AppleWebKit/537.36 (KHTML, like Gecko; compatible; GPTBot/1.3; +https://openai.com/gptbot)" "-"
74.7.227.0 - - [13/Dec/2025:00:43:44 +0100] "GET /data/upload/image/66617162bc9a5.jpg?path=//proc/self/root/lib/locale/hak_TW HTTP/1.1" 200 30828 edition.gerdgeorge.de "-" "Mozilla/5.0 AppleWebKit/537.36 (KHTML, like Gecko; compatible; GPTBot/1.3; +https://openai.com/gptbot)" "-"
34.227.156.0 - - [13/Dec/2025:00:43:44 +0100] "GET /entrecote-chassee/?path=//kunden/proc/self/root/proc/self/root/lib/locale/ro_RO HTTP/1.1" 200 32115 edition.gerdgeorge.de "-" "Mozilla/5.0 AppleWebKit/537.36 (KHTML, like Gecko; compatible; Amazonbot/0.1; +https://developer.amazon.com/support/amazonbot) Chrome/119.0.6045.214 Safari/537.36" "-"
74.7.227.0 - - [13/Dec/2025:00:43:44 +0100] "GET /data/upload/image/66617162bc9a5.jpg?path=//proc/self/root/lib/locale/yuw_PG HTTP/1.1" 200 30827 edition.gerdgeorge.de "-" "Mozilla/5.0 AppleWebKit/537.36 (KHTML, like Gecko; compatible; GPTBot/1.3; +https://openai.com/gptbot)" "-"
74.7.227.0 - - [13/Dec/2025:00:43:45 +0100] "GET /data/upload/image/66617162bc9a5.jpg?path=//proc/self/root/lib/locale/tig_ER HTTP/1.1" 200 30828 edition.gerdgeorge.de "-" "Mozilla/5.0 AppleWebKit/537.36 (KHTML, like Gecko; compatible; GPTBot/1.3; +https://openai.com/gptbot)" "-"
74.7.227.0 - - [13/Dec/2025:00:43:45 +0100] "GET /data/upload/image/66617162bc9a5.jpg?path=//proc/self/root/lib/locale/ber_MA HTTP/1.1" 200 30827 edition.gerdgeorge.de "-" "Mozilla/5.0 AppleWebKit/537.36 (KHTML, like Gecko; compatible; GPTBot/1.3; +https://openai.com/gptbot)" "-"
74.7.227.0 - - [13/Dec/2025:00:43:46 +0100] "GET /data/upload/image/66617162bc9a5.jpg?path=//proc/self/root/lib/locale/fil_PH HTTP/1.1" 200 30827 edition.gerdgeorge.de "-" "Mozilla/5.0 AppleWebKit/537.36 (KHTML, like Gecko; compatible; GPTBot/1.3; +https://openai.com/gptbot)" "-"
74.7.227.0 - - [13/Dec/2025:00:43:47 +0100] "GET /data/upload/image/666171fb77d06.jpg?path=//proc/self/root/lib/locale/yuw_PG/LC_MESSAGES HTTP/1.1" 200 14499 edition.gerdgeorge.de "-" "Mozilla/5.0 AppleWebKit/537.36 (KHTML, like Gecko; compatible; GPTBot/1.3; +https://openai.com/gptbot)" "-"
74.7.227.0 - - [13/Dec/2025:00:43:47 +0100] "GET /data/upload/image/66617162bc9a5.jpg?path=//proc/self/root/lib/locale/kok_IN/LC_MESSAGES HTTP/1.1" 200 14499 edition.gerdgeorge.de "-" "Mozilla/5.0 AppleWebKit/537.36 (KHTML, like Gecko; compatible; GPTBot/1.3; +https://openai.com/gptbot)" "-"
216.73.216.0 - - [13/Dec/2025:00:43:48 +0100] "GET /imprint?fileloc=%2F%2Flib%2Fruby%2Fvendor_ruby%2Frubygems%2Fresolver%2Finstalled_specification.rb&path=%2F%2Flib%2Fruby%2Fvendor_ruby%2Frubygems%2Fresolver HTTP/1.1" 429 227 edition.gerdgeorge.de "-" "Mozilla/5.0 AppleWebKit/537.36 (KHTML, like Gecko; compatible; ClaudeBot/1.0; +claudebot@anthropic.com)" "-"
74.7.227.0 - - [13/Dec/2025:00:43:48 +0100] "GET /data/upload/image/666171fb77d06.jpg?path=//proc/self/root/lib/locale/szl_PL/LC_MESSAGES HTTP/1.1" 200 14499 edition.gerdgeorge.de "-" "Mozilla/5.0 AppleWebKit/537.36 (KHTML, like Gecko; compatible; GPTBot/1.3; +https://openai.com/gptbot)" "-"
74.7.227.0 - - [13/Dec/2025:00:43:48 +0100] "GET /data/upload/image/66617162bc9a5.jpg?path=//proc/self/root/lib/locale/nhn_MX/LC_MESSAGES HTTP/1.1" 200 14499 edition.gerdgeorge.de "-" "Mozilla/5.0 AppleWebKit/537.36 (KHTML, like Gecko; compatible; GPTBot/1.3; +https://openai.com/gptbot)" "-"
74.7.227.0 - - [13/Dec/2025:00:43:49 +0100] "GET /data/upload/image/66617162bc9a5.jpg?path=//proc/self/root/lib/locale/kab_DZ/LC_MESSAGES HTTP/1.1" 200 14499 edition.gerdgeorge.de "-" "Mozilla/5.0 AppleWebKit/537.36 (KHTML, like Gecko; compatible; GPTBot/1.3; +https://openai.com/gptbot)" "-"
52.205.141.0 - - [13/Dec/2025:00:43:49 +0100] "GET /serviette-calamar/?path=//kunden/kunden/kunden/proc/thread-self/root/proc/self/root/proc/self/root/proc/self/root/lib/locale/tt_RU HTTP/1.1" 200 35495 edition.gerdgeorge.de "-" "Mozilla/5.0 AppleWebKit/537.36 (KHTML, like Gecko; compatible; Amazonbot/0.1; +https://developer.amazon.com/support/amazonbot) Chrome/119.0.6045.214 Safari/537.36" "-"
74.7.227.0 - - [13/Dec/2025:00:43:49 +0100] "GET /data/upload/image/666171fb77d06.jpg?path=//proc/self/root/lib/locale/nds_DE/LC_MESSAGES HTTP/1.1" 200 14499 edition.gerdgeorge.de "-" "Mozilla/5.0 AppleWebKit/537.36 (KHTML, like Gecko; compatible; GPTBot/1.3; +https://openai.com/gptbot)" "-"
74.7.227.0 - - [13/Dec/2025:00:43:50 +0100] "GET /data/upload/image/66617162bc9a5.jpg?path=//proc/self/root/lib/locale/hak_TW/LC_MESSAGES HTTP/1.1" 200 14499 edition.gerdgeorge.de "-" "Mozilla/5.0 AppleWebKit/537.36 (KHTML, like Gecko; compatible; GPTBot/1.3; +https://openai.com/gptbot)" "-"
74.7.227.0 - - [13/Dec/2025:00:43:50 +0100] "GET /data/upload/image/66617162bc9a5.jpg?path=//proc/self/root/lib/locale/yuw_PG/LC_MESSAGES HTTP/1.1" 200 14499 edition.gerdgeorge.de "-" "Mozilla/5.0 AppleWebKit/537.36 (KHTML, like Gecko; compatible; GPTBot/1.3; +https://openai.com/gptbot)" "-"
74.7.227.0 - - [13/Dec/2025:00:43:51 +0100] "GET /data/upload/image/66617162bc9a5.jpg?path=//proc/self/root/lib/locale/tig_ER/LC_MESSAGES HTTP/1.1" 200 14499 edition.gerdgeorge.de "-" "Mozilla/5.0 AppleWebKit/537.36 (KHTML, like Gecko; compatible; GPTBot/1.3; +https://openai.com/gptbot)" "-"
74.7.227.0 - - [13/Dec/2025:00:43:51 +0100] "GET /data/upload/image/66617162bc9a5.jpg?path=//proc/self/root/lib/locale/ber_MA/LC_MESSAGES HTTP/1.1" 200 14499 edition.gerdgeorge.de "-" "Mozilla/5.0 AppleWebKit/537.36 (KHTML, like Gecko; compatible; GPTBot/1.3; +https://openai.com/gptbot)" "-"
74.7.227.0 - - [13/Dec/2025:00:43:52 +0100] "GET /data/upload/image/66617162bc9a5.jpg?path=//proc/self/root/lib/locale/fil_PH/LC_MESSAGES HTTP/1.1" 200 14499 edition.gerdgeorge.de "-" "Mozilla/5.0 AppleWebKit/537.36 (KHTML, like Gecko; compatible; GPTBot/1.3; +https://openai.com/gptbot)" "-"
3.231.193.0 - - [13/Dec/2025:00:43:52 +0100] "GET /books/?path=//kunden/proc/self/root/proc/thread-self/root/proc/self/root/lib/locale/sl_SI HTTP/1.1" 200 33474 edition.gerdgeorge.de "-" "Mozilla/5.0 AppleWebKit/537.36 (KHTML, like Gecko; compatible; Amazonbot/0.1; +https://developer.amazon.com/support/amazonbot) Chrome/119.0.6045.214 Safari/537.36" "-"
74.7.227.0 - - [13/Dec/2025:00:43:52 +0100] "GET /data/upload/image/66617162bc9a5.jpg?path=//proc/self/root/lib/locale/ber_DZ HTTP/1.1" 200 30827 edition.gerdgeorge.de "-" "Mozilla/5.0 AppleWebKit/537.36 (KHTML, like Gecko; compatible; GPTBot/1.3; +https://openai.com/gptbot)" "-"
216.73.216.0 - - [13/Dec/2025:00:43:53 +0100] "GET /imprint?fileloc=%2F%2Flib%2Fruby%2Fvendor_ruby%2Frubygems%2Fresolver%2Flock_specification.rb&path=%2F%2Flib%2Fruby%2Fvendor_ruby%2Frubygems%2Fresolver HTTP/1.1" 429 227 edition.gerdgeorge.de "-" "Mozilla/5.0 AppleWebKit/537.36 (KHTML, like Gecko; compatible; ClaudeBot/1.0; +claudebot@anthropic.com)" "-"
74.7.227.0 - - [13/Dec/2025:00:43:53 +0100] "GET /data/upload/image/66617162bc9a5.jpg?path=//proc/self/root/lib/locale/bho_IN HTTP/1.1" 200 30828 edition.gerdgeorge.de "-" "Mozilla/5.0 AppleWebKit/537.36 (KHTML, like Gecko; compatible; GPTBot/1.3; +https://openai.com/gptbot)" "-"
74.7.227.0 - - [13/Dec/2025:00:43:54 +0100] "GET /data/upload/image/66617162bc9a5.jpg?path=//proc/self/root/lib/locale/miq_NI HTTP/1.1" 200 30827 edition.gerdgeorge.de "-" "Mozilla/5.0 AppleWebKit/537.36 (KHTML, like Gecko; compatible; GPTBot/1.3; +https://openai.com/gptbot)" "-"
74.7.227.0 - - [13/Dec/2025:00:43:54 +0100] "GET /data/upload/image/666171fb77d06.jpg?path=//proc/self/root/lib/locale/cmn_TW HTTP/1.1" 200 30828 edition.gerdgeorge.de "-" "Mozilla/5.0 AppleWebKit/537.36 (KHTML, like Gecko; compatible; GPTBot/1.3; +https://openai.com/gptbot)" "-"
74.7.227.0 - - [13/Dec/2025:00:43:55 +0100] "GET /data/upload/image/66617162bc9a5.jpg?path=//proc/self/root/lib/locale/sah_RU HTTP/1.1" 200 30827 edition.gerdgeorge.de "-" "Mozilla/5.0 AppleWebKit/537.36 (KHTML, like Gecko; compatible; GPTBot/1.3; +https://openai.com/gptbot)" "-"
74.7.227.0 - - [13/Dec/2025:00:43:55 +0100] "GET /data/upload/image/666171fb77d06.jpg?path=//proc/self/root/lib/locale/hsb_DE HTTP/1.1" 200 30829 edition.gerdgeorge.de "-" "Mozilla/5.0 AppleWebKit/537.36 (KHTML, like Gecko; compatible; GPTBot/1.3; +https://openai.com/gptbot)" "-"
74.7.227.0 - - [13/Dec/2025:00:43:56 +0100] "GET /data/upload/image/66617162bc9a5.jpg?path=//proc/self/root/lib/locale/hne_IN HTTP/1.1" 200 30827 edition.gerdgeorge.de "-" "Mozilla/5.0 AppleWebKit/537.36 (KHTML, like Gecko; compatible; GPTBot/1.3; +https://openai.com/gptbot)" "-"
35.173.38.0 - - [13/Dec/2025:00:43:56 +0100] "GET /?path=//proc/self/root/kunden/proc/self/root/kunden/proc/self/root/kunden/kunden/lib/locale/en_AU HTTP/1.1" 200 34422 edition.gerdgeorge.de "-" "Mozilla/5.0 AppleWebKit/537.36 (KHTML, like Gecko; compatible; Amazonbot/0.1; +https://developer.amazon.com/support/amazonbot) Chrome/119.0.6045.214 Safari/537.36" "-"
74.7.227.0 - - [13/Dec/2025:00:43:56 +0100] "GET /data/upload/image/666171fb77d06.jpg?path=//proc/self/root/lib/locale/gez_ER HTTP/1.1" 200 30828 edition.gerdgeorge.de "-" "Mozilla/5.0 AppleWebKit/537.36 (KHTML, like Gecko; compatible; GPTBot/1.3; +https://openai.com/gptbot)" "-"
74.7.227.0 - - [13/Dec/2025:00:43:57 +0100] "GET /data/upload/image/66617162bc9a5.jpg?path=//proc/self/root/lib/locale/mjw_IN HTTP/1.1" 200 30826 edition.gerdgeorge.de "-" "Mozilla/5.0 AppleWebKit/537.36 (KHTML, like Gecko; compatible; GPTBot/1.3; +https://openai.com/gptbot)" "-"
74.7.227.0 - - [13/Dec/2025:00:43:57 +0100] "GET /data/upload/image/666171fb77d06.jpg?path=//proc/self/root/lib/locale/byn_ER HTTP/1.1" 200 30828 edition.gerdgeorge.de "-" "Mozilla/5.0 AppleWebKit/537.36 (KHTML, like Gecko; compatible; GPTBot/1.3; +https://openai.com/gptbot)" "-"
216.73.216.0 - - [13/Dec/2025:00:43:58 +0100] "GET /imprint?fileloc=%2F%2Flib%2Fruby%2Fvendor_ruby%2Frubygems%2Fresolver%2Fspecification.rb&path=%2F%2Flib%2Fruby%2Fvendor_ruby%2Frubygems%2Fresolver HTTP/1.1" 429 227 edition.gerdgeorge.de "-" "Mozilla/5.0 AppleWebKit/537.36 (KHTML, like Gecko; compatible; ClaudeBot/1.0; +claudebot@anthropic.com)" "-"
74.7.227.0 - - [13/Dec/2025:00:43:58 +0100] "GET /data/upload/image/666171fb77d06.jpg?path=//proc/self/root/lib/locale/niu_NZ HTTP/1.1" 200 30825 edition.gerdgeorge.de "-" "Mozilla/5.0 AppleWebKit/537.36 (KHTML, like Gecko; compatible; GPTBot/1.3; +https://openai.com/gptbot)" "-"
74.7.227.0 - - [13/Dec/2025:00:43:59 +0100] "GET /data/upload/image/66617162bc9a5.jpg?path=//proc/self/root/lib/locale/ber_DZ/LC_MESSAGES HTTP/1.1" 200 14499 edition.gerdgeorge.de "-" "Mozilla/5.0 AppleWebKit/537.36 (KHTML, like Gecko; compatible; GPTBot/1.3; +https://openai.com/gptbot)" "-"
74.7.227.0 - - [13/Dec/2025:00:43:59 +0100] "GET /data/upload/image/66617162bc9a5.jpg?path=//proc/self/root/lib/locale/bho_IN/LC_MESSAGES HTTP/1.1" 200 14499 edition.gerdgeorge.de "-" "Mozilla/5.0 AppleWebKit/537.36 (KHTML, like Gecko; compatible; GPTBot/1.3; +https://openai.com/gptbot)" "-"
74.7.227.0 - - [13/Dec/2025:00:44:00 +0100] "GET /data/upload/image/66617162bc9a5.jpg?path=//proc/self/root/lib/locale/miq_NI/LC_MESSAGES HTTP/1.1" 200 14499 edition.gerdgeorge.de "-" "Mozilla/5.0 AppleWebKit/537.36 (KHTML, like Gecko; compatible; GPTBot/1.3; +https://openai.com/gptbot)" "-"
34.234.197.0 - - [13/Dec/2025:00:44:00 +0100] "GET /jets/?path=//proc/self/root/proc/self/root/kunden/proc/self/root/proc/self/root/usr/lib/locale/en_NG HTTP/1.1" 200 34386 edition.gerdgeorge.de "-" "Mozilla/5.0 AppleWebKit/537.36 (KHTML, like Gecko; compatible; Amazonbot/0.1; +https://developer.amazon.com/support/amazonbot) Chrome/119.0.6045.214 Safari/537.36" "-"
74.7.227.0 - - [13/Dec/2025:00:44:00 +0100] "GET /data/upload/image/666171fb77d06.jpg?path=//proc/self/root/lib/locale/cmn_TW/LC_MESSAGES HTTP/1.1" 200 14498 edition.gerdgeorge.de "-" "Mozilla/5.0 AppleWebKit/537.36 (KHTML, like Gecko; compatible; GPTBot/1.3; +https://openai.com/gptbot)" "-"
74.7.227.0 - - [13/Dec/2025:00:44:01 +0100] "GET /data/upload/image/66617162bc9a5.jpg?path=//proc/self/root/lib/locale/sah_RU/LC_MESSAGES HTTP/1.1" 200 14498 edition.gerdgeorge.de "-" "Mozilla/5.0 AppleWebKit/537.36 (KHTML, like Gecko; compatible; GPTBot/1.3; +https://openai.com/gptbot)" "-"
74.7.227.0 - - [13/Dec/2025:00:44:01 +0100] "GET /data/upload/image/666171fb77d06.jpg?path=//proc/self/root/lib/locale/hsb_DE/LC_MESSAGES HTTP/1.1" 200 14499 edition.gerdgeorge.de "-" "Mozilla/5.0 AppleWebKit/537.36 (KHTML, like Gecko; compatible; GPTBot/1.3; +https://openai.com/gptbot)" "-"
74.7.227.0 - - [13/Dec/2025:00:44:02 +0100] "GET /data/upload/image/66617162bc9a5.jpg?path=//proc/self/root/lib/locale/hne_IN/LC_MESSAGES HTTP/1.1" 200 14499 edition.gerdgeorge.de "-" "Mozilla/5.0 AppleWebKit/537.36 (KHTML, like Gecko; compatible; GPTBot/1.3; +https://openai.com/gptbot)" "-"
74.7.227.0 - - [13/Dec/2025:00:44:02 +0100] "GET /data/upload/image/666171fb77d06.jpg?path=//proc/self/root/lib/locale/gez_ER/LC_MESSAGES HTTP/1.1" 200 14499 edition.gerdgeorge.de "-" "Mozilla/5.0 AppleWebKit/537.36 (KHTML, like Gecko; compatible; GPTBot/1.3; +https://openai.com/gptbot)" "-"
216.73.216.0 - - [13/Dec/2025:00:44:03 +0100] "GET /imprint?fileloc=%2F%2Flib%2Fruby%2Fvendor_ruby%2Frubygems%2Fsource%2Finstalled.rb&path=%2F%2Flib%2Fruby%2Fvendor_ruby%2Frubygems%2Fsource HTTP/1.1" 429 227 edition.gerdgeorge.de "-" "Mozilla/5.0 AppleWebKit/537.36 (KHTML, like Gecko; compatible; ClaudeBot/1.0; +claudebot@anthropic.com)" "-"
74.7.227.0 - - [13/Dec/2025:00:44:03 +0100] "GET /data/upload/image/66617162bc9a5.jpg?path=//proc/self/root/lib/locale/mjw_IN/LC_MESSAGES HTTP/1.1" 200 14499 edition.gerdgeorge.de "-" "Mozilla/5.0 AppleWebKit/537.36 (KHTML, like Gecko; compatible; GPTBot/1.3; +https://openai.com/gptbot)" "-"
74.7.227.0 - - [13/Dec/2025:00:44:04 +0100] "GET /data/upload/image/666171fb77d06.jpg?path=//proc/self/root/lib/locale/byn_ER/LC_MESSAGES HTTP/1.1" 200 14499 edition.gerdgeorge.de "-" "Mozilla/5.0 AppleWebKit/537.36 (KHTML, like Gecko; compatible; GPTBot/1.3; +https://openai.com/gptbot)" "-"
74.7.227.0 - - [13/Dec/2025:00:44:04 +0100] "GET /data/upload/image/666171fb77d06.jpg?path=//proc/self/root/lib/locale/niu_NZ/LC_MESSAGES HTTP/1.1" 200 14499 edition.gerdgeorge.de "-" "Mozilla/5.0 AppleWebKit/537.36 (KHTML, like Gecko; compatible; GPTBot/1.3; +https://openai.com/gptbot)" "-"
44.212.106.0 - - [13/Dec/2025:00:44:04 +0100] "GET /serviette-calamar/?path=//kunden/proc/self/root/kunden/kunden/proc/thread-self/root/kunden/proc/self/root/lib/locale/en_AG HTTP/1.1" 200 34847 edition.gerdgeorge.de "-" "Mozilla/5.0 AppleWebKit/537.36 (KHTML, like Gecko; compatible; Amazonbot/0.1; +https://developer.amazon.com/support/amazonbot) Chrome/119.0.6045.214 Safari/537.36" "-"
74.7.227.0 - - [13/Dec/2025:00:44:05 +0100] "GET /data/upload/image/66617162bc9a5.jpg?path=//proc/self/root/lib/locale/wae_CH HTTP/1.1" 200 30827 edition.gerdgeorge.de "-" "Mozilla/5.0 AppleWebKit/537.36 (KHTML, like Gecko; compatible; GPTBot/1.3; +https://openai.com/gptbot)" "-"
74.7.227.0 - - [13/Dec/2025:00:44:05 +0100] "GET /data/upload/image/66617162bc9a5.jpg?path=//proc/self/root/lib/locale/hsb_DE HTTP/1.1" 200 30829 edition.gerdgeorge.de "-" "Mozilla/5.0 AppleWebKit/537.36 (KHTML, like Gecko; compatible; GPTBot/1.3; +https://openai.com/gptbot)" "-"
74.7.227.0 - - [13/Dec/2025:00:44:06 +0100] "GET /data/upload/image/66617162bc9a5.jpg?path=//proc/self/root/lib/locale/brx_IN HTTP/1.1" 200 30826 edition.gerdgeorge.de "-" "Mozilla/5.0 AppleWebKit/537.36 (KHTML, like Gecko; compatible; GPTBot/1.3; +https://openai.com/gptbot)" "-"
74.7.227.0 - - [13/Dec/2025:00:44:06 +0100] "GET /data/upload/image/66617162bc9a5.jpg?path=//proc/self/root/lib/locale/byn_ER HTTP/1.1" 200 30828 edition.gerdgeorge.de "-" "Mozilla/5.0 AppleWebKit/537.36 (KHTML, like Gecko; compatible; GPTBot/1.3; +https://openai.com/gptbot)" "-"
74.7.227.0 - - [13/Dec/2025:00:44:07 +0100] "GET /data/upload/image/66617162bc9a5.jpg?path=//proc/self/root/lib/locale/shs_CA HTTP/1.1" 200 30826 edition.gerdgeorge.de "-" "Mozilla/5.0 AppleWebKit/537.36 (KHTML, like Gecko; compatible; GPTBot/1.3; +https://openai.com/gptbot)" "-"
74.7.227.0 - - [13/Dec/2025:00:44:07 +0100] "GET /data/upload/image/666171fb77d06.jpg?path=//proc/self/root/lib/locale/gez_ET HTTP/1.1" 200 30828 edition.gerdgeorge.de "-" "Mozilla/5.0 AppleWebKit/537.36 (KHTML, like Gecko; compatible; GPTBot/1.3; +https://openai.com/gptbot)" "-"
216.73.216.0 - - [13/Dec/2025:00:44:08 +0100] "GET /imprint?fileloc=%2F%2Flib%2Fruby%2Fvendor_ruby%2Frubygems%2Fresolver%2Fspec_specification.rb&path=%2F%2Flib%2Fruby%2Fvendor_ruby%2Frubygems%2Fresolver HTTP/1.1" 429 227 edition.gerdgeorge.de "-" "Mozilla/5.0 AppleWebKit/537.36 (KHTML, like Gecko; compatible; ClaudeBot/1.0; +claudebot@anthropic.com)" "-"
54.90.8.0 - - [13/Dec/2025:00:44:08 +0100] "GET /cockpit/?path=//proc/self/root/proc/self/root/proc/self/root/proc/thread-self/root/kunden/lib/locale/uk_UA HTTP/1.1" 200 34457 edition.gerdgeorge.de "-" "Mozilla/5.0 AppleWebKit/537.36 (KHTML, like Gecko; compatible; Amazonbot/0.1; +https://developer.amazon.com/support/amazonbot) Chrome/119.0.6045.214 Safari/537.36" "-"
74.7.227.0 - - [13/Dec/2025:00:44:08 +0100] "GET /data/upload/image/66617162bc9a5.jpg?path=//proc/self/root/lib/locale/gez_ET HTTP/1.1" 200 30828 edition.gerdgeorge.de "-" "Mozilla/5.0 AppleWebKit/537.36 (KHTML, like Gecko; compatible; GPTBot/1.3; +https://openai.com/gptbot)" "-"
74.7.227.0 - - [13/Dec/2025:00:44:09 +0100] "GET /data/upload/image/66617162bc9a5.jpg?path=//proc/self/root/lib/locale/crh_UA HTTP/1.1" 200 30826 edition.gerdgeorge.de "-" "Mozilla/5.0 AppleWebKit/537.36 (KHTML, like Gecko; compatible; GPTBot/1.3; +https://openai.com/gptbot)" "-"
74.7.227.0 - - [13/Dec/2025:00:44:09 +0100] "GET /data/upload/image/66617162bc9a5.jpg?path=//proc/self/root/lib/locale/mhr_RU HTTP/1.1" 200 30827 edition.gerdgeorge.de "-" "Mozilla/5.0 AppleWebKit/537.36 (KHTML, like Gecko; compatible; GPTBot/1.3; +https://openai.com/gptbot)" "-"
74.7.227.0 - - [13/Dec/2025:00:44:10 +0100] "GET /data/upload/image/66617162bc9a5.jpg?path=//proc/self/root/lib/locale/raj_IN HTTP/1.1" 200 30828 edition.gerdgeorge.de "-" "Mozilla/5.0 AppleWebKit/537.36 (KHTML, like Gecko; compatible; GPTBot/1.3; +https://openai.com/gptbot)" "-"
74.7.227.0 - - [13/Dec/2025:00:44:10 +0100] "GET /data/upload/image/66617162bc9a5.jpg?path=//proc/self/root/lib/locale/unm_US HTTP/1.1" 200 30827 edition.gerdgeorge.de "-" "Mozilla/5.0 AppleWebKit/537.36 (KHTML, like Gecko; compatible; GPTBot/1.3; +https://openai.com/gptbot)" "-"
74.7.227.0 - - [13/Dec/2025:00:44:11 +0100] "GET /data/upload/image/66617162bc9a5.jpg?path=//proc/self/root/lib/locale/wae_CH/LC_MESSAGES HTTP/1.1" 200 14499 edition.gerdgeorge.de "-" "Mozilla/5.0 AppleWebKit/537.36 (KHTML, like Gecko; compatible; GPTBot/1.3; +https://openai.com/gptbot)" "-"
74.7.227.0 - - [13/Dec/2025:00:44:11 +0100] "GET /data/upload/image/66617162bc9a5.jpg?path=//proc/self/root/lib/locale/hsb_DE/LC_MESSAGES HTTP/1.1" 200 14499 edition.gerdgeorge.de "-" "Mozilla/5.0 AppleWebKit/537.36 (KHTML, like Gecko; compatible; GPTBot/1.3; +https://openai.com/gptbot)" "-"
98.84.200.0 - - [13/Dec/2025:00:44:12 +0100] "GET /?path=//kunden/proc/thread-self/root/proc/self/root/proc/self/root/lib/aspell HTTP/1.1" 200 264314 edition.gerdgeorge.de "-" "Mozilla/5.0 AppleWebKit/537.36 (KHTML, like Gecko; compatible; Amazonbot/0.1; +https://developer.amazon.com/support/amazonbot) Chrome/119.0.6045.214 Safari/537.36" "-"
74.7.227.0 - - [13/Dec/2025:00:44:12 +0100] "GET /data/upload/image/66617162bc9a5.jpg?path=//proc/self/root/lib/locale/brx_IN/LC_MESSAGES HTTP/1.1" 200 14499 edition.gerdgeorge.de "-" "Mozilla/5.0 AppleWebKit/537.36 (KHTML, like Gecko; compatible; GPTBot/1.3; +https://openai.com/gptbot)" "-"
74.7.227.0 - - [13/Dec/2025:00:44:13 +0100] "GET /data/upload/image/66617162bc9a5.jpg?path=//proc/self/root/lib/locale/ayc_PE HTTP/1.1" 200 30826 edition.gerdgeorge.de "-" "Mozilla/5.0 AppleWebKit/537.36 (KHTML, like Gecko; compatible; GPTBot/1.3; +https://openai.com/gptbot)" "-"
216.73.216.0 - - [13/Dec/2025:00:44:13 +0100] "GET /imprint?fileloc=%2F%2Flib%2Fruby%2Fvendor_ruby%2Frubygems%2Fresolver%2Fcomposed_set.rb&path=%2F%2Flib%2Fruby%2Fvendor_ruby%2Frubygems%2Fresolver HTTP/1.1" 429 227 edition.gerdgeorge.de "-" "Mozilla/5.0 AppleWebKit/537.36 (KHTML, like Gecko; compatible; ClaudeBot/1.0; +claudebot@anthropic.com)" "-"
74.7.227.0 - - [13/Dec/2025:00:44:13 +0100] "GET /data/upload/image/66617162bc9a5.jpg?path=//proc/self/root/lib/locale/shs_CA/LC_MESSAGES HTTP/1.1" 200 14499 edition.gerdgeorge.de "-" "Mozilla/5.0 AppleWebKit/537.36 (KHTML, like Gecko; compatible; GPTBot/1.3; +https://openai.com/gptbot)" "-"
74.7.227.0 - - [13/Dec/2025:00:44:14 +0100] "GET /data/upload/image/666171fb77d06.jpg?path=//proc/self/root/lib/locale/gez_ET/LC_MESSAGES HTTP/1.1" 200 14499 edition.gerdgeorge.de "-" "Mozilla/5.0 AppleWebKit/537.36 (KHTML, like Gecko; compatible; GPTBot/1.3; +https://openai.com/gptbot)" "-"
74.7.227.0 - - [13/Dec/2025:00:44:14 +0100] "GET /data/upload/image/66617162bc9a5.jpg?path=//proc/self/root/lib/locale/byn_ER/LC_MESSAGES HTTP/1.1" 200 14499 edition.gerdgeorge.de "-" "Mozilla/5.0 AppleWebKit/537.36 (KHTML, like Gecko; compatible; GPTBot/1.3; +https://openai.com/gptbot)" "-"
74.7.227.0 - - [13/Dec/2025:00:44:15 +0100] "GET /data/upload/image/66617162bc9a5.jpg?path=//proc/self/root/lib/locale/crh_UA/LC_MESSAGES HTTP/1.1" 200 14499 edition.gerdgeorge.de "-" "Mozilla/5.0 AppleWebKit/537.36 (KHTML, like Gecko; compatible; GPTBot/1.3; +https://openai.com/gptbot)" "-"
74.7.227.0 - - [13/Dec/2025:00:44:15 +0100] "GET /data/upload/image/66617162bc9a5.jpg?path=//proc/self/root/lib/locale/mhr_RU/LC_MESSAGES HTTP/1.1" 200 14499 edition.gerdgeorge.de "-" "Mozilla/5.0 AppleWebKit/537.36 (KHTML, like Gecko; compatible; GPTBot/1.3; +https://openai.com/gptbot)" "-"
74.7.227.0 - - [13/Dec/2025:00:44:16 +0100] "GET /data/upload/image/66617162bc9a5.jpg?path=//proc/self/root/lib/locale/raj_IN/LC_MESSAGES HTTP/1.1" 200 14499 edition.gerdgeorge.de "-" "Mozilla/5.0 AppleWebKit/537.36 (KHTML, like Gecko; compatible; GPTBot/1.3; +https://openai.com/gptbot)" "-"
