74.7.227.0 - - [13/Dec/2025:00:14:51 +0100] "GET /data/upload/image/66617162bc9a5.jpg?path=//proc/self/root/usr/lib/locale/ug_CN/LC_MESSAGES HTTP/1.1" 200 14569 edition.gerdgeorge.de "-" "Mozilla/5.0 AppleWebKit/537.36 (KHTML, like Gecko; compatible; GPTBot/1.3; +https://openai.com/gptbot)" "-"
74.7.227.0 - - [13/Dec/2025:00:14:52 +0100] "GET /data/upload/image/66617162bc9a5.jpg?path=//proc/self/root/usr/lib/locale/fr_LU/LC_MESSAGES HTTP/1.1" 200 14569 edition.gerdgeorge.de "-" "Mozilla/5.0 AppleWebKit/537.36 (KHTML, like Gecko; compatible; GPTBot/1.3; +https://openai.com/gptbot)" "-"
54.198.33.0 - - [13/Dec/2025:00:14:52 +0100] "GET /jets/?path=//proc/self/root/proc/self/root/kunden/proc/self/root/proc/self/root/lib/locale/ar_BH/LC_MESSAGES HTTP/1.1" 200 15619 edition.gerdgeorge.de "-" "Mozilla/5.0 AppleWebKit/537.36 (KHTML, like Gecko; compatible; Amazonbot/0.1; +https://developer.amazon.com/support/amazonbot) Chrome/119.0.6045.214 Safari/537.36" "-"
88.90.248.0 - - [13/Dec/2025:00:14:52 +0100] "GET /?fileloc=/homepages/31/d696029188/htdocs/Neu_EditionsGeorge/neu_wordpress/moti/wp-content/ai1wm-backups/index.php&path=/homepages/31/d696029188/htdocs/Neu_EditionsGeorge/neu_wordpress/moti/wp-content/ai1wm-backups HTTP/1.1" 200 12992 edition.gerdgeorge.de "-" "Mozilla/5.0 (compatible; MJ12bot/v1.4.8; http://mj12bot.com/)" "-"
74.7.227.0 - - [13/Dec/2025:00:14:52 +0100] "GET /data/upload/image/66617162bc9a5.jpg?path=//proc/self/root/usr/lib/locale/tg_TJ/LC_MESSAGES HTTP/1.1" 200 14569 edition.gerdgeorge.de "-" "Mozilla/5.0 AppleWebKit/537.36 (KHTML, like Gecko; compatible; GPTBot/1.3; +https://openai.com/gptbot)" "-"
74.7.227.0 - - [13/Dec/2025:00:14:53 +0100] "GET /data/upload/image/66617162bc9a5.jpg?path=//proc/self/root/usr/lib/locale/cv_RU/LC_MESSAGES HTTP/1.1" 200 14569 edition.gerdgeorge.de "-" "Mozilla/5.0 AppleWebKit/537.36 (KHTML, like Gecko; compatible; GPTBot/1.3; +https://openai.com/gptbot)" "-"
74.7.227.0 - - [13/Dec/2025:00:14:53 +0100] "GET /data/upload/image/66617162bc9a5.jpg?path=//proc/self/root/usr/lib/locale/bs_BA/LC_MESSAGES HTTP/1.1" 200 14569 edition.gerdgeorge.de "-" "Mozilla/5.0 AppleWebKit/537.36 (KHTML, like Gecko; compatible; GPTBot/1.3; +https://openai.com/gptbot)" "-"
74.7.227.0 - - [13/Dec/2025:00:14:54 +0100] "GET /data/upload/image/66617162bc9a5.jpg?path=//proc/self/root/usr/lib/locale/ms_MY/LC_MESSAGES HTTP/1.1" 200 14569 edition.gerdgeorge.de "-" "Mozilla/5.0 AppleWebKit/537.36 (KHTML, like Gecko; compatible; GPTBot/1.3; +https://openai.com/gptbot)" "-"
88.90.248.0 - - [13/Dec/2025:00:14:54 +0100] "GET /?fileloc=/homepages/31/d696029188/htdocs/Neu_EditionsGeorge/neu_wordpress/moti/wp-content/ai1wm-backups/robots.txt&path=/homepages/31/d696029188/htdocs/Neu_EditionsGeorge/neu_wordpress/moti/wp-content/ai1wm-backups HTTP/1.1" 200 13045 edition.gerdgeorge.de "-" "Mozilla/5.0 (compatible; MJ12bot/v1.4.8; http://mj12bot.com/)" "-"
74.7.227.0 - - [13/Dec/2025:00:14:54 +0100] "GET /data/upload/image/66617162bc9a5.jpg?path=//proc/self/root/usr/lib/locale/yo_NG HTTP/1.1" 200 31022 edition.gerdgeorge.de "-" "Mozilla/5.0 AppleWebKit/537.36 (KHTML, like Gecko; compatible; GPTBot/1.3; +https://openai.com/gptbot)" "-"
74.7.227.0 - - [13/Dec/2025:00:14:55 +0100] "GET /data/upload/image/66617162bc9a5.jpg?path=//proc/self/root/usr/lib/locale/zh_SG HTTP/1.1" 200 31026 edition.gerdgeorge.de "-" "Mozilla/5.0 AppleWebKit/537.36 (KHTML, like Gecko; compatible; GPTBot/1.3; +https://openai.com/gptbot)" "-"
74.7.227.0 - - [13/Dec/2025:00:14:55 +0100] "GET /data/upload/image/66617162bc9a5.jpg?path=//proc/self/root/usr/lib/locale/ur_IN HTTP/1.1" 200 31023 edition.gerdgeorge.de "-" "Mozilla/5.0 AppleWebKit/537.36 (KHTML, like Gecko; compatible; GPTBot/1.3; +https://openai.com/gptbot)" "-"
52.70.209.0 - - [13/Dec/2025:00:14:56 +0100] "GET /cockpit/?path=//kunden/proc/self/root/kunden/kunden/proc/self/root/proc/self/root/lib/locale/lv_LV HTTP/1.1" 200 33994 edition.gerdgeorge.de "-" "Mozilla/5.0 AppleWebKit/537.36 (KHTML, like Gecko; compatible; Amazonbot/0.1; +https://developer.amazon.com/support/amazonbot) Chrome/119.0.6045.214 Safari/537.36" "-"
74.7.227.0 - - [13/Dec/2025:00:14:56 +0100] "GET /data/upload/image/66617162bc9a5.jpg?path=//proc/self/root/usr/lib/locale/de_IT HTTP/1.1" 200 31026 edition.gerdgeorge.de "-" "Mozilla/5.0 AppleWebKit/537.36 (KHTML, like Gecko; compatible; GPTBot/1.3; +https://openai.com/gptbot)" "-"
43.173.182.0 - - [13/Dec/2025:00:14:56 +0100] "GET /langues-aneliques/?path=/homepages/31/d695064184/.config HTTP/1.1" 200 12768 edition.gerdgeorge.de "-" "Mozilla/5.0 (Windows NT 6.1; Win64; x64) AppleWebKit/537.36 (KHTML, like Gecko) Chrome/126.0.6478.114 Safari/537.36" "-"
43.173.173.0 - - [13/Dec/2025:00:14:56 +0100] "GET /lievre-hupf/?fileloc=/homepages/31/d696029188/htdocs/Neu_EditionsGeorge/neu_wordpress/moti/wp-includes/html-api/class-wp-html-doctype-info.php&path=/homepages/31/d696029188/htdocs/Neu_EditionsGeorge/neu_wordpress/moti/wp-includes/html-api HTTP/1.1" 200 39435 edition.gerdgeorge.de "-" "Mozilla/5.0 (Windows NT 6.1; Win64; x64) AppleWebKit/537.36 (KHTML, like Gecko) Chrome/126.0.6478.114 Safari/537.36" "-"
88.90.248.0 - - [13/Dec/2025:00:14:56 +0100] "GET /?fileloc=/homepages/31/d696029188/htdocs/Neu_EditionsGeorge/neu_wordpress/moti/wp-content/ai1wm-backups/web.config&path=/homepages/31/d696029188/htdocs/Neu_EditionsGeorge/neu_wordpress/moti/wp-content/ai1wm-backups HTTP/1.1" 200 13389 edition.gerdgeorge.de "-" "Mozilla/5.0 (compatible; MJ12bot/v1.4.8; http://mj12bot.com/)" "-"
74.7.227.0 - - [13/Dec/2025:00:14:57 +0100] "GET /data/upload/image/66617162bc9a5.jpg?path=//proc/self/root/usr/lib/locale/nl_BE HTTP/1.1" 200 31026 edition.gerdgeorge.de "-" "Mozilla/5.0 AppleWebKit/537.36 (KHTML, like Gecko; compatible; GPTBot/1.3; +https://openai.com/gptbot)" "-"
43.173.175.0 - - [13/Dec/2025:00:14:57 +0100] "GET /mare-sette/?fileloc=/homepages/14/d696300079/.created&path=/homepages/14/d696300079 HTTP/1.1" 200 12322 edition.gerdgeorge.de "-" "Mozilla/5.0 (Windows NT 6.1; Win64; x64) AppleWebKit/537.36 (KHTML, like Gecko) Chrome/126.0.6478.114 Safari/537.36" "-"
43.163.23.0 - - [13/Dec/2025:00:14:57 +0100] "GET /de/le-grand-bordel/?fileloc=//bin/dpkg-architecture&path=//bin HTTP/1.1" 200 26496 edition.gerdgeorge.de "-" "Mozilla/5.0 (Windows NT 6.1; Win64; x64) AppleWebKit/537.36 (KHTML, like Gecko) Chrome/126.0.6478.114 Safari/537.36" "-"
43.173.179.0 - - [13/Dec/2025:00:14:57 +0100] "GET /balade-en-mer/?path=/homepages/27/d695069538/htdocs HTTP/1.1" 200 12766 edition.gerdgeorge.de "-" "Mozilla/5.0 (Windows NT 6.1; Win64; x64) AppleWebKit/537.36 (KHTML, like Gecko) Chrome/126.0.6478.114 Safari/537.36" "-"
43.173.180.0 - - [13/Dec/2025:00:14:57 +0100] "GET /le-grand-bordel?path=/homepages/31/d696029188 HTTP/1.1" 200 32774 edition.gerdgeorge.de "-" "Mozilla/5.0 (Windows NT 6.1; Win64; x64) AppleWebKit/537.36 (KHTML, like Gecko) Chrome/126.0.6478.114 Safari/537.36" "-"
74.7.227.0 - - [13/Dec/2025:00:14:57 +0100] "GET /data/upload/image/66617162bc9a5.jpg?path=//proc/self/root/usr/lib/locale/st_ZA HTTP/1.1" 200 31026 edition.gerdgeorge.de "-" "Mozilla/5.0 AppleWebKit/537.36 (KHTML, like Gecko; compatible; GPTBot/1.3; +https://openai.com/gptbot)" "-"
43.173.175.0 - - [13/Dec/2025:00:14:57 +0100] "GET /shelter-2/?fileloc=/homepages/31/d696186544/.created&path=/homepages/31/d696186544 HTTP/1.1" 200 12322 edition.gerdgeorge.de "-" "Mozilla/5.0 (Windows NT 6.1; Win64; x64) AppleWebKit/537.36 (KHTML, like Gecko) Chrome/126.0.6478.114 Safari/537.36" "-"
43.173.182.0 - - [13/Dec/2025:00:14:57 +0100] "GET /entrecote-chassee/?path=//kunden/var/cache HTTP/1.1" 200 20749 edition.gerdgeorge.de "-" "Mozilla/5.0 (Windows NT 6.1; Win64; x64) AppleWebKit/537.36 (KHTML, like Gecko) Chrome/126.0.6478.114 Safari/537.36" "-"
43.173.175.0 - - [13/Dec/2025:00:14:57 +0100] "GET /books/?fileloc=/homepages/31/d696186544/htpasswd&path=/homepages/31/d696186544 HTTP/1.1" 200 12311 edition.gerdgeorge.de "-" "Mozilla/5.0 (Windows NT 6.1; Win64; x64) AppleWebKit/537.36 (KHTML, like Gecko) Chrome/126.0.6478.114 Safari/537.36" "-"
43.173.181.0 - - [13/Dec/2025:00:14:57 +0100] "GET /langues-aneliques/?fileloc=/homepages/31/d696601507/htaccesslist&path=/homepages/31/d696601507 HTTP/1.1" 200 12315 edition.gerdgeorge.de "-" "Mozilla/5.0 (Windows NT 6.1; Win64; x64) AppleWebKit/537.36 (KHTML, like Gecko) Chrome/126.0.6478.114 Safari/537.36" "-"
74.7.227.0 - - [13/Dec/2025:00:14:58 +0100] "GET /data/upload/image/66617162bc9a5.jpg?path=//proc/self/root/usr/lib/locale/bo_IN HTTP/1.1" 200 31023 edition.gerdgeorge.de "-" "Mozilla/5.0 AppleWebKit/537.36 (KHTML, like Gecko; compatible; GPTBot/1.3; +https://openai.com/gptbot)" "-"
88.90.248.0 - - [13/Dec/2025:00:14:58 +0100] "GET /?fileloc=/homepages/31/d696029188/htdocs/Neu_EditionsGeorge/neu_wordpress/moti/wp-content/jetpack-waf/.htaccess&path=/homepages/31/d696029188/htdocs/Neu_EditionsGeorge/neu_wordpress/moti/wp-content/jetpack-waf HTTP/1.1" 200 12960 edition.gerdgeorge.de "-" "Mozilla/5.0 (compatible; MJ12bot/v1.4.8; http://mj12bot.com/)" "-"
74.7.227.0 - - [13/Dec/2025:00:14:58 +0100] "GET /data/upload/image/66617162bc9a5.jpg?path=//proc/self/root/usr/lib/locale/ur_PK HTTP/1.1" 200 31023 edition.gerdgeorge.de "-" "Mozilla/5.0 AppleWebKit/537.36 (KHTML, like Gecko; compatible; GPTBot/1.3; +https://openai.com/gptbot)" "-"
74.7.227.0 - - [13/Dec/2025:00:14:59 +0100] "GET /data/upload/image/66617162bc9a5.jpg?path=//proc/self/root/usr/lib/locale/zh_HK HTTP/1.1" 200 31026 edition.gerdgeorge.de "-" "Mozilla/5.0 AppleWebKit/537.36 (KHTML, like Gecko; compatible; GPTBot/1.3; +https://openai.com/gptbot)" "-"
74.7.227.0 - - [13/Dec/2025:00:14:59 +0100] "GET /data/upload/image/66617162bc9a5.jpg?path=//proc/self/root/usr/lib/locale/tk_TM HTTP/1.1" 200 31023 edition.gerdgeorge.de "-" "Mozilla/5.0 AppleWebKit/537.36 (KHTML, like Gecko; compatible; GPTBot/1.3; +https://openai.com/gptbot)" "-"
18.204.152.0 - - [13/Dec/2025:00:15:00 +0100] "GET /serviette-calamar/?path=//kunden/kunden/proc/self/root/proc/self/root/proc/self/root/kunden/proc/self/root/usr/lib/locale/ro_RO HTTP/1.1" 200 35358 edition.gerdgeorge.de "-" "Mozilla/5.0 AppleWebKit/537.36 (KHTML, like Gecko; compatible; Amazonbot/0.1; +https://developer.amazon.com/support/amazonbot) Chrome/119.0.6045.214 Safari/537.36" "-"
74.7.227.0 - - [13/Dec/2025:00:15:00 +0100] "GET /data/upload/image/66617162bc9a5.jpg?path=//proc/self/root/usr/lib/locale/es_US HTTP/1.1" 200 31026 edition.gerdgeorge.de "-" "Mozilla/5.0 AppleWebKit/537.36 (KHTML, like Gecko; compatible; GPTBot/1.3; +https://openai.com/gptbot)" "-"
88.90.248.0 - - [13/Dec/2025:00:15:00 +0100] "GET /?fileloc=/homepages/31/d696029188/htdocs/Neu_EditionsGeorge/neu_wordpress/moti/wp-content/jetpack-waf/bootstrap.php&path=/homepages/31/d696029188/htdocs/Neu_EditionsGeorge/neu_wordpress/moti/wp-content/jetpack-waf HTTP/1.1" 200 13525 edition.gerdgeorge.de "-" "Mozilla/5.0 (compatible; MJ12bot/v1.4.8; http://mj12bot.com/)" "-"
74.7.227.0 - - [13/Dec/2025:00:15:00 +0100] "GET /data/upload/image/66617162bc9a5.jpg?path=//proc/self/root/usr/lib/locale/yo_NG/LC_MESSAGES HTTP/1.1" 200 14569 edition.gerdgeorge.de "-" "Mozilla/5.0 AppleWebKit/537.36 (KHTML, like Gecko; compatible; GPTBot/1.3; +https://openai.com/gptbot)" "-"
74.7.227.0 - - [13/Dec/2025:00:15:01 +0100] "GET /data/upload/image/66617162bc9a5.jpg?path=//proc/self/root/usr/lib/locale/zh_SG/LC_MESSAGES HTTP/1.1" 200 14569 edition.gerdgeorge.de "-" "Mozilla/5.0 AppleWebKit/537.36 (KHTML, like Gecko; compatible; GPTBot/1.3; +https://openai.com/gptbot)" "-"
43.163.23.0 - - [13/Dec/2025:00:15:01 +0100] "GET /sitemap.html?fileloc=//bin/watch&path=//bin HTTP/1.1" 200 12185 edition.gerdgeorge.de "-" "Mozilla/5.0 (Windows NT 6.1; Win64; x64) AppleWebKit/537.36 (KHTML, like Gecko) Chrome/126.0.6478.114 Safari/537.36" "-"
66.249.64.0 - - [13/Dec/2025:00:15:01 +0100] "GET /?_g=64640 HTTP/1.1" 200 174006 edition.gerdgeorge.de "-" "Mozilla/5.0 (Linux; Android 6.0.1; Nexus 5X Build/MMB29P) AppleWebKit/537.36 (KHTML, like Gecko) Chrome/141.0.7390.122 Mobile Safari/537.36 (compatible; Googlebot/2.1; +http://www.google.com/bot.html)" "-"
74.7.227.0 - - [13/Dec/2025:00:15:02 +0100] "GET /data/upload/image/66617162bc9a5.jpg?path=//proc/self/root/usr/lib/locale/ur_IN/LC_MESSAGES HTTP/1.1" 200 14569 edition.gerdgeorge.de "-" "Mozilla/5.0 AppleWebKit/537.36 (KHTML, like Gecko; compatible; GPTBot/1.3; +https://openai.com/gptbot)" "-"
43.173.180.0 - - [13/Dec/2025:00:15:02 +0100] "GET /sitemap-pt-post-2017-12.html?path=/homepages/31/d696601507/.config HTTP/1.1" 200 12768 edition.gerdgeorge.de "-" "Mozilla/5.0 (Windows NT 6.1; Win64; x64) AppleWebKit/537.36 (KHTML, like Gecko) Chrome/126.0.6478.114 Safari/537.36" "-"
43.173.179.0 - - [13/Dec/2025:00:15:02 +0100] "GET /entrecote-chassee/?fileloc=/homepages/31/d697088380/htaccesslist&path=/homepages/31/d697088380 HTTP/1.1" 200 12315 edition.gerdgeorge.de "-" "Mozilla/5.0 (Windows NT 6.1; Win64; x64) AppleWebKit/537.36 (KHTML, like Gecko) Chrome/126.0.6478.114 Safari/537.36" "-"
74.7.227.0 - - [13/Dec/2025:00:15:02 +0100] "GET /data/upload/image/66617162bc9a5.jpg?path=//proc/self/root/usr/lib/locale/de_IT/LC_MESSAGES HTTP/1.1" 200 14569 edition.gerdgeorge.de "-" "Mozilla/5.0 AppleWebKit/537.36 (KHTML, like Gecko; compatible; GPTBot/1.3; +https://openai.com/gptbot)" "-"
88.90.248.0 - - [13/Dec/2025:00:15:02 +0100] "GET /?fileloc=/homepages/31/d696029188/htdocs/Neu_EditionsGeorge/neu_wordpress/moti/wp-content/mu-plugins/.htaccess&path=/homepages/31/d696029188/htdocs/Neu_EditionsGeorge/neu_wordpress/moti/wp-content/mu-plugins HTTP/1.1" 200 12957 edition.gerdgeorge.de "-" "Mozilla/5.0 (compatible; MJ12bot/v1.4.8; http://mj12bot.com/)" "-"
74.7.227.0 - - [13/Dec/2025:00:15:03 +0100] "GET /data/upload/image/66617162bc9a5.jpg?path=//proc/self/root/usr/lib/locale/nl_BE/LC_MESSAGES HTTP/1.1" 200 14569 edition.gerdgeorge.de "-" "Mozilla/5.0 AppleWebKit/537.36 (KHTML, like Gecko; compatible; GPTBot/1.3; +https://openai.com/gptbot)" "-"
74.7.227.0 - - [13/Dec/2025:00:15:03 +0100] "GET /data/upload/image/66617162bc9a5.jpg?path=//proc/self/root/usr/lib/locale/st_ZA/LC_MESSAGES HTTP/1.1" 200 14569 edition.gerdgeorge.de "-" "Mozilla/5.0 AppleWebKit/537.36 (KHTML, like Gecko; compatible; GPTBot/1.3; +https://openai.com/gptbot)" "-"
34.233.114.0 - - [13/Dec/2025:00:15:04 +0100] "GET /entrecote-chassee/?path=//kunden/kunden/kunden/proc/self/root/lib/locale/zh_HK HTTP/1.1" 200 32023 edition.gerdgeorge.de "-" "Mozilla/5.0 AppleWebKit/537.36 (KHTML, like Gecko; compatible; Amazonbot/0.1; +https://developer.amazon.com/support/amazonbot) Chrome/119.0.6045.214 Safari/537.36" "-"
74.7.227.0 - - [13/Dec/2025:00:15:04 +0100] "GET /data/upload/image/66617162bc9a5.jpg?path=//proc/self/root/usr/lib/locale/bo_IN/LC_MESSAGES HTTP/1.1" 200 14568 edition.gerdgeorge.de "-" "Mozilla/5.0 AppleWebKit/537.36 (KHTML, like Gecko; compatible; GPTBot/1.3; +https://openai.com/gptbot)" "-"
88.90.248.0 - - [13/Dec/2025:00:15:04 +0100] "GET /?fileloc=/homepages/31/d696029188/htdocs/Neu_EditionsGeorge/neu_wordpress/moti/wp-content/mu-plugins/elementor-safe-mode.php&path=/homepages/31/d696029188/htdocs/Neu_EditionsGeorge/neu_wordpress/moti/wp-content/mu-plugins HTTP/1.1" 200 17012 edition.gerdgeorge.de "-" "Mozilla/5.0 (compatible; MJ12bot/v1.4.8; http://mj12bot.com/)" "-"
74.7.227.0 - - [13/Dec/2025:00:15:04 +0100] "GET /data/upload/image/66617162bc9a5.jpg?path=//proc/self/root/usr/lib/locale/ur_PK/LC_MESSAGES HTTP/1.1" 200 14569 edition.gerdgeorge.de "-" "Mozilla/5.0 AppleWebKit/537.36 (KHTML, like Gecko; compatible; GPTBot/1.3; +https://openai.com/gptbot)" "-"
74.7.227.0 - - [13/Dec/2025:00:15:05 +0100] "GET /data/upload/image/66617162bc9a5.jpg?path=//proc/self/root/usr/lib/locale/zh_HK/LC_MESSAGES HTTP/1.1" 200 14569 edition.gerdgeorge.de "-" "Mozilla/5.0 AppleWebKit/537.36 (KHTML, like Gecko; compatible; GPTBot/1.3; +https://openai.com/gptbot)" "-"
74.7.227.0 - - [13/Dec/2025:00:15:06 +0100] "GET /data/upload/image/66617162bc9a5.jpg?path=//proc/self/root/usr/lib/locale/tk_TM/LC_MESSAGES HTTP/1.1" 200 14569 edition.gerdgeorge.de "-" "Mozilla/5.0 AppleWebKit/537.36 (KHTML, like Gecko; compatible; GPTBot/1.3; +https://openai.com/gptbot)" "-"
74.7.227.0 - - [13/Dec/2025:00:15:06 +0100] "GET /data/upload/image/66617162bc9a5.jpg?path=//proc/self/root/usr/lib/locale/es_US/LC_MESSAGES HTTP/1.1" 200 14569 edition.gerdgeorge.de "-" "Mozilla/5.0 AppleWebKit/537.36 (KHTML, like Gecko; compatible; GPTBot/1.3; +https://openai.com/gptbot)" "-"
88.90.248.0 - - [13/Dec/2025:00:15:06 +0100] "GET /?fileloc=/homepages/31/d696029188/htdocs/Neu_EditionsGeorge/neu_wordpress/moti/wp-content/plugins/.htaccess&path=/homepages/31/d696029188/htdocs/Neu_EditionsGeorge/neu_wordpress/moti/wp-content/plugins HTTP/1.1" 200 12948 edition.gerdgeorge.de "-" "Mozilla/5.0 (compatible; MJ12bot/v1.4.8; http://mj12bot.com/)" "-"
74.7.227.0 - - [13/Dec/2025:00:15:07 +0100] "GET /data/upload/image/66617162bc9a5.jpg?path=//proc/self/root/usr/lib/locale/az_AZ HTTP/1.1" 200 31023 edition.gerdgeorge.de "-" "Mozilla/5.0 AppleWebKit/537.36 (KHTML, like Gecko; compatible; GPTBot/1.3; +https://openai.com/gptbot)" "-"
43.173.172.0 - - [13/Dec/2025:00:15:07 +0100] "GET /mare-tre?path=/homepages/31/d696029188/htdocs/Neu_EditionsGeorge/neu_wordpress/moti/well-known HTTP/1.1" 200 16276 edition.gerdgeorge.de "-" "Mozilla/5.0 (Windows NT 6.1; Win64; x64) AppleWebKit/537.36 (KHTML, like Gecko) Chrome/126.0.6478.114 Safari/537.36" "-"
43.173.180.0 - - [13/Dec/2025:00:15:07 +0100] "GET /la-cote-gris?path=//sbin HTTP/1.1" 200 275471 edition.gerdgeorge.de "-" "Mozilla/5.0 (Windows NT 6.1; Win64; x64) AppleWebKit/537.36 (KHTML, like Gecko) Chrome/126.0.6478.114 Safari/537.36" "-"
74.7.227.0 - - [13/Dec/2025:00:15:07 +0100] "GET /data/upload/image/66617162bc9a5.jpg?path=//proc/self/root/usr/lib/locale/wa_BE HTTP/1.1" 200 31026 edition.gerdgeorge.de "-" "Mozilla/5.0 AppleWebKit/537.36 (KHTML, like Gecko; compatible; GPTBot/1.3; +https://openai.com/gptbot)" "-"
34.195.60.0 - - [13/Dec/2025:00:15:08 +0100] "GET /serviette-calamar/?path=//kunden/proc/self/root/proc/self/root/kunden/kunden/proc/self/root/proc/thread-self/root/kunden/lib/locale/kok_IN HTTP/1.1" 200 35933 edition.gerdgeorge.de "-" "Mozilla/5.0 AppleWebKit/537.36 (KHTML, like Gecko; compatible; Amazonbot/0.1; +https://developer.amazon.com/support/amazonbot) Chrome/119.0.6045.214 Safari/537.36" "-"
43.173.177.0 - - [13/Dec/2025:00:15:08 +0100] "GET /entrecote-chassee?fileloc=/homepages/31/d696186544/htaccesslist&path=/homepages/31/d696186544 HTTP/1.1" 200 12315 edition.gerdgeorge.de "-" "Mozilla/5.0 (Windows NT 6.1; Win64; x64) AppleWebKit/537.36 (KHTML, like Gecko) Chrome/126.0.6478.114 Safari/537.36" "-"
74.7.227.0 - - [13/Dec/2025:00:15:08 +0100] "GET /data/upload/image/66617162bc9a5.jpg?path=//proc/self/root/usr/lib/locale/en_AG HTTP/1.1" 200 31022 edition.gerdgeorge.de "-" "Mozilla/5.0 AppleWebKit/537.36 (KHTML, like Gecko; compatible; GPTBot/1.3; +https://openai.com/gptbot)" "-"
88.90.248.0 - - [13/Dec/2025:00:15:08 +0100] "GET /?fileloc=/homepages/31/d696029188/htdocs/Neu_EditionsGeorge/neu_wordpress/moti/wp-content/plugins/index.php&path=/homepages/31/d696029188/htdocs/Neu_EditionsGeorge/neu_wordpress/moti/wp-content/plugins HTTP/1.1" 200 12979 edition.gerdgeorge.de "-" "Mozilla/5.0 (compatible; MJ12bot/v1.4.8; http://mj12bot.com/)" "-"
74.7.227.0 - - [13/Dec/2025:00:15:09 +0100] "GET /data/upload/image/66617162bc9a5.jpg?path=//proc/self/root/usr/lib/locale/lv_LV HTTP/1.1" 200 31026 edition.gerdgeorge.de "-" "Mozilla/5.0 AppleWebKit/537.36 (KHTML, like Gecko; compatible; GPTBot/1.3; +https://openai.com/gptbot)" "-"
74.7.227.0 - - [13/Dec/2025:00:15:09 +0100] "GET /data/upload/image/66617162bc9a5.jpg?path=//proc/self/root/usr/lib/locale/th_TH HTTP/1.1" 200 31024 edition.gerdgeorge.de "-" "Mozilla/5.0 AppleWebKit/537.36 (KHTML, like Gecko; compatible; GPTBot/1.3; +https://openai.com/gptbot)" "-"
74.7.227.0 - - [13/Dec/2025:00:15:10 +0100] "GET /data/upload/image/66617162bc9a5.jpg?path=//proc/self/root/usr/lib/locale/mr_IN HTTP/1.1" 200 31024 edition.gerdgeorge.de "-" "Mozilla/5.0 AppleWebKit/537.36 (KHTML, like Gecko; compatible; GPTBot/1.3; +https://openai.com/gptbot)" "-"
88.90.248.0 - - [13/Dec/2025:00:15:10 +0100] "GET /?fileloc=/homepages/31/d696029188/htdocs/Neu_EditionsGeorge/neu_wordpress/moti/wp-content/themes/.htaccess&path=/homepages/31/d696029188/htdocs/Neu_EditionsGeorge/neu_wordpress/moti/wp-content/themes HTTP/1.1" 200 12945 edition.gerdgeorge.de "-" "Mozilla/5.0 (compatible; MJ12bot/v1.4.8; http://mj12bot.com/)" "-"
74.7.227.0 - - [13/Dec/2025:00:15:10 +0100] "GET /data/upload/image/66617162bc9a5.jpg?path=//proc/self/root/usr/lib/locale/es_DO HTTP/1.1" 200 31026 edition.gerdgeorge.de "-" "Mozilla/5.0 AppleWebKit/537.36 (KHTML, like Gecko; compatible; GPTBot/1.3; +https://openai.com/gptbot)" "-"
74.7.227.0 - - [13/Dec/2025:00:15:11 +0100] "GET /data/upload/image/66617162bc9a5.jpg?path=//proc/self/root/usr/lib/locale/sk_SK HTTP/1.1" 200 31021 edition.gerdgeorge.de "-" "Mozilla/5.0 AppleWebKit/537.36 (KHTML, like Gecko; compatible; GPTBot/1.3; +https://openai.com/gptbot)" "-"
74.7.227.0 - - [13/Dec/2025:00:15:11 +0100] "GET /data/upload/image/66617162bc9a5.jpg?path=//proc/self/root/usr/lib/locale/sw_KE HTTP/1.1" 200 31023 edition.gerdgeorge.de "-" "Mozilla/5.0 AppleWebKit/537.36 (KHTML, like Gecko; compatible; GPTBot/1.3; +https://openai.com/gptbot)" "-"
54.163.136.0 - - [13/Dec/2025:00:15:12 +0100] "GET /serviette-calamar/?path=//proc/self/root/kunden/kunden/proc/self/root/proc/thread-self/root/proc/self/root/kunden/kunden/lib/udev HTTP/1.1" 200 17451 edition.gerdgeorge.de "-" "Mozilla/5.0 AppleWebKit/537.36 (KHTML, like Gecko; compatible; Amazonbot/0.1; +https://developer.amazon.com/support/amazonbot) Chrome/119.0.6045.214 Safari/537.36" "-"
74.7.227.0 - - [13/Dec/2025:00:15:12 +0100] "GET /data/upload/image/66617162bc9a5.jpg?path=//proc/self/root/usr/lib/locale/kn_IN HTTP/1.1" 200 31022 edition.gerdgeorge.de "-" "Mozilla/5.0 AppleWebKit/537.36 (KHTML, like Gecko; compatible; GPTBot/1.3; +https://openai.com/gptbot)" "-"
88.90.248.0 - - [13/Dec/2025:00:15:12 +0100] "GET /?fileloc=/homepages/31/d696029188/htdocs/Neu_EditionsGeorge/neu_wordpress/moti/wp-content/themes/index.php&path=/homepages/31/d696029188/htdocs/Neu_EditionsGeorge/neu_wordpress/moti/wp-content/themes HTTP/1.1" 200 12976 edition.gerdgeorge.de "-" "Mozilla/5.0 (compatible; MJ12bot/v1.4.8; http://mj12bot.com/)" "-"
74.7.227.0 - - [13/Dec/2025:00:15:13 +0100] "GET /data/upload/image/66617162bc9a5.jpg?path=//proc/self/root/usr/lib/locale/or_IN HTTP/1.1" 200 31026 edition.gerdgeorge.de "-" "Mozilla/5.0 AppleWebKit/537.36 (KHTML, like Gecko; compatible; GPTBot/1.3; +https://openai.com/gptbot)" "-"
74.7.227.0 - - [13/Dec/2025:00:15:13 +0100] "GET /data/upload/image/66617162bc9a5.jpg?path=//proc/self/root/usr/lib/locale/az_AZ/LC_MESSAGES HTTP/1.1" 200 14569 edition.gerdgeorge.de "-" "Mozilla/5.0 AppleWebKit/537.36 (KHTML, like Gecko; compatible; GPTBot/1.3; +https://openai.com/gptbot)" "-"
74.7.227.0 - - [13/Dec/2025:00:15:14 +0100] "GET /data/upload/image/66617162bc9a5.jpg?path=//proc/self/root/usr/lib/locale/wa_BE/LC_MESSAGES HTTP/1.1" 200 14569 edition.gerdgeorge.de "-" "Mozilla/5.0 AppleWebKit/537.36 (KHTML, like Gecko; compatible; GPTBot/1.3; +https://openai.com/gptbot)" "-"
88.90.248.0 - - [13/Dec/2025:00:15:14 +0100] "GET /?fileloc=/homepages/31/d696029188/htdocs/Neu_EditionsGeorge/neu_wordpress/moti/wp-content/uploads/.htaccess&path=/homepages/31/d696029188/htdocs/Neu_EditionsGeorge/neu_wordpress/moti/wp-content/uploads HTTP/1.1" 200 12948 edition.gerdgeorge.de "-" "Mozilla/5.0 (compatible; MJ12bot/v1.4.8; http://mj12bot.com/)" "-"
74.7.227.0 - - [13/Dec/2025:00:15:14 +0100] "GET /data/upload/image/66617162bc9a5.jpg?path=//proc/self/root/usr/lib/locale/en_AG/LC_MESSAGES HTTP/1.1" 200 14569 edition.gerdgeorge.de "-" "Mozilla/5.0 AppleWebKit/537.36 (KHTML, like Gecko; compatible; GPTBot/1.3; +https://openai.com/gptbot)" "-"
74.7.227.0 - - [13/Dec/2025:00:15:15 +0100] "GET /data/upload/image/66617162bc9a5.jpg?path=//proc/self/root/usr/lib/locale/lv_LV/LC_MESSAGES HTTP/1.1" 200 14569 edition.gerdgeorge.de "-" "Mozilla/5.0 AppleWebKit/537.36 (KHTML, like Gecko; compatible; GPTBot/1.3; +https://openai.com/gptbot)" "-"
74.7.227.0 - - [13/Dec/2025:00:15:15 +0100] "GET /data/upload/image/66617162bc9a5.jpg?path=//proc/self/root/usr/lib/locale/th_TH/LC_MESSAGES HTTP/1.1" 200 14569 edition.gerdgeorge.de "-" "Mozilla/5.0 AppleWebKit/537.36 (KHTML, like Gecko; compatible; GPTBot/1.3; +https://openai.com/gptbot)" "-"
18.204.89.0 - - [13/Dec/2025:00:15:16 +0100] "GET /?path=//proc/self/root/kunden/proc/thread-self/root/proc/self/root/kunden/kunden/lib/locale/it_IT HTTP/1.1" 200 34369 edition.gerdgeorge.de "-" "Mozilla/5.0 AppleWebKit/537.36 (KHTML, like Gecko; compatible; Amazonbot/0.1; +https://developer.amazon.com/support/amazonbot) Chrome/119.0.6045.214 Safari/537.36" "-"
74.7.227.0 - - [13/Dec/2025:00:15:16 +0100] "GET /data/upload/image/66617162bc9a5.jpg?path=//proc/self/root/usr/lib/locale/mr_IN/LC_MESSAGES HTTP/1.1" 200 14569 edition.gerdgeorge.de "-" "Mozilla/5.0 AppleWebKit/537.36 (KHTML, like Gecko; compatible; GPTBot/1.3; +https://openai.com/gptbot)" "-"
88.90.248.0 - - [13/Dec/2025:00:15:16 +0100] "GET /?fileloc=/homepages/31/d696029188/htdocs/Neu_EditionsGeorge/neu_wordpress/moti/wp-includes/ID3/.htaccess&path=/homepages/31/d696029188/htdocs/Neu_EditionsGeorge/neu_wordpress/moti/wp-includes/ID3 HTTP/1.1" 200 12940 edition.gerdgeorge.de "-" "Mozilla/5.0 (compatible; MJ12bot/v1.4.8; http://mj12bot.com/)" "-"
74.7.227.0 - - [13/Dec/2025:00:15:16 +0100] "GET /data/upload/image/66617162bc9a5.jpg?path=//proc/self/root/usr/lib/locale/es_DO/LC_MESSAGES HTTP/1.1" 200 14569 edition.gerdgeorge.de "-" "Mozilla/5.0 AppleWebKit/537.36 (KHTML, like Gecko; compatible; GPTBot/1.3; +https://openai.com/gptbot)" "-"
74.7.227.0 - - [13/Dec/2025:00:15:17 +0100] "GET /data/upload/image/66617162bc9a5.jpg?path=//proc/self/root/usr/lib/locale/sk_SK/LC_MESSAGES HTTP/1.1" 200 14569 edition.gerdgeorge.de "-" "Mozilla/5.0 AppleWebKit/537.36 (KHTML, like Gecko; compatible; GPTBot/1.3; +https://openai.com/gptbot)" "-"
74.7.227.0 - - [13/Dec/2025:00:15:18 +0100] "GET /data/upload/image/66617162bc9a5.jpg?path=//proc/self/root/usr/lib/locale/sw_KE/LC_MESSAGES HTTP/1.1" 200 14569 edition.gerdgeorge.de "-" "Mozilla/5.0 AppleWebKit/537.36 (KHTML, like Gecko; compatible; GPTBot/1.3; +https://openai.com/gptbot)" "-"
88.90.248.0 - - [13/Dec/2025:00:15:18 +0100] "GET /?fileloc=/homepages/31/d696029188/htdocs/Neu_EditionsGeorge/neu_wordpress/moti/wp-includes/ID3/getid3.lib.php&path=/homepages/31/d696029188/htdocs/Neu_EditionsGeorge/neu_wordpress/moti/wp-includes/ID3 HTTP/1.1" 200 69092 edition.gerdgeorge.de "-" "Mozilla/5.0 (compatible; MJ12bot/v1.4.8; http://mj12bot.com/)" "-"
74.7.227.0 - - [13/Dec/2025:00:15:18 +0100] "GET /data/upload/image/66617162bc9a5.jpg?path=//proc/self/root/usr/lib/locale/kn_IN/LC_MESSAGES HTTP/1.1" 200 14568 edition.gerdgeorge.de "-" "Mozilla/5.0 AppleWebKit/537.36 (KHTML, like Gecko; compatible; GPTBot/1.3; +https://openai.com/gptbot)" "-"
74.7.227.0 - - [13/Dec/2025:00:15:19 +0100] "GET /data/upload/image/66617162bc9a5.jpg?path=//proc/self/root/usr/lib/locale/or_IN/LC_MESSAGES HTTP/1.1" 200 14569 edition.gerdgeorge.de "-" "Mozilla/5.0 AppleWebKit/537.36 (KHTML, like Gecko; compatible; GPTBot/1.3; +https://openai.com/gptbot)" "-"
74.7.227.0 - - [13/Dec/2025:00:15:19 +0100] "GET /data/upload/image/66617162bc9a5.jpg?path=//proc/self/root/usr/lib/locale/fa_IR HTTP/1.1" 200 31024 edition.gerdgeorge.de "-" "Mozilla/5.0 AppleWebKit/537.36 (KHTML, like Gecko; compatible; GPTBot/1.3; +https://openai.com/gptbot)" "-"
74.7.227.0 - - [13/Dec/2025:00:15:20 +0100] "GET /data/upload/image/66617162bc9a5.jpg?path=//proc/self/root/usr/lib/locale/uk_UA HTTP/1.1" 200 31025 edition.gerdgeorge.de "-" "Mozilla/5.0 AppleWebKit/537.36 (KHTML, like Gecko; compatible; GPTBot/1.3; +https://openai.com/gptbot)" "-"
88.90.248.0 - - [13/Dec/2025:00:15:20 +0100] "GET /?fileloc=/homepages/31/d696029188/htdocs/Neu_EditionsGeorge/neu_wordpress/moti/wp-includes/ID3/getid3.php&path=/homepages/31/d696029188/htdocs/Neu_EditionsGeorge/neu_wordpress/moti/wp-includes/ID3 HTTP/1.1" 200 97640 edition.gerdgeorge.de "-" "Mozilla/5.0 (compatible; MJ12bot/v1.4.8; http://mj12bot.com/)" "-"
98.83.72.0 - - [13/Dec/2025:00:15:20 +0100] "GET /jets/?path=//kunden/kunden/proc/self/root/kunden/proc/self/root/proc/self/root/lib/locale/bo_IN HTTP/1.1" 200 33997 edition.gerdgeorge.de "-" "Mozilla/5.0 AppleWebKit/537.36 (KHTML, like Gecko; compatible; Amazonbot/0.1; +https://developer.amazon.com/support/amazonbot) Chrome/119.0.6045.214 Safari/537.36" "-"
74.7.227.0 - - [13/Dec/2025:00:15:21 +0100] "GET /data/upload/image/66617162bc9a5.jpg?path=//proc/self/root/usr/lib/locale/en_ZM HTTP/1.1" 200 31023 edition.gerdgeorge.de "-" "Mozilla/5.0 AppleWebKit/537.36 (KHTML, like Gecko; compatible; GPTBot/1.3; +https://openai.com/gptbot)" "-"
74.7.227.0 - - [13/Dec/2025:00:15:21 +0100] "GET /data/upload/image/66617162bc9a5.jpg?path=//proc/self/root/usr/lib/locale/en_PH HTTP/1.1" 200 31026 edition.gerdgeorge.de "-" "Mozilla/5.0 AppleWebKit/537.36 (KHTML, like Gecko; compatible; GPTBot/1.3; +https://openai.com/gptbot)" "-"
74.7.227.0 - - [13/Dec/2025:00:15:22 +0100] "GET /data/upload/image/66617162bc9a5.jpg?path=//proc/self/root/usr/lib/locale/es_PE HTTP/1.1" 200 31026 edition.gerdgeorge.de "-" "Mozilla/5.0 AppleWebKit/537.36 (KHTML, like Gecko; compatible; GPTBot/1.3; +https://openai.com/gptbot)" "-"
88.90.248.0 - - [13/Dec/2025:00:15:22 +0100] "GET /?fileloc=/homepages/31/d696029188/htdocs/Neu_EditionsGeorge/neu_wordpress/moti/wp-includes/ID3/license.txt&path=/homepages/31/d696029188/htdocs/Neu_EditionsGeorge/neu_wordpress/moti/wp-includes/ID3 HTTP/1.1" 200 14344 edition.gerdgeorge.de "-" "Mozilla/5.0 (compatible; MJ12bot/v1.4.8; http://mj12bot.com/)" "-"
74.7.227.0 - - [13/Dec/2025:00:15:22 +0100] "GET /data/upload/image/66617162bc9a5.jpg?path=//proc/self/root/usr/lib/locale/ts_ZA HTTP/1.1" 200 31023 edition.gerdgeorge.de "-" "Mozilla/5.0 AppleWebKit/537.36 (KHTML, like Gecko; compatible; GPTBot/1.3; +https://openai.com/gptbot)" "-"
74.7.227.0 - - [13/Dec/2025:00:15:23 +0100] "GET /data/upload/image/66617162bc9a5.jpg?path=//proc/self/root/usr/lib/locale/uz_UZ HTTP/1.1" 200 31026 edition.gerdgeorge.de "-" "Mozilla/5.0 AppleWebKit/537.36 (KHTML, like Gecko; compatible; GPTBot/1.3; +https://openai.com/gptbot)" "-"
74.7.227.0 - - [13/Dec/2025:00:15:23 +0100] "GET /data/upload/image/66617162bc9a5.jpg?path=//proc/self/root/usr/lib/locale/zh_CN HTTP/1.1" 200 31024 edition.gerdgeorge.de "-" "Mozilla/5.0 AppleWebKit/537.36 (KHTML, like Gecko; compatible; GPTBot/1.3; +https://openai.com/gptbot)" "-"
88.90.248.0 - - [13/Dec/2025:00:15:24 +0100] "GET /?fileloc=/homepages/31/d696029188/htdocs/Neu_EditionsGeorge/neu_wordpress/moti/wp-includes/ID3/module.audio-video.asf.php&path=/homepages/31/d696029188/htdocs/Neu_EditionsGeorge/neu_wordpress/moti/wp-includes/ID3 HTTP/1.1" 200 150290 edition.gerdgeorge.de "-" "Mozilla/5.0 (compatible; MJ12bot/v1.4.8; http://mj12bot.com/)" "-"
74.7.227.0 - - [13/Dec/2025:00:15:24 +0100] "GET /data/upload/image/66617162bc9a5.jpg?path=//proc/self/root/usr/lib/locale/bg_BG HTTP/1.1" 200 31024 edition.gerdgeorge.de "-" "Mozilla/5.0 AppleWebKit/537.36 (KHTML, like Gecko; compatible; GPTBot/1.3; +https://openai.com/gptbot)" "-"
74.7.227.0 - - [13/Dec/2025:00:15:25 +0100] "GET /data/upload/image/66617162bc9a5.jpg?path=//proc/self/root/usr/lib/locale/es_PR HTTP/1.1" 200 31026 edition.gerdgeorge.de "-" "Mozilla/5.0 AppleWebKit/537.36 (KHTML, like Gecko; compatible; GPTBot/1.3; +https://openai.com/gptbot)" "-"
74.7.227.0 - - [13/Dec/2025:00:15:25 +0100] "GET /data/upload/image/66617162bc9a5.jpg?path=//proc/self/root/usr/lib/locale/en_CA HTTP/1.1" 200 31026 edition.gerdgeorge.de "-" "Mozilla/5.0 AppleWebKit/537.36 (KHTML, like Gecko; compatible; GPTBot/1.3; +https://openai.com/gptbot)" "-"
74.7.227.0 - - [13/Dec/2025:00:15:26 +0100] "GET /data/upload/image/66617162bc9a5.jpg?path=//proc/self/root/usr/lib/locale/fa_IR/LC_MESSAGES HTTP/1.1" 200 14569 edition.gerdgeorge.de "-" "Mozilla/5.0 AppleWebKit/537.36 (KHTML, like Gecko; compatible; GPTBot/1.3; +https://openai.com/gptbot)" "-"
88.90.248.0 - - [13/Dec/2025:00:15:26 +0100] "GET /?fileloc=/homepages/31/d696029188/htdocs/Neu_EditionsGeorge/neu_wordpress/moti/wp-includes/ID3/module.audio-video.flv.php&path=/homepages/31/d696029188/htdocs/Neu_EditionsGeorge/neu_wordpress/moti/wp-includes/ID3 HTTP/1.1" 200 41025 edition.gerdgeorge.de "-" "Mozilla/5.0 (compatible; MJ12bot/v1.4.8; http://mj12bot.com/)" "-"
74.7.227.0 - - [13/Dec/2025:00:15:26 +0100] "GET /data/upload/image/66617162bc9a5.jpg?path=//proc/self/root/usr/lib/locale/uk_UA/LC_MESSAGES HTTP/1.1" 200 14569 edition.gerdgeorge.de "-" "Mozilla/5.0 AppleWebKit/537.36 (KHTML, like Gecko; compatible; GPTBot/1.3; +https://openai.com/gptbot)" "-"
74.7.227.0 - - [13/Dec/2025:00:15:27 +0100] "GET /data/upload/image/66617162bc9a5.jpg?path=//proc/self/root/usr/lib/locale/en_ZM/LC_MESSAGES HTTP/1.1" 200 14568 edition.gerdgeorge.de "-" "Mozilla/5.0 AppleWebKit/537.36 (KHTML, like Gecko; compatible; GPTBot/1.3; +https://openai.com/gptbot)" "-"
74.7.227.0 - - [13/Dec/2025:00:15:27 +0100] "GET /data/upload/image/66617162bc9a5.jpg?path=//proc/self/root/usr/lib/locale/en_PH/LC_MESSAGES HTTP/1.1" 200 14569 edition.gerdgeorge.de "-" "Mozilla/5.0 AppleWebKit/537.36 (KHTML, like Gecko; compatible; GPTBot/1.3; +https://openai.com/gptbot)" "-"
74.7.227.0 - - [13/Dec/2025:00:15:28 +0100] "GET /data/upload/image/66617162bc9a5.jpg?path=//proc/self/root/usr/lib/locale/es_PE/LC_MESSAGES HTTP/1.1" 200 14569 edition.gerdgeorge.de "-" "Mozilla/5.0 AppleWebKit/537.36 (KHTML, like Gecko; compatible; GPTBot/1.3; +https://openai.com/gptbot)" "-"
88.90.248.0 - - [13/Dec/2025:00:15:28 +0100] "GET /?fileloc=/homepages/31/d696029188/htdocs/Neu_EditionsGeorge/neu_wordpress/moti/wp-includes/ID3/module.audio-video.matroska.php&path=/homepages/31/d696029188/htdocs/Neu_EditionsGeorge/neu_wordpress/moti/wp-includes/ID3 HTTP/1.1" 200 121223 edition.gerdgeorge.de "-" "Mozilla/5.0 (compatible; MJ12bot/v1.4.8; http://mj12bot.com/)" "-"
3.93.211.0 - - [13/Dec/2025:00:15:28 +0100] "GET /serviette-calamar/?path=//kunden/kunden/proc/self/root/proc/self/root/proc/thread-self/root/kunden/proc/thread-self/root/lib/locale/en_CA HTTP/1.1" 200 35817 edition.gerdgeorge.de "-" "Mozilla/5.0 AppleWebKit/537.36 (KHTML, like Gecko; compatible; Amazonbot/0.1; +https://developer.amazon.com/support/amazonbot) Chrome/119.0.6045.214 Safari/537.36" "-"
74.7.227.0 - - [13/Dec/2025:00:15:28 +0100] "GET /data/upload/image/66617162bc9a5.jpg?path=//proc/self/root/usr/lib/locale/ts_ZA/LC_MESSAGES HTTP/1.1" 200 14568 edition.gerdgeorge.de "-" "Mozilla/5.0 AppleWebKit/537.36 (KHTML, like Gecko; compatible; GPTBot/1.3; +https://openai.com/gptbot)" "-"
74.7.227.0 - - [13/Dec/2025:00:15:29 +0100] "GET /data/upload/image/66617162bc9a5.jpg?path=//proc/self/root/usr/lib/locale/uz_UZ/LC_MESSAGES HTTP/1.1" 200 14569 edition.gerdgeorge.de "-" "Mozilla/5.0 AppleWebKit/537.36 (KHTML, like Gecko; compatible; GPTBot/1.3; +https://openai.com/gptbot)" "-"
74.7.227.0 - - [13/Dec/2025:00:15:29 +0100] "GET /data/upload/image/66617162bc9a5.jpg?path=//proc/self/root/usr/lib/locale/zh_CN/LC_MESSAGES HTTP/1.1" 200 14569 edition.gerdgeorge.de "-" "Mozilla/5.0 AppleWebKit/537.36 (KHTML, like Gecko; compatible; GPTBot/1.3; +https://openai.com/gptbot)" "-"
88.90.248.0 - - [13/Dec/2025:00:15:30 +0100] "GET /?fileloc=/homepages/31/d696029188/htdocs/Neu_EditionsGeorge/neu_wordpress/moti/wp-includes/ID3/module.audio-video.quicktime.php&path=/homepages/31/d696029188/htdocs/Neu_EditionsGeorge/neu_wordpress/moti/wp-includes/ID3 HTTP/1.1" 200 183241 edition.gerdgeorge.de "-" "Mozilla/5.0 (compatible; MJ12bot/v1.4.8; http://mj12bot.com/)" "-"
74.7.227.0 - - [13/Dec/2025:00:15:30 +0100] "GET /data/upload/image/66617162bc9a5.jpg?path=//proc/self/root/usr/lib/locale/bg_BG/LC_MESSAGES HTTP/1.1" 200 14569 edition.gerdgeorge.de "-" "Mozilla/5.0 AppleWebKit/537.36 (KHTML, like Gecko; compatible; GPTBot/1.3; +https://openai.com/gptbot)" "-"
74.7.227.0 - - [13/Dec/2025:00:15:31 +0100] "GET /data/upload/image/66617162bc9a5.jpg?path=//proc/self/root/usr/lib/locale/es_PR/LC_MESSAGES HTTP/1.1" 200 14569 edition.gerdgeorge.de "-" "Mozilla/5.0 AppleWebKit/537.36 (KHTML, like Gecko; compatible; GPTBot/1.3; +https://openai.com/gptbot)" "-"
23.21.175.0 - - [13/Dec/2025:00:15:31 +0100] "GET /books/?path=//kunden/proc/self/root/proc/self/root/proc/self/root/proc/self/root/lib/locale/bn_IN HTTP/1.1" 200 34102 edition.gerdgeorge.de "-" "Mozilla/5.0 AppleWebKit/537.36 (KHTML, like Gecko; compatible; Amazonbot/0.1; +https://developer.amazon.com/support/amazonbot) Chrome/119.0.6045.214 Safari/537.36" "-"
74.7.227.0 - - [13/Dec/2025:00:15:31 +0100] "GET /data/upload/image/66617162bc9a5.jpg?path=//proc/self/root/usr/lib/locale/en_CA/LC_MESSAGES HTTP/1.1" 200 14569 edition.gerdgeorge.de "-" "Mozilla/5.0 AppleWebKit/537.36 (KHTML, like Gecko; compatible; GPTBot/1.3; +https://openai.com/gptbot)" "-"
74.7.227.0 - - [13/Dec/2025:00:15:32 +0100] "GET /data/upload/image/66617162bc9a5.jpg?path=//proc/self/root/usr/lib/locale/fo_FO HTTP/1.1" 200 31026 edition.gerdgeorge.de "-" "Mozilla/5.0 AppleWebKit/537.36 (KHTML, like Gecko; compatible; GPTBot/1.3; +https://openai.com/gptbot)" "-"
88.90.248.0 - - [13/Dec/2025:00:15:32 +0100] "GET /?fileloc=/homepages/31/d696029188/htdocs/Neu_EditionsGeorge/neu_wordpress/moti/wp-includes/ID3/module.audio-video.riff.php&path=/homepages/31/d696029188/htdocs/Neu_EditionsGeorge/neu_wordpress/moti/wp-includes/ID3 HTTP/1.1" 200 154380 edition.gerdgeorge.de "-" "Mozilla/5.0 (compatible; MJ12bot/v1.4.8; http://mj12bot.com/)" "-"
18.211.39.0 - - [13/Dec/2025:00:15:32 +0100] "GET /?path=//proc/self/root/proc/self/root/kunden/proc/self/root/kunden/proc/self/root/lib/locale/pa_IN HTTP/1.1" 200 34549 edition.gerdgeorge.de "-" "Mozilla/5.0 AppleWebKit/537.36 (KHTML, like Gecko; compatible; Amazonbot/0.1; +https://developer.amazon.com/support/amazonbot) Chrome/119.0.6045.214 Safari/537.36" "-"
74.7.227.0 - - [13/Dec/2025:00:15:32 +0100] "GET /data/upload/image/66617162bc9a5.jpg?path=//proc/self/root/usr/lib/locale/gd_GB HTTP/1.1" 200 31026 edition.gerdgeorge.de "-" "Mozilla/5.0 AppleWebKit/537.36 (KHTML, like Gecko; compatible; GPTBot/1.3; +https://openai.com/gptbot)" "-"
74.7.227.0 - - [13/Dec/2025:00:15:33 +0100] "GET /data/upload/image/66617162bc9a5.jpg?path=//proc/self/root/usr/lib/locale/cy_GB HTTP/1.1" 200 31025 edition.gerdgeorge.de "-" "Mozilla/5.0 AppleWebKit/537.36 (KHTML, like Gecko; compatible; GPTBot/1.3; +https://openai.com/gptbot)" "-"
74.7.227.0 - - [13/Dec/2025:00:15:33 +0100] "GET /data/upload/image/66617162bc9a5.jpg?path=//proc/self/root/usr/lib/locale/sq_AL HTTP/1.1" 200 31026 edition.gerdgeorge.de "-" "Mozilla/5.0 AppleWebKit/537.36 (KHTML, like Gecko; compatible; GPTBot/1.3; +https://openai.com/gptbot)" "-"
88.90.248.0 - - [13/Dec/2025:00:15:34 +0100] "GET /?fileloc=/homepages/31/d696029188/htdocs/Neu_EditionsGeorge/neu_wordpress/moti/wp-includes/ID3/module.audio.ac3.php&path=/homepages/31/d696029188/htdocs/Neu_EditionsGeorge/neu_wordpress/moti/wp-includes/ID3 HTTP/1.1" 200 53415 edition.gerdgeorge.de "-" "Mozilla/5.0 (compatible; MJ12bot/v1.4.8; http://mj12bot.com/)" "-"
74.7.227.0 - - [13/Dec/2025:00:15:34 +0100] "GET /data/upload/image/66617162bc9a5.jpg?path=//proc/self/root/usr/lib/locale/en_ZW HTTP/1.1" 200 31026 edition.gerdgeorge.de "-" "Mozilla/5.0 AppleWebKit/537.36 (KHTML, like Gecko; compatible; GPTBot/1.3; +https://openai.com/gptbot)" "-"
74.7.227.0 - - [13/Dec/2025:00:15:34 +0100] "GET /data/upload/image/66617162bc9a5.jpg?path=//proc/self/root/usr/lib/locale/ht_HT HTTP/1.1" 200 31023 edition.gerdgeorge.de "-" "Mozilla/5.0 AppleWebKit/537.36 (KHTML, like Gecko; compatible; GPTBot/1.3; +https://openai.com/gptbot)" "-"
74.7.227.0 - - [13/Dec/2025:00:15:35 +0100] "GET /data/upload/image/66617162bc9a5.jpg?path=//proc/self/root/usr/lib/locale/eu_FR HTTP/1.1" 200 31025 edition.gerdgeorge.de "-" "Mozilla/5.0 AppleWebKit/537.36 (KHTML, like Gecko; compatible; GPTBot/1.3; +https://openai.com/gptbot)" "-"
74.7.227.0 - - [13/Dec/2025:00:15:35 +0100] "GET /data/upload/image/66617162bc9a5.jpg?path=//proc/self/root/usr/lib/locale/mt_MT HTTP/1.1" 200 31025 edition.gerdgeorge.de "-" "Mozilla/5.0 AppleWebKit/537.36 (KHTML, like Gecko; compatible; GPTBot/1.3; +https://openai.com/gptbot)" "-"
88.90.248.0 - - [13/Dec/2025:00:15:36 +0100] "GET /?fileloc=/homepages/31/d696029188/htdocs/Neu_EditionsGeorge/neu_wordpress/moti/wp-includes/ID3/module.audio.dts.php&path=/homepages/31/d696029188/htdocs/Neu_EditionsGeorge/neu_wordpress/moti/wp-includes/ID3 HTTP/1.1" 200 24266 edition.gerdgeorge.de "-" "Mozilla/5.0 (compatible; MJ12bot/v1.4.8; http://mj12bot.com/)" "-"
52.207.47.0 - - [13/Dec/2025:00:15:36 +0100] "GET /jets/?path=//proc/self/root/proc/self/root/kunden/proc/thread-self/root/kunden/proc/self/root/lib/locale/zh_HK HTTP/1.1" 200 34950 edition.gerdgeorge.de "-" "Mozilla/5.0 AppleWebKit/537.36 (KHTML, like Gecko; compatible; Amazonbot/0.1; +https://developer.amazon.com/support/amazonbot) Chrome/119.0.6045.214 Safari/537.36" "-"
74.7.227.0 - - [13/Dec/2025:00:15:36 +0100] "GET /data/upload/image/66617162bc9a5.jpg?path=//proc/self/root/usr/lib/locale/sv_FI HTTP/1.1" 200 31025 edition.gerdgeorge.de "-" "Mozilla/5.0 AppleWebKit/537.36 (KHTML, like Gecko; compatible; GPTBot/1.3; +https://openai.com/gptbot)" "-"
74.7.227.0 - - [13/Dec/2025:00:15:36 +0100] "GET /data/upload/image/66617162bc9a5.jpg?path=//proc/self/root/usr/lib/locale/en_NZ HTTP/1.1" 200 31026 edition.gerdgeorge.de "-" "Mozilla/5.0 AppleWebKit/537.36 (KHTML, like Gecko; compatible; GPTBot/1.3; +https://openai.com/gptbot)" "-"
74.7.227.0 - - [13/Dec/2025:00:15:37 +0100] "GET /data/upload/image/66617162bc9a5.jpg?path=//proc/self/root/usr/lib/locale/de_AT HTTP/1.1" 200 31025 edition.gerdgeorge.de "-" "Mozilla/5.0 AppleWebKit/537.36 (KHTML, like Gecko; compatible; GPTBot/1.3; +https://openai.com/gptbot)" "-"
74.7.227.0 - - [13/Dec/2025:00:15:38 +0100] "GET /data/upload/image/66617162bc9a5.jpg?path=//proc/self/root/usr/lib/locale/fo_FO/LC_MESSAGES HTTP/1.1" 200 14569 edition.gerdgeorge.de "-" "Mozilla/5.0 AppleWebKit/537.36 (KHTML, like Gecko; compatible; GPTBot/1.3; +https://openai.com/gptbot)" "-"
88.90.248.0 - - [13/Dec/2025:00:15:38 +0100] "GET /?fileloc=/homepages/31/d696029188/htdocs/Neu_EditionsGeorge/neu_wordpress/moti/wp-includes/ID3/module.audio.flac.php&path=/homepages/31/d696029188/htdocs/Neu_EditionsGeorge/neu_wordpress/moti/wp-includes/ID3 HTTP/1.1" 200 33359 edition.gerdgeorge.de "-" "Mozilla/5.0 (compatible; MJ12bot/v1.4.8; http://mj12bot.com/)" "-"
74.7.227.0 - - [13/Dec/2025:00:15:38 +0100] "GET /data/upload/image/66617162bc9a5.jpg?path=//proc/self/root/usr/lib/locale/gd_GB/LC_MESSAGES HTTP/1.1" 200 14569 edition.gerdgeorge.de "-" "Mozilla/5.0 AppleWebKit/537.36 (KHTML, like Gecko; compatible; GPTBot/1.3; +https://openai.com/gptbot)" "-"
74.7.227.0 - - [13/Dec/2025:00:15:39 +0100] "GET /data/upload/image/66617162bc9a5.jpg?path=//proc/self/root/usr/lib/locale/cy_GB/LC_MESSAGES HTTP/1.1" 200 14569 edition.gerdgeorge.de "-" "Mozilla/5.0 AppleWebKit/537.36 (KHTML, like Gecko; compatible; GPTBot/1.3; +https://openai.com/gptbot)" "-"
74.7.227.0 - - [13/Dec/2025:00:15:39 +0100] "GET /data/upload/image/66617162bc9a5.jpg?path=//proc/self/root/usr/lib/locale/sq_AL/LC_MESSAGES HTTP/1.1" 200 14569 edition.gerdgeorge.de "-" "Mozilla/5.0 AppleWebKit/537.36 (KHTML, like Gecko; compatible; GPTBot/1.3; +https://openai.com/gptbot)" "-"
88.90.248.0 - - [13/Dec/2025:00:15:40 +0100] "GET /?fileloc=/homepages/31/d696029188/htdocs/Neu_EditionsGeorge/neu_wordpress/moti/wp-includes/ID3/module.audio.mp3.php&path=/homepages/31/d696029188/htdocs/Neu_EditionsGeorge/neu_wordpress/moti/wp-includes/ID3 HTTP/1.1" 200 122236 edition.gerdgeorge.de "-" "Mozilla/5.0 (compatible; MJ12bot/v1.4.8; http://mj12bot.com/)" "-"
74.7.227.0 - - [13/Dec/2025:00:15:40 +0100] "GET /data/upload/image/66617162bc9a5.jpg?path=//proc/self/root/usr/lib/locale/en_ZW/LC_MESSAGES HTTP/1.1" 200 14569 edition.gerdgeorge.de "-" "Mozilla/5.0 AppleWebKit/537.36 (KHTML, like Gecko; compatible; GPTBot/1.3; +https://openai.com/gptbot)" "-"
184.72.84.0 - - [13/Dec/2025:00:15:40 +0100] "GET /jets/?path=//kunden/kunden/proc/self/root/proc/self/root/proc/self/root/proc/self/root/lib/locale/si_LK HTTP/1.1" 200 34578 edition.gerdgeorge.de "-" "Mozilla/5.0 AppleWebKit/537.36 (KHTML, like Gecko; compatible; Amazonbot/0.1; +https://developer.amazon.com/support/amazonbot) Chrome/119.0.6045.214 Safari/537.36" "-"
74.7.227.0 - - [13/Dec/2025:00:15:40 +0100] "GET /data/upload/image/66617162bc9a5.jpg?path=//proc/self/root/usr/lib/locale/ht_HT/LC_MESSAGES HTTP/1.1" 200 14568 edition.gerdgeorge.de "-" "Mozilla/5.0 AppleWebKit/537.36 (KHTML, like Gecko; compatible; GPTBot/1.3; +https://openai.com/gptbot)" "-"
74.7.227.0 - - [13/Dec/2025:00:15:41 +0100] "GET /data/upload/image/66617162bc9a5.jpg?path=//proc/self/root/usr/lib/locale/eu_FR/LC_MESSAGES HTTP/1.1" 200 14569 edition.gerdgeorge.de "-" "Mozilla/5.0 AppleWebKit/537.36 (KHTML, like Gecko; compatible; GPTBot/1.3; +https://openai.com/gptbot)" "-"
74.7.227.0 - - [13/Dec/2025:00:15:41 +0100] "GET /data/upload/image/66617162bc9a5.jpg?path=//proc/self/root/usr/lib/locale/mt_MT/LC_MESSAGES HTTP/1.1" 200 14569 edition.gerdgeorge.de "-" "Mozilla/5.0 AppleWebKit/537.36 (KHTML, like Gecko; compatible; GPTBot/1.3; +https://openai.com/gptbot)" "-"
66.249.64.0 - - [13/Dec/2025:00:15:41 +0100] "GET /?_g=1550465 HTTP/1.1" 200 171985 edition.gerdgeorge.de "-" "Mozilla/5.0 (Linux; Android 6.0.1; Nexus 5X Build/MMB29P) AppleWebKit/537.36 (KHTML, like Gecko) Chrome/141.0.7390.122 Mobile Safari/537.36 (compatible; Googlebot/2.1; +http://www.google.com/bot.html)" "-"
88.90.248.0 - - [13/Dec/2025:00:15:42 +0100] "GET /?fileloc=/homepages/31/d696029188/htdocs/Neu_EditionsGeorge/neu_wordpress/moti/wp-includes/ID3/module.audio.ogg.php&path=/homepages/31/d696029188/htdocs/Neu_EditionsGeorge/neu_wordpress/moti/wp-includes/ID3 HTTP/1.1" 200 57088 edition.gerdgeorge.de "-" "Mozilla/5.0 (compatible; MJ12bot/v1.4.8; http://mj12bot.com/)" "-"
74.7.227.0 - - [13/Dec/2025:00:15:42 +0100] "GET /data/upload/image/66617162bc9a5.jpg?path=//proc/self/root/usr/lib/locale/sv_FI/LC_MESSAGES HTTP/1.1" 200 14569 edition.gerdgeorge.de "-" "Mozilla/5.0 AppleWebKit/537.36 (KHTML, like Gecko; compatible; GPTBot/1.3; +https://openai.com/gptbot)" "-"
74.7.227.0 - - [13/Dec/2025:00:15:42 +0100] "GET /data/upload/image/66617162bc9a5.jpg?path=//proc/self/root/usr/lib/locale/en_NZ/LC_MESSAGES HTTP/1.1" 200 14569 edition.gerdgeorge.de "-" "Mozilla/5.0 AppleWebKit/537.36 (KHTML, like Gecko; compatible; GPTBot/1.3; +https://openai.com/gptbot)" "-"
74.7.227.0 - - [13/Dec/2025:00:15:43 +0100] "GET /data/upload/image/66617162bc9a5.jpg?path=//proc/self/root/usr/lib/locale/de_AT/LC_MESSAGES HTTP/1.1" 200 14569 edition.gerdgeorge.de "-" "Mozilla/5.0 AppleWebKit/537.36 (KHTML, like Gecko; compatible; GPTBot/1.3; +https://openai.com/gptbot)" "-"
88.90.248.0 - - [13/Dec/2025:00:15:44 +0100] "GET /?fileloc=/homepages/31/d696029188/htdocs/Neu_EditionsGeorge/neu_wordpress/moti/wp-includes/ID3/module.tag.apetag.php&path=/homepages/31/d696029188/htdocs/Neu_EditionsGeorge/neu_wordpress/moti/wp-includes/ID3 HTTP/1.1" 200 32366 edition.gerdgeorge.de "-" "Mozilla/5.0 (compatible; MJ12bot/v1.4.8; http://mj12bot.com/)" "-"
74.7.227.0 - - [13/Dec/2025:00:15:44 +0100] "GET /data/upload/image/66617162bc9a5.jpg?path=//proc/self/root/usr/lib/locale/to_TO HTTP/1.1" 200 31023 edition.gerdgeorge.de "-" "Mozilla/5.0 AppleWebKit/537.36 (KHTML, like Gecko; compatible; GPTBot/1.3; +https://openai.com/gptbot)" "-"
54.152.163.0 - - [13/Dec/2025:00:15:44 +0100] "GET /jets/?path=//proc/self/root/proc/self/root/proc/self/root/kunden/kunden/proc/self/root/lib/locale/th_TH HTTP/1.1" 200 34543 edition.gerdgeorge.de "-" "Mozilla/5.0 AppleWebKit/537.36 (KHTML, like Gecko; compatible; Amazonbot/0.1; +https://developer.amazon.com/support/amazonbot) Chrome/119.0.6045.214 Safari/537.36" "-"
74.7.227.0 - - [13/Dec/2025:00:15:44 +0100] "GET /data/upload/image/66617162bc9a5.jpg?path=//proc/self/root/usr/lib/locale/si_LK HTTP/1.1" 200 31023 edition.gerdgeorge.de "-" "Mozilla/5.0 AppleWebKit/537.36 (KHTML, like Gecko; compatible; GPTBot/1.3; +https://openai.com/gptbot)" "-"
74.7.227.0 - - [13/Dec/2025:00:15:45 +0100] "GET /data/upload/image/66617162bc9a5.jpg?path=//proc/self/root/usr/lib/locale/ak_GH HTTP/1.1" 200 31023 edition.gerdgeorge.de "-" "Mozilla/5.0 AppleWebKit/537.36 (KHTML, like Gecko; compatible; GPTBot/1.3; +https://openai.com/gptbot)" "-"
74.7.227.0 - - [13/Dec/2025:00:15:45 +0100] "GET /data/upload/image/66617162bc9a5.jpg?path=//proc/self/root/usr/lib/locale/be_BY HTTP/1.1" 200 31025 edition.gerdgeorge.de "-" "Mozilla/5.0 AppleWebKit/537.36 (KHTML, like Gecko; compatible; GPTBot/1.3; +https://openai.com/gptbot)" "-"
88.90.248.0 - - [13/Dec/2025:00:15:46 +0100] "GET /?fileloc=/homepages/31/d696029188/htdocs/Neu_EditionsGeorge/neu_wordpress/moti/wp-includes/ID3/module.tag.id3v1.php&path=/homepages/31/d696029188/htdocs/Neu_EditionsGeorge/neu_wordpress/moti/wp-includes/ID3 HTTP/1.1" 200 28918 edition.gerdgeorge.de "-" "Mozilla/5.0 (compatible; MJ12bot/v1.4.8; http://mj12bot.com/)" "-"
74.7.227.0 - - [13/Dec/2025:00:15:46 +0100] "GET /data/upload/image/66617162bc9a5.jpg?path=//proc/self/root/usr/lib/locale/fr_CA HTTP/1.1" 200 31025 edition.gerdgeorge.de "-" "Mozilla/5.0 AppleWebKit/537.36 (KHTML, like Gecko; compatible; GPTBot/1.3; +https://openai.com/gptbot)" "-"
