74.7.227.0 - - [13/Dec/2025:00:21:44 +0100] "GET /data/upload/image/66616fcb1107e.jpg?path=//usr/lib/x86_64-linux-gnu/perl-base/unicore/lib/Age HTTP/1.1" 200 44241 edition.gerdgeorge.de "-" "Mozilla/5.0 AppleWebKit/537.36 (KHTML, like Gecko; compatible; GPTBot/1.3; +https://openai.com/gptbot)" "-"
74.7.227.0 - - [13/Dec/2025:00:21:45 +0100] "GET /data/upload/image/66616fcb1107e.jpg?path=//usr/lib/x86_64-linux-gnu/perl-base/unicore/lib/Dep HTTP/1.1" 200 14544 edition.gerdgeorge.de "-" "Mozilla/5.0 AppleWebKit/537.36 (KHTML, like Gecko; compatible; GPTBot/1.3; +https://openai.com/gptbot)" "-"
74.7.227.0 - - [13/Dec/2025:00:21:46 +0100] "GET /data/upload/image/66616fcb1107e.jpg?path=//usr/lib/x86_64-linux-gnu/perl-base/unicore/lib/Ea HTTP/1.1" 200 20742 edition.gerdgeorge.de "-" "Mozilla/5.0 AppleWebKit/537.36 (KHTML, like Gecko; compatible; GPTBot/1.3; +https://openai.com/gptbot)" "-"
74.7.227.0 - - [13/Dec/2025:00:21:46 +0100] "GET /data/upload/image/66616fcb1107e.jpg?path=//usr/lib/x86_64-linux-gnu/perl-base/unicore/lib/Hex HTTP/1.1" 200 14545 edition.gerdgeorge.de "-" "Mozilla/5.0 AppleWebKit/537.36 (KHTML, like Gecko; compatible; GPTBot/1.3; +https://openai.com/gptbot)" "-"
74.7.227.0 - - [13/Dec/2025:00:21:47 +0100] "GET /data/upload/image/66616fcb1107e.jpg?path=//usr/lib/x86_64-linux-gnu/perl-base/unicore/lib/Dia HTTP/1.1" 200 14545 edition.gerdgeorge.de "-" "Mozilla/5.0 AppleWebKit/537.36 (KHTML, like Gecko; compatible; GPTBot/1.3; +https://openai.com/gptbot)" "-"
74.7.227.0 - - [13/Dec/2025:00:21:47 +0100] "GET /data/upload/image/66616fcb1107e.jpg?path=//usr/lib/x86_64-linux-gnu/perl-base/unicore/lib/Lb HTTP/1.1" 200 44066 edition.gerdgeorge.de "-" "Mozilla/5.0 AppleWebKit/537.36 (KHTML, like Gecko; compatible; GPTBot/1.3; +https://openai.com/gptbot)" "-"
74.7.227.0 - - [13/Dec/2025:00:21:48 +0100] "GET /data/upload/image/6661718a9bb90.jpg?path=//lib/x86_64-linux-gnu/perl-base/unicore/lib/Ea HTTP/1.1" 200 20608 edition.gerdgeorge.de "-" "Mozilla/5.0 AppleWebKit/537.36 (KHTML, like Gecko; compatible; GPTBot/1.3; +https://openai.com/gptbot)" "-"
74.7.227.0 - - [13/Dec/2025:00:21:49 +0100] "GET /data/upload/image/66617162bc9a5.jpg?path=//proc/self/root/usr/lib/python3.9/lib2to3/__pycache__ HTTP/1.1" 200 31017 edition.gerdgeorge.de "-" "Mozilla/5.0 AppleWebKit/537.36 (KHTML, like Gecko; compatible; GPTBot/1.3; +https://openai.com/gptbot)" "-"
52.204.174.0 - - [13/Dec/2025:00:21:49 +0100] "GET /serviette-calamar/?path=//kunden/proc/thread-self/root/proc/self/root/proc/thread-self/root/proc/self/root/lib/locale/eu_FR HTTP/1.1" 200 34929 edition.gerdgeorge.de "-" "Mozilla/5.0 AppleWebKit/537.36 (KHTML, like Gecko; compatible; Amazonbot/0.1; +https://developer.amazon.com/support/amazonbot) Chrome/119.0.6045.214 Safari/537.36" "-"
74.7.227.0 - - [13/Dec/2025:00:21:49 +0100] "GET /data/upload/image/66616fcb1107e.jpg?path=//proc/self/root/usr/lib/python3.9/lib2to3/__pycache__ HTTP/1.1" 200 31017 edition.gerdgeorge.de "-" "Mozilla/5.0 AppleWebKit/537.36 (KHTML, like Gecko; compatible; GPTBot/1.3; +https://openai.com/gptbot)" "-"
74.7.227.0 - - [13/Dec/2025:00:21:50 +0100] "GET /data/upload/image/66617162bc9a5.jpg?path=//proc/self/root/usr/lib/python3.9/lib2to3/fixes HTTP/1.1" 200 98047 edition.gerdgeorge.de "-" "Mozilla/5.0 AppleWebKit/537.36 (KHTML, like Gecko; compatible; GPTBot/1.3; +https://openai.com/gptbot)" "-"
74.7.227.0 - - [13/Dec/2025:00:21:50 +0100] "GET /data/upload/image/66616fcb1107e.jpg?path=//proc/self/root/usr/lib/python3.9/lib2to3/pgen2 HTTP/1.1" 200 28457 edition.gerdgeorge.de "-" "Mozilla/5.0 AppleWebKit/537.36 (KHTML, like Gecko; compatible; GPTBot/1.3; +https://openai.com/gptbot)" "-"
74.7.227.0 - - [13/Dec/2025:00:21:51 +0100] "GET /data/upload/image/66616fcb1107e.jpg?path=//proc/self/root/usr/lib/python3.9/lib2to3/fixes HTTP/1.1" 200 98047 edition.gerdgeorge.de "-" "Mozilla/5.0 AppleWebKit/537.36 (KHTML, like Gecko; compatible; GPTBot/1.3; +https://openai.com/gptbot)" "-"
74.7.227.0 - - [13/Dec/2025:00:21:51 +0100] "GET /data/upload/image/6661718a9bb90.jpg?path=//usr/lib/ruby/2.7.0/bundler/templates/newgem/test HTTP/1.1" 200 16194 edition.gerdgeorge.de "-" "Mozilla/5.0 AppleWebKit/537.36 (KHTML, like Gecko; compatible; GPTBot/1.3; +https://openai.com/gptbot)" "-"
34.231.181.0 - - [13/Dec/2025:00:21:52 +0100] "GET /?path=//proc/self/root/proc/self/root/proc/self/root/proc/thread-self/root/kunden/lib/locale/sat_IN HTTP/1.1" 200 34504 edition.gerdgeorge.de "-" "Mozilla/5.0 AppleWebKit/537.36 (KHTML, like Gecko; compatible; Amazonbot/0.1; +https://developer.amazon.com/support/amazonbot) Chrome/119.0.6045.214 Safari/537.36" "-"
74.7.227.0 - - [13/Dec/2025:00:21:52 +0100] "GET /data/upload/image/6661718a9bb90.jpg?path=//proc/self/root/lib/ruby/2.7.0/rexml/validation HTTP/1.1" 200 17729 edition.gerdgeorge.de "-" "Mozilla/5.0 AppleWebKit/537.36 (KHTML, like Gecko; compatible; GPTBot/1.3; +https://openai.com/gptbot)" "-"
74.7.227.0 - - [13/Dec/2025:00:21:52 +0100] "GET /data/upload/image/666171fb77d06.jpg?path=//proc/self/root/usr/lib/python3.9/lib2to3 HTTP/1.1" 200 37208 edition.gerdgeorge.de "-" "Mozilla/5.0 AppleWebKit/537.36 (KHTML, like Gecko; compatible; GPTBot/1.3; +https://openai.com/gptbot)" "-"
74.7.227.0 - - [13/Dec/2025:00:21:53 +0100] "GET /data/upload/image/6661718a9bb90.jpg?path=//proc/self/root/lib/ruby/2.7.0/bundler/installer HTTP/1.1" 200 17764 edition.gerdgeorge.de "-" "Mozilla/5.0 AppleWebKit/537.36 (KHTML, like Gecko; compatible; GPTBot/1.3; +https://openai.com/gptbot)" "-"
74.7.227.0 - - [13/Dec/2025:00:21:54 +0100] "GET /data/upload/image/6661718a9bb90.jpg?path=//proc/self/root/usr/lib/python3.9/lib2to3 HTTP/1.1" 200 37208 edition.gerdgeorge.de "-" "Mozilla/5.0 AppleWebKit/537.36 (KHTML, like Gecko; compatible; GPTBot/1.3; +https://openai.com/gptbot)" "-"
74.7.227.0 - - [13/Dec/2025:00:21:54 +0100] "GET /data/upload/image/66617162bc9a5.jpg?path=//proc/self/root/lib/ruby/2.7.0/bundler/settings HTTP/1.1" 200 14554 edition.gerdgeorge.de "-" "Mozilla/5.0 AppleWebKit/537.36 (KHTML, like Gecko; compatible; GPTBot/1.3; +https://openai.com/gptbot)" "-"
74.7.227.0 - - [13/Dec/2025:00:21:55 +0100] "GET /data/upload/image/666171fb77d06.jpg?path=//proc/self/root/lib/ruby/2.7.0/rexml/validation HTTP/1.1" 200 17729 edition.gerdgeorge.de "-" "Mozilla/5.0 AppleWebKit/537.36 (KHTML, like Gecko; compatible; GPTBot/1.3; +https://openai.com/gptbot)" "-"
74.7.227.0 - - [13/Dec/2025:00:21:55 +0100] "GET /data/upload/image/66617162bc9a5.jpg?path=//lib/ruby/2.7.0/bundler/plugin/installer HTTP/1.1" 200 15922 edition.gerdgeorge.de "-" "Mozilla/5.0 AppleWebKit/537.36 (KHTML, like Gecko; compatible; GPTBot/1.3; +https://openai.com/gptbot)" "-"
74.7.227.0 - - [13/Dec/2025:00:21:56 +0100] "GET /data/upload/image/66617162bc9a5.jpg?path=//proc/self/root/usr/lib/python3.9/lib2to3/fixes/__pycache__ HTTP/1.1" 200 101797 edition.gerdgeorge.de "-" "Mozilla/5.0 AppleWebKit/537.36 (KHTML, like Gecko; compatible; GPTBot/1.3; +https://openai.com/gptbot)" "-"
74.7.227.0 - - [13/Dec/2025:00:21:56 +0100] "GET /data/upload/image/66616fcb1107e.jpg?path=//proc/self/root/usr/lib/python3.9/lib2to3/pgen2/__pycache__ HTTP/1.1" 200 27973 edition.gerdgeorge.de "-" "Mozilla/5.0 AppleWebKit/537.36 (KHTML, like Gecko; compatible; GPTBot/1.3; +https://openai.com/gptbot)" "-"
74.7.227.0 - - [13/Dec/2025:00:21:57 +0100] "GET /data/upload/image/66616fcb1107e.jpg?path=//proc/self/root/usr/lib/python3.9/lib2to3/fixes/__pycache__ HTTP/1.1" 200 101797 edition.gerdgeorge.de "-" "Mozilla/5.0 AppleWebKit/537.36 (KHTML, like Gecko; compatible; GPTBot/1.3; +https://openai.com/gptbot)" "-"
52.0.63.0 - - [13/Dec/2025:00:21:57 +0100] "GET /jets/?path=//proc/self/root/proc/self/root/proc/self/root/proc/self/root/kunden/lib/locale/ms_MY/LC_MESSAGES HTTP/1.1" 200 15607 edition.gerdgeorge.de "-" "Mozilla/5.0 AppleWebKit/537.36 (KHTML, like Gecko; compatible; Amazonbot/0.1; +https://developer.amazon.com/support/amazonbot) Chrome/119.0.6045.214 Safari/537.36" "-"
74.7.227.0 - - [13/Dec/2025:00:21:57 +0100] "GET /data/upload/image/666170d0e451f.jpg?path=//lib/ruby/2.7.0/bundler/vendor/molinillo/lib HTTP/1.1" 200 15918 edition.gerdgeorge.de "-" "Mozilla/5.0 AppleWebKit/537.36 (KHTML, like Gecko; compatible; GPTBot/1.3; +https://openai.com/gptbot)" "-"
74.7.227.0 - - [13/Dec/2025:00:21:58 +0100] "GET /data/upload/image/666170d0e451f.jpg?path=//proc/self/root/lib/ruby/2.7.0/bundler/settings HTTP/1.1" 200 14554 edition.gerdgeorge.de "-" "Mozilla/5.0 AppleWebKit/537.36 (KHTML, like Gecko; compatible; GPTBot/1.3; +https://openai.com/gptbot)" "-"
74.7.227.0 - - [13/Dec/2025:00:21:59 +0100] "GET /data/upload/image/666171fb77d06.jpg?fileloc=//proc/self/root/usr/lib/python3.9/lib2to3/__init__.py&path=//proc/self/root/usr/lib/python3.9/lib2to3 HTTP/1.1" 200 12712 edition.gerdgeorge.de "-" "Mozilla/5.0 AppleWebKit/537.36 (KHTML, like Gecko; compatible; GPTBot/1.3; +https://openai.com/gptbot)" "-"
66.249.64.0 - - [13/Dec/2025:00:21:59 +0100] "GET /?_g=236205 HTTP/1.1" 200 178495 edition.gerdgeorge.de "-" "Mozilla/5.0 (Linux; Android 6.0.1; Nexus 5X Build/MMB29P) AppleWebKit/537.36 (KHTML, like Gecko) Chrome/141.0.7390.122 Mobile Safari/537.36 (compatible; Googlebot/2.1; +http://www.google.com/bot.html)" "-"
74.7.227.0 - - [13/Dec/2025:00:21:59 +0100] "GET /data/upload/image/666171fb77d06.jpg?fileloc=//proc/self/root/usr/lib/python3.9/lib2to3/fixer_base.py&path=//proc/self/root/usr/lib/python3.9/lib2to3 HTTP/1.1" 200 19711 edition.gerdgeorge.de "-" "Mozilla/5.0 AppleWebKit/537.36 (KHTML, like Gecko; compatible; GPTBot/1.3; +https://openai.com/gptbot)" "-"
74.7.227.0 - - [13/Dec/2025:00:22:00 +0100] "GET /data/upload/image/666171fb77d06.jpg?path=//proc/self/root/usr/lib/python3.9/lib2to3/__pycache__ HTTP/1.1" 200 31017 edition.gerdgeorge.de "-" "Mozilla/5.0 AppleWebKit/537.36 (KHTML, like Gecko; compatible; GPTBot/1.3; +https://openai.com/gptbot)" "-"
44.195.145.0 - - [13/Dec/2025:00:22:00 +0100] "GET /contact/?path=//kunden/proc/self/root/proc/thread-self/root/proc/self/root/lib/locale/it_IT HTTP/1.1" 200 33478 edition.gerdgeorge.de "-" "Mozilla/5.0 AppleWebKit/537.36 (KHTML, like Gecko; compatible; Amazonbot/0.1; +https://developer.amazon.com/support/amazonbot) Chrome/119.0.6045.214 Safari/537.36" "-"
74.7.227.0 - - [13/Dec/2025:00:22:00 +0100] "GET /data/upload/image/6661718a9bb90.jpg?path=//proc/self/root/usr/lib/python3.9/lib2to3/__pycache__ HTTP/1.1" 200 31017 edition.gerdgeorge.de "-" "Mozilla/5.0 AppleWebKit/537.36 (KHTML, like Gecko; compatible; GPTBot/1.3; +https://openai.com/gptbot)" "-"
74.7.227.0 - - [13/Dec/2025:00:22:01 +0100] "GET /data/upload/image/6661718a9bb90.jpg?path=//proc/self/root/usr/lib/python3.9/lib2to3/fixes HTTP/1.1" 200 98047 edition.gerdgeorge.de "-" "Mozilla/5.0 AppleWebKit/537.36 (KHTML, like Gecko; compatible; GPTBot/1.3; +https://openai.com/gptbot)" "-"
74.7.227.0 - - [13/Dec/2025:00:22:02 +0100] "GET /data/upload/image/6661718a9bb90.jpg?path=//proc/self/root/usr/lib/python3.9/lib2to3/pgen2 HTTP/1.1" 200 28457 edition.gerdgeorge.de "-" "Mozilla/5.0 AppleWebKit/537.36 (KHTML, like Gecko; compatible; GPTBot/1.3; +https://openai.com/gptbot)" "-"
74.7.227.0 - - [13/Dec/2025:00:22:02 +0100] "GET /data/upload/image/666171fb77d06.jpg?path=//proc/self/root/usr/lib/python3.9/lib2to3/fixes HTTP/1.1" 200 98047 edition.gerdgeorge.de "-" "Mozilla/5.0 AppleWebKit/537.36 (KHTML, like Gecko; compatible; GPTBot/1.3; +https://openai.com/gptbot)" "-"
43.173.178.0 - - [13/Dec/2025:00:22:03 +0100] "GET /la-cote-gris/?fileloc=/homepages/31/d696029188/htdocs/Neu_GerdGeorge/GerdGeorgeDianaBackup/scan-and-fix-files.php&path=/homepages/31/d696029188/htdocs/Neu_GerdGeorge/GerdGeorgeDianaBackup HTTP/1.1" 200 16931 edition.gerdgeorge.de "-" "Mozilla/5.0 (Windows NT 6.1; Win64; x64) AppleWebKit/537.36 (KHTML, like Gecko) Chrome/126.0.6478.114 Safari/537.36" "-"
43.173.179.0 - - [13/Dec/2025:00:22:03 +0100] "GET /fruit-de-mer/?fileloc=/homepages/31/d696029188/htdocs/Neu_EditionsGeorge/neu_wordpress/moti/wp-content/themes/hello-elementor/sidebar.php&path=/homepages/31/d696029188/htdocs/Neu_EditionsGeorge/neu_wordpress/moti/wp-content/themes/hello-elementor HTTP/1.1" 200 13377 edition.gerdgeorge.de "-" "Mozilla/5.0 (Windows NT 6.1; Win64; x64) AppleWebKit/537.36 (KHTML, like Gecko) Chrome/126.0.6478.114 Safari/537.36" "-"
74.7.227.0 - - [13/Dec/2025:00:22:03 +0100] "GET /data/upload/image/666171fb77d06.jpg?path=//proc/self/root/usr/lib/python3.9/lib2to3/pgen2 HTTP/1.1" 200 28457 edition.gerdgeorge.de "-" "Mozilla/5.0 AppleWebKit/537.36 (KHTML, like Gecko; compatible; GPTBot/1.3; +https://openai.com/gptbot)" "-"
43.173.172.0 - - [13/Dec/2025:00:22:03 +0100] "GET /sitemap-pt-post-2017-12.html?fileloc=/homepages/31/d696186544/htpasswd&path=/homepages/31/d696186544 HTTP/1.1" 200 12311 edition.gerdgeorge.de "-" "Mozilla/5.0 (Windows NT 6.1; Win64; x64) AppleWebKit/537.36 (KHTML, like Gecko) Chrome/126.0.6478.114 Safari/537.36" "-"
74.7.227.0 - - [13/Dec/2025:00:22:03 +0100] "GET /data/upload/image/6661718a9bb90.jpg?path=//lib/ruby/2.7.0/bundler/vendor/connection_pool/lib HTTP/1.1" 200 16025 edition.gerdgeorge.de "-" "Mozilla/5.0 AppleWebKit/537.36 (KHTML, like Gecko; compatible; GPTBot/1.3; +https://openai.com/gptbot)" "-"
43.173.176.0 - - [13/Dec/2025:00:22:04 +0100] "GET /fruit-de-mer/?fileloc=/homepages/31/d696583882/metadata.json&path=/homepages/31/d696583882 HTTP/1.1" 200 12316 edition.gerdgeorge.de "-" "Mozilla/5.0 (Windows NT 6.1; Win64; x64) AppleWebKit/537.36 (KHTML, like Gecko) Chrome/126.0.6478.114 Safari/537.36" "-"
54.210.155.0 - - [13/Dec/2025:00:22:04 +0100] "GET /serviette-calamar/?path=//proc/self/root/proc/self/root/proc/self/root/proc/self/root/kunden/usr/share/aspell HTTP/1.1" 200 56054 edition.gerdgeorge.de "-" "Mozilla/5.0 AppleWebKit/537.36 (KHTML, like Gecko; compatible; Amazonbot/0.1; +https://developer.amazon.com/support/amazonbot) Chrome/119.0.6045.214 Safari/537.36" "-"
74.7.227.0 - - [13/Dec/2025:00:22:04 +0100] "GET /data/upload/image/666171fb77d06.jpg?path=//proc/self/root/lib/ruby/2.7.0/bundler/installer HTTP/1.1" 200 17764 edition.gerdgeorge.de "-" "Mozilla/5.0 AppleWebKit/537.36 (KHTML, like Gecko; compatible; GPTBot/1.3; +https://openai.com/gptbot)" "-"
74.7.227.0 - - [13/Dec/2025:00:22:05 +0100] "GET /data/upload/image/66617162bc9a5.jpg?path=//lib/ruby/2.7.0/bundler/vendor/molinillo/lib HTTP/1.1" 200 15918 edition.gerdgeorge.de "-" "Mozilla/5.0 AppleWebKit/537.36 (KHTML, like Gecko; compatible; GPTBot/1.3; +https://openai.com/gptbot)" "-"
74.7.227.0 - - [13/Dec/2025:00:22:05 +0100] "GET /data/upload/image/66617162bc9a5.jpg?path=//lib/ruby/2.7.0/bundler/vendor/fileutils/lib HTTP/1.1" 200 15919 edition.gerdgeorge.de "-" "Mozilla/5.0 AppleWebKit/537.36 (KHTML, like Gecko; compatible; GPTBot/1.3; +https://openai.com/gptbot)" "-"
74.7.227.0 - - [13/Dec/2025:00:22:06 +0100] "GET /data/upload/image/66617162bc9a5.jpg?path=//proc/self/root/usr/lib/python3.9/lib2to3/pgen2 HTTP/1.1" 200 28457 edition.gerdgeorge.de "-" "Mozilla/5.0 AppleWebKit/537.36 (KHTML, like Gecko; compatible; GPTBot/1.3; +https://openai.com/gptbot)" "-"
74.7.227.0 - - [13/Dec/2025:00:22:06 +0100] "GET /data/upload/image/666175ed27e9a.jpg?path=//proc/self/root/usr/lib/python3.9/lib2to3 HTTP/1.1" 200 37208 edition.gerdgeorge.de "-" "Mozilla/5.0 AppleWebKit/537.36 (KHTML, like Gecko; compatible; GPTBot/1.3; +https://openai.com/gptbot)" "-"
74.7.227.0 - - [13/Dec/2025:00:22:07 +0100] "GET /data/upload/image/666171fb77d06.jpg?path=//usr/lib/x86_64-linux-gnu/perl-base/unicore/lib HTTP/1.1" 200 114590 edition.gerdgeorge.de "-" "Mozilla/5.0 AppleWebKit/537.36 (KHTML, like Gecko; compatible; GPTBot/1.3; +https://openai.com/gptbot)" "-"
74.7.227.0 - - [13/Dec/2025:00:22:07 +0100] "GET /data/upload/image/6661718a9bb90.jpg?path=//proc/self/root/usr/lib/python3.9/lib2to3/fixes/__pycache__ HTTP/1.1" 200 101797 edition.gerdgeorge.de "-" "Mozilla/5.0 AppleWebKit/537.36 (KHTML, like Gecko; compatible; GPTBot/1.3; +https://openai.com/gptbot)" "-"
74.7.227.0 - - [13/Dec/2025:00:22:08 +0100] "GET /data/upload/image/6661718a9bb90.jpg?path=//proc/self/root/usr/lib/python3.9/lib2to3/pgen2/__pycache__ HTTP/1.1" 200 27973 edition.gerdgeorge.de "-" "Mozilla/5.0 AppleWebKit/537.36 (KHTML, like Gecko; compatible; GPTBot/1.3; +https://openai.com/gptbot)" "-"
74.7.227.0 - - [13/Dec/2025:00:22:08 +0100] "GET /data/upload/image/666171fb77d06.jpg?path=//proc/self/root/usr/lib/python3.9/lib2to3/fixes/__pycache__ HTTP/1.1" 200 101797 edition.gerdgeorge.de "-" "Mozilla/5.0 AppleWebKit/537.36 (KHTML, like Gecko; compatible; GPTBot/1.3; +https://openai.com/gptbot)" "-"
44.195.50.0 - - [13/Dec/2025:00:22:09 +0100] "GET /serviette-calamar/?path=//proc/self/root/kunden/proc/self/root/kunden/proc/self/root/proc/self/root/kunden/lib/locale/cmn_TW HTTP/1.1" 200 35070 edition.gerdgeorge.de "-" "Mozilla/5.0 AppleWebKit/537.36 (KHTML, like Gecko; compatible; Amazonbot/0.1; +https://developer.amazon.com/support/amazonbot) Chrome/119.0.6045.214 Safari/537.36" "-"
74.7.227.0 - - [13/Dec/2025:00:22:09 +0100] "GET /data/upload/image/666171fb77d06.jpg?path=//proc/self/root/usr/lib/python3.9/lib2to3/pgen2/__pycache__ HTTP/1.1" 200 27973 edition.gerdgeorge.de "-" "Mozilla/5.0 AppleWebKit/537.36 (KHTML, like Gecko; compatible; GPTBot/1.3; +https://openai.com/gptbot)" "-"
74.7.227.0 - - [13/Dec/2025:00:22:10 +0100] "GET /data/upload/image/6661718a9bb90.jpg?path=//usr/lib/ruby/2.7.0/bundler/plugin/installer HTTP/1.1" 200 16008 edition.gerdgeorge.de "-" "Mozilla/5.0 AppleWebKit/537.36 (KHTML, like Gecko; compatible; GPTBot/1.3; +https://openai.com/gptbot)" "-"
74.7.227.0 - - [13/Dec/2025:00:22:10 +0100] "GET /data/upload/image/666170d0e451f.jpg?path=//usr/lib/ruby/2.7.0/bundler/templates/newgem/lib HTTP/1.1" 200 15995 edition.gerdgeorge.de "-" "Mozilla/5.0 AppleWebKit/537.36 (KHTML, like Gecko; compatible; GPTBot/1.3; +https://openai.com/gptbot)" "-"
74.7.227.0 - - [13/Dec/2025:00:22:11 +0100] "GET /data/upload/image/666171fb77d06.jpg?path=//usr/lib64 HTTP/1.1" 200 14097 edition.gerdgeorge.de "-" "Mozilla/5.0 AppleWebKit/537.36 (KHTML, like Gecko; compatible; GPTBot/1.3; +https://openai.com/gptbot)" "-"
74.7.227.0 - - [13/Dec/2025:00:22:11 +0100] "GET /data/upload/image/649aa492639b6.jpg?path=//usr/lib64 HTTP/1.1" 200 14097 edition.gerdgeorge.de "-" "Mozilla/5.0 AppleWebKit/537.36 (KHTML, like Gecko; compatible; GPTBot/1.3; +https://openai.com/gptbot)" "-"
23.23.103.0 - - [13/Dec/2025:00:22:12 +0100] "GET /serviette-calamar/?path=//proc/self/root/proc/self/root/proc/self/root/kunden/kunden/kunden/proc/self/root/usr/lib/locale/sc_IT HTTP/1.1" 200 35318 edition.gerdgeorge.de "-" "Mozilla/5.0 AppleWebKit/537.36 (KHTML, like Gecko; compatible; Amazonbot/0.1; +https://developer.amazon.com/support/amazonbot) Chrome/119.0.6045.214 Safari/537.36" "-"
74.7.227.0 - - [13/Dec/2025:00:22:12 +0100] "GET /data/upload/image/66617162bc9a5.jpg?path=//proc/self/root/usr/lib/python3.9/lib2to3/pgen2/__pycache__ HTTP/1.1" 200 27973 edition.gerdgeorge.de "-" "Mozilla/5.0 AppleWebKit/537.36 (KHTML, like Gecko; compatible; GPTBot/1.3; +https://openai.com/gptbot)" "-"
74.7.227.0 - - [13/Dec/2025:00:22:12 +0100] "GET /data/upload/image/666175ed27e9a.jpg?path=//proc/self/root/usr/lib/python3.9/lib2to3/pgen2 HTTP/1.1" 200 28457 edition.gerdgeorge.de "-" "Mozilla/5.0 AppleWebKit/537.36 (KHTML, like Gecko; compatible; GPTBot/1.3; +https://openai.com/gptbot)" "-"
74.7.227.0 - - [13/Dec/2025:00:22:13 +0100] "GET /data/upload/image/666171fb77d06.jpg?path=//usr/lib/x86_64-linux-gnu/perl-base/unicore/lib/NFCQC HTTP/1.1" 200 16119 edition.gerdgeorge.de "-" "Mozilla/5.0 AppleWebKit/537.36 (KHTML, like Gecko; compatible; GPTBot/1.3; +https://openai.com/gptbot)" "-"
74.7.227.0 - - [13/Dec/2025:00:22:13 +0100] "GET /data/upload/image/6661718a9bb90.jpg?fileloc=//proc/self/root/usr/lib/python3.9/lib2to3/fixes/__pycache__/fix_metaclass.cpython-39.pyc&path=//proc/self/root/usr/lib/python3.9/lib2to3/fixes/__pycache__ HTTP/1.1" 200 12742 edition.gerdgeorge.de "-" "Mozilla/5.0 AppleWebKit/537.36 (KHTML, like Gecko; compatible; GPTBot/1.3; +https://openai.com/gptbot)" "-"
74.7.227.0 - - [13/Dec/2025:00:22:14 +0100] "GET /data/upload/image/666171fb77d06.jpg?path=//usr/lib/x86_64-linux-gnu/perl-base/unicore/lib/NFDQC HTTP/1.1" 200 16118 edition.gerdgeorge.de "-" "Mozilla/5.0 AppleWebKit/537.36 (KHTML, like Gecko; compatible; GPTBot/1.3; +https://openai.com/gptbot)" "-"
74.7.227.0 - - [13/Dec/2025:00:22:14 +0100] "GET /data/upload/image/666171fb77d06.jpg?path=//usr/lib/x86_64-linux-gnu/perl-base/unicore/lib/NFKDQC HTTP/1.1" 200 16129 edition.gerdgeorge.de "-" "Mozilla/5.0 AppleWebKit/537.36 (KHTML, like Gecko; compatible; GPTBot/1.3; +https://openai.com/gptbot)" "-"
74.7.227.0 - - [13/Dec/2025:00:22:15 +0100] "GET /data/upload/image/666171fb77d06.jpg?path=//usr/lib/x86_64-linux-gnu/perl-base/unicore/lib/CWKCF HTTP/1.1" 200 14557 edition.gerdgeorge.de "-" "Mozilla/5.0 AppleWebKit/537.36 (KHTML, like Gecko; compatible; GPTBot/1.3; +https://openai.com/gptbot)" "-"
74.7.227.0 - - [13/Dec/2025:00:22:16 +0100] "GET /data/upload/image/666171fb77d06.jpg?path=//usr/lib/x86_64-linux-gnu/perl-base/unicore/lib/NFKCQC HTTP/1.1" 200 16129 edition.gerdgeorge.de "-" "Mozilla/5.0 AppleWebKit/537.36 (KHTML, like Gecko; compatible; GPTBot/1.3; +https://openai.com/gptbot)" "-"
34.231.156.0 - - [13/Dec/2025:00:22:16 +0100] "GET /books/?path=//kunden/proc/self/root/kunden/kunden/lib/locale/es_NI HTTP/1.1" 200 32011 edition.gerdgeorge.de "-" "Mozilla/5.0 AppleWebKit/537.36 (KHTML, like Gecko; compatible; Amazonbot/0.1; +https://developer.amazon.com/support/amazonbot) Chrome/119.0.6045.214 Safari/537.36" "-"
74.7.227.0 - - [13/Dec/2025:00:22:16 +0100] "GET /data/upload/image/666171fb77d06.jpg?path=//usr/lib/x86_64-linux-gnu/perl-base/unicore/lib/CWCM HTTP/1.1" 200 14550 edition.gerdgeorge.de "-" "Mozilla/5.0 AppleWebKit/537.36 (KHTML, like Gecko; compatible; GPTBot/1.3; +https://openai.com/gptbot)" "-"
74.7.227.0 - - [13/Dec/2025:00:22:17 +0100] "GET /data/upload/image/666171fb77d06.jpg?path=//usr/lib/x86_64-linux-gnu/perl-base/unicore/lib/XIDC HTTP/1.1" 200 14551 edition.gerdgeorge.de "-" "Mozilla/5.0 AppleWebKit/537.36 (KHTML, like Gecko; compatible; GPTBot/1.3; +https://openai.com/gptbot)" "-"
74.7.227.0 - - [13/Dec/2025:00:22:17 +0100] "GET /data/upload/image/666171fb77d06.jpg?path=//usr/lib/x86_64-linux-gnu/perl-base/unicore/lib/CWCF HTTP/1.1" 200 14551 edition.gerdgeorge.de "-" "Mozilla/5.0 AppleWebKit/537.36 (KHTML, like Gecko; compatible; GPTBot/1.3; +https://openai.com/gptbot)" "-"
74.7.227.0 - - [13/Dec/2025:00:22:18 +0100] "GET /data/upload/image/666171fb77d06.jpg?path=//usr/lib/x86_64-linux-gnu/perl-base/unicore/lib/XIDS HTTP/1.1" 200 14551 edition.gerdgeorge.de "-" "Mozilla/5.0 AppleWebKit/537.36 (KHTML, like Gecko; compatible; GPTBot/1.3; +https://openai.com/gptbot)" "-"
74.7.227.0 - - [13/Dec/2025:00:22:18 +0100] "GET /data/upload/image/666171fb77d06.jpg?path=//usr/lib/x86_64-linux-gnu/perl-base/unicore/lib/UIdeo HTTP/1.1" 200 14557 edition.gerdgeorge.de "-" "Mozilla/5.0 AppleWebKit/537.36 (KHTML, like Gecko; compatible; GPTBot/1.3; +https://openai.com/gptbot)" "-"
74.7.227.0 - - [13/Dec/2025:00:22:19 +0100] "GET /data/upload/image/666171fb77d06.jpg?path=//usr/lib/x86_64-linux-gnu/perl-base/unicore/lib/EPres HTTP/1.1" 200 14556 edition.gerdgeorge.de "-" "Mozilla/5.0 AppleWebKit/537.36 (KHTML, like Gecko; compatible; GPTBot/1.3; +https://openai.com/gptbot)" "-"
74.7.227.0 - - [13/Dec/2025:00:22:19 +0100] "GET /data/upload/image/666171fb77d06.jpg?path=//usr/lib/x86_64-linux-gnu/perl-base/unicore/lib/CompEx HTTP/1.1" 200 14562 edition.gerdgeorge.de "-" "Mozilla/5.0 AppleWebKit/537.36 (KHTML, like Gecko; compatible; GPTBot/1.3; +https://openai.com/gptbot)" "-"
3.220.148.0 - - [13/Dec/2025:00:22:20 +0100] "GET /cockpit/?path=//proc/self/root/kunden/kunden/kunden/kunden/proc/self/root/proc/self/root/proc/sysvipc HTTP/1.1" 200 18734 edition.gerdgeorge.de "-" "Mozilla/5.0 AppleWebKit/537.36 (KHTML, like Gecko; compatible; Amazonbot/0.1; +https://developer.amazon.com/support/amazonbot) Chrome/119.0.6045.214 Safari/537.36" "-"
74.7.227.0 - - [13/Dec/2025:00:22:20 +0100] "GET /data/upload/image/666171fb77d06.jpg?path=//usr/lib/x86_64-linux-gnu/perl-base/unicore/lib/Cased HTTP/1.1" 200 14557 edition.gerdgeorge.de "-" "Mozilla/5.0 AppleWebKit/537.36 (KHTML, like Gecko; compatible; GPTBot/1.3; +https://openai.com/gptbot)" "-"
74.7.227.0 - - [13/Dec/2025:00:22:21 +0100] "GET /data/upload/image/666171fb77d06.jpg?path=//usr/lib/x86_64-linux-gnu/perl-base/unicore/lib/QMark HTTP/1.1" 200 14557 edition.gerdgeorge.de "-" "Mozilla/5.0 AppleWebKit/537.36 (KHTML, like Gecko; compatible; GPTBot/1.3; +https://openai.com/gptbot)" "-"
74.7.227.0 - - [13/Dec/2025:00:22:21 +0100] "GET /data/upload/image/666171fb77d06.jpg?path=//usr/lib/x86_64-linux-gnu/perl-base/unicore/lib/STerm HTTP/1.1" 200 14557 edition.gerdgeorge.de "-" "Mozilla/5.0 AppleWebKit/537.36 (KHTML, like Gecko; compatible; GPTBot/1.3; +https://openai.com/gptbot)" "-"
74.7.227.0 - - [13/Dec/2025:00:22:22 +0100] "GET /data/upload/image/666171fb77d06.jpg?path=//usr/lib/x86_64-linux-gnu/perl-base/unicore/lib/Alpha HTTP/1.1" 200 14557 edition.gerdgeorge.de "-" "Mozilla/5.0 AppleWebKit/537.36 (KHTML, like Gecko; compatible; GPTBot/1.3; +https://openai.com/gptbot)" "-"
74.7.227.0 - - [13/Dec/2025:00:22:22 +0100] "GET /data/upload/image/666171fb77d06.jpg?path=//usr/lib/x86_64-linux-gnu/perl-base/unicore/lib/Emoji HTTP/1.1" 200 14557 edition.gerdgeorge.de "-" "Mozilla/5.0 AppleWebKit/537.36 (KHTML, like Gecko; compatible; GPTBot/1.3; +https://openai.com/gptbot)" "-"
74.7.227.0 - - [13/Dec/2025:00:22:23 +0100] "GET /data/upload/image/666171fb77d06.jpg?path=//usr/lib/x86_64-linux-gnu/perl-base/unicore/lib/Hyphen HTTP/1.1" 200 14563 edition.gerdgeorge.de "-" "Mozilla/5.0 AppleWebKit/537.36 (KHTML, like Gecko; compatible; GPTBot/1.3; +https://openai.com/gptbot)" "-"
74.7.227.0 - - [13/Dec/2025:00:22:24 +0100] "GET /data/upload/image/666171fb77d06.jpg?path=//usr/lib/x86_64-linux-gnu/perl-base/unicore/lib/IdStatus HTTP/1.1" 200 16201 edition.gerdgeorge.de "-" "Mozilla/5.0 AppleWebKit/537.36 (KHTML, like Gecko; compatible; GPTBot/1.3; +https://openai.com/gptbot)" "-"
52.5.242.0 - - [13/Dec/2025:00:22:24 +0100] "GET /entrecote-chassee/?path=//kunden/kunden/kunden/proc/self/root/lib/locale/es_MX HTTP/1.1" 200 32023 edition.gerdgeorge.de "-" "Mozilla/5.0 AppleWebKit/537.36 (KHTML, like Gecko; compatible; Amazonbot/0.1; +https://developer.amazon.com/support/amazonbot) Chrome/119.0.6045.214 Safari/537.36" "-"
74.7.227.0 - - [13/Dec/2025:00:22:24 +0100] "GET /data/upload/image/666171fb77d06.jpg?path=//usr/lib/x86_64-linux-gnu/perl-base/unicore/lib/PatSyn HTTP/1.1" 200 14562 edition.gerdgeorge.de "-" "Mozilla/5.0 AppleWebKit/537.36 (KHTML, like Gecko; compatible; GPTBot/1.3; +https://openai.com/gptbot)" "-"
74.7.227.0 - - [13/Dec/2025:00:22:25 +0100] "GET /data/upload/image/666171fb77d06.jpg?path=//usr/lib/x86_64-linux-gnu/perl-base/unicore/lib/EBase HTTP/1.1" 200 14557 edition.gerdgeorge.de "-" "Mozilla/5.0 AppleWebKit/537.36 (KHTML, like Gecko; compatible; GPTBot/1.3; +https://openai.com/gptbot)" "-"
74.7.227.0 - - [13/Dec/2025:00:22:25 +0100] "GET /data/upload/image/666171fb77d06.jpg?path=//usr/lib/x86_64-linux-gnu/perl-base/unicore/lib/BidiM HTTP/1.1" 200 14557 edition.gerdgeorge.de "-" "Mozilla/5.0 AppleWebKit/537.36 (KHTML, like Gecko; compatible; GPTBot/1.3; +https://openai.com/gptbot)" "-"
74.7.227.0 - - [13/Dec/2025:00:22:26 +0100] "GET /data/upload/image/666171fb77d06.jpg?path=//usr/lib/x86_64-linux-gnu/perl-base/unicore/lib/GrBase HTTP/1.1" 200 14563 edition.gerdgeorge.de "-" "Mozilla/5.0 AppleWebKit/537.36 (KHTML, like Gecko; compatible; GPTBot/1.3; +https://openai.com/gptbot)" "-"
74.7.227.0 - - [13/Dec/2025:00:22:26 +0100] "GET /data/upload/image/666171fb77d06.jpg?path=//usr/lib/x86_64-linux-gnu/perl-base/unicore/lib/GrExt HTTP/1.1" 200 14557 edition.gerdgeorge.de "-" "Mozilla/5.0 AppleWebKit/537.36 (KHTML, like Gecko; compatible; GPTBot/1.3; +https://openai.com/gptbot)" "-"
74.7.227.0 - - [13/Dec/2025:00:22:27 +0100] "GET /data/upload/image/666171fb77d06.jpg?path=//usr/lib/x86_64-linux-gnu/perl-base/unicore/lib/ExtPict HTTP/1.1" 200 14569 edition.gerdgeorge.de "-" "Mozilla/5.0 AppleWebKit/537.36 (KHTML, like Gecko; compatible; GPTBot/1.3; +https://openai.com/gptbot)" "-"
74.7.227.0 - - [13/Dec/2025:00:22:28 +0100] "GET /data/upload/image/666171fb77d06.jpg?path=//usr/lib/x86_64-linux-gnu/perl-base/unicore/lib/Lower HTTP/1.1" 200 14557 edition.gerdgeorge.de "-" "Mozilla/5.0 AppleWebKit/537.36 (KHTML, like Gecko; compatible; GPTBot/1.3; +https://openai.com/gptbot)" "-"
52.6.232.0 - - [13/Dec/2025:00:22:28 +0100] "GET /lievre-hupf/?path=//proc/self/root/proc/self/root/kunden/proc/self/root/usr/lib/locale/es_AR HTTP/1.1" 200 33357 edition.gerdgeorge.de "-" "Mozilla/5.0 AppleWebKit/537.36 (KHTML, like Gecko; compatible; Amazonbot/0.1; +https://developer.amazon.com/support/amazonbot) Chrome/119.0.6045.214 Safari/537.36" "-"
74.7.227.0 - - [13/Dec/2025:00:22:28 +0100] "GET /data/upload/image/666171fb77d06.jpg?path=//usr/lib/x86_64-linux-gnu/perl-base/unicore/lib/EComp HTTP/1.1" 200 14557 edition.gerdgeorge.de "-" "Mozilla/5.0 AppleWebKit/537.36 (KHTML, like Gecko; compatible; GPTBot/1.3; +https://openai.com/gptbot)" "-"
74.7.227.0 - - [13/Dec/2025:00:22:29 +0100] "GET /data/upload/image/666171fb77d06.jpg?path=//usr/lib/x86_64-linux-gnu/perl-base/unicore/lib/BidiC HTTP/1.1" 200 14557 edition.gerdgeorge.de "-" "Mozilla/5.0 AppleWebKit/537.36 (KHTML, like Gecko; compatible; GPTBot/1.3; +https://openai.com/gptbot)" "-"
74.7.227.0 - - [13/Dec/2025:00:22:29 +0100] "GET /data/upload/image/666171fb77d06.jpg?path=//usr/lib/x86_64-linux-gnu/perl-base/unicore/lib/IdType HTTP/1.1" 200 30519 edition.gerdgeorge.de "-" "Mozilla/5.0 AppleWebKit/537.36 (KHTML, like Gecko; compatible; GPTBot/1.3; +https://openai.com/gptbot)" "-"
74.7.227.0 - - [13/Dec/2025:00:22:30 +0100] "GET /data/upload/image/666171fb77d06.jpg?path=//usr/lib/x86_64-linux-gnu/perl-base/unicore/lib/Math HTTP/1.1" 200 14551 edition.gerdgeorge.de "-" "Mozilla/5.0 AppleWebKit/537.36 (KHTML, like Gecko; compatible; GPTBot/1.3; +https://openai.com/gptbot)" "-"
74.7.227.0 - - [13/Dec/2025:00:22:30 +0100] "GET /data/upload/image/666171fb77d06.jpg?path=//usr/lib/x86_64-linux-gnu/perl-base/unicore/lib/InSC HTTP/1.1" 200 50988 edition.gerdgeorge.de "-" "Mozilla/5.0 AppleWebKit/537.36 (KHTML, like Gecko; compatible; GPTBot/1.3; +https://openai.com/gptbot)" "-"
74.7.227.0 - - [13/Dec/2025:00:22:31 +0100] "GET /data/upload/image/666171fb77d06.jpg?path=//usr/lib/x86_64-linux-gnu/perl-base/unicore/lib/Perl HTTP/1.1" 200 49394 edition.gerdgeorge.de "-" "Mozilla/5.0 AppleWebKit/537.36 (KHTML, like Gecko; compatible; GPTBot/1.3; +https://openai.com/gptbot)" "-"
74.7.227.0 - - [13/Dec/2025:00:22:32 +0100] "GET /data/upload/image/666171fb77d06.jpg?path=//usr/lib/x86_64-linux-gnu/perl-base/unicore/lib/InPC HTTP/1.1" 200 33528 edition.gerdgeorge.de "-" "Mozilla/5.0 AppleWebKit/537.36 (KHTML, like Gecko; compatible; GPTBot/1.3; +https://openai.com/gptbot)" "-"
54.91.122.0 - - [13/Dec/2025:00:22:32 +0100] "GET /entrecote-chassee/?path=//kunden/kunden/kunden/proc/self/root/lib/locale/ar_BH HTTP/1.1" 200 32022 edition.gerdgeorge.de "-" "Mozilla/5.0 AppleWebKit/537.36 (KHTML, like Gecko; compatible; Amazonbot/0.1; +https://developer.amazon.com/support/amazonbot) Chrome/119.0.6045.214 Safari/537.36" "-"
74.7.227.0 - - [13/Dec/2025:00:22:32 +0100] "GET /data/upload/image/666171fb77d06.jpg?path=//usr/lib/x86_64-linux-gnu/perl-base/unicore/lib/Term HTTP/1.1" 200 14551 edition.gerdgeorge.de "-" "Mozilla/5.0 AppleWebKit/537.36 (KHTML, like Gecko; compatible; GPTBot/1.3; +https://openai.com/gptbot)" "-"
74.7.227.0 - - [13/Dec/2025:00:22:33 +0100] "GET /data/upload/image/666171fb77d06.jpg?path=//usr/lib/x86_64-linux-gnu/perl-base/unicore/lib/Ideo HTTP/1.1" 200 14551 edition.gerdgeorge.de "-" "Mozilla/5.0 AppleWebKit/537.36 (KHTML, like Gecko; compatible; GPTBot/1.3; +https://openai.com/gptbot)" "-"
74.7.227.0 - - [13/Dec/2025:00:22:33 +0100] "GET /data/upload/image/666171fb77d06.jpg?path=//usr/lib/x86_64-linux-gnu/perl-base/unicore/lib/Dash HTTP/1.1" 200 14551 edition.gerdgeorge.de "-" "Mozilla/5.0 AppleWebKit/537.36 (KHTML, like Gecko; compatible; GPTBot/1.3; +https://openai.com/gptbot)" "-"
74.7.227.0 - - [13/Dec/2025:00:22:34 +0100] "GET /data/upload/image/666171fb77d06.jpg?path=//usr/lib/x86_64-linux-gnu/perl-base/unicore/lib/Scx HTTP/1.1" 200 119458 edition.gerdgeorge.de "-" "Mozilla/5.0 AppleWebKit/537.36 (KHTML, like Gecko; compatible; GPTBot/1.3; +https://openai.com/gptbot)" "-"
74.7.227.0 - - [13/Dec/2025:00:22:34 +0100] "GET /data/upload/image/666171fb77d06.jpg?path=//usr/lib/x86_64-linux-gnu/perl-base/unicore/lib/CE HTTP/1.1" 200 14539 edition.gerdgeorge.de "-" "Mozilla/5.0 AppleWebKit/537.36 (KHTML, like Gecko; compatible; GPTBot/1.3; +https://openai.com/gptbot)" "-"
74.7.227.0 - - [13/Dec/2025:00:22:35 +0100] "GET /data/upload/image/666171fb77d06.jpg?path=//usr/lib/x86_64-linux-gnu/perl-base/unicore/lib/Age HTTP/1.1" 200 44241 edition.gerdgeorge.de "-" "Mozilla/5.0 AppleWebKit/537.36 (KHTML, like Gecko; compatible; GPTBot/1.3; +https://openai.com/gptbot)" "-"
74.7.227.0 - - [13/Dec/2025:00:22:35 +0100] "GET /data/upload/image/666171fb77d06.jpg?path=//usr/lib/x86_64-linux-gnu/perl-base/unicore/lib/Hex HTTP/1.1" 200 14545 edition.gerdgeorge.de "-" "Mozilla/5.0 AppleWebKit/537.36 (KHTML, like Gecko; compatible; GPTBot/1.3; +https://openai.com/gptbot)" "-"
18.215.24.0 - - [13/Dec/2025:00:22:36 +0100] "GET /cockpit/?path=//kunden/kunden/kunden/proc/self/root/kunden/proc/self/root/proc/self/root/proc/self/root/lib/locale/es_ES HTTP/1.1" 200 35550 edition.gerdgeorge.de "-" "Mozilla/5.0 AppleWebKit/537.36 (KHTML, like Gecko; compatible; Amazonbot/0.1; +https://developer.amazon.com/support/amazonbot) Chrome/119.0.6045.214 Safari/537.36" "-"
74.7.227.0 - - [13/Dec/2025:00:22:36 +0100] "GET /data/upload/image/666171fb77d06.jpg?path=//usr/lib/x86_64-linux-gnu/perl-base/unicore/lib/CWU HTTP/1.1" 200 14545 edition.gerdgeorge.de "-" "Mozilla/5.0 AppleWebKit/537.36 (KHTML, like Gecko; compatible; GPTBot/1.3; +https://openai.com/gptbot)" "-"
74.7.227.0 - - [13/Dec/2025:00:22:37 +0100] "GET /data/upload/image/666171fb77d06.jpg?path=//usr/lib/x86_64-linux-gnu/perl-base/unicore/lib/In HTTP/1.1" 200 47280 edition.gerdgeorge.de "-" "Mozilla/5.0 AppleWebKit/537.36 (KHTML, like Gecko; compatible; GPTBot/1.3; +https://openai.com/gptbot)" "-"
74.7.227.0 - - [13/Dec/2025:00:22:37 +0100] "GET /data/upload/image/666171fb77d06.jpg?path=//usr/lib/x86_64-linux-gnu/perl-base/unicore/lib/Blk HTTP/1.1" 200 14548 edition.gerdgeorge.de "-" "Mozilla/5.0 AppleWebKit/537.36 (KHTML, like Gecko; compatible; GPTBot/1.3; +https://openai.com/gptbot)" "-"
74.7.227.0 - - [13/Dec/2025:00:22:38 +0100] "GET /data/upload/image/666171fb77d06.jpg?path=//usr/lib/x86_64-linux-gnu/perl-base/unicore/lib/SB HTTP/1.1" 200 31636 edition.gerdgeorge.de "-" "Mozilla/5.0 AppleWebKit/537.36 (KHTML, like Gecko; compatible; GPTBot/1.3; +https://openai.com/gptbot)" "-"
74.7.227.0 - - [13/Dec/2025:00:22:38 +0100] "GET /data/upload/image/666171fb77d06.jpg?path=//usr/lib/x86_64-linux-gnu/perl-base/unicore/lib/Bc HTTP/1.1" 200 33183 edition.gerdgeorge.de "-" "Mozilla/5.0 AppleWebKit/537.36 (KHTML, like Gecko; compatible; GPTBot/1.3; +https://openai.com/gptbot)" "-"
74.7.227.0 - - [13/Dec/2025:00:22:39 +0100] "GET /data/upload/image/666171fb77d06.jpg?path=//usr/lib/x86_64-linux-gnu/perl-base/unicore/lib/Dt HTTP/1.1" 200 34827 edition.gerdgeorge.de "-" "Mozilla/5.0 AppleWebKit/537.36 (KHTML, like Gecko; compatible; GPTBot/1.3; +https://openai.com/gptbot)" "-"
74.7.227.0 - - [13/Dec/2025:00:22:39 +0100] "GET /data/upload/image/666171fb77d06.jpg?path=//usr/lib/x86_64-linux-gnu/perl-base/unicore/lib/Bpt HTTP/1.1" 200 17651 edition.gerdgeorge.de "-" "Mozilla/5.0 AppleWebKit/537.36 (KHTML, like Gecko; compatible; GPTBot/1.3; +https://openai.com/gptbot)" "-"
74.7.227.0 - - [13/Dec/2025:00:22:40 +0100] "GET /data/upload/image/666171fb77d06.jpg?path=//usr/lib/x86_64-linux-gnu/perl-base/unicore/lib/IDS HTTP/1.1" 200 14545 edition.gerdgeorge.de "-" "Mozilla/5.0 AppleWebKit/537.36 (KHTML, like Gecko; compatible; GPTBot/1.3; +https://openai.com/gptbot)" "-"
74.7.227.0 - - [13/Dec/2025:00:22:41 +0100] "GET /data/upload/image/666171fb77d06.jpg?path=//usr/lib/x86_64-linux-gnu/perl-base/unicore/lib/WB HTTP/1.1" 200 31675 edition.gerdgeorge.de "-" "Mozilla/5.0 AppleWebKit/537.36 (KHTML, like Gecko; compatible; GPTBot/1.3; +https://openai.com/gptbot)" "-"
52.3.156.0 - - [13/Dec/2025:00:22:41 +0100] "GET /serviette-calamar/?path=//kunden/kunden/proc/self/root/kunden/proc/self/root/proc/self/root/proc/self/root/kunden/lib/locale/pt_BR/LC_MESSAGES HTTP/1.1" 200 16171 edition.gerdgeorge.de "-" "Mozilla/5.0 AppleWebKit/537.36 (KHTML, like Gecko; compatible; Amazonbot/0.1; +https://developer.amazon.com/support/amazonbot) Chrome/119.0.6045.214 Safari/537.36" "-"
74.7.227.0 - - [13/Dec/2025:00:22:41 +0100] "GET /data/upload/image/666171fb77d06.jpg?path=//usr/lib/x86_64-linux-gnu/perl-base/unicore/lib/Ccc HTTP/1.1" 200 30125 edition.gerdgeorge.de "-" "Mozilla/5.0 AppleWebKit/537.36 (KHTML, like Gecko; compatible; GPTBot/1.3; +https://openai.com/gptbot)" "-"
74.7.227.0 - - [13/Dec/2025:00:22:42 +0100] "GET /data/upload/image/666171fb77d06.jpg?path=//usr/lib/x86_64-linux-gnu/perl-base/unicore/lib/CI HTTP/1.1" 200 14539 edition.gerdgeorge.de "-" "Mozilla/5.0 AppleWebKit/537.36 (KHTML, like Gecko; compatible; GPTBot/1.3; +https://openai.com/gptbot)" "-"
74.7.227.0 - - [13/Dec/2025:00:22:42 +0100] "GET /data/upload/image/666171fb77d06.jpg?path=//usr/lib/x86_64-linux-gnu/perl-base/unicore/lib/Sc HTTP/1.1" 200 62965 edition.gerdgeorge.de "-" "Mozilla/5.0 AppleWebKit/537.36 (KHTML, like Gecko; compatible; GPTBot/1.3; +https://openai.com/gptbot)" "-"
74.7.227.0 - - [13/Dec/2025:00:22:43 +0100] "GET /data/upload/image/666171fb77d06.jpg?path=//usr/lib/x86_64-linux-gnu/perl-base/unicore/lib/DI HTTP/1.1" 200 14539 edition.gerdgeorge.de "-" "Mozilla/5.0 AppleWebKit/537.36 (KHTML, like Gecko; compatible; GPTBot/1.3; +https://openai.com/gptbot)" "-"
74.7.227.0 - - [13/Dec/2025:00:22:43 +0100] "GET /data/upload/image/666171fb77d06.jpg?path=//usr/lib/x86_64-linux-gnu/perl-base/unicore/lib/IDC HTTP/1.1" 200 14545 edition.gerdgeorge.de "-" "Mozilla/5.0 AppleWebKit/537.36 (KHTML, like Gecko; compatible; GPTBot/1.3; +https://openai.com/gptbot)" "-"
74.7.227.0 - - [13/Dec/2025:00:22:44 +0100] "GET /data/upload/image/666171fb77d06.jpg?path=//usr/lib/x86_64-linux-gnu/perl-base/unicore/lib/Ext HTTP/1.1" 200 14545 edition.gerdgeorge.de "-" "Mozilla/5.0 AppleWebKit/537.36 (KHTML, like Gecko; compatible; GPTBot/1.3; +https://openai.com/gptbot)" "-"
3.216.13.0 - - [13/Dec/2025:00:22:44 +0100] "GET /serviette-calamar/?path=//kunden/kunden/proc/thread-self/root/proc/thread-self/root/kunden/kunden/proc/self/root/lib/locale/es_DO.utf8 HTTP/1.1" 200 35526 edition.gerdgeorge.de "-" "Mozilla/5.0 AppleWebKit/537.36 (KHTML, like Gecko; compatible; Amazonbot/0.1; +https://developer.amazon.com/support/amazonbot) Chrome/119.0.6045.214 Safari/537.36" "-"
74.7.227.0 - - [13/Dec/2025:00:22:44 +0100] "GET /data/upload/image/666171fb77d06.jpg?path=//usr/lib/x86_64-linux-gnu/perl-base/unicore/lib/Vo HTTP/1.1" 200 19196 edition.gerdgeorge.de "-" "Mozilla/5.0 AppleWebKit/537.36 (KHTML, like Gecko; compatible; GPTBot/1.3; +https://openai.com/gptbot)" "-"
74.7.227.0 - - [13/Dec/2025:00:22:45 +0100] "GET /data/upload/image/666171fb77d06.jpg?path=//usr/lib/x86_64-linux-gnu/perl-base/unicore/lib/GCB HTTP/1.1" 200 23901 edition.gerdgeorge.de "-" "Mozilla/5.0 AppleWebKit/537.36 (KHTML, like Gecko; compatible; GPTBot/1.3; +https://openai.com/gptbot)" "-"
74.7.227.0 - - [13/Dec/2025:00:22:46 +0100] "GET /data/upload/image/666171fb77d06.jpg?path=//usr/lib/x86_64-linux-gnu/perl-base/unicore/lib/Dep HTTP/1.1" 200 14544 edition.gerdgeorge.de "-" "Mozilla/5.0 AppleWebKit/537.36 (KHTML, like Gecko; compatible; GPTBot/1.3; +https://openai.com/gptbot)" "-"
74.7.227.0 - - [13/Dec/2025:00:22:46 +0100] "GET /data/upload/image/666171fb77d06.jpg?path=//usr/lib/x86_64-linux-gnu/perl-base/unicore/lib/Jg HTTP/1.1" 200 41099 edition.gerdgeorge.de "-" "Mozilla/5.0 AppleWebKit/537.36 (KHTML, like Gecko; compatible; GPTBot/1.3; +https://openai.com/gptbot)" "-"
74.7.227.0 - - [13/Dec/2025:00:22:47 +0100] "GET /data/upload/image/666171fb77d06.jpg?path=//usr/lib/x86_64-linux-gnu/perl-base/unicore/lib/Lb HTTP/1.1" 200 44066 edition.gerdgeorge.de "-" "Mozilla/5.0 AppleWebKit/537.36 (KHTML, like Gecko; compatible; GPTBot/1.3; +https://openai.com/gptbot)" "-"
74.7.227.0 - - [13/Dec/2025:00:22:47 +0100] "GET /data/upload/image/666171fb77d06.jpg?path=//usr/lib/x86_64-linux-gnu/perl-base/unicore/lib/SD HTTP/1.1" 200 14539 edition.gerdgeorge.de "-" "Mozilla/5.0 AppleWebKit/537.36 (KHTML, like Gecko; compatible; GPTBot/1.3; +https://openai.com/gptbot)" "-"
74.7.227.0 - - [13/Dec/2025:00:22:48 +0100] "GET /data/upload/image/666171fb77d06.jpg?path=//usr/lib/x86_64-linux-gnu/perl-base/unicore/lib/PCM HTTP/1.1" 200 14545 edition.gerdgeorge.de "-" "Mozilla/5.0 AppleWebKit/537.36 (KHTML, like Gecko; compatible; GPTBot/1.3; +https://openai.com/gptbot)" "-"
54.88.84.0 - - [13/Dec/2025:00:22:48 +0100] "GET /serviette-calamar/?path=//kunden/kunden/proc/self/root/kunden/proc/thread-self/root/proc/thread-self/root/proc/self/root/lib/locale/lv_LV HTTP/1.1" 200 35864 edition.gerdgeorge.de "-" "Mozilla/5.0 AppleWebKit/537.36 (KHTML, like Gecko; compatible; Amazonbot/0.1; +https://developer.amazon.com/support/amazonbot) Chrome/119.0.6045.214 Safari/537.36" "-"
74.7.227.0 - - [13/Dec/2025:00:22:48 +0100] "GET /data/upload/image/666171fb77d06.jpg?path=//usr/lib/x86_64-linux-gnu/perl-base/unicore/lib/Hst HTTP/1.1" 200 14549 edition.gerdgeorge.de "-" "Mozilla/5.0 AppleWebKit/537.36 (KHTML, like Gecko; compatible; GPTBot/1.3; +https://openai.com/gptbot)" "-"
74.7.227.0 - - [13/Dec/2025:00:22:49 +0100] "GET /data/upload/image/666171fb77d06.jpg?path=//usr/lib/x86_64-linux-gnu/perl-base/unicore/lib/CWL HTTP/1.1" 200 14545 edition.gerdgeorge.de "-" "Mozilla/5.0 AppleWebKit/537.36 (KHTML, like Gecko; compatible; GPTBot/1.3; +https://openai.com/gptbot)" "-"
74.7.227.0 - - [13/Dec/2025:00:22:49 +0100] "GET /data/upload/image/666171fb77d06.jpg?path=//usr/lib/x86_64-linux-gnu/perl-base/unicore/lib/Nt HTTP/1.1" 200 17659 edition.gerdgeorge.de "-" "Mozilla/5.0 AppleWebKit/537.36 (KHTML, like Gecko; compatible; GPTBot/1.3; +https://openai.com/gptbot)" "-"
74.7.227.0 - - [13/Dec/2025:00:22:50 +0100] "GET /data/upload/image/666171fb77d06.jpg?path=//usr/lib/x86_64-linux-gnu/perl-base/unicore/lib/Jt HTTP/1.1" 200 22288 edition.gerdgeorge.de "-" "Mozilla/5.0 AppleWebKit/537.36 (KHTML, like Gecko; compatible; GPTBot/1.3; +https://openai.com/gptbot)" "-"
74.7.227.0 - - [13/Dec/2025:00:22:50 +0100] "GET /data/upload/image/666171fb77d06.jpg?path=//usr/lib/x86_64-linux-gnu/perl-base/unicore/lib/Gc HTTP/1.1" 200 62685 edition.gerdgeorge.de "-" "Mozilla/5.0 AppleWebKit/537.36 (KHTML, like Gecko; compatible; GPTBot/1.3; +https://openai.com/gptbot)" "-"
74.7.227.0 - - [13/Dec/2025:00:22:51 +0100] "GET /data/upload/image/666171fb77d06.jpg?path=//usr/lib/x86_64-linux-gnu/perl-base/unicore/lib/CWT HTTP/1.1" 200 14545 edition.gerdgeorge.de "-" "Mozilla/5.0 AppleWebKit/537.36 (KHTML, like Gecko; compatible; GPTBot/1.3; +https://openai.com/gptbot)" "-"
74.7.227.0 - - [13/Dec/2025:00:22:52 +0100] "GET /data/upload/image/666171fb77d06.jpg?path=//usr/lib/x86_64-linux-gnu/perl-base/unicore/lib/Nv HTTP/1.1" 200 114233 edition.gerdgeorge.de "-" "Mozilla/5.0 AppleWebKit/537.36 (KHTML, like Gecko; compatible; GPTBot/1.3; +https://openai.com/gptbot)" "-"
44.208.223.0 - - [13/Dec/2025:00:22:52 +0100] "GET /serviette-calamar/?path=//proc/self/root/proc/thread-self/root/proc/self/root/kunden/kunden/proc/self/root/kunden/lib/locale/en_PH HTTP/1.1" 200 35439 edition.gerdgeorge.de "-" "Mozilla/5.0 AppleWebKit/537.36 (KHTML, like Gecko; compatible; Amazonbot/0.1; +https://developer.amazon.com/support/amazonbot) Chrome/119.0.6045.214 Safari/537.36" "-"
74.7.227.0 - - [13/Dec/2025:00:22:52 +0100] "GET /data/upload/image/666171fb77d06.jpg?path=//usr/lib/x86_64-linux-gnu/perl-base/unicore/lib/Upper HTTP/1.1" 200 14557 edition.gerdgeorge.de "-" "Mozilla/5.0 AppleWebKit/537.36 (KHTML, like Gecko; compatible; GPTBot/1.3; +https://openai.com/gptbot)" "-"
74.7.227.0 - - [13/Dec/2025:00:22:53 +0100] "GET /data/upload/image/666171fb77d06.jpg?path=//usr/lib/x86_64-linux-gnu/perl-base/unicore/lib/Dia HTTP/1.1" 200 14545 edition.gerdgeorge.de "-" "Mozilla/5.0 AppleWebKit/537.36 (KHTML, like Gecko; compatible; GPTBot/1.3; +https://openai.com/gptbot)" "-"
74.7.227.0 - - [13/Dec/2025:00:22:53 +0100] "GET /data/upload/image/666171fb77d06.jpg?path=//usr/lib/x86_64-linux-gnu/perl-base/unicore/lib/Ea HTTP/1.1" 200 20742 edition.gerdgeorge.de "-" "Mozilla/5.0 AppleWebKit/537.36 (KHTML, like Gecko; compatible; GPTBot/1.3; +https://openai.com/gptbot)" "-"
74.7.227.0 - - [13/Dec/2025:00:22:54 +0100] "GET /data/upload/image/666175ed27e9a.jpg?path=//proc/self/root/usr/lib/python3.9/lib2to3/fixes HTTP/1.1" 200 98047 edition.gerdgeorge.de "-" "Mozilla/5.0 AppleWebKit/537.36 (KHTML, like Gecko; compatible; GPTBot/1.3; +https://openai.com/gptbot)" "-"
74.7.227.0 - - [13/Dec/2025:00:22:54 +0100] "GET /data/upload/image/649aa492639b6.jpg?path=//usr/lib32 HTTP/1.1" 200 12641 edition.gerdgeorge.de "-" "Mozilla/5.0 AppleWebKit/537.36 (KHTML, like Gecko; compatible; GPTBot/1.3; +https://openai.com/gptbot)" "-"
74.7.227.0 - - [13/Dec/2025:00:22:55 +0100] "GET /data/upload/image/68ba87bd2857d.jpg?path=//usr/lib/python3.9/xml/sax HTTP/1.1" 200 23085 edition.gerdgeorge.de "-" "Mozilla/5.0 AppleWebKit/537.36 (KHTML, like Gecko; compatible; GPTBot/1.3; +https://openai.com/gptbot)" "-"
74.7.227.0 - - [13/Dec/2025:00:22:55 +0100] "GET /data/upload/image/649aa6fb209d3.jpg?path=//usr/lib/python3.9/xml/sax HTTP/1.1" 200 23085 edition.gerdgeorge.de "-" "Mozilla/5.0 AppleWebKit/537.36 (KHTML, like Gecko; compatible; GPTBot/1.3; +https://openai.com/gptbot)" "-"
74.7.227.0 - - [13/Dec/2025:00:22:56 +0100] "GET /data/upload/image/649aa6fb209d3.jpg?path=//usr/lib/python3.9/xml/dom HTTP/1.1" 200 26048 edition.gerdgeorge.de "-" "Mozilla/5.0 AppleWebKit/537.36 (KHTML, like Gecko; compatible; GPTBot/1.3; +https://openai.com/gptbot)" "-"
44.212.131.0 - - [13/Dec/2025:00:22:56 +0100] "GET /serviette-calamar/?path=//kunden/kunden/proc/thread-self/root/proc/self/root/proc/self/root/proc/self/root/kunden/kunden/lib/locale/en_CA HTTP/1.1" 200 35956 edition.gerdgeorge.de "-" "Mozilla/5.0 AppleWebKit/537.36 (KHTML, like Gecko; compatible; Amazonbot/0.1; +https://developer.amazon.com/support/amazonbot) Chrome/119.0.6045.214 Safari/537.36" "-"
74.7.227.0 - - [13/Dec/2025:00:22:56 +0100] "GET /data/upload/image/64bb2abde136c.jpg?fileloc=//usr/lib/x86_64-linux-gnu/awk/pwcat&path=//usr/lib/x86_64-linux-gnu/awk HTTP/1.1" 200 12363 edition.gerdgeorge.de "-" "Mozilla/5.0 AppleWebKit/537.36 (KHTML, like Gecko; compatible; GPTBot/1.3; +https://openai.com/gptbot)" "-"
74.7.227.0 - - [13/Dec/2025:00:22:57 +0100] "GET /data/upload/image/68ba87bd2857d.jpg?fileloc=//usr/lib/x86_64-linux-gnu/libstdc++.so.6&path=//usr/lib/x86_64-linux-gnu HTTP/1.1" 200 12313 edition.gerdgeorge.de "-" "Mozilla/5.0 AppleWebKit/537.36 (KHTML, like Gecko; compatible; GPTBot/1.3; +https://openai.com/gptbot)" "-"
66.249.64.0 - - [13/Dec/2025:00:22:57 +0100] "GET /?_g=1578550 HTTP/1.1" 200 177827 edition.gerdgeorge.de "-" "Mozilla/5.0 (compatible; Googlebot/2.1; +http://www.google.com/bot.html)" "-"
74.7.227.0 - - [13/Dec/2025:00:22:58 +0100] "GET /data/upload/image/649aa6fb209d3.jpg?fileloc=//usr/lib/x86_64-linux-gnu/librt.so.1&path=//usr/lib/x86_64-linux-gnu HTTP/1.1" 200 12309 edition.gerdgeorge.de "-" "Mozilla/5.0 AppleWebKit/537.36 (KHTML, like Gecko; compatible; GPTBot/1.3; +https://openai.com/gptbot)" "-"
74.7.227.0 - - [13/Dec/2025:00:22:58 +0100] "GET /data/upload/image/6462e3e29d23e.jpg?fileloc=//usr/lib/x86_64-linux-gnu/libthai.so.0&path=//usr/lib/x86_64-linux-gnu HTTP/1.1" 200 12311 edition.gerdgeorge.de "-" "Mozilla/5.0 AppleWebKit/537.36 (KHTML, like Gecko; compatible; GPTBot/1.3; +https://openai.com/gptbot)" "-"
74.7.227.0 - - [13/Dec/2025:00:22:59 +0100] "GET /data/upload/image/649aa6fb209d3.jpg?fileloc=//usr/lib/x86_64-linux-gnu/librpcsvc.a&path=//usr/lib/x86_64-linux-gnu HTTP/1.1" 200 12310 edition.gerdgeorge.de "-" "Mozilla/5.0 AppleWebKit/537.36 (KHTML, like Gecko; compatible; GPTBot/1.3; +https://openai.com/gptbot)" "-"
74.7.227.0 - - [13/Dec/2025:00:22:59 +0100] "GET /data/upload/image/649aa5964e22b.jpg?fileloc=//usr/lib/x86_64-linux-gnu/libmvec.so.1&path=//usr/lib/x86_64-linux-gnu HTTP/1.1" 200 12311 edition.gerdgeorge.de "-" "Mozilla/5.0 AppleWebKit/537.36 (KHTML, like Gecko; compatible; GPTBot/1.3; +https://openai.com/gptbot)" "-"
74.7.227.0 - - [13/Dec/2025:00:23:00 +0100] "GET /data/upload/image/666175ed27e9a.jpg?path=//proc/self/root/usr/lib/python3.9/lib2to3/fixes/__pycache__ HTTP/1.1" 200 101797 edition.gerdgeorge.de "-" "Mozilla/5.0 AppleWebKit/537.36 (KHTML, like Gecko; compatible; GPTBot/1.3; +https://openai.com/gptbot)" "-"
34.194.95.0 - - [13/Dec/2025:00:23:00 +0100] "GET /jets/?path=//kunden/proc/self/root/proc/self/root/proc/self/root/kunden/proc/self/root/usr/lib HTTP/1.1" 200 106745 edition.gerdgeorge.de "-" "Mozilla/5.0 AppleWebKit/537.36 (KHTML, like Gecko; compatible; Amazonbot/0.1; +https://developer.amazon.com/support/amazonbot) Chrome/119.0.6045.214 Safari/537.36" "-"
