43.173.181.0 - - [13/Dec/2025:00:13:53 +0100] "GET /en/?fileloc=/homepages/31/d696029188/htdocs/Neu_EditionsGeorge/neu_wordpress/moti/wp-activate.php&path=/homepages/31/d696029188/htdocs/Neu_EditionsGeorge/neu_wordpress/moti HTTP/1.1" 200 21080 edition.gerdgeorge.de "-" "Mozilla/5.0 (Windows NT 6.1; Win64; x64) AppleWebKit/537.36 (KHTML, like Gecko) Chrome/126.0.6478.114 Safari/537.36" "-"
43.173.173.0 - - [13/Dec/2025:00:13:53 +0100] "GET /fruit-de-mer/?fileloc=/homepages/31/d696029188/htdocs/Alt_GerdGeorge/2025_GerdGeorge_Compromised/wp-comments-post.php&path=/homepages/31/d696029188/htdocs/Alt_GerdGeorge/2025_GerdGeorge_Compromised HTTP/1.1" 200 15031 edition.gerdgeorge.de "-" "Mozilla/5.0 (Windows NT 6.1; Win64; x64) AppleWebKit/537.36 (KHTML, like Gecko) Chrome/126.0.6478.114 Safari/537.36" "-"
74.7.227.0 - - [13/Dec/2025:00:13:54 +0100] "GET /data/upload/image/66617162bc9a5.jpg?path=//proc/self/root/usr/lib/locale/km_KH HTTP/1.1" 200 31024 edition.gerdgeorge.de "-" "Mozilla/5.0 AppleWebKit/537.36 (KHTML, like Gecko; compatible; GPTBot/1.3; +https://openai.com/gptbot)" "-"
88.90.248.0 - - [13/Dec/2025:00:13:54 +0100] "GET /?fileloc=/homepages/31/d694426770/last_traffic&path=/homepages/31/d694426770 HTTP/1.1" 200 12315 edition.gerdgeorge.de "-" "Mozilla/5.0 (compatible; MJ12bot/v1.4.8; http://mj12bot.com/)" "-"
43.173.180.0 - - [13/Dec/2025:00:13:54 +0100] "GET /jet-blast/?path=/homepages/31/d696100910/.oneclick HTTP/1.1" 200 12772 edition.gerdgeorge.de "-" "Mozilla/5.0 (Windows NT 6.1; Win64; x64) AppleWebKit/537.36 (KHTML, like Gecko) Chrome/126.0.6478.114 Safari/537.36" "-"
74.7.227.0 - - [13/Dec/2025:00:13:54 +0100] "GET /data/upload/image/66617162bc9a5.jpg?path=//proc/self/root/usr/lib/locale/az_IR HTTP/1.1" 200 31022 edition.gerdgeorge.de "-" "Mozilla/5.0 AppleWebKit/537.36 (KHTML, like Gecko; compatible; GPTBot/1.3; +https://openai.com/gptbot)" "-"
74.7.227.0 - - [13/Dec/2025:00:13:55 +0100] "GET /data/upload/image/66617162bc9a5.jpg?path=//proc/self/root/usr/lib/locale/br_FR HTTP/1.1" 200 31024 edition.gerdgeorge.de "-" "Mozilla/5.0 AppleWebKit/537.36 (KHTML, like Gecko; compatible; GPTBot/1.3; +https://openai.com/gptbot)" "-"
74.7.227.0 - - [13/Dec/2025:00:13:55 +0100] "GET /data/upload/image/66617162bc9a5.jpg?path=//proc/self/root/usr/lib/locale/ti_ET HTTP/1.1" 200 31023 edition.gerdgeorge.de "-" "Mozilla/5.0 AppleWebKit/537.36 (KHTML, like Gecko; compatible; GPTBot/1.3; +https://openai.com/gptbot)" "-"
98.84.70.0 - - [13/Dec/2025:00:13:56 +0100] "GET /cockpit/?path=//kunden/kunden/kunden/proc/thread-self/root/proc/self/root/kunden/lib/locale/sat_IN HTTP/1.1" 200 33874 edition.gerdgeorge.de "-" "Mozilla/5.0 AppleWebKit/537.36 (KHTML, like Gecko; compatible; Amazonbot/0.1; +https://developer.amazon.com/support/amazonbot) Chrome/119.0.6045.214 Safari/537.36" "-"
74.7.227.0 - - [13/Dec/2025:00:13:56 +0100] "GET /data/upload/image/66617162bc9a5.jpg?path=//proc/self/root/usr/lib/locale/iu_CA HTTP/1.1" 200 31022 edition.gerdgeorge.de "-" "Mozilla/5.0 AppleWebKit/537.36 (KHTML, like Gecko; compatible; GPTBot/1.3; +https://openai.com/gptbot)" "-"
88.90.248.0 - - [13/Dec/2025:00:13:56 +0100] "GET /?fileloc=/homepages/31/d694494826/.created&path=/homepages/31/d694494826 HTTP/1.1" 200 12322 edition.gerdgeorge.de "-" "Mozilla/5.0 (compatible; MJ12bot/v1.4.8; http://mj12bot.com/)" "-"
74.7.227.0 - - [13/Dec/2025:00:13:56 +0100] "GET /data/upload/image/66617162bc9a5.jpg?path=//proc/self/root/usr/lib/locale/es_VE HTTP/1.1" 200 31026 edition.gerdgeorge.de "-" "Mozilla/5.0 AppleWebKit/537.36 (KHTML, like Gecko; compatible; GPTBot/1.3; +https://openai.com/gptbot)" "-"
74.7.227.0 - - [13/Dec/2025:00:13:57 +0100] "GET /data/upload/image/66617162bc9a5.jpg?path=//proc/self/root/usr/lib/locale/es_ES HTTP/1.1" 200 31026 edition.gerdgeorge.de "-" "Mozilla/5.0 AppleWebKit/537.36 (KHTML, like Gecko; compatible; GPTBot/1.3; +https://openai.com/gptbot)" "-"
74.7.227.0 - - [13/Dec/2025:00:13:58 +0100] "GET /data/upload/image/66617162bc9a5.jpg?path=//proc/self/root/usr/lib/locale/gl_ES HTTP/1.1" 200 31025 edition.gerdgeorge.de "-" "Mozilla/5.0 AppleWebKit/537.36 (KHTML, like Gecko; compatible; GPTBot/1.3; +https://openai.com/gptbot)" "-"
43.173.174.0 - - [13/Dec/2025:00:13:58 +0100] "GET /mare-due/?fileloc=/homepages/31/d696029188/htdocs/Neu_EditionsGeorge/neu_wordpress/moti/wp-content/plugins/elementor-pro/run-on-linux.js&path=/homepages/31/d696029188/htdocs/Neu_EditionsGeorge/neu_wordpress/moti/wp-content/plugins/elementor-pro HTTP/1.1" 200 14274 edition.gerdgeorge.de "-" "Mozilla/5.0 (Windows NT 6.1; Win64; x64) AppleWebKit/537.36 (KHTML, like Gecko) Chrome/126.0.6478.114 Safari/537.36" "-"
88.90.248.0 - - [13/Dec/2025:00:13:58 +0100] "GET /?fileloc=/homepages/31/d694494826/DASTOOLSTART&path=/homepages/31/d694494826 HTTP/1.1" 200 12315 edition.gerdgeorge.de "-" "Mozilla/5.0 (compatible; MJ12bot/v1.4.8; http://mj12bot.com/)" "-"
74.7.227.0 - - [13/Dec/2025:00:13:58 +0100] "GET /data/upload/image/66617162bc9a5.jpg?path=//proc/self/root/usr/lib/locale/sr_RS HTTP/1.1" 200 31023 edition.gerdgeorge.de "-" "Mozilla/5.0 AppleWebKit/537.36 (KHTML, like Gecko; compatible; GPTBot/1.3; +https://openai.com/gptbot)" "-"
74.7.227.0 - - [13/Dec/2025:00:13:59 +0100] "GET /data/upload/image/66617162bc9a5.jpg?path=//proc/self/root/usr/lib/locale/wo_SN/LC_MESSAGES HTTP/1.1" 200 14569 edition.gerdgeorge.de "-" "Mozilla/5.0 AppleWebKit/537.36 (KHTML, like Gecko; compatible; GPTBot/1.3; +https://openai.com/gptbot)" "-"
74.7.227.0 - - [13/Dec/2025:00:13:59 +0100] "GET /data/upload/image/66617162bc9a5.jpg?path=//proc/self/root/usr/lib/locale/sw_TZ/LC_MESSAGES HTTP/1.1" 200 14569 edition.gerdgeorge.de "-" "Mozilla/5.0 AppleWebKit/537.36 (KHTML, like Gecko; compatible; GPTBot/1.3; +https://openai.com/gptbot)" "-"
74.7.227.0 - - [13/Dec/2025:00:14:00 +0100] "GET /data/upload/image/66617162bc9a5.jpg?path=//proc/self/root/usr/lib/locale/km_KH/LC_MESSAGES HTTP/1.1" 200 14569 edition.gerdgeorge.de "-" "Mozilla/5.0 AppleWebKit/537.36 (KHTML, like Gecko; compatible; GPTBot/1.3; +https://openai.com/gptbot)" "-"
52.6.5.0 - - [13/Dec/2025:00:14:00 +0100] "GET /?path=//proc/self/root/proc/self/root/proc/self/root/proc/self/root/kunden/lib/locale/sl_SI/LC_MESSAGES HTTP/1.1" 200 15607 edition.gerdgeorge.de "-" "Mozilla/5.0 AppleWebKit/537.36 (KHTML, like Gecko; compatible; Amazonbot/0.1; +https://developer.amazon.com/support/amazonbot) Chrome/119.0.6045.214 Safari/537.36" "-"
88.90.248.0 - - [13/Dec/2025:00:14:00 +0100] "GET /?fileloc=/homepages/31/d694494826/htaccesslist&path=/homepages/31/d694494826 HTTP/1.1" 200 12315 edition.gerdgeorge.de "-" "Mozilla/5.0 (compatible; MJ12bot/v1.4.8; http://mj12bot.com/)" "-"
74.7.227.0 - - [13/Dec/2025:00:14:00 +0100] "GET /data/upload/image/66617162bc9a5.jpg?path=//proc/self/root/usr/lib/locale/az_IR/LC_MESSAGES HTTP/1.1" 200 14568 edition.gerdgeorge.de "-" "Mozilla/5.0 AppleWebKit/537.36 (KHTML, like Gecko; compatible; GPTBot/1.3; +https://openai.com/gptbot)" "-"
74.7.227.0 - - [13/Dec/2025:00:14:01 +0100] "GET /data/upload/image/66617162bc9a5.jpg?path=//proc/self/root/usr/lib/locale/br_FR/LC_MESSAGES HTTP/1.1" 200 14569 edition.gerdgeorge.de "-" "Mozilla/5.0 AppleWebKit/537.36 (KHTML, like Gecko; compatible; GPTBot/1.3; +https://openai.com/gptbot)" "-"
74.7.227.0 - - [13/Dec/2025:00:14:01 +0100] "GET /data/upload/image/66617162bc9a5.jpg?path=//proc/self/root/usr/lib/locale/ti_ET/LC_MESSAGES HTTP/1.1" 200 14569 edition.gerdgeorge.de "-" "Mozilla/5.0 AppleWebKit/537.36 (KHTML, like Gecko; compatible; GPTBot/1.3; +https://openai.com/gptbot)" "-"
74.7.227.0 - - [13/Dec/2025:00:14:02 +0100] "GET /data/upload/image/66617162bc9a5.jpg?path=//proc/self/root/usr/lib/locale/iu_CA/LC_MESSAGES HTTP/1.1" 200 14569 edition.gerdgeorge.de "-" "Mozilla/5.0 AppleWebKit/537.36 (KHTML, like Gecko; compatible; GPTBot/1.3; +https://openai.com/gptbot)" "-"
88.90.248.0 - - [13/Dec/2025:00:14:02 +0100] "GET /?fileloc=/homepages/31/d694494826/htpasswd&path=/homepages/31/d694494826 HTTP/1.1" 200 12311 edition.gerdgeorge.de "-" "Mozilla/5.0 (compatible; MJ12bot/v1.4.8; http://mj12bot.com/)" "-"
74.7.227.0 - - [13/Dec/2025:00:14:02 +0100] "GET /data/upload/image/66617162bc9a5.jpg?path=//proc/self/root/usr/lib/locale/es_VE/LC_MESSAGES HTTP/1.1" 200 14569 edition.gerdgeorge.de "-" "Mozilla/5.0 AppleWebKit/537.36 (KHTML, like Gecko; compatible; GPTBot/1.3; +https://openai.com/gptbot)" "-"
74.7.227.0 - - [13/Dec/2025:00:14:03 +0100] "GET /data/upload/image/66617162bc9a5.jpg?path=//proc/self/root/usr/lib/locale/es_ES/LC_MESSAGES HTTP/1.1" 200 14569 edition.gerdgeorge.de "-" "Mozilla/5.0 AppleWebKit/537.36 (KHTML, like Gecko; compatible; GPTBot/1.3; +https://openai.com/gptbot)" "-"
74.7.227.0 - - [13/Dec/2025:00:14:04 +0100] "GET /data/upload/image/66617162bc9a5.jpg?path=//proc/self/root/usr/lib/locale/gl_ES/LC_MESSAGES HTTP/1.1" 200 14569 edition.gerdgeorge.de "-" "Mozilla/5.0 AppleWebKit/537.36 (KHTML, like Gecko; compatible; GPTBot/1.3; +https://openai.com/gptbot)" "-"
54.166.104.0 - - [13/Dec/2025:00:14:04 +0100] "GET /serviette-calamar/?path=//kunden/kunden/proc/self/root/proc/self/root/proc/self/root/proc/thread-self/root/var/lib HTTP/1.1" 200 44821 edition.gerdgeorge.de "-" "Mozilla/5.0 AppleWebKit/537.36 (KHTML, like Gecko; compatible; Amazonbot/0.1; +https://developer.amazon.com/support/amazonbot) Chrome/119.0.6045.214 Safari/537.36" "-"
88.90.248.0 - - [13/Dec/2025:00:14:04 +0100] "GET /?fileloc=/homepages/31/d695064184/.created&path=/homepages/31/d695064184 HTTP/1.1" 200 12322 edition.gerdgeorge.de "-" "Mozilla/5.0 (compatible; MJ12bot/v1.4.8; http://mj12bot.com/)" "-"
74.7.227.0 - - [13/Dec/2025:00:14:04 +0100] "GET /data/upload/image/66617162bc9a5.jpg?path=//proc/self/root/usr/lib/locale/sr_RS/LC_MESSAGES HTTP/1.1" 200 14569 edition.gerdgeorge.de "-" "Mozilla/5.0 AppleWebKit/537.36 (KHTML, like Gecko; compatible; GPTBot/1.3; +https://openai.com/gptbot)" "-"
74.7.227.0 - - [13/Dec/2025:00:14:05 +0100] "GET /data/upload/image/66617162bc9a5.jpg?path=//proc/self/root/usr/lib/locale/en_NG HTTP/1.1" 200 31023 edition.gerdgeorge.de "-" "Mozilla/5.0 AppleWebKit/537.36 (KHTML, like Gecko; compatible; GPTBot/1.3; +https://openai.com/gptbot)" "-"
74.7.227.0 - - [13/Dec/2025:00:14:05 +0100] "GET /data/upload/image/66617162bc9a5.jpg?path=//proc/self/root/usr/lib/locale/tr_TR HTTP/1.1" 200 31026 edition.gerdgeorge.de "-" "Mozilla/5.0 AppleWebKit/537.36 (KHTML, like Gecko; compatible; GPTBot/1.3; +https://openai.com/gptbot)" "-"
74.7.227.0 - - [13/Dec/2025:00:14:06 +0100] "GET /data/upload/image/66617162bc9a5.jpg?path=//proc/self/root/usr/lib/locale/an_ES HTTP/1.1" 200 31025 edition.gerdgeorge.de "-" "Mozilla/5.0 AppleWebKit/537.36 (KHTML, like Gecko; compatible; GPTBot/1.3; +https://openai.com/gptbot)" "-"
88.90.248.0 - - [13/Dec/2025:00:14:06 +0100] "GET /?fileloc=/homepages/31/d695064184/DASTOOLSTART&path=/homepages/31/d695064184 HTTP/1.1" 200 12315 edition.gerdgeorge.de "-" "Mozilla/5.0 (compatible; MJ12bot/v1.4.8; http://mj12bot.com/)" "-"
74.7.227.0 - - [13/Dec/2025:00:14:06 +0100] "GET /data/upload/image/66617162bc9a5.jpg?path=//proc/self/root/usr/lib/locale/ss_ZA HTTP/1.1" 200 31023 edition.gerdgeorge.de "-" "Mozilla/5.0 AppleWebKit/537.36 (KHTML, like Gecko; compatible; GPTBot/1.3; +https://openai.com/gptbot)" "-"
74.7.227.0 - - [13/Dec/2025:00:14:07 +0100] "GET /data/upload/image/66617162bc9a5.jpg?path=//proc/self/root/usr/lib/locale/pt_BR HTTP/1.1" 200 31026 edition.gerdgeorge.de "-" "Mozilla/5.0 AppleWebKit/537.36 (KHTML, like Gecko; compatible; GPTBot/1.3; +https://openai.com/gptbot)" "-"
74.7.227.0 - - [13/Dec/2025:00:14:07 +0100] "GET /data/upload/image/66617162bc9a5.jpg?path=//proc/self/root/usr/lib/locale/so_KE HTTP/1.1" 200 31026 edition.gerdgeorge.de "-" "Mozilla/5.0 AppleWebKit/537.36 (KHTML, like Gecko; compatible; GPTBot/1.3; +https://openai.com/gptbot)" "-"
88.90.248.0 - - [13/Dec/2025:00:14:08 +0100] "GET /?fileloc=/homepages/31/d695064184/htaccesslist&path=/homepages/31/d695064184 HTTP/1.1" 200 12315 edition.gerdgeorge.de "-" "Mozilla/5.0 (compatible; MJ12bot/v1.4.8; http://mj12bot.com/)" "-"
184.73.35.0 - - [13/Dec/2025:00:14:08 +0100] "GET /serviette-calamar/?path=//proc/self/root/proc/self/root/proc/self/root/kunden/kunden/kunden/kunden/lib/locale/th_TH HTTP/1.1" 200 34402 edition.gerdgeorge.de "-" "Mozilla/5.0 AppleWebKit/537.36 (KHTML, like Gecko; compatible; Amazonbot/0.1; +https://developer.amazon.com/support/amazonbot) Chrome/119.0.6045.214 Safari/537.36" "-"
74.7.227.0 - - [13/Dec/2025:00:14:08 +0100] "GET /data/upload/image/66617162bc9a5.jpg?path=//proc/self/root/usr/lib/locale/en_SG HTTP/1.1" 200 31026 edition.gerdgeorge.de "-" "Mozilla/5.0 AppleWebKit/537.36 (KHTML, like Gecko; compatible; GPTBot/1.3; +https://openai.com/gptbot)" "-"
74.7.227.0 - - [13/Dec/2025:00:14:09 +0100] "GET /data/upload/image/66617162bc9a5.jpg?path=//proc/self/root/usr/lib/locale/tt_RU HTTP/1.1" 200 31022 edition.gerdgeorge.de "-" "Mozilla/5.0 AppleWebKit/537.36 (KHTML, like Gecko; compatible; GPTBot/1.3; +https://openai.com/gptbot)" "-"
74.7.227.0 - - [13/Dec/2025:00:14:09 +0100] "GET /data/upload/image/66617162bc9a5.jpg?path=//proc/self/root/usr/lib/locale/en_IN HTTP/1.1" 200 31022 edition.gerdgeorge.de "-" "Mozilla/5.0 AppleWebKit/537.36 (KHTML, like Gecko; compatible; GPTBot/1.3; +https://openai.com/gptbot)" "-"
74.7.227.0 - - [13/Dec/2025:00:14:10 +0100] "GET /data/upload/image/66617162bc9a5.jpg?path=//proc/self/root/usr/lib/locale/tn_ZA HTTP/1.1" 200 31023 edition.gerdgeorge.de "-" "Mozilla/5.0 AppleWebKit/537.36 (KHTML, like Gecko; compatible; GPTBot/1.3; +https://openai.com/gptbot)" "-"
88.90.248.0 - - [13/Dec/2025:00:14:10 +0100] "GET /?fileloc=/homepages/31/d695076639/.created&path=/homepages/31/d695076639 HTTP/1.1" 200 12322 edition.gerdgeorge.de "-" "Mozilla/5.0 (compatible; MJ12bot/v1.4.8; http://mj12bot.com/)" "-"
74.7.227.0 - - [13/Dec/2025:00:14:10 +0100] "GET /data/upload/image/66617162bc9a5.jpg?path=//proc/self/root/usr/lib/locale/sv_SE HTTP/1.1" 200 31026 edition.gerdgeorge.de "-" "Mozilla/5.0 AppleWebKit/537.36 (KHTML, like Gecko; compatible; GPTBot/1.3; +https://openai.com/gptbot)" "-"
74.7.227.0 - - [13/Dec/2025:00:14:11 +0100] "GET /data/upload/image/66617162bc9a5.jpg?path=//proc/self/root/usr/lib/locale/en_NG/LC_MESSAGES HTTP/1.1" 200 14569 edition.gerdgeorge.de "-" "Mozilla/5.0 AppleWebKit/537.36 (KHTML, like Gecko; compatible; GPTBot/1.3; +https://openai.com/gptbot)" "-"
74.7.227.0 - - [13/Dec/2025:00:14:11 +0100] "GET /data/upload/image/66617162bc9a5.jpg?path=//proc/self/root/usr/lib/locale/tr_TR/LC_MESSAGES HTTP/1.1" 200 14569 edition.gerdgeorge.de "-" "Mozilla/5.0 AppleWebKit/537.36 (KHTML, like Gecko; compatible; GPTBot/1.3; +https://openai.com/gptbot)" "-"
88.90.248.0 - - [13/Dec/2025:00:14:12 +0100] "GET /?fileloc=/homepages/31/d695076639/htaccesslist&path=/homepages/31/d695076639 HTTP/1.1" 200 12315 edition.gerdgeorge.de "-" "Mozilla/5.0 (compatible; MJ12bot/v1.4.8; http://mj12bot.com/)" "-"
98.82.40.0 - - [13/Dec/2025:00:14:12 +0100] "GET /serviette-calamar/?path=//kunden/kunden/proc/self/root/proc/self/root/proc/thread-self/root/kunden/proc/self/root/lib/ssl/private HTTP/1.1" 200 14073 edition.gerdgeorge.de "-" "Mozilla/5.0 AppleWebKit/537.36 (KHTML, like Gecko; compatible; Amazonbot/0.1; +https://developer.amazon.com/support/amazonbot) Chrome/119.0.6045.214 Safari/537.36" "-"
74.7.227.0 - - [13/Dec/2025:00:14:12 +0100] "GET /data/upload/image/66617162bc9a5.jpg?path=//proc/self/root/usr/lib/locale/an_ES/LC_MESSAGES HTTP/1.1" 200 14569 edition.gerdgeorge.de "-" "Mozilla/5.0 AppleWebKit/537.36 (KHTML, like Gecko; compatible; GPTBot/1.3; +https://openai.com/gptbot)" "-"
74.7.227.0 - - [13/Dec/2025:00:14:12 +0100] "GET /data/upload/image/66617162bc9a5.jpg?path=//proc/self/root/usr/lib/locale/ss_ZA/LC_MESSAGES HTTP/1.1" 200 14569 edition.gerdgeorge.de "-" "Mozilla/5.0 AppleWebKit/537.36 (KHTML, like Gecko; compatible; GPTBot/1.3; +https://openai.com/gptbot)" "-"
74.7.227.0 - - [13/Dec/2025:00:14:13 +0100] "GET /data/upload/image/66617162bc9a5.jpg?path=//proc/self/root/usr/lib/locale/pt_BR/LC_MESSAGES HTTP/1.1" 200 14569 edition.gerdgeorge.de "-" "Mozilla/5.0 AppleWebKit/537.36 (KHTML, like Gecko; compatible; GPTBot/1.3; +https://openai.com/gptbot)" "-"
74.7.227.0 - - [13/Dec/2025:00:14:14 +0100] "GET /data/upload/image/66617162bc9a5.jpg?path=//proc/self/root/usr/lib/locale/so_KE/LC_MESSAGES HTTP/1.1" 200 14569 edition.gerdgeorge.de "-" "Mozilla/5.0 AppleWebKit/537.36 (KHTML, like Gecko; compatible; GPTBot/1.3; +https://openai.com/gptbot)" "-"
88.90.248.0 - - [13/Dec/2025:00:14:14 +0100] "GET /?fileloc=/homepages/31/d695076639/htpasswd&path=/homepages/31/d695076639 HTTP/1.1" 200 12311 edition.gerdgeorge.de "-" "Mozilla/5.0 (compatible; MJ12bot/v1.4.8; http://mj12bot.com/)" "-"
74.7.227.0 - - [13/Dec/2025:00:14:14 +0100] "GET /data/upload/image/66617162bc9a5.jpg?path=//proc/self/root/usr/lib/locale/en_SG/LC_MESSAGES HTTP/1.1" 200 14569 edition.gerdgeorge.de "-" "Mozilla/5.0 AppleWebKit/537.36 (KHTML, like Gecko; compatible; GPTBot/1.3; +https://openai.com/gptbot)" "-"
74.7.227.0 - - [13/Dec/2025:00:14:15 +0100] "GET /data/upload/image/66617162bc9a5.jpg?path=//proc/self/root/usr/lib/locale/tt_RU/LC_MESSAGES HTTP/1.1" 200 14569 edition.gerdgeorge.de "-" "Mozilla/5.0 AppleWebKit/537.36 (KHTML, like Gecko; compatible; GPTBot/1.3; +https://openai.com/gptbot)" "-"
74.7.227.0 - - [13/Dec/2025:00:14:15 +0100] "GET /data/upload/image/66617162bc9a5.jpg?path=//proc/self/root/usr/lib/locale/en_IN/LC_MESSAGES HTTP/1.1" 200 14569 edition.gerdgeorge.de "-" "Mozilla/5.0 AppleWebKit/537.36 (KHTML, like Gecko; compatible; GPTBot/1.3; +https://openai.com/gptbot)" "-"
88.90.248.0 - - [13/Dec/2025:00:14:15 +0100] "GET /?fileloc=/homepages/31/d695211012/.created&path=/homepages/31/d695211012 HTTP/1.1" 200 12322 edition.gerdgeorge.de "-" "Mozilla/5.0 (compatible; MJ12bot/v1.4.8; http://mj12bot.com/)" "-"
74.7.227.0 - - [13/Dec/2025:00:14:16 +0100] "GET /data/upload/image/66617162bc9a5.jpg?path=//proc/self/root/usr/lib/locale/tn_ZA/LC_MESSAGES HTTP/1.1" 200 14569 edition.gerdgeorge.de "-" "Mozilla/5.0 AppleWebKit/537.36 (KHTML, like Gecko; compatible; GPTBot/1.3; +https://openai.com/gptbot)" "-"
3.213.213.0 - - [13/Dec/2025:00:14:16 +0100] "GET /serviette-calamar/?path=//kunden/kunden/proc/self/root/proc/self/root/proc/self/root/kunden/kunden/lib/locale/de_CH HTTP/1.1" 200 34440 edition.gerdgeorge.de "-" "Mozilla/5.0 AppleWebKit/537.36 (KHTML, like Gecko; compatible; Amazonbot/0.1; +https://developer.amazon.com/support/amazonbot) Chrome/119.0.6045.214 Safari/537.36" "-"
74.7.227.0 - - [13/Dec/2025:00:14:16 +0100] "GET /data/upload/image/66617162bc9a5.jpg?path=//proc/self/root/usr/lib/locale/sv_SE/LC_MESSAGES HTTP/1.1" 200 14569 edition.gerdgeorge.de "-" "Mozilla/5.0 AppleWebKit/537.36 (KHTML, like Gecko; compatible; GPTBot/1.3; +https://openai.com/gptbot)" "-"
74.7.227.0 - - [13/Dec/2025:00:14:17 +0100] "GET /data/upload/image/66617162bc9a5.jpg?path=//proc/self/root/usr/lib/locale/rw_RW HTTP/1.1" 200 31022 edition.gerdgeorge.de "-" "Mozilla/5.0 AppleWebKit/537.36 (KHTML, like Gecko; compatible; GPTBot/1.3; +https://openai.com/gptbot)" "-"
74.7.227.0 - - [13/Dec/2025:00:14:17 +0100] "GET /data/upload/image/66617162bc9a5.jpg?path=//proc/self/root/usr/lib/locale/de_DE HTTP/1.1" 200 31025 edition.gerdgeorge.de "-" "Mozilla/5.0 AppleWebKit/537.36 (KHTML, like Gecko; compatible; GPTBot/1.3; +https://openai.com/gptbot)" "-"
88.90.248.0 - - [13/Dec/2025:00:14:17 +0100] "GET /?fileloc=/homepages/31/d695211012/DASTOOLSTART&path=/homepages/31/d695211012 HTTP/1.1" 200 12315 edition.gerdgeorge.de "-" "Mozilla/5.0 (compatible; MJ12bot/v1.4.8; http://mj12bot.com/)" "-"
74.7.227.0 - - [13/Dec/2025:00:14:18 +0100] "GET /data/upload/image/66617162bc9a5.jpg?path=//proc/self/root/usr/lib/locale/ff_SN HTTP/1.1" 200 31022 edition.gerdgeorge.de "-" "Mozilla/5.0 AppleWebKit/537.36 (KHTML, like Gecko; compatible; GPTBot/1.3; +https://openai.com/gptbot)" "-"
74.7.227.0 - - [13/Dec/2025:00:14:18 +0100] "GET /data/upload/image/66617162bc9a5.jpg?path=//proc/self/root/usr/lib/locale/pt_PT HTTP/1.1" 200 31026 edition.gerdgeorge.de "-" "Mozilla/5.0 AppleWebKit/537.36 (KHTML, like Gecko; compatible; GPTBot/1.3; +https://openai.com/gptbot)" "-"
74.7.227.0 - - [13/Dec/2025:00:14:19 +0100] "GET /data/upload/image/66617162bc9a5.jpg?path=//proc/self/root/usr/lib/locale/ps_AF HTTP/1.1" 200 31024 edition.gerdgeorge.de "-" "Mozilla/5.0 AppleWebKit/537.36 (KHTML, like Gecko; compatible; GPTBot/1.3; +https://openai.com/gptbot)" "-"
88.90.248.0 - - [13/Dec/2025:00:14:19 +0100] "GET /?fileloc=/homepages/31/d695211012/htaccesslist&path=/homepages/31/d695211012 HTTP/1.1" 200 12315 edition.gerdgeorge.de "-" "Mozilla/5.0 (compatible; MJ12bot/v1.4.8; http://mj12bot.com/)" "-"
74.7.227.0 - - [13/Dec/2025:00:14:20 +0100] "GET /data/upload/image/66617162bc9a5.jpg?path=//proc/self/root/usr/lib/locale/it_CH HTTP/1.1" 200 31025 edition.gerdgeorge.de "-" "Mozilla/5.0 AppleWebKit/537.36 (KHTML, like Gecko; compatible; GPTBot/1.3; +https://openai.com/gptbot)" "-"
18.209.201.0 - - [13/Dec/2025:00:14:20 +0100] "GET /lievre-hupf/?path=//kunden/kunden/kunden/kunden/proc/self/root/proc/thread-self/root/lib/locale/yi_US HTTP/1.1" 200 33811 edition.gerdgeorge.de "-" "Mozilla/5.0 AppleWebKit/537.36 (KHTML, like Gecko; compatible; Amazonbot/0.1; +https://developer.amazon.com/support/amazonbot) Chrome/119.0.6045.214 Safari/537.36" "-"
74.7.227.0 - - [13/Dec/2025:00:14:20 +0100] "GET /data/upload/image/66617162bc9a5.jpg?path=//proc/self/root/usr/lib/locale/mg_MG HTTP/1.1" 200 31026 edition.gerdgeorge.de "-" "Mozilla/5.0 AppleWebKit/537.36 (KHTML, like Gecko; compatible; GPTBot/1.3; +https://openai.com/gptbot)" "-"
74.7.227.0 - - [13/Dec/2025:00:14:21 +0100] "GET /data/upload/image/66617162bc9a5.jpg?path=//proc/self/root/usr/lib/locale/nr_ZA HTTP/1.1" 200 31023 edition.gerdgeorge.de "-" "Mozilla/5.0 AppleWebKit/537.36 (KHTML, like Gecko; compatible; GPTBot/1.3; +https://openai.com/gptbot)" "-"
74.7.227.0 - - [13/Dec/2025:00:14:21 +0100] "GET /data/upload/image/66617162bc9a5.jpg?path=//proc/self/root/usr/lib/locale/it_IT HTTP/1.1" 200 31025 edition.gerdgeorge.de "-" "Mozilla/5.0 AppleWebKit/537.36 (KHTML, like Gecko; compatible; GPTBot/1.3; +https://openai.com/gptbot)" "-"
88.90.248.0 - - [13/Dec/2025:00:14:21 +0100] "GET /?fileloc=/homepages/31/d695211012/htpasswd&path=/homepages/31/d695211012 HTTP/1.1" 200 12311 edition.gerdgeorge.de "-" "Mozilla/5.0 (compatible; MJ12bot/v1.4.8; http://mj12bot.com/)" "-"
74.7.227.0 - - [13/Dec/2025:00:14:22 +0100] "GET /data/upload/image/66617162bc9a5.jpg?path=//proc/self/root/usr/lib/locale/dz_BT HTTP/1.1" 200 31023 edition.gerdgeorge.de "-" "Mozilla/5.0 AppleWebKit/537.36 (KHTML, like Gecko; compatible; GPTBot/1.3; +https://openai.com/gptbot)" "-"
74.7.227.0 - - [13/Dec/2025:00:14:22 +0100] "GET /data/upload/image/66617162bc9a5.jpg?path=//proc/self/root/usr/lib/locale/is_IS HTTP/1.1" 200 31025 edition.gerdgeorge.de "-" "Mozilla/5.0 AppleWebKit/537.36 (KHTML, like Gecko; compatible; GPTBot/1.3; +https://openai.com/gptbot)" "-"
74.7.227.0 - - [13/Dec/2025:00:14:23 +0100] "GET /data/upload/image/66617162bc9a5.jpg?path=//proc/self/root/usr/lib/locale/rw_RW/LC_MESSAGES HTTP/1.1" 200 14569 edition.gerdgeorge.de "-" "Mozilla/5.0 AppleWebKit/537.36 (KHTML, like Gecko; compatible; GPTBot/1.3; +https://openai.com/gptbot)" "-"
88.90.248.0 - - [13/Dec/2025:00:14:23 +0100] "GET /?fileloc=/homepages/31/d695907270/.created&path=/homepages/31/d695907270 HTTP/1.1" 200 12322 edition.gerdgeorge.de "-" "Mozilla/5.0 (compatible; MJ12bot/v1.4.8; http://mj12bot.com/)" "-"
74.7.227.0 - - [13/Dec/2025:00:14:23 +0100] "GET /data/upload/image/66617162bc9a5.jpg?path=//proc/self/root/usr/lib/locale/de_DE/LC_MESSAGES HTTP/1.1" 200 14569 edition.gerdgeorge.de "-" "Mozilla/5.0 AppleWebKit/537.36 (KHTML, like Gecko; compatible; GPTBot/1.3; +https://openai.com/gptbot)" "-"
18.214.138.0 - - [13/Dec/2025:00:14:24 +0100] "GET /serviette-calamar/?path=//proc/self/root/proc/self/root/proc/self/root/kunden/kunden/kunden/kunden/proc/thread-self/root/lib/locale/tt_RU HTTP/1.1" 200 35851 edition.gerdgeorge.de "-" "Mozilla/5.0 AppleWebKit/537.36 (KHTML, like Gecko; compatible; Amazonbot/0.1; +https://developer.amazon.com/support/amazonbot) Chrome/119.0.6045.214 Safari/537.36" "-"
74.7.227.0 - - [13/Dec/2025:00:14:24 +0100] "GET /data/upload/image/66617162bc9a5.jpg?path=//proc/self/root/usr/lib/locale/ff_SN/LC_MESSAGES HTTP/1.1" 200 14569 edition.gerdgeorge.de "-" "Mozilla/5.0 AppleWebKit/537.36 (KHTML, like Gecko; compatible; GPTBot/1.3; +https://openai.com/gptbot)" "-"
74.7.227.0 - - [13/Dec/2025:00:14:25 +0100] "GET /data/upload/image/66617162bc9a5.jpg?path=//proc/self/root/usr/lib/locale/pt_PT/LC_MESSAGES HTTP/1.1" 200 14569 edition.gerdgeorge.de "-" "Mozilla/5.0 AppleWebKit/537.36 (KHTML, like Gecko; compatible; GPTBot/1.3; +https://openai.com/gptbot)" "-"
74.7.227.0 - - [13/Dec/2025:00:14:25 +0100] "GET /data/upload/image/66617162bc9a5.jpg?path=//proc/self/root/usr/lib/locale/ps_AF/LC_MESSAGES HTTP/1.1" 200 14569 edition.gerdgeorge.de "-" "Mozilla/5.0 AppleWebKit/537.36 (KHTML, like Gecko; compatible; GPTBot/1.3; +https://openai.com/gptbot)" "-"
88.90.248.0 - - [13/Dec/2025:00:14:25 +0100] "GET /?fileloc=/homepages/31/d695907270/.htaccess&path=/homepages/31/d695907270 HTTP/1.1" 200 12312 edition.gerdgeorge.de "-" "Mozilla/5.0 (compatible; MJ12bot/v1.4.8; http://mj12bot.com/)" "-"
74.7.227.0 - - [13/Dec/2025:00:14:26 +0100] "GET /data/upload/image/66617162bc9a5.jpg?path=//proc/self/root/usr/lib/locale/it_CH/LC_MESSAGES HTTP/1.1" 200 14569 edition.gerdgeorge.de "-" "Mozilla/5.0 AppleWebKit/537.36 (KHTML, like Gecko; compatible; GPTBot/1.3; +https://openai.com/gptbot)" "-"
74.7.227.0 - - [13/Dec/2025:00:14:26 +0100] "GET /data/upload/image/66617162bc9a5.jpg?path=//proc/self/root/usr/lib/locale/mg_MG/LC_MESSAGES HTTP/1.1" 200 14569 edition.gerdgeorge.de "-" "Mozilla/5.0 AppleWebKit/537.36 (KHTML, like Gecko; compatible; GPTBot/1.3; +https://openai.com/gptbot)" "-"
74.7.227.0 - - [13/Dec/2025:00:14:27 +0100] "GET /data/upload/image/66617162bc9a5.jpg?path=//proc/self/root/usr/lib/locale/nr_ZA/LC_MESSAGES HTTP/1.1" 200 14569 edition.gerdgeorge.de "-" "Mozilla/5.0 AppleWebKit/537.36 (KHTML, like Gecko; compatible; GPTBot/1.3; +https://openai.com/gptbot)" "-"
88.90.248.0 - - [13/Dec/2025:00:14:27 +0100] "GET /?fileloc=/homepages/31/d695907270/DASTOOLSTART&path=/homepages/31/d695907270 HTTP/1.1" 200 12315 edition.gerdgeorge.de "-" "Mozilla/5.0 (compatible; MJ12bot/v1.4.8; http://mj12bot.com/)" "-"
74.7.227.0 - - [13/Dec/2025:00:14:27 +0100] "GET /data/upload/image/66617162bc9a5.jpg?fileloc=//proc/self/root/usr/lib/locale/it_IT/LC_MONETARY&path=//proc/self/root/usr/lib/locale/it_IT HTTP/1.1" 200 12521 edition.gerdgeorge.de "-" "Mozilla/5.0 AppleWebKit/537.36 (KHTML, like Gecko; compatible; GPTBot/1.3; +https://openai.com/gptbot)" "-"
74.7.227.0 - - [13/Dec/2025:00:14:28 +0100] "GET /data/upload/image/66617162bc9a5.jpg?path=//proc/self/root/usr/lib/locale/dz_BT/LC_MESSAGES HTTP/1.1" 200 14568 edition.gerdgeorge.de "-" "Mozilla/5.0 AppleWebKit/537.36 (KHTML, like Gecko; compatible; GPTBot/1.3; +https://openai.com/gptbot)" "-"
3.227.180.0 - - [13/Dec/2025:00:14:28 +0100] "GET /cockpit/?path=//kunden/proc/self/root/kunden/kunden/kunden/proc/self/root/proc/self/root/lib/locale/yi_US HTTP/1.1" 200 34457 edition.gerdgeorge.de "-" "Mozilla/5.0 AppleWebKit/537.36 (KHTML, like Gecko; compatible; Amazonbot/0.1; +https://developer.amazon.com/support/amazonbot) Chrome/119.0.6045.214 Safari/537.36" "-"
74.7.227.0 - - [13/Dec/2025:00:14:28 +0100] "GET /data/upload/image/66617162bc9a5.jpg?path=//proc/self/root/usr/lib/locale/is_IS/LC_MESSAGES HTTP/1.1" 200 14569 edition.gerdgeorge.de "-" "Mozilla/5.0 AppleWebKit/537.36 (KHTML, like Gecko; compatible; GPTBot/1.3; +https://openai.com/gptbot)" "-"
74.7.227.0 - - [13/Dec/2025:00:14:29 +0100] "GET /data/upload/image/66617162bc9a5.jpg?path=//proc/self/root/usr/lib/locale/it_IT/LC_MESSAGES HTTP/1.1" 200 14569 edition.gerdgeorge.de "-" "Mozilla/5.0 AppleWebKit/537.36 (KHTML, like Gecko; compatible; GPTBot/1.3; +https://openai.com/gptbot)" "-"
88.90.248.0 - - [13/Dec/2025:00:14:29 +0100] "GET /?fileloc=/homepages/31/d695907270/distributor.lock&path=/homepages/31/d695907270 HTTP/1.1" 200 12319 edition.gerdgeorge.de "-" "Mozilla/5.0 (compatible; MJ12bot/v1.4.8; http://mj12bot.com/)" "-"
74.7.227.0 - - [13/Dec/2025:00:14:29 +0100] "GET /data/upload/image/66617162bc9a5.jpg?path=//proc/self/root/usr/lib/locale/fr_BE HTTP/1.1" 200 31025 edition.gerdgeorge.de "-" "Mozilla/5.0 AppleWebKit/537.36 (KHTML, like Gecko; compatible; GPTBot/1.3; +https://openai.com/gptbot)" "-"
74.7.227.0 - - [13/Dec/2025:00:14:30 +0100] "GET /data/upload/image/66617162bc9a5.jpg?path=//proc/self/root/usr/lib/locale/ig_NG HTTP/1.1" 200 31023 edition.gerdgeorge.de "-" "Mozilla/5.0 AppleWebKit/537.36 (KHTML, like Gecko; compatible; GPTBot/1.3; +https://openai.com/gptbot)" "-"
74.7.227.0 - - [13/Dec/2025:00:14:31 +0100] "GET /data/upload/image/66617162bc9a5.jpg?path=//proc/self/root/usr/lib/locale/fr_FR HTTP/1.1" 200 31025 edition.gerdgeorge.de "-" "Mozilla/5.0 AppleWebKit/537.36 (KHTML, like Gecko; compatible; GPTBot/1.3; +https://openai.com/gptbot)" "-"
74.7.227.0 - - [13/Dec/2025:00:14:31 +0100] "GET /data/upload/image/66617162bc9a5.jpg?path=//proc/self/root/usr/lib/locale/ru_RU HTTP/1.1" 200 31026 edition.gerdgeorge.de "-" "Mozilla/5.0 AppleWebKit/537.36 (KHTML, like Gecko; compatible; GPTBot/1.3; +https://openai.com/gptbot)" "-"
88.90.248.0 - - [13/Dec/2025:00:14:31 +0100] "GET /?fileloc=/homepages/31/d695907270/htaccesslist&path=/homepages/31/d695907270 HTTP/1.1" 200 12315 edition.gerdgeorge.de "-" "Mozilla/5.0 (compatible; MJ12bot/v1.4.8; http://mj12bot.com/)" "-"
52.21.62.0 - - [13/Dec/2025:00:14:32 +0100] "GET /jets/?path=//kunden/proc/self/root/proc/self/root/proc/self/root/proc/self/root/kunden/lib/locale/en_SG HTTP/1.1" 200 34557 edition.gerdgeorge.de "-" "Mozilla/5.0 AppleWebKit/537.36 (KHTML, like Gecko; compatible; Amazonbot/0.1; +https://developer.amazon.com/support/amazonbot) Chrome/119.0.6045.214 Safari/537.36" "-"
74.7.227.0 - - [13/Dec/2025:00:14:32 +0100] "GET /data/upload/image/66617162bc9a5.jpg?path=//proc/self/root/usr/lib/locale/fy_DE HTTP/1.1" 200 31023 edition.gerdgeorge.de "-" "Mozilla/5.0 AppleWebKit/537.36 (KHTML, like Gecko; compatible; GPTBot/1.3; +https://openai.com/gptbot)" "-"
74.7.227.0 - - [13/Dec/2025:00:14:32 +0100] "GET /data/upload/image/66617162bc9a5.jpg?path=//proc/self/root/usr/lib/locale/de_BE HTTP/1.1" 200 31026 edition.gerdgeorge.de "-" "Mozilla/5.0 AppleWebKit/537.36 (KHTML, like Gecko; compatible; GPTBot/1.3; +https://openai.com/gptbot)" "-"
74.7.227.0 - - [13/Dec/2025:00:14:33 +0100] "GET /data/upload/image/66617162bc9a5.jpg?path=//proc/self/root/usr/lib/locale/ga_IE HTTP/1.1" 200 31026 edition.gerdgeorge.de "-" "Mozilla/5.0 AppleWebKit/537.36 (KHTML, like Gecko; compatible; GPTBot/1.3; +https://openai.com/gptbot)" "-"
88.90.248.0 - - [13/Dec/2025:00:14:33 +0100] "GET /?fileloc=/homepages/31/d695907270/htpasswd&path=/homepages/31/d695907270 HTTP/1.1" 200 12311 edition.gerdgeorge.de "-" "Mozilla/5.0 (compatible; MJ12bot/v1.4.8; http://mj12bot.com/)" "-"
74.7.227.0 - - [13/Dec/2025:00:14:33 +0100] "GET /data/upload/image/66617162bc9a5.jpg?path=//proc/self/root/usr/lib/locale/as_IN HTTP/1.1" 200 31023 edition.gerdgeorge.de "-" "Mozilla/5.0 AppleWebKit/537.36 (KHTML, like Gecko; compatible; GPTBot/1.3; +https://openai.com/gptbot)" "-"
74.7.227.0 - - [13/Dec/2025:00:14:34 +0100] "GET /data/upload/image/66617162bc9a5.jpg?path=//proc/self/root/usr/lib/locale/nn_NO HTTP/1.1" 200 31026 edition.gerdgeorge.de "-" "Mozilla/5.0 AppleWebKit/537.36 (KHTML, like Gecko; compatible; GPTBot/1.3; +https://openai.com/gptbot)" "-"
74.7.227.0 - - [13/Dec/2025:00:14:35 +0100] "GET /data/upload/image/66617162bc9a5.jpg?path=//proc/self/root/usr/lib/locale/bi_VU HTTP/1.1" 200 31023 edition.gerdgeorge.de "-" "Mozilla/5.0 AppleWebKit/537.36 (KHTML, like Gecko; compatible; GPTBot/1.3; +https://openai.com/gptbot)" "-"
88.90.248.0 - - [13/Dec/2025:00:14:35 +0100] "GET /?fileloc=/homepages/31/d695907270/metadata.json&path=/homepages/31/d695907270 HTTP/1.1" 200 12316 edition.gerdgeorge.de "-" "Mozilla/5.0 (compatible; MJ12bot/v1.4.8; http://mj12bot.com/)" "-"
74.7.227.0 - - [13/Dec/2025:00:14:35 +0100] "GET /data/upload/image/66617162bc9a5.jpg?path=//proc/self/root/usr/lib/locale/hr_HR HTTP/1.1" 200 31025 edition.gerdgeorge.de "-" "Mozilla/5.0 AppleWebKit/537.36 (KHTML, like Gecko; compatible; GPTBot/1.3; +https://openai.com/gptbot)" "-"
44.210.204.0 - - [13/Dec/2025:00:14:36 +0100] "GET /serviette-calamar/?path=//proc/thread-self/root/proc/self/root/proc/self/root/proc/self/root/kunden/lib/locale/es_CR HTTP/1.1" 200 34521 edition.gerdgeorge.de "-" "Mozilla/5.0 AppleWebKit/537.36 (KHTML, like Gecko; compatible; Amazonbot/0.1; +https://developer.amazon.com/support/amazonbot) Chrome/119.0.6045.214 Safari/537.36" "-"
74.7.227.0 - - [13/Dec/2025:00:14:36 +0100] "GET /data/upload/image/66617162bc9a5.jpg?path=//proc/self/root/usr/lib/locale/fr_BE/LC_MESSAGES HTTP/1.1" 200 14569 edition.gerdgeorge.de "-" "Mozilla/5.0 AppleWebKit/537.36 (KHTML, like Gecko; compatible; GPTBot/1.3; +https://openai.com/gptbot)" "-"
74.7.227.0 - - [13/Dec/2025:00:14:36 +0100] "GET /data/upload/image/66617162bc9a5.jpg?path=//proc/self/root/usr/lib/locale/ig_NG/LC_MESSAGES HTTP/1.1" 200 14569 edition.gerdgeorge.de "-" "Mozilla/5.0 AppleWebKit/537.36 (KHTML, like Gecko; compatible; GPTBot/1.3; +https://openai.com/gptbot)" "-"
74.7.227.0 - - [13/Dec/2025:00:14:37 +0100] "GET /data/upload/image/66617162bc9a5.jpg?path=//proc/self/root/usr/lib/locale/fr_FR/LC_MESSAGES HTTP/1.1" 200 14569 edition.gerdgeorge.de "-" "Mozilla/5.0 AppleWebKit/537.36 (KHTML, like Gecko; compatible; GPTBot/1.3; +https://openai.com/gptbot)" "-"
88.90.248.0 - - [13/Dec/2025:00:14:37 +0100] "GET /?fileloc=/homepages/31/d695907270/phpinilist&path=/homepages/31/d695907270 HTTP/1.1" 200 12313 edition.gerdgeorge.de "-" "Mozilla/5.0 (compatible; MJ12bot/v1.4.8; http://mj12bot.com/)" "-"
74.7.227.0 - - [13/Dec/2025:00:14:37 +0100] "GET /data/upload/image/66617162bc9a5.jpg?path=//proc/self/root/usr/lib/locale/ru_RU/LC_MESSAGES HTTP/1.1" 200 14569 edition.gerdgeorge.de "-" "Mozilla/5.0 AppleWebKit/537.36 (KHTML, like Gecko; compatible; GPTBot/1.3; +https://openai.com/gptbot)" "-"
74.7.227.0 - - [13/Dec/2025:00:14:38 +0100] "GET /data/upload/image/66617162bc9a5.jpg?path=//proc/self/root/usr/lib/locale/fy_DE/LC_MESSAGES HTTP/1.1" 200 14569 edition.gerdgeorge.de "-" "Mozilla/5.0 AppleWebKit/537.36 (KHTML, like Gecko; compatible; GPTBot/1.3; +https://openai.com/gptbot)" "-"
74.7.227.0 - - [13/Dec/2025:00:14:39 +0100] "GET /data/upload/image/66617162bc9a5.jpg?path=//proc/self/root/usr/lib/locale/de_BE/LC_MESSAGES HTTP/1.1" 200 14569 edition.gerdgeorge.de "-" "Mozilla/5.0 AppleWebKit/537.36 (KHTML, like Gecko; compatible; GPTBot/1.3; +https://openai.com/gptbot)" "-"
88.90.248.0 - - [13/Dec/2025:00:14:39 +0100] "GET /?fileloc=/homepages/31/d696029188/htdocs/.ssh/authorized_keys&path=/homepages/31/d696029188/htdocs/.ssh HTTP/1.1" 200 14362 edition.gerdgeorge.de "-" "Mozilla/5.0 (compatible; MJ12bot/v1.4.8; http://mj12bot.com/)" "-"
74.7.227.0 - - [13/Dec/2025:00:14:39 +0100] "GET /data/upload/image/66617162bc9a5.jpg?path=//proc/self/root/usr/lib/locale/ga_IE/LC_MESSAGES HTTP/1.1" 200 14569 edition.gerdgeorge.de "-" "Mozilla/5.0 AppleWebKit/537.36 (KHTML, like Gecko; compatible; GPTBot/1.3; +https://openai.com/gptbot)" "-"
74.7.227.0 - - [13/Dec/2025:00:14:40 +0100] "GET /data/upload/image/66617162bc9a5.jpg?fileloc=//proc/self/root/usr/lib/locale/as_IN/LC_MONETARY&path=//proc/self/root/usr/lib/locale/as_IN HTTP/1.1" 200 12521 edition.gerdgeorge.de "-" "Mozilla/5.0 AppleWebKit/537.36 (KHTML, like Gecko; compatible; GPTBot/1.3; +https://openai.com/gptbot)" "-"
23.21.250.0 - - [13/Dec/2025:00:14:40 +0100] "GET /books/?path=//kunden/kunden/kunden/proc/self/root/kunden/lib/locale/de_CH HTTP/1.1" 200 32445 edition.gerdgeorge.de "-" "Mozilla/5.0 AppleWebKit/537.36 (KHTML, like Gecko; compatible; Amazonbot/0.1; +https://developer.amazon.com/support/amazonbot) Chrome/119.0.6045.214 Safari/537.36" "-"
74.7.227.0 - - [13/Dec/2025:00:14:40 +0100] "GET /data/upload/image/66617162bc9a5.jpg?path=//proc/self/root/usr/lib/locale/as_IN/LC_MESSAGES HTTP/1.1" 200 14569 edition.gerdgeorge.de "-" "Mozilla/5.0 AppleWebKit/537.36 (KHTML, like Gecko; compatible; GPTBot/1.3; +https://openai.com/gptbot)" "-"
43.173.175.0 - - [13/Dec/2025:00:14:40 +0100] "GET /lievre-hupf/?path=//kunden/usr/local/man HTTP/1.1" 200 12738 edition.gerdgeorge.de "-" "Mozilla/5.0 (Windows NT 6.1; Win64; x64) AppleWebKit/537.36 (KHTML, like Gecko) Chrome/126.0.6478.114 Safari/537.36" "-"
74.7.227.0 - - [13/Dec/2025:00:14:41 +0100] "GET /data/upload/image/66617162bc9a5.jpg?path=//proc/self/root/usr/lib/locale/nn_NO/LC_MESSAGES HTTP/1.1" 200 14569 edition.gerdgeorge.de "-" "Mozilla/5.0 AppleWebKit/537.36 (KHTML, like Gecko; compatible; GPTBot/1.3; +https://openai.com/gptbot)" "-"
88.90.248.0 - - [13/Dec/2025:00:14:41 +0100] "GET /?fileloc=/homepages/31/d696029188/htdocs/Alt_GerdGeorge/.htaccess_&path=/homepages/31/d696029188/htdocs/Alt_GerdGeorge HTTP/1.1" 200 12685 edition.gerdgeorge.de "-" "Mozilla/5.0 (compatible; MJ12bot/v1.4.8; http://mj12bot.com/)" "-"
43.173.175.0 - - [13/Dec/2025:00:14:41 +0100] "GET /jet-blast/?fileloc=/homepages/31/d696029188/htdocs/Alt_GerdGeorge/Original_GerdGeorge_OLD/readme.html&path=/homepages/31/d696029188/htdocs/Alt_GerdGeorge/Original_GerdGeorge_OLD HTTP/1.1" 200 21931 edition.gerdgeorge.de "-" "Mozilla/5.0 (Windows NT 6.1; Win64; x64) AppleWebKit/537.36 (KHTML, like Gecko) Chrome/126.0.6478.114 Safari/537.36" "-"
43.173.181.0 - - [13/Dec/2025:00:14:41 +0100] "GET /pneus-dabricots/?path=/homepages/31/d696029188/htdocs/Neu_EditionsGeorge/neu_wordpress/moti/well-known/acme-challenge/a/h/c HTTP/1.1" 200 26203 edition.gerdgeorge.de "-" "Mozilla/5.0 (Windows NT 6.1; Win64; x64) AppleWebKit/537.36 (KHTML, like Gecko) Chrome/126.0.6478.114 Safari/537.36" "-"
74.7.227.0 - - [13/Dec/2025:00:14:41 +0100] "GET /data/upload/image/66617162bc9a5.jpg?path=//proc/self/root/usr/lib/locale/hr_HR/LC_MESSAGES HTTP/1.1" 200 14569 edition.gerdgeorge.de "-" "Mozilla/5.0 AppleWebKit/537.36 (KHTML, like Gecko; compatible; GPTBot/1.3; +https://openai.com/gptbot)" "-"
43.173.181.0 - - [13/Dec/2025:00:14:41 +0100] "GET /imprint/?path=//kunden/kunden/run/screen HTTP/1.1" 200 12750 edition.gerdgeorge.de "-" "Mozilla/5.0 (Windows NT 6.1; Win64; x64) AppleWebKit/537.36 (KHTML, like Gecko) Chrome/126.0.6478.114 Safari/537.36" "-"
43.173.182.0 - - [13/Dec/2025:00:14:42 +0100] "GET /pardon-my-french/?fileloc=/homepages/31/d696029188/htdocs/Neu_EditionsGeorge/neu_wordpress/moti/wp-content/uploads/elementor/.htaccess&path=/homepages/31/d696029188/htdocs/Neu_EditionsGeorge/neu_wordpress/moti/wp-content/uploads/elementor HTTP/1.1" 200 13087 edition.gerdgeorge.de "-" "Mozilla/5.0 (Windows NT 6.1; Win64; x64) AppleWebKit/537.36 (KHTML, like Gecko) Chrome/126.0.6478.114 Safari/537.36" "-"
74.7.227.0 - - [13/Dec/2025:00:14:42 +0100] "GET /data/upload/image/66617162bc9a5.jpg?path=//proc/self/root/usr/lib/locale/bi_VU/LC_MESSAGES HTTP/1.1" 200 14569 edition.gerdgeorge.de "-" "Mozilla/5.0 AppleWebKit/537.36 (KHTML, like Gecko; compatible; GPTBot/1.3; +https://openai.com/gptbot)" "-"
43.173.176.0 - - [13/Dec/2025:00:14:42 +0100] "GET /?path=/homepages/31/d696416844/.config HTTP/1.1" 200 12768 edition.gerdgeorge.de "-" "Mozilla/5.0 (Windows NT 6.1; Win64; x64) AppleWebKit/537.36 (KHTML, like Gecko) Chrome/126.0.6478.114 Safari/537.36" "-"
43.173.180.0 - - [13/Dec/2025:00:14:42 +0100] "GET /mare-due/?path=/homepages/31/d696029188/htdocs/Alt_GerdGeorge/2024_GerdGeorge HTTP/1.1" 200 55096 edition.gerdgeorge.de "-" "Mozilla/5.0 (Windows NT 6.1; Win64; x64) AppleWebKit/537.36 (KHTML, like Gecko) Chrome/126.0.6478.114 Safari/537.36" "-"
43.173.173.0 - - [13/Dec/2025:00:14:42 +0100] "GET /books/?path=/homepages/31/d696029188/htdocs/Neu_EditionsGeorge/neu_wordpress/moti/well-known/acme-challenge/d/h/a HTTP/1.1" 200 26203 edition.gerdgeorge.de "-" "Mozilla/5.0 (Windows NT 6.1; Win64; x64) AppleWebKit/537.36 (KHTML, like Gecko) Chrome/126.0.6478.114 Safari/537.36" "-"
74.7.227.0 - - [13/Dec/2025:00:14:42 +0100] "GET /data/upload/image/66617162bc9a5.jpg?path=//proc/self/root/usr/lib/locale/en_IL HTTP/1.1" 200 31022 edition.gerdgeorge.de "-" "Mozilla/5.0 AppleWebKit/537.36 (KHTML, like Gecko; compatible; GPTBot/1.3; +https://openai.com/gptbot)" "-"
43.173.172.0 - - [13/Dec/2025:00:14:42 +0100] "GET /langues-aneliques/?fileloc=/homepages/31/d696029188/htdocs/qtranslate-x/inc/qtx_dbg.php&path=/homepages/31/d696029188/htdocs/qtranslate-x/inc HTTP/1.1" 200 14424 edition.gerdgeorge.de "-" "Mozilla/5.0 (Windows NT 6.1; Win64; x64) AppleWebKit/537.36 (KHTML, like Gecko) Chrome/126.0.6478.114 Safari/537.36" "-"
88.90.248.0 - - [13/Dec/2025:00:14:43 +0100] "GET /?fileloc=/homepages/31/d696029188/htdocs/Alt_GerdGeorge/connects.php&path=/homepages/31/d696029188/htdocs/Alt_GerdGeorge HTTP/1.1" 200 12478 edition.gerdgeorge.de "-" "Mozilla/5.0 (compatible; MJ12bot/v1.4.8; http://mj12bot.com/)" "-"
43.173.182.0 - - [13/Dec/2025:00:14:43 +0100] "GET /entrecote-chassee?path=/homepages/31/d695211012/.config HTTP/1.1" 200 12768 edition.gerdgeorge.de "-" "Mozilla/5.0 (Windows NT 6.1; Win64; x64) AppleWebKit/537.36 (KHTML, like Gecko) Chrome/126.0.6478.114 Safari/537.36" "-"
74.7.227.0 - - [13/Dec/2025:00:14:43 +0100] "GET /data/upload/image/66617162bc9a5.jpg?path=//proc/self/root/usr/lib/locale/ce_RU HTTP/1.1" 200 31023 edition.gerdgeorge.de "-" "Mozilla/5.0 AppleWebKit/537.36 (KHTML, like Gecko; compatible; GPTBot/1.3; +https://openai.com/gptbot)" "-"
74.7.227.0 - - [13/Dec/2025:00:14:43 +0100] "GET /data/upload/image/66617162bc9a5.jpg?path=//proc/self/root/usr/lib/locale/he_IL HTTP/1.1" 200 31025 edition.gerdgeorge.de "-" "Mozilla/5.0 AppleWebKit/537.36 (KHTML, like Gecko; compatible; GPTBot/1.3; +https://openai.com/gptbot)" "-"
3.210.114.0 - - [13/Dec/2025:00:14:44 +0100] "GET /serviette-calamar/?path=//proc/self/root/proc/self/root/proc/self/root/kunden/kunden/kunden/kunden/lib/locale/dsb_DE HTTP/1.1" 200 34451 edition.gerdgeorge.de "-" "Mozilla/5.0 AppleWebKit/537.36 (KHTML, like Gecko; compatible; Amazonbot/0.1; +https://developer.amazon.com/support/amazonbot) Chrome/119.0.6045.214 Safari/537.36" "-"
74.7.227.0 - - [13/Dec/2025:00:14:44 +0100] "GET /data/upload/image/66617162bc9a5.jpg?path=//proc/self/root/usr/lib/locale/mi_NZ HTTP/1.1" 200 31024 edition.gerdgeorge.de "-" "Mozilla/5.0 AppleWebKit/537.36 (KHTML, like Gecko; compatible; GPTBot/1.3; +https://openai.com/gptbot)" "-"
74.7.227.0 - - [13/Dec/2025:00:14:45 +0100] "GET /data/upload/image/66617162bc9a5.jpg?path=//proc/self/root/usr/lib/locale/ks_IN HTTP/1.1" 200 31022 edition.gerdgeorge.de "-" "Mozilla/5.0 AppleWebKit/537.36 (KHTML, like Gecko; compatible; GPTBot/1.3; +https://openai.com/gptbot)" "-"
88.90.248.0 - - [13/Dec/2025:00:14:45 +0100] "GET /?fileloc=/homepages/31/d696029188/htdocs/Neu_EditionsGeorge/neu_wordpress/moti/images/images/.htaccess&path=/homepages/31/d696029188/htdocs/Neu_EditionsGeorge/neu_wordpress/moti/images/images HTTP/1.1" 200 12929 edition.gerdgeorge.de "-" "Mozilla/5.0 (compatible; MJ12bot/v1.4.8; http://mj12bot.com/)" "-"
74.7.227.0 - - [13/Dec/2025:00:14:45 +0100] "GET /data/upload/image/66617162bc9a5.jpg?path=//proc/self/root/usr/lib/locale/ug_CN HTTP/1.1" 200 31021 edition.gerdgeorge.de "-" "Mozilla/5.0 AppleWebKit/537.36 (KHTML, like Gecko; compatible; GPTBot/1.3; +https://openai.com/gptbot)" "-"
74.7.227.0 - - [13/Dec/2025:00:14:46 +0100] "GET /data/upload/image/66617162bc9a5.jpg?path=//proc/self/root/usr/lib/locale/fr_LU HTTP/1.1" 200 31025 edition.gerdgeorge.de "-" "Mozilla/5.0 AppleWebKit/537.36 (KHTML, like Gecko; compatible; GPTBot/1.3; +https://openai.com/gptbot)" "-"
74.7.227.0 - - [13/Dec/2025:00:14:46 +0100] "GET /data/upload/image/66617162bc9a5.jpg?path=//proc/self/root/usr/lib/locale/tg_TJ HTTP/1.1" 200 31025 edition.gerdgeorge.de "-" "Mozilla/5.0 AppleWebKit/537.36 (KHTML, like Gecko; compatible; GPTBot/1.3; +https://openai.com/gptbot)" "-"
88.90.248.0 - - [13/Dec/2025:00:14:47 +0100] "GET /?fileloc=/homepages/31/d696029188/htdocs/Neu_EditionsGeorge/neu_wordpress/moti/images/images/cache.php&path=/homepages/31/d696029188/htdocs/Neu_EditionsGeorge/neu_wordpress/moti/images/images HTTP/1.1" 200 12929 edition.gerdgeorge.de "-" "Mozilla/5.0 (compatible; MJ12bot/v1.4.8; http://mj12bot.com/)" "-"
74.7.227.0 - - [13/Dec/2025:00:14:47 +0100] "GET /data/upload/image/66617162bc9a5.jpg?path=//proc/self/root/usr/lib/locale/cv_RU HTTP/1.1" 200 31023 edition.gerdgeorge.de "-" "Mozilla/5.0 AppleWebKit/537.36 (KHTML, like Gecko; compatible; GPTBot/1.3; +https://openai.com/gptbot)" "-"
74.7.227.0 - - [13/Dec/2025:00:14:47 +0100] "GET /data/upload/image/66617162bc9a5.jpg?path=//proc/self/root/usr/lib/locale/bs_BA HTTP/1.1" 200 31022 edition.gerdgeorge.de "-" "Mozilla/5.0 AppleWebKit/537.36 (KHTML, like Gecko; compatible; GPTBot/1.3; +https://openai.com/gptbot)" "-"
3.208.146.0 - - [13/Dec/2025:00:14:48 +0100] "GET /jets/?path=//kunden/proc/self/root/kunden/proc/self/root/proc/self/root/proc/self/root/lib/locale/fr_CA HTTP/1.1" 200 34574 edition.gerdgeorge.de "-" "Mozilla/5.0 AppleWebKit/537.36 (KHTML, like Gecko; compatible; Amazonbot/0.1; +https://developer.amazon.com/support/amazonbot) Chrome/119.0.6045.214 Safari/537.36" "-"
74.7.227.0 - - [13/Dec/2025:00:14:48 +0100] "GET /data/upload/image/66617162bc9a5.jpg?path=//proc/self/root/usr/lib/locale/ms_MY HTTP/1.1" 200 31026 edition.gerdgeorge.de "-" "Mozilla/5.0 AppleWebKit/537.36 (KHTML, like Gecko; compatible; GPTBot/1.3; +https://openai.com/gptbot)" "-"
74.7.227.0 - - [13/Dec/2025:00:14:48 +0100] "GET /data/upload/image/66617162bc9a5.jpg?path=//proc/self/root/usr/lib/locale/en_IL/LC_MESSAGES HTTP/1.1" 200 14569 edition.gerdgeorge.de "-" "Mozilla/5.0 AppleWebKit/537.36 (KHTML, like Gecko; compatible; GPTBot/1.3; +https://openai.com/gptbot)" "-"
88.90.248.0 - - [13/Dec/2025:00:14:48 +0100] "GET /?fileloc=/homepages/31/d696029188/htdocs/Neu_EditionsGeorge/neu_wordpress/moti/images/images/index.php&path=/homepages/31/d696029188/htdocs/Neu_EditionsGeorge/neu_wordpress/moti/images/images HTTP/1.1" 200 12929 edition.gerdgeorge.de "-" "Mozilla/5.0 (compatible; MJ12bot/v1.4.8; http://mj12bot.com/)" "-"
74.7.227.0 - - [13/Dec/2025:00:14:49 +0100] "GET /data/upload/image/66617162bc9a5.jpg?path=//proc/self/root/usr/lib/locale/ce_RU/LC_MESSAGES HTTP/1.1" 200 14569 edition.gerdgeorge.de "-" "Mozilla/5.0 AppleWebKit/537.36 (KHTML, like Gecko; compatible; GPTBot/1.3; +https://openai.com/gptbot)" "-"
43.173.182.0 - - [13/Dec/2025:00:14:49 +0100] "GET /imprint/?fileloc=/homepages/31/d696029188/htdocs/xml/inputold.xml&path=/homepages/31/d696029188/htdocs/xml HTTP/1.1" 200 42998 edition.gerdgeorge.de "-" "Mozilla/5.0 (Windows NT 6.1; Win64; x64) AppleWebKit/537.36 (KHTML, like Gecko) Chrome/126.0.6478.114 Safari/537.36" "-"
43.173.175.0 - - [13/Dec/2025:00:14:49 +0100] "GET /la-cote-gris?fileloc=/homepages/31/d696029188/htdocs/tiny-compress-images/LICENSE&path=/homepages/31/d696029188/htdocs/tiny-compress-images HTTP/1.1" 200 27771 edition.gerdgeorge.de "-" "Mozilla/5.0 (Windows NT 6.1; Win64; x64) AppleWebKit/537.36 (KHTML, like Gecko) Chrome/126.0.6478.114 Safari/537.36" "-"
74.7.227.0 - - [13/Dec/2025:00:14:49 +0100] "GET /data/upload/image/66617162bc9a5.jpg?path=//proc/self/root/usr/lib/locale/he_IL/LC_MESSAGES HTTP/1.1" 200 14569 edition.gerdgeorge.de "-" "Mozilla/5.0 AppleWebKit/537.36 (KHTML, like Gecko; compatible; GPTBot/1.3; +https://openai.com/gptbot)" "-"
43.173.179.0 - - [13/Dec/2025:00:14:50 +0100] "GET /jet-blast/?fileloc=/homepages/46/d696106330/htpasswd&path=/homepages/46/d696106330 HTTP/1.1" 200 12311 edition.gerdgeorge.de "-" "Mozilla/5.0 (Windows NT 6.1; Win64; x64) AppleWebKit/537.36 (KHTML, like Gecko) Chrome/126.0.6478.114 Safari/537.36" "-"
74.7.227.0 - - [13/Dec/2025:00:14:50 +0100] "GET /data/upload/image/66617162bc9a5.jpg?path=//proc/self/root/usr/lib/locale/mi_NZ/LC_MESSAGES HTTP/1.1" 200 14569 edition.gerdgeorge.de "-" "Mozilla/5.0 AppleWebKit/537.36 (KHTML, like Gecko; compatible; GPTBot/1.3; +https://openai.com/gptbot)" "-"
43.173.180.0 - - [13/Dec/2025:00:14:50 +0100] "GET /pardon-my-french/?path=/homepages/31/d696029188/htdocs/Neu_EditionsGeorge/neu_wordpress/moti/well-known/pki-validation/h/h/f HTTP/1.1" 200 26139 edition.gerdgeorge.de "-" "Mozilla/5.0 (Windows NT 6.1; Win64; x64) AppleWebKit/537.36 (KHTML, like Gecko) Chrome/126.0.6478.114 Safari/537.36" "-"
88.90.248.0 - - [13/Dec/2025:00:14:50 +0100] "GET /?fileloc=/homepages/31/d696029188/htdocs/Neu_EditionsGeorge/neu_wordpress/moti/wp-content/ai1wm-backups/index.html&path=/homepages/31/d696029188/htdocs/Neu_EditionsGeorge/neu_wordpress/moti/wp-content/ai1wm-backups HTTP/1.1" 200 12993 edition.gerdgeorge.de "-" "Mozilla/5.0 (compatible; MJ12bot/v1.4.8; http://mj12bot.com/)" "-"
74.7.227.0 - - [13/Dec/2025:00:14:51 +0100] "GET /data/upload/image/66617162bc9a5.jpg?path=//proc/self/root/usr/lib/locale/ks_IN/LC_MESSAGES HTTP/1.1" 200 14569 edition.gerdgeorge.de "-" "Mozilla/5.0 AppleWebKit/537.36 (KHTML, like Gecko; compatible; GPTBot/1.3; +https://openai.com/gptbot)" "-"
43.173.179.0 - - [13/Dec/2025:00:14:51 +0100] "GET /balade-en-mer/?path=/homepages/31/d696029188/htdocs/Neu_EditionsGeorge/neu_wordpress/moti/well-known/pki-validation/e/b HTTP/1.1" 200 25967 edition.gerdgeorge.de "-" "Mozilla/5.0 (Windows NT 6.1; Win64; x64) AppleWebKit/537.36 (KHTML, like Gecko) Chrome/126.0.6478.114 Safari/537.36" "-"
