74.7.227.0 - - [13/Dec/2025:00:24:20 +0100] "GET /data/upload/image/6836b18ddfdc9.jpg?path=//proc/self/root/lib/python3.9/http/__pycache__ HTTP/1.1" 200 20969 edition.gerdgeorge.de "-" "Mozilla/5.0 AppleWebKit/537.36 (KHTML, like Gecko; compatible; GPTBot/1.3; +https://openai.com/gptbot)" "-"
74.7.227.0 - - [13/Dec/2025:00:24:21 +0100] "GET /data/upload/image/6459b7d8b7f67.jpg?path=//proc/self/root/usr/lib/terminfo/t HTTP/1.1" 200 15907 edition.gerdgeorge.de "-" "Mozilla/5.0 AppleWebKit/537.36 (KHTML, like Gecko; compatible; GPTBot/1.3; +https://openai.com/gptbot)" "-"
43.173.180.0 - - [13/Dec/2025:00:24:21 +0100] "GET /test/?path=//tmp/breakdance-3209cdf3 HTTP/1.1" 200 12669 edition.gerdgeorge.de "-" "Mozilla/5.0 (Windows NT 6.1; Win64; x64) AppleWebKit/537.36 (KHTML, like Gecko) Chrome/126.0.6478.114 Safari/537.36" "-"
74.7.227.0 - - [13/Dec/2025:00:24:21 +0100] "GET /data/upload/image/6462e3e29d23e.jpg?path=//proc/self/root/usr/lib/terminfo/p HTTP/1.1" 200 14392 edition.gerdgeorge.de "-" "Mozilla/5.0 AppleWebKit/537.36 (KHTML, like Gecko; compatible; GPTBot/1.3; +https://openai.com/gptbot)" "-"
74.7.227.0 - - [13/Dec/2025:00:24:22 +0100] "GET /data/upload/image/6462e3e29d23e.jpg?path=//proc/self/root/usr/lib/dpkg/methods HTTP/1.1" 200 14275 edition.gerdgeorge.de "-" "Mozilla/5.0 AppleWebKit/537.36 (KHTML, like Gecko; compatible; GPTBot/1.3; +https://openai.com/gptbot)" "-"
43.173.175.0 - - [13/Dec/2025:00:24:22 +0100] "GET /entrecote-chassee/?path=/homepages/31/d696029188/htdocs/qtranslate-x/i18n-config/plugins HTTP/1.1" 200 18978 edition.gerdgeorge.de "-" "Mozilla/5.0 (Windows NT 6.1; Win64; x64) AppleWebKit/537.36 (KHTML, like Gecko) Chrome/126.0.6478.114 Safari/537.36" "-"
74.7.227.0 - - [13/Dec/2025:00:24:23 +0100] "GET /data/upload/image/649aa5964e22b.jpg?path=//proc/self/root/usr/lib/ruby/gems/2.7.0/specifications HTTP/1.1" 200 14497 edition.gerdgeorge.de "-" "Mozilla/5.0 AppleWebKit/537.36 (KHTML, like Gecko; compatible; GPTBot/1.3; +https://openai.com/gptbot)" "-"
74.7.227.0 - - [13/Dec/2025:00:24:23 +0100] "GET /data/upload/image/649aa5964e22b.jpg?path=//proc/self/root/usr/lib/ruby/gems/2.7.0/extensions HTTP/1.1" 200 13043 edition.gerdgeorge.de "-" "Mozilla/5.0 AppleWebKit/537.36 (KHTML, like Gecko; compatible; GPTBot/1.3; +https://openai.com/gptbot)" "-"
74.7.227.0 - - [13/Dec/2025:00:24:24 +0100] "GET /data/upload/image/649aa5964e22b.jpg?path=//proc/self/root/usr/lib/ruby/gems/2.7.0/doc HTTP/1.1" 200 13029 edition.gerdgeorge.de "-" "Mozilla/5.0 AppleWebKit/537.36 (KHTML, like Gecko; compatible; GPTBot/1.3; +https://openai.com/gptbot)" "-"
3.224.215.0 - - [13/Dec/2025:00:24:24 +0100] "GET /serviette-calamar/?path=//kunden/kunden/proc/thread-self/root/proc/thread-self/root/kunden/kunden/proc/self/root/lib/locale/en_CA HTTP/1.1" 200 35285 edition.gerdgeorge.de "-" "Mozilla/5.0 AppleWebKit/537.36 (KHTML, like Gecko; compatible; Amazonbot/0.1; +https://developer.amazon.com/support/amazonbot) Chrome/119.0.6045.214 Safari/537.36" "-"
74.7.227.0 - - [13/Dec/2025:00:24:24 +0100] "GET /data/upload/image/649aa5964e22b.jpg?path=//proc/self/root/usr/lib/ruby/gems/2.7.0/build_info HTTP/1.1" 200 13043 edition.gerdgeorge.de "-" "Mozilla/5.0 AppleWebKit/537.36 (KHTML, like Gecko; compatible; GPTBot/1.3; +https://openai.com/gptbot)" "-"
74.7.227.0 - - [13/Dec/2025:00:24:25 +0100] "GET /data/upload/image/649aa5964e22b.jpg?path=//proc/self/root/usr/lib/ruby/gems/2.7.0/cache HTTP/1.1" 200 13033 edition.gerdgeorge.de "-" "Mozilla/5.0 AppleWebKit/537.36 (KHTML, like Gecko; compatible; GPTBot/1.3; +https://openai.com/gptbot)" "-"
74.7.227.0 - - [13/Dec/2025:00:24:26 +0100] "GET /data/upload/image/649aa5964e22b.jpg?path=//proc/self/root/usr/lib/terminfo/c HTTP/1.1" 200 17409 edition.gerdgeorge.de "-" "Mozilla/5.0 AppleWebKit/537.36 (KHTML, like Gecko; compatible; GPTBot/1.3; +https://openai.com/gptbot)" "-"
74.7.227.0 - - [13/Dec/2025:00:24:26 +0100] "GET /data/upload/image/649aa5964e22b.jpg?path=//proc/self/root/etc/fonts/conf.avail HTTP/1.1" 200 32003 edition.gerdgeorge.de "-" "Mozilla/5.0 AppleWebKit/537.36 (KHTML, like Gecko; compatible; GPTBot/1.3; +https://openai.com/gptbot)" "-"
74.7.227.0 - - [13/Dec/2025:00:24:27 +0100] "GET /data/upload/image/649aa5964e22b.jpg?path=//proc/self/root/usr/include/rdma/hfi HTTP/1.1" 200 15955 edition.gerdgeorge.de "-" "Mozilla/5.0 AppleWebKit/537.36 (KHTML, like Gecko; compatible; GPTBot/1.3; +https://openai.com/gptbot)" "-"
74.7.227.0 - - [13/Dec/2025:00:24:27 +0100] "GET /data/upload/image/6459b7d8b7f67.jpg?path=//proc/self/root/usr/lib/terminfo/l HTTP/1.1" 200 14389 edition.gerdgeorge.de "-" "Mozilla/5.0 AppleWebKit/537.36 (KHTML, like Gecko; compatible; GPTBot/1.3; +https://openai.com/gptbot)" "-"
74.7.227.0 - - [13/Dec/2025:00:24:28 +0100] "GET /data/upload/image/6459b7d8b7f67.jpg?path=//proc/self/root/usr/lib/ruby/gems HTTP/1.1" 200 14268 edition.gerdgeorge.de "-" "Mozilla/5.0 AppleWebKit/537.36 (KHTML, like Gecko; compatible; GPTBot/1.3; +https://openai.com/gptbot)" "-"
3.89.170.0 - - [13/Dec/2025:00:24:28 +0100] "GET /cockpit/?path=//proc/self/root/proc/self/root/kunden/kunden/proc/self/root/proc/thread-self/root/lib/locale/es_CO HTTP/1.1" 200 34928 edition.gerdgeorge.de "-" "Mozilla/5.0 AppleWebKit/537.36 (KHTML, like Gecko; compatible; Amazonbot/0.1; +https://developer.amazon.com/support/amazonbot) Chrome/119.0.6045.214 Safari/537.36" "-"
74.7.227.0 - - [13/Dec/2025:00:24:28 +0100] "GET /data/upload/image/6462e3e29d23e.jpg?path=//proc/self/root/usr/lib/dpkg/methods/apt HTTP/1.1" 200 20559 edition.gerdgeorge.de "-" "Mozilla/5.0 AppleWebKit/537.36 (KHTML, like Gecko; compatible; GPTBot/1.3; +https://openai.com/gptbot)" "-"
74.7.227.0 - - [13/Dec/2025:00:24:29 +0100] "GET /data/upload/image/649aa5964e22b.jpg?path=//proc/self/root/usr/lib/ruby/gems/2.7.0/specifications/default HTTP/1.1" 200 94656 edition.gerdgeorge.de "-" "Mozilla/5.0 AppleWebKit/537.36 (KHTML, like Gecko; compatible; GPTBot/1.3; +https://openai.com/gptbot)" "-"
74.7.227.0 - - [13/Dec/2025:00:24:29 +0100] "GET /data/upload/image/6462e3e29d23e.jpg?path=//proc/self/root/usr/lib/terminfo/a HTTP/1.1" 200 14385 edition.gerdgeorge.de "-" "Mozilla/5.0 AppleWebKit/537.36 (KHTML, like Gecko; compatible; GPTBot/1.3; +https://openai.com/gptbot)" "-"
74.7.227.0 - - [13/Dec/2025:00:24:30 +0100] "GET /data/upload/image/6459b7d8b7f67.jpg?path=//proc/self/root/usr/lib/ssl/certs HTTP/1.1" 200 478586 edition.gerdgeorge.de "-" "Mozilla/5.0 AppleWebKit/537.36 (KHTML, like Gecko; compatible; GPTBot/1.3; +https://openai.com/gptbot)" "-"
74.7.227.0 - - [13/Dec/2025:00:24:31 +0100] "GET /data/upload/image/649aa5964e22b.jpg?path=//proc/self/root/usr/lib/dpkg/methods HTTP/1.1" 200 14275 edition.gerdgeorge.de "-" "Mozilla/5.0 AppleWebKit/537.36 (KHTML, like Gecko; compatible; GPTBot/1.3; +https://openai.com/gptbot)" "-"
74.7.227.0 - - [13/Dec/2025:00:24:31 +0100] "GET /data/upload/image/646606dda40a4.jpg?path=//proc/self/root/usr/lib/bfd-plugins HTTP/1.1" 200 14386 edition.gerdgeorge.de "-" "Mozilla/5.0 AppleWebKit/537.36 (KHTML, like Gecko; compatible; GPTBot/1.3; +https://openai.com/gptbot)" "-"
74.7.227.0 - - [13/Dec/2025:00:24:32 +0100] "GET /data/upload/image/64583bc31076f.jpg?path=//proc/self/root/etc/apparmor.d/local HTTP/1.1" 200 15900 edition.gerdgeorge.de "-" "Mozilla/5.0 AppleWebKit/537.36 (KHTML, like Gecko; compatible; GPTBot/1.3; +https://openai.com/gptbot)" "-"
74.7.227.0 - - [13/Dec/2025:00:24:32 +0100] "GET /data/upload/image/6462e3e29d23e.jpg?path=//proc/self/root/usr/lib/ruby/gems HTTP/1.1" 200 14268 edition.gerdgeorge.de "-" "Mozilla/5.0 AppleWebKit/537.36 (KHTML, like Gecko; compatible; GPTBot/1.3; +https://openai.com/gptbot)" "-"
54.87.95.0 - - [13/Dec/2025:00:24:33 +0100] "GET /serviette-calamar/?path=//kunden/kunden/proc/self/root/proc/thread-self/root/proc/self/root/proc/self/root/kunden/kunden/lib/locale/sl_SI/LC_MESSAGES HTTP/1.1" 200 16286 edition.gerdgeorge.de "-" "Mozilla/5.0 AppleWebKit/537.36 (KHTML, like Gecko; compatible; Amazonbot/0.1; +https://developer.amazon.com/support/amazonbot) Chrome/119.0.6045.214 Safari/537.36" "-"
74.7.227.0 - - [13/Dec/2025:00:24:33 +0100] "GET /data/upload/image/6459b7d8b7f67.jpg?path=//proc/self/root/usr/lib/locale/eo HTTP/1.1" 200 30877 edition.gerdgeorge.de "-" "Mozilla/5.0 AppleWebKit/537.36 (KHTML, like Gecko; compatible; GPTBot/1.3; +https://openai.com/gptbot)" "-"
74.7.227.0 - - [13/Dec/2025:00:24:33 +0100] "GET /data/upload/image/649aa5964e22b.jpg?path=//proc/self/root/usr/lib/terminfo/r HTTP/1.1" 200 20461 edition.gerdgeorge.de "-" "Mozilla/5.0 AppleWebKit/537.36 (KHTML, like Gecko; compatible; GPTBot/1.3; +https://openai.com/gptbot)" "-"
74.7.227.0 - - [13/Dec/2025:00:24:34 +0100] "GET /data/upload/image/6459b7d8b7f67.jpg?path=//proc/self/root/usr/lib/ruby/gems/2.7.0 HTTP/1.1" 200 21382 edition.gerdgeorge.de "-" "Mozilla/5.0 AppleWebKit/537.36 (KHTML, like Gecko; compatible; GPTBot/1.3; +https://openai.com/gptbot)" "-"
74.7.227.0 - - [13/Dec/2025:00:24:35 +0100] "GET /data/upload/image/6462e3e29d23e.jpg?path=//proc/self/root/usr/lib/terminfo/v HTTP/1.1" 200 18855 edition.gerdgeorge.de "-" "Mozilla/5.0 AppleWebKit/537.36 (KHTML, like Gecko; compatible; GPTBot/1.3; +https://openai.com/gptbot)" "-"
74.7.227.0 - - [13/Dec/2025:00:24:35 +0100] "GET /data/upload/image/649aa5964e22b.jpg?path=//proc/self/root/usr/lib/terminfo/l HTTP/1.1" 200 14389 edition.gerdgeorge.de "-" "Mozilla/5.0 AppleWebKit/537.36 (KHTML, like Gecko; compatible; GPTBot/1.3; +https://openai.com/gptbot)" "-"
74.7.227.0 - - [13/Dec/2025:00:24:36 +0100] "GET /data/upload/image/6464917a754bd.jpg?path=//proc/self/root/lib/dpkg/methods/apt HTTP/1.1" 200 20418 edition.gerdgeorge.de "-" "Mozilla/5.0 AppleWebKit/537.36 (KHTML, like Gecko; compatible; GPTBot/1.3; +https://openai.com/gptbot)" "-"
3.212.205.0 - - [13/Dec/2025:00:24:36 +0100] "GET /serviette-calamar/?path=//kunden/proc/self/root/kunden/kunden/kunden/proc/self/root/proc/self/root/proc/thread-self/root/lib/locale/bo_IN HTTP/1.1" 200 35906 edition.gerdgeorge.de "-" "Mozilla/5.0 AppleWebKit/537.36 (KHTML, like Gecko; compatible; Amazonbot/0.1; +https://developer.amazon.com/support/amazonbot) Chrome/119.0.6045.214 Safari/537.36" "-"
74.7.227.0 - - [13/Dec/2025:00:24:36 +0100] "GET /data/upload/image/6459b7d8b7f67.jpg?fileloc=//proc/self/root/usr/lib/ssl/certs/7a3adc42.0&path=//proc/self/root/usr/lib/ssl/certs HTTP/1.1" 200 14419 edition.gerdgeorge.de "-" "Mozilla/5.0 AppleWebKit/537.36 (KHTML, like Gecko; compatible; GPTBot/1.3; +https://openai.com/gptbot)" "-"
74.7.227.0 - - [13/Dec/2025:00:24:37 +0100] "GET /data/upload/image/6459b7d8b7f67.jpg?fileloc=//proc/self/root/usr/lib/ssl/certs/GlobalSign_Root_E46.pem&path=//proc/self/root/usr/lib/ssl/certs HTTP/1.1" 200 13290 edition.gerdgeorge.de "-" "Mozilla/5.0 AppleWebKit/537.36 (KHTML, like Gecko; compatible; GPTBot/1.3; +https://openai.com/gptbot)" "-"
74.7.227.0 - - [13/Dec/2025:00:24:37 +0100] "GET /data/upload/image/649aa5964e22b.jpg?path=//proc/self/root/usr/lib/dpkg/methods/apt HTTP/1.1" 200 20559 edition.gerdgeorge.de "-" "Mozilla/5.0 AppleWebKit/537.36 (KHTML, like Gecko; compatible; GPTBot/1.3; +https://openai.com/gptbot)" "-"
74.7.227.0 - - [13/Dec/2025:00:24:38 +0100] "GET /data/upload/image/649aa5964e22b.jpg?path=//proc/self/root/usr/lib/terminfo/s HTTP/1.1" 200 25018 edition.gerdgeorge.de "-" "Mozilla/5.0 AppleWebKit/537.36 (KHTML, like Gecko; compatible; GPTBot/1.3; +https://openai.com/gptbot)" "-"
74.7.227.0 - - [13/Dec/2025:00:24:38 +0100] "GET /data/upload/image/6462e3e29d23e.jpg?path=//proc/self/root/usr/lib/ruby/gems/2.7.0 HTTP/1.1" 200 21382 edition.gerdgeorge.de "-" "Mozilla/5.0 AppleWebKit/537.36 (KHTML, like Gecko; compatible; GPTBot/1.3; +https://openai.com/gptbot)" "-"
74.7.227.0 - - [13/Dec/2025:00:24:39 +0100] "GET /data/upload/image/6459b7d8b7f67.jpg?path=//proc/self/root/usr/lib/locale/eo/LC_MESSAGES HTTP/1.1" 200 14548 edition.gerdgeorge.de "-" "Mozilla/5.0 AppleWebKit/537.36 (KHTML, like Gecko; compatible; GPTBot/1.3; +https://openai.com/gptbot)" "-"
74.7.227.0 - - [13/Dec/2025:00:24:39 +0100] "GET /data/upload/image/649aa5964e22b.jpg?path=//proc/self/root/usr/lib/tmpfiles.d HTTP/1.1" 200 15873 edition.gerdgeorge.de "-" "Mozilla/5.0 AppleWebKit/537.36 (KHTML, like Gecko; compatible; GPTBot/1.3; +https://openai.com/gptbot)" "-"
3.213.46.0 - - [13/Dec/2025:00:24:40 +0100] "GET /serviette-calamar/?path=//proc/self/root/kunden/proc/self/root/kunden/proc/thread-self/root/proc/self/root/kunden/var/mail HTTP/1.1" 200 13917 edition.gerdgeorge.de "-" "Mozilla/5.0 AppleWebKit/537.36 (KHTML, like Gecko; compatible; Amazonbot/0.1; +https://developer.amazon.com/support/amazonbot) Chrome/119.0.6045.214 Safari/537.36" "-"
74.7.227.0 - - [13/Dec/2025:00:24:40 +0100] "GET /data/upload/image/6459b7d8b7f67.jpg?path=//proc/self/root/usr/lib/ruby/gems/2.7.0/specifications HTTP/1.1" 200 14497 edition.gerdgeorge.de "-" "Mozilla/5.0 AppleWebKit/537.36 (KHTML, like Gecko; compatible; GPTBot/1.3; +https://openai.com/gptbot)" "-"
74.7.227.0 - - [13/Dec/2025:00:24:41 +0100] "GET /data/upload/image/6459b7d8b7f67.jpg?path=//proc/self/root/usr/lib/ruby/gems/2.7.0/extensions HTTP/1.1" 200 13043 edition.gerdgeorge.de "-" "Mozilla/5.0 AppleWebKit/537.36 (KHTML, like Gecko; compatible; GPTBot/1.3; +https://openai.com/gptbot)" "-"
74.7.227.0 - - [13/Dec/2025:00:24:41 +0100] "GET /data/upload/image/6459b7d8b7f67.jpg?path=//proc/self/root/usr/lib/ruby/gems/2.7.0/doc HTTP/1.1" 200 13029 edition.gerdgeorge.de "-" "Mozilla/5.0 AppleWebKit/537.36 (KHTML, like Gecko; compatible; GPTBot/1.3; +https://openai.com/gptbot)" "-"
74.7.227.0 - - [13/Dec/2025:00:24:42 +0100] "GET /data/upload/image/6459b7d8b7f67.jpg?path=//proc/self/root/usr/lib/ruby/gems/2.7.0/cache HTTP/1.1" 200 13033 edition.gerdgeorge.de "-" "Mozilla/5.0 AppleWebKit/537.36 (KHTML, like Gecko; compatible; GPTBot/1.3; +https://openai.com/gptbot)" "-"
74.7.227.0 - - [13/Dec/2025:00:24:42 +0100] "GET /data/upload/image/6459b7d8b7f67.jpg?path=//proc/self/root/usr/lib/ruby/gems/2.7.0/build_info HTTP/1.1" 200 13043 edition.gerdgeorge.de "-" "Mozilla/5.0 AppleWebKit/537.36 (KHTML, like Gecko; compatible; GPTBot/1.3; +https://openai.com/gptbot)" "-"
74.7.227.0 - - [13/Dec/2025:00:24:43 +0100] "GET /data/upload/image/6464917a754bd.jpg?path=//usr/lib/python3.9/xml/etree HTTP/1.1" 200 21689 edition.gerdgeorge.de "-" "Mozilla/5.0 AppleWebKit/537.36 (KHTML, like Gecko; compatible; GPTBot/1.3; +https://openai.com/gptbot)" "-"
74.7.227.0 - - [13/Dec/2025:00:24:43 +0100] "GET /data/upload/image/649aa5964e22b.jpg?path=//usr/lib/python3.9/xml/etree HTTP/1.1" 200 21689 edition.gerdgeorge.de "-" "Mozilla/5.0 AppleWebKit/537.36 (KHTML, like Gecko; compatible; GPTBot/1.3; +https://openai.com/gptbot)" "-"
54.89.90.0 - - [13/Dec/2025:00:24:44 +0100] "GET /jets/?path=//kunden/proc/self/root/proc/self/root/proc/self/root/proc/self/root/kunden/lib/locale/ca_ES HTTP/1.1" 200 34555 edition.gerdgeorge.de "-" "Mozilla/5.0 AppleWebKit/537.36 (KHTML, like Gecko; compatible; Amazonbot/0.1; +https://developer.amazon.com/support/amazonbot) Chrome/119.0.6045.214 Safari/537.36" "-"
74.7.227.0 - - [13/Dec/2025:00:24:44 +0100] "GET /data/upload/image/6459b7d8b7f67.jpg?path=//lib/python3.9/xml/etree HTTP/1.1" 200 21551 edition.gerdgeorge.de "-" "Mozilla/5.0 AppleWebKit/537.36 (KHTML, like Gecko; compatible; GPTBot/1.3; +https://openai.com/gptbot)" "-"
74.7.227.0 - - [13/Dec/2025:00:24:44 +0100] "GET /data/upload/image/6459b7d8b7f67.jpg?path=//usr/lib/python3.9/xml/etree HTTP/1.1" 200 21689 edition.gerdgeorge.de "-" "Mozilla/5.0 AppleWebKit/537.36 (KHTML, like Gecko; compatible; GPTBot/1.3; +https://openai.com/gptbot)" "-"
74.7.227.0 - - [13/Dec/2025:00:24:45 +0100] "GET /data/upload/image/6462e3e29d23e.jpg?path=//proc/self/root/usr/lib/ruby/gems/2.7.0/specifications HTTP/1.1" 200 14497 edition.gerdgeorge.de "-" "Mozilla/5.0 AppleWebKit/537.36 (KHTML, like Gecko; compatible; GPTBot/1.3; +https://openai.com/gptbot)" "-"
74.7.227.0 - - [13/Dec/2025:00:24:46 +0100] "GET /data/upload/image/6462e3e29d23e.jpg?path=//proc/self/root/usr/lib/ruby/gems/2.7.0/extensions HTTP/1.1" 200 13043 edition.gerdgeorge.de "-" "Mozilla/5.0 AppleWebKit/537.36 (KHTML, like Gecko; compatible; GPTBot/1.3; +https://openai.com/gptbot)" "-"
74.7.227.0 - - [13/Dec/2025:00:24:46 +0100] "GET /data/upload/image/6459b7d8b7f67.jpg?path=//proc/self/root/usr/lib/ruby/gems/2.7.0/specifications/default HTTP/1.1" 200 94656 edition.gerdgeorge.de "-" "Mozilla/5.0 AppleWebKit/537.36 (KHTML, like Gecko; compatible; GPTBot/1.3; +https://openai.com/gptbot)" "-"
74.7.227.0 - - [13/Dec/2025:00:24:47 +0100] "GET /data/upload/image/6462e3e29d23e.jpg?path=//proc/self/root/usr/lib/ruby/gems/2.7.0/doc HTTP/1.1" 200 13029 edition.gerdgeorge.de "-" "Mozilla/5.0 AppleWebKit/537.36 (KHTML, like Gecko; compatible; GPTBot/1.3; +https://openai.com/gptbot)" "-"
74.7.227.0 - - [13/Dec/2025:00:24:47 +0100] "GET /data/upload/image/6462e3e29d23e.jpg?path=//proc/self/root/usr/lib/ruby/gems/2.7.0/build_info HTTP/1.1" 200 13043 edition.gerdgeorge.de "-" "Mozilla/5.0 AppleWebKit/537.36 (KHTML, like Gecko; compatible; GPTBot/1.3; +https://openai.com/gptbot)" "-"
74.7.227.0 - - [13/Dec/2025:00:24:48 +0100] "GET /data/upload/image/6462e3e29d23e.jpg?path=//proc/self/root/usr/lib/ruby/gems/2.7.0/cache HTTP/1.1" 200 13033 edition.gerdgeorge.de "-" "Mozilla/5.0 AppleWebKit/537.36 (KHTML, like Gecko; compatible; GPTBot/1.3; +https://openai.com/gptbot)" "-"
34.230.124.0 - - [13/Dec/2025:00:24:48 +0100] "GET /jets/?path=//proc/self/root/kunden/proc/self/root/proc/thread-self/root/proc/self/root/lib/locale/ti_ET HTTP/1.1" 200 34487 edition.gerdgeorge.de "-" "Mozilla/5.0 AppleWebKit/537.36 (KHTML, like Gecko; compatible; Amazonbot/0.1; +https://developer.amazon.com/support/amazonbot) Chrome/119.0.6045.214 Safari/537.36" "-"
74.7.227.0 - - [13/Dec/2025:00:24:48 +0100] "GET /data/upload/image/6464917a754bd.jpg?path=//usr/lib32 HTTP/1.1" 200 12641 edition.gerdgeorge.de "-" "Mozilla/5.0 AppleWebKit/537.36 (KHTML, like Gecko; compatible; GPTBot/1.3; +https://openai.com/gptbot)" "-"
74.7.227.0 - - [13/Dec/2025:00:24:49 +0100] "GET /data/upload/image/6836b18ddfdc9.jpg?path=//proc/self/root/usr/include/php7.4/ext/xml HTTP/1.1" 200 16077 edition.gerdgeorge.de "-" "Mozilla/5.0 AppleWebKit/537.36 (KHTML, like Gecko; compatible; GPTBot/1.3; +https://openai.com/gptbot)" "-"
74.7.227.0 - - [13/Dec/2025:00:24:49 +0100] "GET /data/upload/image/6464917a754bd.jpg?path=//usr/lib/python3.9/xml/etree/__pycache__ HTTP/1.1" 200 20860 edition.gerdgeorge.de "-" "Mozilla/5.0 AppleWebKit/537.36 (KHTML, like Gecko; compatible; GPTBot/1.3; +https://openai.com/gptbot)" "-"
74.7.227.0 - - [13/Dec/2025:00:24:50 +0100] "GET /data/upload/image/6459b7d8b7f67.jpg?path=//lib/python3.9/xml/etree/__pycache__ HTTP/1.1" 200 20730 edition.gerdgeorge.de "-" "Mozilla/5.0 AppleWebKit/537.36 (KHTML, like Gecko; compatible; GPTBot/1.3; +https://openai.com/gptbot)" "-"
74.7.227.0 - - [13/Dec/2025:00:24:50 +0100] "GET /data/upload/image/666170d0e451f.jpg?path=//proc/self/root/etc/apparmor.d/local HTTP/1.1" 200 15900 edition.gerdgeorge.de "-" "Mozilla/5.0 AppleWebKit/537.36 (KHTML, like Gecko; compatible; GPTBot/1.3; +https://openai.com/gptbot)" "-"
74.7.227.0 - - [13/Dec/2025:00:24:51 +0100] "GET /data/upload/image/6462e3e29d23e.jpg?path=//proc/self/root/usr/lib/ruby/gems/2.7.0/specifications/default HTTP/1.1" 200 94656 edition.gerdgeorge.de "-" "Mozilla/5.0 AppleWebKit/537.36 (KHTML, like Gecko; compatible; GPTBot/1.3; +https://openai.com/gptbot)" "-"
74.7.227.0 - - [13/Dec/2025:00:24:52 +0100] "GET /data/upload/image/666175ed27e9a.jpg?path=//proc/self/root/usr/lib/locale/eo HTTP/1.1" 200 30877 edition.gerdgeorge.de "-" "Mozilla/5.0 AppleWebKit/537.36 (KHTML, like Gecko; compatible; GPTBot/1.3; +https://openai.com/gptbot)" "-"
52.202.52.0 - - [13/Dec/2025:00:24:52 +0100] "GET /cockpit/?path=//proc/self/root/proc/self/root/proc/self/root/kunden/proc/self/root/kunden/lib/locale/kok_IN HTTP/1.1" 200 34586 edition.gerdgeorge.de "-" "Mozilla/5.0 AppleWebKit/537.36 (KHTML, like Gecko; compatible; Amazonbot/0.1; +https://developer.amazon.com/support/amazonbot) Chrome/119.0.6045.214 Safari/537.36" "-"
74.7.227.0 - - [13/Dec/2025:00:24:52 +0100] "GET /data/upload/image/66617162bc9a5.jpg?path=//proc/self/root/etc/apparmor.d/local HTTP/1.1" 200 15900 edition.gerdgeorge.de "-" "Mozilla/5.0 AppleWebKit/537.36 (KHTML, like Gecko; compatible; GPTBot/1.3; +https://openai.com/gptbot)" "-"
74.7.227.0 - - [13/Dec/2025:00:24:53 +0100] "GET /data/upload/image/68ba48cab1be8.jpg?path=//lib/ruby/2.7.0/observer HTTP/1.1" 200 14207 edition.gerdgeorge.de "-" "Mozilla/5.0 AppleWebKit/537.36 (KHTML, like Gecko; compatible; GPTBot/1.3; +https://openai.com/gptbot)" "-"
74.7.227.0 - - [13/Dec/2025:00:24:53 +0100] "GET /data/upload/image/64bb2abde136c.jpg?path=//lib/ruby/2.7.0/delegate HTTP/1.1" 200 14207 edition.gerdgeorge.de "-" "Mozilla/5.0 AppleWebKit/537.36 (KHTML, like Gecko; compatible; GPTBot/1.3; +https://openai.com/gptbot)" "-"
74.7.227.0 - - [13/Dec/2025:00:24:54 +0100] "GET /data/upload/image/64bb2abde136c.jpg?path=//lib/ruby/2.7.0/optparse HTTP/1.1" 200 22975 edition.gerdgeorge.de "-" "Mozilla/5.0 AppleWebKit/537.36 (KHTML, like Gecko; compatible; GPTBot/1.3; +https://openai.com/gptbot)" "-"
74.7.227.0 - - [13/Dec/2025:00:24:54 +0100] "GET /data/upload/image/68ba48cab1be8.jpg?path=//lib/ruby/2.7.0/optparse HTTP/1.1" 200 22975 edition.gerdgeorge.de "-" "Mozilla/5.0 AppleWebKit/537.36 (KHTML, like Gecko; compatible; GPTBot/1.3; +https://openai.com/gptbot)" "-"
74.7.227.0 - - [13/Dec/2025:00:24:55 +0100] "GET /data/upload/image/6836b18ddfdc9.jpg?path=//kunden/lib/python3.9/wsgiref HTTP/1.1" 200 23110 edition.gerdgeorge.de "-" "Mozilla/5.0 AppleWebKit/537.36 (KHTML, like Gecko; compatible; GPTBot/1.3; +https://openai.com/gptbot)" "-"
74.7.227.0 - - [13/Dec/2025:00:24:55 +0100] "GET /data/upload/image/6462e3e29d23e.jpg?path=//usr/lib/ruby/2.7.0/rdoc/generator/template/darkfish/images HTTP/1.1" 200 53646 edition.gerdgeorge.de "-" "Mozilla/5.0 AppleWebKit/537.36 (KHTML, like Gecko; compatible; GPTBot/1.3; +https://openai.com/gptbot)" "-"
98.83.177.0 - - [13/Dec/2025:00:24:56 +0100] "GET /serviette-calamar/?path=//proc/self/root/kunden/proc/self/root/kunden/kunden/proc/thread-self/root/proc/thread-self/root/kunden/srv HTTP/1.1" 200 13964 edition.gerdgeorge.de "-" "Mozilla/5.0 AppleWebKit/537.36 (KHTML, like Gecko; compatible; Amazonbot/0.1; +https://developer.amazon.com/support/amazonbot) Chrome/119.0.6045.214 Safari/537.36" "-"
74.7.227.0 - - [13/Dec/2025:00:24:56 +0100] "GET /data/upload/image/649aa5964e22b.jpg?path=//proc/self/root/usr/lib/ruby/2.7.0/bundler/source/rubygems HTTP/1.1" 200 14736 edition.gerdgeorge.de "-" "Mozilla/5.0 AppleWebKit/537.36 (KHTML, like Gecko; compatible; GPTBot/1.3; +https://openai.com/gptbot)" "-"
74.7.227.0 - - [13/Dec/2025:00:24:57 +0100] "GET /data/upload/image/68ba87bd2857d.jpg?path=//usr/lib/ruby/2.7.0/bundler/vendor/connection_pool/lib HTTP/1.1" 200 16111 edition.gerdgeorge.de "-" "Mozilla/5.0 AppleWebKit/537.36 (KHTML, like Gecko; compatible; GPTBot/1.3; +https://openai.com/gptbot)" "-"
74.7.227.0 - - [13/Dec/2025:00:24:57 +0100] "GET /data/upload/image/649aa5964e22b.jpg?path=//proc/self/root/usr/lib/ruby/2.7.0/bundler/plugin/installer HTTP/1.1" 200 16344 edition.gerdgeorge.de "-" "Mozilla/5.0 AppleWebKit/537.36 (KHTML, like Gecko; compatible; GPTBot/1.3; +https://openai.com/gptbot)" "-"
74.7.227.0 - - [13/Dec/2025:00:24:58 +0100] "GET /data/upload/image/666175ed27e9a.jpg?path=//proc/self/root/usr/lib/locale/eo/LC_MESSAGES HTTP/1.1" 200 14548 edition.gerdgeorge.de "-" "Mozilla/5.0 AppleWebKit/537.36 (KHTML, like Gecko; compatible; GPTBot/1.3; +https://openai.com/gptbot)" "-"
74.7.227.0 - - [13/Dec/2025:00:24:58 +0100] "GET /data/upload/image/649aa5964e22b.jpg?path=//proc/self/root/lib/ruby/2.7.0/bundler/vendor/molinillo/lib HTTP/1.1" 200 16239 edition.gerdgeorge.de "-" "Mozilla/5.0 AppleWebKit/537.36 (KHTML, like Gecko; compatible; GPTBot/1.3; +https://openai.com/gptbot)" "-"
74.7.227.0 - - [13/Dec/2025:00:24:59 +0100] "GET /data/upload/image/6462e3e29d23e.jpg?path=//proc/self/root/lib/ruby/2.7.0/bundler/templates/newgem/test HTTP/1.1" 200 16440 edition.gerdgeorge.de "-" "Mozilla/5.0 AppleWebKit/537.36 (KHTML, like Gecko; compatible; GPTBot/1.3; +https://openai.com/gptbot)" "-"
74.7.227.0 - - [13/Dec/2025:00:24:59 +0100] "GET /data/upload/image/6462e3e29d23e.jpg?path=//proc/self/root/usr/lib/ruby/2.7.0/bundler/source/rubygems HTTP/1.1" 200 14736 edition.gerdgeorge.de "-" "Mozilla/5.0 AppleWebKit/537.36 (KHTML, like Gecko; compatible; GPTBot/1.3; +https://openai.com/gptbot)" "-"
44.210.213.0 - - [13/Dec/2025:00:25:00 +0100] "GET /jets/?path=//proc/self/root/proc/self/root/kunden/proc/thread-self/root/proc/self/root/kunden/lib/locale/es_EC HTTP/1.1" 200 34943 edition.gerdgeorge.de "-" "Mozilla/5.0 AppleWebKit/537.36 (KHTML, like Gecko; compatible; Amazonbot/0.1; +https://developer.amazon.com/support/amazonbot) Chrome/119.0.6045.214 Safari/537.36" "-"
74.7.227.0 - - [13/Dec/2025:00:25:00 +0100] "GET /data/upload/image/6836b18ddfdc9.jpg?path=//proc/self/root/usr/lib/x86_64-linux-gnu/libmariadb3/plugin HTTP/1.1" 200 21250 edition.gerdgeorge.de "-" "Mozilla/5.0 AppleWebKit/537.36 (KHTML, like Gecko; compatible; GPTBot/1.3; +https://openai.com/gptbot)" "-"
74.7.227.0 - - [13/Dec/2025:00:25:01 +0100] "GET /data/upload/image/6462e3e29d23e.jpg?path=//proc/self/root/lib/ruby/2.7.0/bundler/templates/newgem/lib HTTP/1.1" 200 16230 edition.gerdgeorge.de "-" "Mozilla/5.0 AppleWebKit/537.36 (KHTML, like Gecko; compatible; GPTBot/1.3; +https://openai.com/gptbot)" "-"
74.7.227.0 - - [13/Dec/2025:00:25:01 +0100] "GET /data/upload/image/6836b18ddfdc9.jpg?path=//kunden/lib/python3.9/wsgiref/__pycache__ HTTP/1.1" 200 22374 edition.gerdgeorge.de "-" "Mozilla/5.0 AppleWebKit/537.36 (KHTML, like Gecko; compatible; GPTBot/1.3; +https://openai.com/gptbot)" "-"
74.7.227.0 - - [13/Dec/2025:00:25:02 +0100] "GET /data/upload/image/6836b18ddfdc9.jpg?path=//proc/self/root/usr/lib/x86_64-linux-gnu/perl-base/unicore/lib HTTP/1.1" 200 118031 edition.gerdgeorge.de "-" "Mozilla/5.0 AppleWebKit/537.36 (KHTML, like Gecko; compatible; GPTBot/1.3; +https://openai.com/gptbot)" "-"
74.7.227.0 - - [13/Dec/2025:00:25:02 +0100] "GET /data/upload/image/649aa5964e22b.jpg?path=//proc/self/root/lib/ruby/2.7.0/bundler/templates/newgem/lib HTTP/1.1" 200 16230 edition.gerdgeorge.de "-" "Mozilla/5.0 AppleWebKit/537.36 (KHTML, like Gecko; compatible; GPTBot/1.3; +https://openai.com/gptbot)" "-"
74.7.227.0 - - [13/Dec/2025:00:25:03 +0100] "GET /data/upload/image/649aa5964e22b.jpg?path=//proc/self/root/lib/ruby/2.7.0/bundler/vendor/fileutils/lib HTTP/1.1" 200 16240 edition.gerdgeorge.de "-" "Mozilla/5.0 AppleWebKit/537.36 (KHTML, like Gecko; compatible; GPTBot/1.3; +https://openai.com/gptbot)" "-"
74.7.227.0 - - [13/Dec/2025:00:25:04 +0100] "GET /data/upload/image/6459b7d8b7f67.jpg?path=//proc/self/root/lib/ruby/2.7.0/bundler/templates/newgem/test HTTP/1.1" 200 16440 edition.gerdgeorge.de "-" "Mozilla/5.0 AppleWebKit/537.36 (KHTML, like Gecko; compatible; GPTBot/1.3; +https://openai.com/gptbot)" "-"
44.215.61.0 - - [13/Dec/2025:00:25:04 +0100] "GET /?path=//proc/self/root/kunden/proc/self/root/kunden/proc/self/root/kunden/kunden/lib/locale/es_AR HTTP/1.1" 200 34422 edition.gerdgeorge.de "-" "Mozilla/5.0 AppleWebKit/537.36 (KHTML, like Gecko; compatible; Amazonbot/0.1; +https://developer.amazon.com/support/amazonbot) Chrome/119.0.6045.214 Safari/537.36" "-"
74.7.227.0 - - [13/Dec/2025:00:25:04 +0100] "GET /data/upload/image/6459b7d8b7f67.jpg?path=//proc/self/root/usr/lib/ruby/2.7.0/bundler/source/rubygems HTTP/1.1" 200 14736 edition.gerdgeorge.de "-" "Mozilla/5.0 AppleWebKit/537.36 (KHTML, like Gecko; compatible; GPTBot/1.3; +https://openai.com/gptbot)" "-"
74.7.227.0 - - [13/Dec/2025:00:25:05 +0100] "GET /data/upload/image/6462e3e29d23e.jpg?path=//proc/self/root/lib/ruby/2.7.0/bundler/plugin/installer HTTP/1.1" 200 16243 edition.gerdgeorge.de "-" "Mozilla/5.0 AppleWebKit/537.36 (KHTML, like Gecko; compatible; GPTBot/1.3; +https://openai.com/gptbot)" "-"
74.7.227.0 - - [13/Dec/2025:00:25:05 +0100] "GET /data/upload/image/649aa5964e22b.jpg?path=//usr/lib/ruby/2.7.0/bundler/vendor/connection_pool/lib HTTP/1.1" 200 16111 edition.gerdgeorge.de "-" "Mozilla/5.0 AppleWebKit/537.36 (KHTML, like Gecko; compatible; GPTBot/1.3; +https://openai.com/gptbot)" "-"
74.7.227.0 - - [13/Dec/2025:00:25:06 +0100] "GET /data/upload/image/6462e3e29d23e.jpg?fileloc=//proc/self/root/usr/lib/ruby/2.7.0/bundler/source/rubygems/remote.rb&path=//proc/self/root/usr/lib/ruby/2.7.0/bundler/source/rubygems HTTP/1.1" 200 14671 edition.gerdgeorge.de "-" "Mozilla/5.0 AppleWebKit/537.36 (KHTML, like Gecko; compatible; GPTBot/1.3; +https://openai.com/gptbot)" "-"
74.7.227.0 - - [13/Dec/2025:00:25:06 +0100] "GET /data/upload/image/6462e3e29d23e.jpg?path=//usr/lib/ruby/2.7.0/rdoc/generator/template/darkfish/js HTTP/1.1" 200 16264 edition.gerdgeorge.de "-" "Mozilla/5.0 AppleWebKit/537.36 (KHTML, like Gecko; compatible; GPTBot/1.3; +https://openai.com/gptbot)" "-"
74.7.227.0 - - [13/Dec/2025:00:25:07 +0100] "GET /data/upload/image/646606dda40a4.jpg?path=//usr/lib/ruby/2.7.0/rdoc/generator/template/json_index/js HTTP/1.1" 200 16303 edition.gerdgeorge.de "-" "Mozilla/5.0 AppleWebKit/537.36 (KHTML, like Gecko; compatible; GPTBot/1.3; +https://openai.com/gptbot)" "-"
74.7.227.0 - - [13/Dec/2025:00:25:07 +0100] "GET /data/upload/image/6459b7d8b7f67.jpg?path=//proc/self/root/lib/ruby/2.7.0/bundler/templates/newgem/lib HTTP/1.1" 200 16230 edition.gerdgeorge.de "-" "Mozilla/5.0 AppleWebKit/537.36 (KHTML, like Gecko; compatible; GPTBot/1.3; +https://openai.com/gptbot)" "-"
34.225.243.0 - - [13/Dec/2025:00:25:08 +0100] "GET /serviette-calamar/?path=//proc/self/root/kunden/kunden/proc/self/root/proc/self/root/kunden/proc/thread-self/root/lib/locale/id_ID HTTP/1.1" 200 35406 edition.gerdgeorge.de "-" "Mozilla/5.0 AppleWebKit/537.36 (KHTML, like Gecko; compatible; Amazonbot/0.1; +https://developer.amazon.com/support/amazonbot) Chrome/119.0.6045.214 Safari/537.36" "-"
74.7.227.0 - - [13/Dec/2025:00:25:08 +0100] "GET /data/upload/image/6462e3e29d23e.jpg?path=//proc/self/root/usr/lib/ruby/2.7.0/bundler/plugin/installer HTTP/1.1" 200 16344 edition.gerdgeorge.de "-" "Mozilla/5.0 AppleWebKit/537.36 (KHTML, like Gecko; compatible; GPTBot/1.3; +https://openai.com/gptbot)" "-"
74.7.227.0 - - [13/Dec/2025:00:25:08 +0100] "GET /data/upload/image/6459b7d8b7f67.jpg?path=//proc/self/root/lib/ruby/2.7.0/bundler/plugin/installer HTTP/1.1" 200 16243 edition.gerdgeorge.de "-" "Mozilla/5.0 AppleWebKit/537.36 (KHTML, like Gecko; compatible; GPTBot/1.3; +https://openai.com/gptbot)" "-"
74.7.227.0 - - [13/Dec/2025:00:25:09 +0100] "GET /data/upload/image/6459b7d8b7f67.jpg?path=//proc/self/root/lib/ruby/2.7.0/bundler/vendor/fileutils/lib HTTP/1.1" 200 16240 edition.gerdgeorge.de "-" "Mozilla/5.0 AppleWebKit/537.36 (KHTML, like Gecko; compatible; GPTBot/1.3; +https://openai.com/gptbot)" "-"
74.7.227.0 - - [13/Dec/2025:00:25:10 +0100] "GET /data/upload/image/6459b7d8b7f67.jpg?path=//proc/self/root/lib/ruby/2.7.0/bundler/vendor/molinillo/lib HTTP/1.1" 200 16239 edition.gerdgeorge.de "-" "Mozilla/5.0 AppleWebKit/537.36 (KHTML, like Gecko; compatible; GPTBot/1.3; +https://openai.com/gptbot)" "-"
74.7.227.0 - - [13/Dec/2025:00:25:10 +0100] "GET /data/upload/image/68ba87bd2857d.jpg?path=//usr/lib/ruby/2.7.0/rdoc/generator/template/json_index/js HTTP/1.1" 200 16303 edition.gerdgeorge.de "-" "Mozilla/5.0 AppleWebKit/537.36 (KHTML, like Gecko; compatible; GPTBot/1.3; +https://openai.com/gptbot)" "-"
74.7.227.0 - - [13/Dec/2025:00:25:11 +0100] "GET /data/upload/image/6836b18ddfdc9.jpg?path=//proc/self/root/lib/x86_64-linux-gnu/perl-base/unicore/lib HTTP/1.1" 200 117102 edition.gerdgeorge.de "-" "Mozilla/5.0 AppleWebKit/537.36 (KHTML, like Gecko; compatible; GPTBot/1.3; +https://openai.com/gptbot)" "-"
74.7.227.0 - - [13/Dec/2025:00:25:11 +0100] "GET /data/upload/image/6459b7d8b7f67.jpg?path=//proc/self/root/usr/lib/ruby/2.7.0/bundler/plugin/installer HTTP/1.1" 200 16344 edition.gerdgeorge.de "-" "Mozilla/5.0 AppleWebKit/537.36 (KHTML, like Gecko; compatible; GPTBot/1.3; +https://openai.com/gptbot)" "-"
74.7.227.0 - - [13/Dec/2025:00:25:12 +0100] "GET /data/upload/image/6459b7d8b7f67.jpg?path=//proc/self/root/lib/ruby/2.7.0/bundler/source/rubygems HTTP/1.1" 200 14651 edition.gerdgeorge.de "-" "Mozilla/5.0 AppleWebKit/537.36 (KHTML, like Gecko; compatible; GPTBot/1.3; +https://openai.com/gptbot)" "-"
74.7.227.0 - - [13/Dec/2025:00:25:12 +0100] "GET /data/upload/image/649aa5964e22b.jpg?path=//proc/self/root/lib/ruby/2.7.0/bundler/plugin/installer HTTP/1.1" 200 16243 edition.gerdgeorge.de "-" "Mozilla/5.0 AppleWebKit/537.36 (KHTML, like Gecko; compatible; GPTBot/1.3; +https://openai.com/gptbot)" "-"
34.227.156.0 - - [13/Dec/2025:00:25:13 +0100] "GET /serviette-calamar/?path=//proc/self/root/kunden/proc/thread-self/root/proc/self/root/kunden/kunden/proc/thread-self/root/sys HTTP/1.1" 200 13849 edition.gerdgeorge.de "-" "Mozilla/5.0 AppleWebKit/537.36 (KHTML, like Gecko; compatible; Amazonbot/0.1; +https://developer.amazon.com/support/amazonbot) Chrome/119.0.6045.214 Safari/537.36" "-"
74.7.227.0 - - [13/Dec/2025:00:25:13 +0100] "GET /data/upload/image/649aa5964e22b.jpg?path=//proc/self/root/lib/ruby/2.7.0/bundler/source/rubygems HTTP/1.1" 200 14651 edition.gerdgeorge.de "-" "Mozilla/5.0 AppleWebKit/537.36 (KHTML, like Gecko; compatible; GPTBot/1.3; +https://openai.com/gptbot)" "-"
74.7.227.0 - - [13/Dec/2025:00:25:14 +0100] "GET /data/upload/image/6462e3e29d23e.jpg?path=//proc/self/root/lib/ruby/2.7.0/bundler/vendor/fileutils/lib HTTP/1.1" 200 16240 edition.gerdgeorge.de "-" "Mozilla/5.0 AppleWebKit/537.36 (KHTML, like Gecko; compatible; GPTBot/1.3; +https://openai.com/gptbot)" "-"
74.7.227.0 - - [13/Dec/2025:00:25:14 +0100] "GET /data/upload/image/649aa5964e22b.jpg?path=//usr/lib/ruby/2.7.0/rdoc/generator/template/json_index/js HTTP/1.1" 200 16303 edition.gerdgeorge.de "-" "Mozilla/5.0 AppleWebKit/537.36 (KHTML, like Gecko; compatible; GPTBot/1.3; +https://openai.com/gptbot)" "-"
74.7.227.0 - - [13/Dec/2025:00:25:15 +0100] "GET /data/upload/image/649aa6fb209d3.jpg?path=//usr/lib/ruby/2.7.0/bundler/vendor/connection_pool/lib HTTP/1.1" 200 16111 edition.gerdgeorge.de "-" "Mozilla/5.0 AppleWebKit/537.36 (KHTML, like Gecko; compatible; GPTBot/1.3; +https://openai.com/gptbot)" "-"
74.7.227.0 - - [13/Dec/2025:00:25:15 +0100] "GET /data/upload/image/6462e3e29d23e.jpg?path=//proc/self/root/lib/ruby/2.7.0/bundler/vendor/molinillo/lib HTTP/1.1" 200 16239 edition.gerdgeorge.de "-" "Mozilla/5.0 AppleWebKit/537.36 (KHTML, like Gecko; compatible; GPTBot/1.3; +https://openai.com/gptbot)" "-"
3.226.34.0 - - [13/Dec/2025:00:25:16 +0100] "GET /serviette-calamar/?path=//kunden/kunden/proc/self/root/kunden/proc/self/root/proc/thread-self/root/proc/thread-self/root/kunden/lib/locale/en_IL HTTP/1.1" 200 36299 edition.gerdgeorge.de "-" "Mozilla/5.0 AppleWebKit/537.36 (KHTML, like Gecko; compatible; Amazonbot/0.1; +https://developer.amazon.com/support/amazonbot) Chrome/119.0.6045.214 Safari/537.36" "-"
74.7.227.0 - - [13/Dec/2025:00:25:16 +0100] "GET /data/upload/image/6462e3e29d23e.jpg?path=//usr/lib/ruby/2.7.0/bundler/vendor/connection_pool/lib HTTP/1.1" 200 16111 edition.gerdgeorge.de "-" "Mozilla/5.0 AppleWebKit/537.36 (KHTML, like Gecko; compatible; GPTBot/1.3; +https://openai.com/gptbot)" "-"
74.7.227.0 - - [13/Dec/2025:00:25:16 +0100] "GET /data/upload/image/646606dda40a4.jpg?path=//usr/lib/ruby/2.7.0/bundler/vendor/connection_pool/lib HTTP/1.1" 200 16111 edition.gerdgeorge.de "-" "Mozilla/5.0 AppleWebKit/537.36 (KHTML, like Gecko; compatible; GPTBot/1.3; +https://openai.com/gptbot)" "-"
74.7.227.0 - - [13/Dec/2025:00:25:17 +0100] "GET /data/upload/image/6836b18ddfdc9.jpg?path=//proc/self/root/lib/x86_64-linux-gnu/perl-base/unicore/lib/Hst HTTP/1.1" 200 14740 edition.gerdgeorge.de "-" "Mozilla/5.0 AppleWebKit/537.36 (KHTML, like Gecko; compatible; GPTBot/1.3; +https://openai.com/gptbot)" "-"
74.7.227.0 - - [13/Dec/2025:00:25:18 +0100] "GET /data/upload/image/6836b18ddfdc9.jpg?path=//proc/self/root/lib/x86_64-linux-gnu/perl-base/unicore/lib/Blk HTTP/1.1" 200 14739 edition.gerdgeorge.de "-" "Mozilla/5.0 AppleWebKit/537.36 (KHTML, like Gecko; compatible; GPTBot/1.3; +https://openai.com/gptbot)" "-"
74.7.227.0 - - [13/Dec/2025:00:25:18 +0100] "GET /data/upload/image/6836b18ddfdc9.jpg?path=//proc/self/root/lib/x86_64-linux-gnu/perl-base/unicore/lib/Ccc HTTP/1.1" 200 30756 edition.gerdgeorge.de "-" "Mozilla/5.0 AppleWebKit/537.36 (KHTML, like Gecko; compatible; GPTBot/1.3; +https://openai.com/gptbot)" "-"
74.7.227.0 - - [13/Dec/2025:00:25:19 +0100] "GET /data/upload/image/6836b18ddfdc9.jpg?path=//proc/self/root/lib/x86_64-linux-gnu/perl-base/unicore/lib/Age HTTP/1.1" 200 45268 edition.gerdgeorge.de "-" "Mozilla/5.0 AppleWebKit/537.36 (KHTML, like Gecko; compatible; GPTBot/1.3; +https://openai.com/gptbot)" "-"
74.7.227.0 - - [13/Dec/2025:00:25:19 +0100] "GET /data/upload/image/6836b18ddfdc9.jpg?path=//proc/self/root/lib/x86_64-linux-gnu/perl-base/unicore/lib/Hex HTTP/1.1" 200 14736 edition.gerdgeorge.de "-" "Mozilla/5.0 AppleWebKit/537.36 (KHTML, like Gecko; compatible; GPTBot/1.3; +https://openai.com/gptbot)" "-"
74.7.227.0 - - [13/Dec/2025:00:25:20 +0100] "GET /data/upload/image/6836b18ddfdc9.jpg?path=//proc/self/root/lib/x86_64-linux-gnu/perl-base/unicore/lib/Dep HTTP/1.1" 200 14735 edition.gerdgeorge.de "-" "Mozilla/5.0 AppleWebKit/537.36 (KHTML, like Gecko; compatible; GPTBot/1.3; +https://openai.com/gptbot)" "-"
18.210.58.0 - - [13/Dec/2025:00:25:20 +0100] "GET /serviette-calamar/?path=//kunden/kunden/proc/thread-self/root/proc/self/root/kunden/proc/self/root/kunden/lib/locale/en_NZ HTTP/1.1" 200 34873 edition.gerdgeorge.de "-" "Mozilla/5.0 AppleWebKit/537.36 (KHTML, like Gecko; compatible; Amazonbot/0.1; +https://developer.amazon.com/support/amazonbot) Chrome/119.0.6045.214 Safari/537.36" "-"
74.7.227.0 - - [13/Dec/2025:00:25:20 +0100] "GET /data/upload/image/6836b18ddfdc9.jpg?path=//proc/self/root/lib/x86_64-linux-gnu/perl-base/unicore/lib/Scx HTTP/1.1" 200 122597 edition.gerdgeorge.de "-" "Mozilla/5.0 AppleWebKit/537.36 (KHTML, like Gecko; compatible; GPTBot/1.3; +https://openai.com/gptbot)" "-"
74.7.227.0 - - [13/Dec/2025:00:25:21 +0100] "GET /data/upload/image/6836b18ddfdc9.jpg?path=//proc/self/root/lib/x86_64-linux-gnu/perl-base/unicore/lib/Bpt HTTP/1.1" 200 17930 edition.gerdgeorge.de "-" "Mozilla/5.0 AppleWebKit/537.36 (KHTML, like Gecko; compatible; GPTBot/1.3; +https://openai.com/gptbot)" "-"
74.7.227.0 - - [13/Dec/2025:00:25:21 +0100] "GET /data/upload/image/6836b18ddfdc9.jpg?path=//proc/self/root/lib/x86_64-linux-gnu/perl-base/unicore/lib/Dia HTTP/1.1" 200 14736 edition.gerdgeorge.de "-" "Mozilla/5.0 AppleWebKit/537.36 (KHTML, like Gecko; compatible; GPTBot/1.3; +https://openai.com/gptbot)" "-"
74.7.227.0 - - [13/Dec/2025:00:25:22 +0100] "GET /data/upload/image/6836b18ddfdc9.jpg?path=//proc/self/root/lib/x86_64-linux-gnu/perl-base/unicore/lib/Ext HTTP/1.1" 200 14736 edition.gerdgeorge.de "-" "Mozilla/5.0 AppleWebKit/537.36 (KHTML, like Gecko; compatible; GPTBot/1.3; +https://openai.com/gptbot)" "-"
74.7.227.0 - - [13/Dec/2025:00:25:23 +0100] "GET /data/upload/image/6836b18ddfdc9.jpg?path=//proc/self/root/lib/x86_64-linux-gnu/perl-base/unicore/lib/Sc HTTP/1.1" 200 64520 edition.gerdgeorge.de "-" "Mozilla/5.0 AppleWebKit/537.36 (KHTML, like Gecko; compatible; GPTBot/1.3; +https://openai.com/gptbot)" "-"
74.7.227.0 - - [13/Dec/2025:00:25:23 +0100] "GET /data/upload/image/6836b18ddfdc9.jpg?path=//proc/self/root/lib/x86_64-linux-gnu/perl-base/unicore/lib/Ea HTTP/1.1" 200 21109 edition.gerdgeorge.de "-" "Mozilla/5.0 AppleWebKit/537.36 (KHTML, like Gecko; compatible; GPTBot/1.3; +https://openai.com/gptbot)" "-"
54.83.180.0 - - [13/Dec/2025:00:25:24 +0100] "GET /jets/?path=//kunden/proc/self/root/proc/self/root/proc/self/root/proc/self/root/usr/lib/locale/es_PE HTTP/1.1" 200 34401 edition.gerdgeorge.de "-" "Mozilla/5.0 AppleWebKit/537.36 (KHTML, like Gecko; compatible; Amazonbot/0.1; +https://developer.amazon.com/support/amazonbot) Chrome/119.0.6045.214 Safari/537.36" "-"
74.7.227.0 - - [13/Dec/2025:00:25:24 +0100] "GET /data/upload/image/6836b18ddfdc9.jpg?path=//proc/self/root/lib/x86_64-linux-gnu/perl-base/unicore/lib/In HTTP/1.1" 200 48395 edition.gerdgeorge.de "-" "Mozilla/5.0 AppleWebKit/537.36 (KHTML, like Gecko; compatible; GPTBot/1.3; +https://openai.com/gptbot)" "-"
74.7.227.0 - - [13/Dec/2025:00:25:24 +0100] "GET /data/upload/image/6836b18ddfdc9.jpg?path=//proc/self/root/lib/x86_64-linux-gnu/perl-base/unicore/lib/Dt HTTP/1.1" 200 35590 edition.gerdgeorge.de "-" "Mozilla/5.0 AppleWebKit/537.36 (KHTML, like Gecko; compatible; GPTBot/1.3; +https://openai.com/gptbot)" "-"
74.7.227.0 - - [13/Dec/2025:00:25:25 +0100] "GET /data/upload/image/6836b18ddfdc9.jpg?path=//proc/self/root/lib/x86_64-linux-gnu/perl-base/unicore/lib/Lb HTTP/1.1" 200 45093 edition.gerdgeorge.de "-" "Mozilla/5.0 AppleWebKit/537.36 (KHTML, like Gecko; compatible; GPTBot/1.3; +https://openai.com/gptbot)" "-"
74.7.227.0 - - [13/Dec/2025:00:25:25 +0100] "GET /data/upload/image/6836b18ddfdc9.jpg?path=//proc/self/root/lib/x86_64-linux-gnu/perl-base/unicore/lib/Gc HTTP/1.1" 200 64240 edition.gerdgeorge.de "-" "Mozilla/5.0 AppleWebKit/537.36 (KHTML, like Gecko; compatible; GPTBot/1.3; +https://openai.com/gptbot)" "-"
74.7.227.0 - - [13/Dec/2025:00:25:26 +0100] "GET /data/upload/image/6836b18ddfdc9.jpg?path=//proc/self/root/lib/x86_64-linux-gnu/perl-base/unicore/lib/Nt HTTP/1.1" 200 17938 edition.gerdgeorge.de "-" "Mozilla/5.0 AppleWebKit/537.36 (KHTML, like Gecko; compatible; GPTBot/1.3; +https://openai.com/gptbot)" "-"
74.7.227.0 - - [13/Dec/2025:00:25:26 +0100] "GET /data/upload/image/6836b18ddfdc9.jpg?path=//proc/self/root/lib/x86_64-linux-gnu/perl-base/unicore/lib/Jt HTTP/1.1" 200 22699 edition.gerdgeorge.de "-" "Mozilla/5.0 AppleWebKit/537.36 (KHTML, like Gecko; compatible; GPTBot/1.3; +https://openai.com/gptbot)" "-"
74.7.227.0 - - [13/Dec/2025:00:25:27 +0100] "GET /data/upload/image/6836b18ddfdc9.jpg?path=//proc/self/root/lib/x86_64-linux-gnu/perl-base/unicore/lib/Jg HTTP/1.1" 200 42038 edition.gerdgeorge.de "-" "Mozilla/5.0 AppleWebKit/537.36 (KHTML, like Gecko; compatible; GPTBot/1.3; +https://openai.com/gptbot)" "-"
74.7.227.0 - - [13/Dec/2025:00:25:28 +0100] "GET /data/upload/image/6836b18ddfdc9.jpg?path=//proc/self/root/lib/x86_64-linux-gnu/perl-base/unicore/lib/Bc HTTP/1.1" 200 33902 edition.gerdgeorge.de "-" "Mozilla/5.0 AppleWebKit/537.36 (KHTML, like Gecko; compatible; GPTBot/1.3; +https://openai.com/gptbot)" "-"
184.72.95.0 - - [13/Dec/2025:00:25:28 +0100] "GET /serviette-calamar/?path=//proc/self/root/proc/self/root/kunden/proc/self/root/proc/self/root/kunden/kunden/usr/lib HTTP/1.1" 200 108181 edition.gerdgeorge.de "-" "Mozilla/5.0 AppleWebKit/537.36 (KHTML, like Gecko; compatible; Amazonbot/0.1; +https://developer.amazon.com/support/amazonbot) Chrome/119.0.6045.214 Safari/537.36" "-"
74.7.227.0 - - [13/Dec/2025:00:25:28 +0100] "GET /data/upload/image/6836b18ddfdc9.jpg?path=//proc/self/root/lib/x86_64-linux-gnu/perl-base/unicore/lib/Vo HTTP/1.1" 200 19519 edition.gerdgeorge.de "-" "Mozilla/5.0 AppleWebKit/537.36 (KHTML, like Gecko; compatible; GPTBot/1.3; +https://openai.com/gptbot)" "-"
74.7.227.0 - - [13/Dec/2025:00:25:29 +0100] "GET /data/upload/image/6836b18ddfdc9.jpg?path=//proc/self/root/lib/x86_64-linux-gnu/perl-base/unicore/lib/IDS HTTP/1.1" 200 14736 edition.gerdgeorge.de "-" "Mozilla/5.0 AppleWebKit/537.36 (KHTML, like Gecko; compatible; GPTBot/1.3; +https://openai.com/gptbot)" "-"
74.7.227.0 - - [13/Dec/2025:00:25:29 +0100] "GET /data/upload/image/6836b18ddfdc9.jpg?path=//proc/self/root/lib/x86_64-linux-gnu/perl-base/unicore/lib/CWL HTTP/1.1" 200 14736 edition.gerdgeorge.de "-" "Mozilla/5.0 AppleWebKit/537.36 (KHTML, like Gecko; compatible; GPTBot/1.3; +https://openai.com/gptbot)" "-"
74.7.227.0 - - [13/Dec/2025:00:25:30 +0100] "GET /data/upload/image/6836b18ddfdc9.jpg?path=//proc/self/root/lib/x86_64-linux-gnu/perl-base/unicore/lib/PCM HTTP/1.1" 200 14736 edition.gerdgeorge.de "-" "Mozilla/5.0 AppleWebKit/537.36 (KHTML, like Gecko; compatible; GPTBot/1.3; +https://openai.com/gptbot)" "-"
74.7.227.0 - - [13/Dec/2025:00:25:30 +0100] "GET /data/upload/image/6836b18ddfdc9.jpg?path=//proc/self/root/lib/x86_64-linux-gnu/perl-base/unicore/lib/GCB HTTP/1.1" 200 24356 edition.gerdgeorge.de "-" "Mozilla/5.0 AppleWebKit/537.36 (KHTML, like Gecko; compatible; GPTBot/1.3; +https://openai.com/gptbot)" "-"
74.7.227.0 - - [13/Dec/2025:00:25:31 +0100] "GET /data/upload/image/6836b18ddfdc9.jpg?path=//proc/self/root/lib/x86_64-linux-gnu/perl-base/unicore/lib/CWT HTTP/1.1" 200 14736 edition.gerdgeorge.de "-" "Mozilla/5.0 AppleWebKit/537.36 (KHTML, like Gecko; compatible; GPTBot/1.3; +https://openai.com/gptbot)" "-"
74.7.227.0 - - [13/Dec/2025:00:25:31 +0100] "GET /data/upload/image/6836b18ddfdc9.jpg?path=//proc/self/root/lib/x86_64-linux-gnu/perl-base/unicore/lib/CWU HTTP/1.1" 200 14736 edition.gerdgeorge.de "-" "Mozilla/5.0 AppleWebKit/537.36 (KHTML, like Gecko; compatible; GPTBot/1.3; +https://openai.com/gptbot)" "-"
74.7.227.0 - - [13/Dec/2025:00:25:32 +0100] "GET /data/upload/image/6836b18ddfdc9.jpg?path=//proc/self/root/lib/x86_64-linux-gnu/perl-base/unicore/lib/IDC HTTP/1.1" 200 14736 edition.gerdgeorge.de "-" "Mozilla/5.0 AppleWebKit/537.36 (KHTML, like Gecko; compatible; GPTBot/1.3; +https://openai.com/gptbot)" "-"
3.209.174.0 - - [13/Dec/2025:00:25:32 +0100] "GET /serviette-calamar/?path=//kunden/proc/self/root/kunden/proc/self/root/kunden/proc/thread-self/root/proc/self/root/lib/locale/eu_ES HTTP/1.1" 200 35439 edition.gerdgeorge.de "-" "Mozilla/5.0 AppleWebKit/537.36 (KHTML, like Gecko; compatible; Amazonbot/0.1; +https://developer.amazon.com/support/amazonbot) Chrome/119.0.6045.214 Safari/537.36" "-"
74.7.227.0 - - [13/Dec/2025:00:25:33 +0100] "GET /data/upload/image/6836b18ddfdc9.jpg?path=//proc/self/root/lib/x86_64-linux-gnu/perl-base/unicore/lib/CI HTTP/1.1" 200 14730 edition.gerdgeorge.de "-" "Mozilla/5.0 AppleWebKit/537.36 (KHTML, like Gecko; compatible; GPTBot/1.3; +https://openai.com/gptbot)" "-"
74.7.227.0 - - [13/Dec/2025:00:25:33 +0100] "GET /data/upload/image/6836b18ddfdc9.jpg?path=//proc/self/root/lib/x86_64-linux-gnu/perl-base/unicore/lib/Nv HTTP/1.1" 200 117240 edition.gerdgeorge.de "-" "Mozilla/5.0 AppleWebKit/537.36 (KHTML, like Gecko; compatible; GPTBot/1.3; +https://openai.com/gptbot)" "-"
74.7.227.0 - - [13/Dec/2025:00:25:34 +0100] "GET /data/upload/image/6836b18ddfdc9.jpg?path=//proc/self/root/lib/x86_64-linux-gnu/perl-base/unicore/lib/SD HTTP/1.1" 200 14730 edition.gerdgeorge.de "-" "Mozilla/5.0 AppleWebKit/537.36 (KHTML, like Gecko; compatible; GPTBot/1.3; +https://openai.com/gptbot)" "-"
74.7.227.0 - - [13/Dec/2025:00:25:34 +0100] "GET /data/upload/image/6836b18ddfdc9.jpg?path=//proc/self/root/lib/x86_64-linux-gnu/perl-base/unicore/lib/DI HTTP/1.1" 200 14730 edition.gerdgeorge.de "-" "Mozilla/5.0 AppleWebKit/537.36 (KHTML, like Gecko; compatible; GPTBot/1.3; +https://openai.com/gptbot)" "-"
23.21.179.0 - - [13/Dec/2025:00:25:34 +0100] "GET /robots.txt HTTP/1.1" 200 114 gerdgeorge.de "-" "Mozilla/5.0 AppleWebKit/537.36 (KHTML, like Gecko; compatible; Amazonbot/0.1; +https://developer.amazon.com/support/amazonbot) Chrome/119.0.6045.214 Safari/537.36" "-"
74.7.227.0 - - [13/Dec/2025:00:25:35 +0100] "GET /data/upload/image/6836b18ddfdc9.jpg?path=//proc/self/root/lib/x86_64-linux-gnu/perl-base/unicore/lib/SB HTTP/1.1" 200 32311 edition.gerdgeorge.de "-" "Mozilla/5.0 AppleWebKit/537.36 (KHTML, like Gecko; compatible; GPTBot/1.3; +https://openai.com/gptbot)" "-"
74.7.227.0 - - [13/Dec/2025:00:25:35 +0100] "GET /data/upload/image/6836b18ddfdc9.jpg?path=//proc/self/root/lib/x86_64-linux-gnu/perl-base/unicore/lib/CE HTTP/1.1" 200 14730 edition.gerdgeorge.de "-" "Mozilla/5.0 AppleWebKit/537.36 (KHTML, like Gecko; compatible; GPTBot/1.3; +https://openai.com/gptbot)" "-"
82.165.86.0 - - [13/Dec/2025:00:25:35 +0100] "POST /wp-cron.php?doing_wp_cron=1765581935.0430550575256347656250 HTTP/1.1" 200 - gerdgeorge.de "-" "WordPress/6.8.3; https://gerdgeorge.de" "-"
74.7.227.0 - - [13/Dec/2025:00:25:36 +0100] "GET /data/upload/image/6836b18ddfdc9.jpg?path=//proc/self/root/lib/x86_64-linux-gnu/perl-base/unicore/lib/WB HTTP/1.1" 200 32350 edition.gerdgeorge.de "-" "Mozilla/5.0 AppleWebKit/537.36 (KHTML, like Gecko; compatible; GPTBot/1.3; +https://openai.com/gptbot)" "-"
52.205.141.0 - - [13/Dec/2025:00:25:36 +0100] "GET /serviette-calamar/?path=//kunden/proc/thread-self/root/kunden/proc/self/root/kunden/proc/self/root/kunden/home HTTP/1.1" 200 13639 edition.gerdgeorge.de "-" "Mozilla/5.0 AppleWebKit/537.36 (KHTML, like Gecko; compatible; Amazonbot/0.1; +https://developer.amazon.com/support/amazonbot) Chrome/119.0.6045.214 Safari/537.36" "-"
74.7.227.0 - - [13/Dec/2025:00:25:36 +0100] "GET /data/upload/image/6462e3e29d23e.jpg?path=//usr/lib/ruby/2.7.0/rdoc/generator/template/json_index/js HTTP/1.1" 200 16303 edition.gerdgeorge.de "-" "Mozilla/5.0 AppleWebKit/537.36 (KHTML, like Gecko; compatible; GPTBot/1.3; +https://openai.com/gptbot)" "-"
74.7.227.0 - - [13/Dec/2025:00:25:37 +0100] "GET /data/upload/image/649aa5964e22b.jpg?path=//proc/self/root/lib/ruby/2.7.0/bundler/templates/newgem/test HTTP/1.1" 200 16440 edition.gerdgeorge.de "-" "Mozilla/5.0 AppleWebKit/537.36 (KHTML, like Gecko; compatible; GPTBot/1.3; +https://openai.com/gptbot)" "-"
74.7.227.0 - - [13/Dec/2025:00:25:37 +0100] "GET /data/upload/image/6462e3e29d23e.jpg?path=//proc/self/root/lib/ruby/2.7.0/bundler/source/rubygems HTTP/1.1" 200 14651 edition.gerdgeorge.de "-" "Mozilla/5.0 AppleWebKit/537.36 (KHTML, like Gecko; compatible; GPTBot/1.3; +https://openai.com/gptbot)" "-"
