74.7.227.0 - - [13/Dec/2025:00:20:34 +0100] "GET /data/upload/image/66616fcb1107e.jpg?path=//usr/lib/x86_64-linux-gnu/perl-base/unicore/lib/Lower HTTP/1.1" 200 14557 edition.gerdgeorge.de "-" "Mozilla/5.0 AppleWebKit/537.36 (KHTML, like Gecko; compatible; GPTBot/1.3; +https://openai.com/gptbot)" "-"
74.7.227.0 - - [13/Dec/2025:00:20:35 +0100] "GET /data/upload/image/66616fcb1107e.jpg?path=//usr/lib/x86_64-linux-gnu/perl-base/unicore/lib/EComp HTTP/1.1" 200 14557 edition.gerdgeorge.de "-" "Mozilla/5.0 AppleWebKit/537.36 (KHTML, like Gecko; compatible; GPTBot/1.3; +https://openai.com/gptbot)" "-"
66.249.64.0 - - [13/Dec/2025:00:20:35 +0100] "GET /?_g=1316498 HTTP/1.1" 200 177748 edition.gerdgeorge.de "-" "Mozilla/5.0 (Linux; Android 6.0.1; Nexus 5X Build/MMB29P) AppleWebKit/537.36 (KHTML, like Gecko) Chrome/141.0.7390.122 Mobile Safari/537.36 (compatible; Googlebot/2.1; +http://www.google.com/bot.html)" "-"
74.7.227.0 - - [13/Dec/2025:00:20:36 +0100] "GET /data/upload/image/66616fcb1107e.jpg?path=//usr/lib/x86_64-linux-gnu/perl-base/unicore/lib/EPres HTTP/1.1" 200 14556 edition.gerdgeorge.de "-" "Mozilla/5.0 AppleWebKit/537.36 (KHTML, like Gecko; compatible; GPTBot/1.3; +https://openai.com/gptbot)" "-"
52.70.138.0 - - [13/Dec/2025:00:20:36 +0100] "GET /lievre-hupf/?path=//kunden/proc/self/root/proc/self/root/proc/self/root/proc/self/root/kunden/dev/mapper HTTP/1.1" 200 13728 edition.gerdgeorge.de "-" "Mozilla/5.0 AppleWebKit/537.36 (KHTML, like Gecko; compatible; Amazonbot/0.1; +https://developer.amazon.com/support/amazonbot) Chrome/119.0.6045.214 Safari/537.36" "-"
74.7.227.0 - - [13/Dec/2025:00:20:36 +0100] "GET /data/upload/image/66616fcb1107e.jpg?path=//usr/lib/x86_64-linux-gnu/perl-base/unicore/lib/GrExt HTTP/1.1" 200 14557 edition.gerdgeorge.de "-" "Mozilla/5.0 AppleWebKit/537.36 (KHTML, like Gecko; compatible; GPTBot/1.3; +https://openai.com/gptbot)" "-"
74.7.227.0 - - [13/Dec/2025:00:20:37 +0100] "GET /data/upload/image/66616fcb1107e.jpg?path=//usr/lib/x86_64-linux-gnu/perl-base/unicore/lib/Emoji HTTP/1.1" 200 14557 edition.gerdgeorge.de "-" "Mozilla/5.0 AppleWebKit/537.36 (KHTML, like Gecko; compatible; GPTBot/1.3; +https://openai.com/gptbot)" "-"
74.7.227.0 - - [13/Dec/2025:00:20:37 +0100] "GET /data/upload/image/66616fcb1107e.jpg?path=//usr/lib/x86_64-linux-gnu/perl-base/unicore/lib/BidiC HTTP/1.1" 200 14557 edition.gerdgeorge.de "-" "Mozilla/5.0 AppleWebKit/537.36 (KHTML, like Gecko; compatible; GPTBot/1.3; +https://openai.com/gptbot)" "-"
66.249.64.0 - - [13/Dec/2025:00:20:37 +0100] "GET /?_g=991754 HTTP/1.1" 200 173226 edition.gerdgeorge.de "-" "Mozilla/5.0 (Linux; Android 6.0.1; Nexus 5X Build/MMB29P) AppleWebKit/537.36 (KHTML, like Gecko) Chrome/141.0.7390.122 Mobile Safari/537.36 (compatible; Googlebot/2.1; +http://www.google.com/bot.html)" "-"
74.7.227.0 - - [13/Dec/2025:00:20:38 +0100] "GET /data/upload/image/66616fcb1107e.jpg?path=//usr/lib/x86_64-linux-gnu/perl-base/unicore/lib/QMark HTTP/1.1" 200 14557 edition.gerdgeorge.de "-" "Mozilla/5.0 AppleWebKit/537.36 (KHTML, like Gecko; compatible; GPTBot/1.3; +https://openai.com/gptbot)" "-"
66.249.64.0 - - [13/Dec/2025:00:20:38 +0100] "GET /?_g=1535412 HTTP/1.1" 200 187621 edition.gerdgeorge.de "-" "Mozilla/5.0 (Linux; Android 6.0.1; Nexus 5X Build/MMB29P) AppleWebKit/537.36 (KHTML, like Gecko) Chrome/141.0.7390.122 Mobile Safari/537.36 (compatible; Googlebot/2.1; +http://www.google.com/bot.html)" "-"
74.7.227.0 - - [13/Dec/2025:00:20:38 +0100] "GET /data/upload/image/66616fcb1107e.jpg?path=//usr/lib/x86_64-linux-gnu/perl-base/unicore/lib/BidiM HTTP/1.1" 200 14557 edition.gerdgeorge.de "-" "Mozilla/5.0 AppleWebKit/537.36 (KHTML, like Gecko; compatible; GPTBot/1.3; +https://openai.com/gptbot)" "-"
66.249.64.0 - - [13/Dec/2025:00:20:38 +0100] "GET /?_g=1363812 HTTP/1.1" 200 172713 edition.gerdgeorge.de "-" "Mozilla/5.0 (Linux; Android 6.0.1; Nexus 5X Build/MMB29P) AppleWebKit/537.36 (KHTML, like Gecko) Chrome/141.0.7390.122 Mobile Safari/537.36 (compatible; Googlebot/2.1; +http://www.google.com/bot.html)" "-"
74.7.227.0 - - [13/Dec/2025:00:20:39 +0100] "GET /data/upload/image/66616fcb1107e.jpg?path=//usr/lib/x86_64-linux-gnu/perl-base/unicore/lib/UIdeo HTTP/1.1" 200 14557 edition.gerdgeorge.de "-" "Mozilla/5.0 AppleWebKit/537.36 (KHTML, like Gecko; compatible; GPTBot/1.3; +https://openai.com/gptbot)" "-"
74.7.227.0 - - [13/Dec/2025:00:20:39 +0100] "GET /data/upload/image/66616fcb1107e.jpg?path=//usr/lib/x86_64-linux-gnu/perl-base/unicore/lib/STerm HTTP/1.1" 200 14557 edition.gerdgeorge.de "-" "Mozilla/5.0 AppleWebKit/537.36 (KHTML, like Gecko; compatible; GPTBot/1.3; +https://openai.com/gptbot)" "-"
74.7.227.0 - - [13/Dec/2025:00:20:40 +0100] "GET /data/upload/image/66616fcb1107e.jpg?path=//usr/lib/x86_64-linux-gnu/perl-base/unicore/lib/EBase HTTP/1.1" 200 14557 edition.gerdgeorge.de "-" "Mozilla/5.0 AppleWebKit/537.36 (KHTML, like Gecko; compatible; GPTBot/1.3; +https://openai.com/gptbot)" "-"
44.220.2.0 - - [13/Dec/2025:00:20:40 +0100] "GET /jets/?path=//proc/self/root/proc/thread-self/root/kunden/proc/self/root/proc/self/root/lib/locale/cmn_TW/LC_MESSAGES HTTP/1.1" 200 15751 edition.gerdgeorge.de "-" "Mozilla/5.0 AppleWebKit/537.36 (KHTML, like Gecko; compatible; Amazonbot/0.1; +https://developer.amazon.com/support/amazonbot) Chrome/119.0.6045.214 Safari/537.36" "-"
66.249.64.0 - - [13/Dec/2025:00:20:40 +0100] "GET /?_g=264225 HTTP/1.1" 200 186679 edition.gerdgeorge.de "-" "Mozilla/5.0 (Linux; Android 6.0.1; Nexus 5X Build/MMB29P) AppleWebKit/537.36 (KHTML, like Gecko) Chrome/141.0.7390.122 Mobile Safari/537.36 (compatible; Googlebot/2.1; +http://www.google.com/bot.html)" "-"
74.7.227.0 - - [13/Dec/2025:00:20:40 +0100] "GET /data/upload/image/66616fcb1107e.jpg?path=//usr/lib/x86_64-linux-gnu/perl-base/unicore/lib/InSC HTTP/1.1" 200 50988 edition.gerdgeorge.de "-" "Mozilla/5.0 AppleWebKit/537.36 (KHTML, like Gecko; compatible; GPTBot/1.3; +https://openai.com/gptbot)" "-"
74.7.227.0 - - [13/Dec/2025:00:20:41 +0100] "GET /data/upload/image/66616fcb1107e.jpg?path=//usr/lib/x86_64-linux-gnu/perl-base/unicore/lib/Math HTTP/1.1" 200 14551 edition.gerdgeorge.de "-" "Mozilla/5.0 AppleWebKit/537.36 (KHTML, like Gecko; compatible; GPTBot/1.3; +https://openai.com/gptbot)" "-"
74.7.227.0 - - [13/Dec/2025:00:20:42 +0100] "GET /data/upload/image/66616fcb1107e.jpg?path=//usr/lib/x86_64-linux-gnu/perl-base/unicore/lib/Dash HTTP/1.1" 200 14551 edition.gerdgeorge.de "-" "Mozilla/5.0 AppleWebKit/537.36 (KHTML, like Gecko; compatible; GPTBot/1.3; +https://openai.com/gptbot)" "-"
66.249.64.0 - - [13/Dec/2025:00:20:42 +0100] "GET /?_g=1081439 HTTP/1.1" 200 186794 edition.gerdgeorge.de "-" "Mozilla/5.0 (Linux; Android 6.0.1; Nexus 5X Build/MMB29P) AppleWebKit/537.36 (KHTML, like Gecko) Chrome/141.0.7390.122 Mobile Safari/537.36 (compatible; Googlebot/2.1; +http://www.google.com/bot.html)" "-"
74.7.227.0 - - [13/Dec/2025:00:20:42 +0100] "GET /data/upload/image/66616fcb1107e.jpg?path=//usr/lib/x86_64-linux-gnu/perl-base/unicore/lib/CWCF HTTP/1.1" 200 14551 edition.gerdgeorge.de "-" "Mozilla/5.0 AppleWebKit/537.36 (KHTML, like Gecko; compatible; GPTBot/1.3; +https://openai.com/gptbot)" "-"
74.7.227.0 - - [13/Dec/2025:00:20:43 +0100] "GET /data/upload/image/66616fcb1107e.jpg?path=//usr/lib/x86_64-linux-gnu/perl-base/unicore/lib/InPC HTTP/1.1" 200 33528 edition.gerdgeorge.de "-" "Mozilla/5.0 AppleWebKit/537.36 (KHTML, like Gecko; compatible; GPTBot/1.3; +https://openai.com/gptbot)" "-"
74.7.227.0 - - [13/Dec/2025:00:20:43 +0100] "GET /data/upload/image/66616fcb1107e.jpg?path=//usr/lib/x86_64-linux-gnu/perl-base/unicore/lib/Term HTTP/1.1" 200 14551 edition.gerdgeorge.de "-" "Mozilla/5.0 AppleWebKit/537.36 (KHTML, like Gecko; compatible; GPTBot/1.3; +https://openai.com/gptbot)" "-"
74.7.227.0 - - [13/Dec/2025:00:20:44 +0100] "GET /data/upload/image/66616fcb1107e.jpg?path=//usr/lib/x86_64-linux-gnu/perl-base/unicore/lib/Ideo HTTP/1.1" 200 14551 edition.gerdgeorge.de "-" "Mozilla/5.0 AppleWebKit/537.36 (KHTML, like Gecko; compatible; GPTBot/1.3; +https://openai.com/gptbot)" "-"
74.7.227.0 - - [13/Dec/2025:00:20:44 +0100] "GET /data/upload/image/66616fcb1107e.jpg?path=//usr/lib/x86_64-linux-gnu/perl-base/unicore/lib/CWCM HTTP/1.1" 200 14550 edition.gerdgeorge.de "-" "Mozilla/5.0 AppleWebKit/537.36 (KHTML, like Gecko; compatible; GPTBot/1.3; +https://openai.com/gptbot)" "-"
34.226.89.0 - - [13/Dec/2025:00:20:44 +0100] "GET /?path=//proc/self/root/kunden/proc/thread-self/root/proc/thread-self/root/proc/self/root/lib/locale/en_CA HTTP/1.1" 200 34903 edition.gerdgeorge.de "-" "Mozilla/5.0 AppleWebKit/537.36 (KHTML, like Gecko; compatible; Amazonbot/0.1; +https://developer.amazon.com/support/amazonbot) Chrome/119.0.6045.214 Safari/537.36" "-"
74.7.227.0 - - [13/Dec/2025:00:20:45 +0100] "GET /data/upload/image/66616fcb1107e.jpg?path=//usr/lib/x86_64-linux-gnu/perl-base/unicore/lib/NFKDQC HTTP/1.1" 200 16129 edition.gerdgeorge.de "-" "Mozilla/5.0 AppleWebKit/537.36 (KHTML, like Gecko; compatible; GPTBot/1.3; +https://openai.com/gptbot)" "-"
74.7.227.0 - - [13/Dec/2025:00:20:46 +0100] "GET /data/upload/image/66616fcb1107e.jpg?path=//usr/lib/x86_64-linux-gnu/perl-base/unicore/lib/NFKCQC HTTP/1.1" 200 16129 edition.gerdgeorge.de "-" "Mozilla/5.0 AppleWebKit/537.36 (KHTML, like Gecko; compatible; GPTBot/1.3; +https://openai.com/gptbot)" "-"
74.7.227.0 - - [13/Dec/2025:00:20:46 +0100] "GET /data/upload/image/6661718a9bb90.jpg?path=//lib/x86_64-linux-gnu/perl-base/unicore/lib/IdStatus HTTP/1.1" 200 16115 edition.gerdgeorge.de "-" "Mozilla/5.0 AppleWebKit/537.36 (KHTML, like Gecko; compatible; GPTBot/1.3; +https://openai.com/gptbot)" "-"
74.7.227.0 - - [13/Dec/2025:00:20:47 +0100] "GET /data/upload/image/6661718a9bb90.jpg?path=//lib/x86_64-linux-gnu/perl-base/unicore/lib/ExtPict HTTP/1.1" 200 14499 edition.gerdgeorge.de "-" "Mozilla/5.0 AppleWebKit/537.36 (KHTML, like Gecko; compatible; GPTBot/1.3; +https://openai.com/gptbot)" "-"
74.7.227.0 - - [13/Dec/2025:00:20:47 +0100] "GET /data/upload/image/6661718a9bb90.jpg?path=//lib/x86_64-linux-gnu/perl-base/unicore/lib/Cased HTTP/1.1" 200 14487 edition.gerdgeorge.de "-" "Mozilla/5.0 AppleWebKit/537.36 (KHTML, like Gecko; compatible; GPTBot/1.3; +https://openai.com/gptbot)" "-"
18.215.49.0 - - [13/Dec/2025:00:20:48 +0100] "GET /serviette-calamar/?path=//kunden/proc/self/root/kunden/proc/self/root/proc/thread-self/root/proc/self/root/kunden/lib/locale/ro_RO HTTP/1.1" 200 35434 edition.gerdgeorge.de "-" "Mozilla/5.0 AppleWebKit/537.36 (KHTML, like Gecko; compatible; Amazonbot/0.1; +https://developer.amazon.com/support/amazonbot) Chrome/119.0.6045.214 Safari/537.36" "-"
74.7.227.0 - - [13/Dec/2025:00:20:48 +0100] "GET /data/upload/image/6661718a9bb90.jpg?path=//lib/x86_64-linux-gnu/perl-base/unicore/lib/InPC HTTP/1.1" 200 33266 edition.gerdgeorge.de "-" "Mozilla/5.0 AppleWebKit/537.36 (KHTML, like Gecko; compatible; GPTBot/1.3; +https://openai.com/gptbot)" "-"
74.7.227.0 - - [13/Dec/2025:00:20:48 +0100] "GET /data/upload/image/6661718a9bb90.jpg?path=//lib/x86_64-linux-gnu/perl-base/unicore/lib/InSC HTTP/1.1" 200 50550 edition.gerdgeorge.de "-" "Mozilla/5.0 AppleWebKit/537.36 (KHTML, like Gecko; compatible; GPTBot/1.3; +https://openai.com/gptbot)" "-"
74.7.227.0 - - [13/Dec/2025:00:20:49 +0100] "GET /data/upload/image/6661718a9bb90.jpg?path=//lib/x86_64-linux-gnu/perl-base/unicore/lib/CWL HTTP/1.1" 200 14475 edition.gerdgeorge.de "-" "Mozilla/5.0 AppleWebKit/537.36 (KHTML, like Gecko; compatible; GPTBot/1.3; +https://openai.com/gptbot)" "-"
74.7.227.0 - - [13/Dec/2025:00:20:50 +0100] "GET /data/upload/image/6661718a9bb90.jpg?path=//lib/x86_64-linux-gnu/perl-base/unicore/lib/Ccc HTTP/1.1" 200 29895 edition.gerdgeorge.de "-" "Mozilla/5.0 AppleWebKit/537.36 (KHTML, like Gecko; compatible; GPTBot/1.3; +https://openai.com/gptbot)" "-"
74.7.227.0 - - [13/Dec/2025:00:20:50 +0100] "GET /data/upload/image/6661718a9bb90.jpg?path=//lib/x86_64-linux-gnu/perl-base/unicore/lib/Hex HTTP/1.1" 200 14475 edition.gerdgeorge.de "-" "Mozilla/5.0 AppleWebKit/537.36 (KHTML, like Gecko; compatible; GPTBot/1.3; +https://openai.com/gptbot)" "-"
74.7.227.0 - - [13/Dec/2025:00:20:51 +0100] "GET /data/upload/image/6661718a9bb90.jpg?path=//lib/x86_64-linux-gnu/perl-base/unicore/lib/Math HTTP/1.1" 200 14481 edition.gerdgeorge.de "-" "Mozilla/5.0 AppleWebKit/537.36 (KHTML, like Gecko; compatible; GPTBot/1.3; +https://openai.com/gptbot)" "-"
74.7.227.0 - - [13/Dec/2025:00:20:51 +0100] "GET /data/upload/image/6661718a9bb90.jpg?path=//lib/x86_64-linux-gnu/perl-base/unicore/lib/Lower HTTP/1.1" 200 14487 edition.gerdgeorge.de "-" "Mozilla/5.0 AppleWebKit/537.36 (KHTML, like Gecko; compatible; GPTBot/1.3; +https://openai.com/gptbot)" "-"
74.7.227.0 - - [13/Dec/2025:00:20:52 +0100] "GET /data/upload/image/6661718a9bb90.jpg?path=//lib/x86_64-linux-gnu/perl-base/unicore/lib/EComp HTTP/1.1" 200 14487 edition.gerdgeorge.de "-" "Mozilla/5.0 AppleWebKit/537.36 (KHTML, like Gecko; compatible; GPTBot/1.3; +https://openai.com/gptbot)" "-"
74.7.227.0 - - [13/Dec/2025:00:20:52 +0100] "GET /data/upload/image/6661718a9bb90.jpg?path=//lib/x86_64-linux-gnu/perl-base/unicore/lib/UIdeo HTTP/1.1" 200 14487 edition.gerdgeorge.de "-" "Mozilla/5.0 AppleWebKit/537.36 (KHTML, like Gecko; compatible; GPTBot/1.3; +https://openai.com/gptbot)" "-"
18.214.138.0 - - [13/Dec/2025:00:20:53 +0100] "GET /cockpit/?path=//kunden/proc/self/root/kunden/kunden/kunden/proc/self/root/proc/self/root/lib/locale/es_CR HTTP/1.1" 200 34458 edition.gerdgeorge.de "-" "Mozilla/5.0 AppleWebKit/537.36 (KHTML, like Gecko; compatible; Amazonbot/0.1; +https://developer.amazon.com/support/amazonbot) Chrome/119.0.6045.214 Safari/537.36" "-"
74.7.227.0 - - [13/Dec/2025:00:20:53 +0100] "GET /data/upload/image/6661718a9bb90.jpg?path=//lib/x86_64-linux-gnu/perl-base/unicore/lib/Blk HTTP/1.1" 200 14478 edition.gerdgeorge.de "-" "Mozilla/5.0 AppleWebKit/537.36 (KHTML, like Gecko; compatible; GPTBot/1.3; +https://openai.com/gptbot)" "-"
74.7.227.0 - - [13/Dec/2025:00:20:53 +0100] "GET /data/upload/image/6661718a9bb90.jpg?path=//lib/x86_64-linux-gnu/perl-base/unicore/lib/BidiM HTTP/1.1" 200 14487 edition.gerdgeorge.de "-" "Mozilla/5.0 AppleWebKit/537.36 (KHTML, like Gecko; compatible; GPTBot/1.3; +https://openai.com/gptbot)" "-"
74.7.227.0 - - [13/Dec/2025:00:20:54 +0100] "GET /data/upload/image/6661718a9bb90.jpg?path=//lib/x86_64-linux-gnu/perl-base/unicore/lib/Hst HTTP/1.1" 200 14479 edition.gerdgeorge.de "-" "Mozilla/5.0 AppleWebKit/537.36 (KHTML, like Gecko; compatible; GPTBot/1.3; +https://openai.com/gptbot)" "-"
74.7.227.0 - - [13/Dec/2025:00:20:54 +0100] "GET /data/upload/image/6661718a9bb90.jpg?path=//lib/x86_64-linux-gnu/perl-base/unicore/lib/PCM HTTP/1.1" 200 14475 edition.gerdgeorge.de "-" "Mozilla/5.0 AppleWebKit/537.36 (KHTML, like Gecko; compatible; GPTBot/1.3; +https://openai.com/gptbot)" "-"
74.7.227.0 - - [13/Dec/2025:00:20:55 +0100] "GET /data/upload/image/6661718a9bb90.jpg?path=//lib/x86_64-linux-gnu/perl-base/unicore/lib/GCB HTTP/1.1" 200 23735 edition.gerdgeorge.de "-" "Mozilla/5.0 AppleWebKit/537.36 (KHTML, like Gecko; compatible; GPTBot/1.3; +https://openai.com/gptbot)" "-"
74.7.227.0 - - [13/Dec/2025:00:20:56 +0100] "GET /data/upload/image/6661718a9bb90.jpg?path=//lib/x86_64-linux-gnu/perl-base/unicore/lib/IdType HTTP/1.1" 200 30289 edition.gerdgeorge.de "-" "Mozilla/5.0 AppleWebKit/537.36 (KHTML, like Gecko; compatible; GPTBot/1.3; +https://openai.com/gptbot)" "-"
3.94.199.0 - - [13/Dec/2025:00:20:56 +0100] "GET /serviette-calamar/?path=//kunden/kunden/kunden/proc/self/root/proc/thread-self/root/kunden/proc/thread-self/root/proc/thread-self/net HTTP/1.1" 200 108142 edition.gerdgeorge.de "-" "Mozilla/5.0 AppleWebKit/537.36 (KHTML, like Gecko; compatible; Amazonbot/0.1; +https://developer.amazon.com/support/amazonbot) Chrome/119.0.6045.214 Safari/537.36" "-"
43.173.182.0 - - [13/Dec/2025:00:20:56 +0100] "GET /de/le-grand-bordel/?fileloc=//CBI_ID&path=/ HTTP/1.1" 200 12174 edition.gerdgeorge.de "-" "Mozilla/5.0 (Windows NT 6.1; Win64; x64) AppleWebKit/537.36 (KHTML, like Gecko) Chrome/126.0.6478.114 Safari/537.36" "-"
74.7.227.0 - - [13/Dec/2025:00:20:56 +0100] "GET /data/upload/image/6661718a9bb90.jpg?path=//lib/x86_64-linux-gnu/perl-base/unicore/lib/Hyphen HTTP/1.1" 200 14493 edition.gerdgeorge.de "-" "Mozilla/5.0 AppleWebKit/537.36 (KHTML, like Gecko; compatible; GPTBot/1.3; +https://openai.com/gptbot)" "-"
43.173.174.0 - - [13/Dec/2025:00:20:57 +0100] "GET /jet-blast?path=/homepages/31/d696029188/htdocs/Neu_EditionsGeorge/neu_wordpress HTTP/1.1" 200 16049 edition.gerdgeorge.de "-" "Mozilla/5.0 (Windows NT 6.1; Win64; x64) AppleWebKit/537.36 (KHTML, like Gecko) Chrome/126.0.6478.114 Safari/537.36" "-"
43.173.179.0 - - [13/Dec/2025:00:20:57 +0100] "GET /langues-aneliques/?path=/homepages/31/d696461682/managed HTTP/1.1" 200 12768 edition.gerdgeorge.de "-" "Mozilla/5.0 (Windows NT 6.1; Win64; x64) AppleWebKit/537.36 (KHTML, like Gecko) Chrome/126.0.6478.114 Safari/537.36" "-"
43.173.178.0 - - [13/Dec/2025:00:20:57 +0100] "GET /imprint/?path=//homepages/13/d696416168 HTTP/1.1" 200 32828 edition.gerdgeorge.de "-" "Mozilla/5.0 (Windows NT 6.1; Win64; x64) AppleWebKit/537.36 (KHTML, like Gecko) Chrome/126.0.6478.114 Safari/537.36" "-"
74.7.227.0 - - [13/Dec/2025:00:20:57 +0100] "GET /data/upload/image/6661718a9bb90.jpg?path=//lib/x86_64-linux-gnu/perl-base/unicore/lib/GrExt HTTP/1.1" 200 14487 edition.gerdgeorge.de "-" "Mozilla/5.0 AppleWebKit/537.36 (KHTML, like Gecko; compatible; GPTBot/1.3; +https://openai.com/gptbot)" "-"
74.7.227.0 - - [13/Dec/2025:00:20:57 +0100] "GET /data/upload/image/6661718a9bb90.jpg?path=//lib/x86_64-linux-gnu/perl-base/unicore/lib/CWT HTTP/1.1" 200 14475 edition.gerdgeorge.de "-" "Mozilla/5.0 AppleWebKit/537.36 (KHTML, like Gecko; compatible; GPTBot/1.3; +https://openai.com/gptbot)" "-"
74.7.227.0 - - [13/Dec/2025:00:20:58 +0100] "GET /data/upload/image/6661718a9bb90.jpg?path=//lib/x86_64-linux-gnu/perl-base/unicore/lib/GrBase HTTP/1.1" 200 14493 edition.gerdgeorge.de "-" "Mozilla/5.0 AppleWebKit/537.36 (KHTML, like Gecko; compatible; GPTBot/1.3; +https://openai.com/gptbot)" "-"
43.173.174.0 - - [13/Dec/2025:00:20:58 +0100] "GET /serviette-calamar/?path=/homepages/31/d696029188/htdocs/Neu_EditionsGeorge/neu_wordpress/moti/well-known/pki-validation/g/b/b HTTP/1.1" 200 26139 edition.gerdgeorge.de "-" "Mozilla/5.0 (Windows NT 6.1; Win64; x64) AppleWebKit/537.36 (KHTML, like Gecko) Chrome/126.0.6478.114 Safari/537.36" "-"
74.7.227.0 - - [13/Dec/2025:00:20:58 +0100] "GET /data/upload/image/6661718a9bb90.jpg?path=//lib/x86_64-linux-gnu/perl-base/unicore/lib/Ext HTTP/1.1" 200 14475 edition.gerdgeorge.de "-" "Mozilla/5.0 AppleWebKit/537.36 (KHTML, like Gecko; compatible; GPTBot/1.3; +https://openai.com/gptbot)" "-"
74.7.227.0 - - [13/Dec/2025:00:20:59 +0100] "GET /data/upload/image/6661718a9bb90.jpg?path=//lib/x86_64-linux-gnu/perl-base/unicore/lib/PatSyn HTTP/1.1" 200 14492 edition.gerdgeorge.de "-" "Mozilla/5.0 AppleWebKit/537.36 (KHTML, like Gecko; compatible; GPTBot/1.3; +https://openai.com/gptbot)" "-"
74.7.227.0 - - [13/Dec/2025:00:21:00 +0100] "GET /data/upload/image/6661718a9bb90.jpg?path=//lib/x86_64-linux-gnu/perl-base/unicore/lib/Scx HTTP/1.1" 200 118316 edition.gerdgeorge.de "-" "Mozilla/5.0 AppleWebKit/537.36 (KHTML, like Gecko; compatible; GPTBot/1.3; +https://openai.com/gptbot)" "-"
50.19.221.0 - - [13/Dec/2025:00:21:00 +0100] "GET /serviette-calamar/?path=//proc/self/root/kunden/proc/self/root/kunden/kunden/kunden/proc/self/root/proc/self/root/lib/locale/en_AU/LC_MESSAGES HTTP/1.1" 200 16159 edition.gerdgeorge.de "-" "Mozilla/5.0 AppleWebKit/537.36 (KHTML, like Gecko; compatible; Amazonbot/0.1; +https://developer.amazon.com/support/amazonbot) Chrome/119.0.6045.214 Safari/537.36" "-"
74.7.227.0 - - [13/Dec/2025:00:21:00 +0100] "GET /data/upload/image/6661718a9bb90.jpg?path=//lib/x86_64-linux-gnu/perl-base/unicore/lib/EPres HTTP/1.1" 200 14486 edition.gerdgeorge.de "-" "Mozilla/5.0 AppleWebKit/537.36 (KHTML, like Gecko; compatible; GPTBot/1.3; +https://openai.com/gptbot)" "-"
74.7.227.0 - - [13/Dec/2025:00:21:01 +0100] "GET /data/upload/image/6661718a9bb90.jpg?path=//lib/x86_64-linux-gnu/perl-base/unicore/lib/CompEx HTTP/1.1" 200 14492 edition.gerdgeorge.de "-" "Mozilla/5.0 AppleWebKit/537.36 (KHTML, like Gecko; compatible; GPTBot/1.3; +https://openai.com/gptbot)" "-"
74.7.227.0 - - [13/Dec/2025:00:21:01 +0100] "GET /data/upload/image/6661718a9bb90.jpg?path=//lib/x86_64-linux-gnu/perl-base/unicore/lib/Term HTTP/1.1" 200 14481 edition.gerdgeorge.de "-" "Mozilla/5.0 AppleWebKit/537.36 (KHTML, like Gecko; compatible; GPTBot/1.3; +https://openai.com/gptbot)" "-"
74.7.227.0 - - [13/Dec/2025:00:21:02 +0100] "GET /data/upload/image/6661718a9bb90.jpg?path=//lib/x86_64-linux-gnu/perl-base/unicore/lib/Bpt HTTP/1.1" 200 17549 edition.gerdgeorge.de "-" "Mozilla/5.0 AppleWebKit/537.36 (KHTML, like Gecko; compatible; GPTBot/1.3; +https://openai.com/gptbot)" "-"
74.7.227.0 - - [13/Dec/2025:00:21:02 +0100] "GET /data/upload/image/6661718a9bb90.jpg?path=//lib/x86_64-linux-gnu/perl-base/unicore/lib/IDC HTTP/1.1" 200 14475 edition.gerdgeorge.de "-" "Mozilla/5.0 AppleWebKit/537.36 (KHTML, like Gecko; compatible; GPTBot/1.3; +https://openai.com/gptbot)" "-"
74.7.227.0 - - [13/Dec/2025:00:21:03 +0100] "GET /data/upload/image/6661718a9bb90.jpg?path=//lib/x86_64-linux-gnu/perl-base/unicore/lib/EBase HTTP/1.1" 200 14487 edition.gerdgeorge.de "-" "Mozilla/5.0 AppleWebKit/537.36 (KHTML, like Gecko; compatible; GPTBot/1.3; +https://openai.com/gptbot)" "-"
74.7.227.0 - - [13/Dec/2025:00:21:04 +0100] "GET /data/upload/image/6661718a9bb90.jpg?path=//lib/x86_64-linux-gnu/perl-base/unicore/lib/Perl HTTP/1.1" 200 48972 edition.gerdgeorge.de "-" "Mozilla/5.0 AppleWebKit/537.36 (KHTML, like Gecko; compatible; GPTBot/1.3; +https://openai.com/gptbot)" "-"
44.217.177.0 - - [13/Dec/2025:00:21:04 +0100] "GET /serviette-calamar/?path=//kunden/proc/self/root/kunden/proc/self/root/kunden/proc/self/root/kunden/proc/self/root/lib/mc/ext.d HTTP/1.1" 200 30061 edition.gerdgeorge.de "-" "Mozilla/5.0 AppleWebKit/537.36 (KHTML, like Gecko; compatible; Amazonbot/0.1; +https://developer.amazon.com/support/amazonbot) Chrome/119.0.6045.214 Safari/537.36" "-"
74.7.227.0 - - [13/Dec/2025:00:21:04 +0100] "GET /data/upload/image/6661718a9bb90.jpg?path=//lib/x86_64-linux-gnu/perl-base/unicore/lib/CWU HTTP/1.1" 200 14475 edition.gerdgeorge.de "-" "Mozilla/5.0 AppleWebKit/537.36 (KHTML, like Gecko; compatible; GPTBot/1.3; +https://openai.com/gptbot)" "-"
74.7.227.0 - - [13/Dec/2025:00:21:05 +0100] "GET /data/upload/image/6661718a9bb90.jpg?path=//lib/x86_64-linux-gnu/perl-base/unicore/lib/Dash HTTP/1.1" 200 14481 edition.gerdgeorge.de "-" "Mozilla/5.0 AppleWebKit/537.36 (KHTML, like Gecko; compatible; GPTBot/1.3; +https://openai.com/gptbot)" "-"
74.7.227.0 - - [13/Dec/2025:00:21:05 +0100] "GET /data/upload/image/6661718a9bb90.jpg?path=//lib/x86_64-linux-gnu/perl-base/unicore/lib/BidiC HTTP/1.1" 200 14487 edition.gerdgeorge.de "-" "Mozilla/5.0 AppleWebKit/537.36 (KHTML, like Gecko; compatible; GPTBot/1.3; +https://openai.com/gptbot)" "-"
74.7.227.0 - - [13/Dec/2025:00:21:06 +0100] "GET /data/upload/image/6661718a9bb90.jpg?path=//lib/x86_64-linux-gnu/perl-base/unicore/lib/Ideo HTTP/1.1" 200 14481 edition.gerdgeorge.de "-" "Mozilla/5.0 AppleWebKit/537.36 (KHTML, like Gecko; compatible; GPTBot/1.3; +https://openai.com/gptbot)" "-"
74.7.227.0 - - [13/Dec/2025:00:21:06 +0100] "GET /data/upload/image/6661718a9bb90.jpg?path=//lib/x86_64-linux-gnu/perl-base/unicore/lib/QMark HTTP/1.1" 200 14487 edition.gerdgeorge.de "-" "Mozilla/5.0 AppleWebKit/537.36 (KHTML, like Gecko; compatible; GPTBot/1.3; +https://openai.com/gptbot)" "-"
74.7.227.0 - - [13/Dec/2025:00:21:07 +0100] "GET /data/upload/image/6661718a9bb90.jpg?path=//lib/x86_64-linux-gnu/perl-base/unicore/lib/STerm HTTP/1.1" 200 14487 edition.gerdgeorge.de "-" "Mozilla/5.0 AppleWebKit/537.36 (KHTML, like Gecko; compatible; GPTBot/1.3; +https://openai.com/gptbot)" "-"
43.173.178.0 - - [13/Dec/2025:00:21:07 +0100] "GET /pardon-my-french/?path=/homepages/31/d696029188/htdocs/web/stats/2017-1 HTTP/1.1" 200 51683 edition.gerdgeorge.de "-" "Mozilla/5.0 (Windows NT 6.1; Win64; x64) AppleWebKit/537.36 (KHTML, like Gecko) Chrome/126.0.6478.114 Safari/537.36" "-"
43.173.175.0 - - [13/Dec/2025:00:21:07 +0100] "GET /balade-en-mer/?path=/homepages/31/d679563208/managed HTTP/1.1" 200 12768 edition.gerdgeorge.de "-" "Mozilla/5.0 (Windows NT 6.1; Win64; x64) AppleWebKit/537.36 (KHTML, like Gecko) Chrome/126.0.6478.114 Safari/537.36" "-"
43.173.175.0 - - [13/Dec/2025:00:21:07 +0100] "GET /mare-uno?path=/homepages/31/d697088380 HTTP/1.1" 200 29934 edition.gerdgeorge.de "-" "Mozilla/5.0 (Windows NT 6.1; Win64; x64) AppleWebKit/537.36 (KHTML, like Gecko) Chrome/126.0.6478.114 Safari/537.36" "-"
74.7.227.0 - - [13/Dec/2025:00:21:08 +0100] "GET /data/upload/image/6661718a9bb90.jpg?path=//lib/x86_64-linux-gnu/perl-base/unicore/lib/IDS HTTP/1.1" 200 14475 edition.gerdgeorge.de "-" "Mozilla/5.0 AppleWebKit/537.36 (KHTML, like Gecko; compatible; GPTBot/1.3; +https://openai.com/gptbot)" "-"
43.173.181.0 - - [13/Dec/2025:00:21:08 +0100] "GET /mare/?fileloc=/homepages/31/d696029188/htdocs/Neu_EditionsGeorge/neu_wordpress/moti/wp-content/uploads/2024/09/WhatsApp-Image-2024-04-29-at-15.58.52_c03e4638-233x300.jpg&path=/homepages/31/d696029188/htdocs/Neu_EditionsGeorge/neu_wordpress/moti/wp-content/uploads/2024/09 HTTP/1.1" 200 13244 edition.gerdgeorge.de "-" "Mozilla/5.0 (Windows NT 6.1; Win64; x64) AppleWebKit/537.36 (KHTML, like Gecko) Chrome/126.0.6478.114 Safari/537.36" "-"
34.233.114.0 - - [13/Dec/2025:00:21:08 +0100] "GET /serviette-calamar/?path=//kunden/proc/self/root/proc/self/root/kunden/kunden/kunden/proc/self/root/proc/self/root/lib/locale/sc_IT/LC_MESSAGES HTTP/1.1" 200 16165 edition.gerdgeorge.de "-" "Mozilla/5.0 AppleWebKit/537.36 (KHTML, like Gecko; compatible; Amazonbot/0.1; +https://developer.amazon.com/support/amazonbot) Chrome/119.0.6045.214 Safari/537.36" "-"
74.7.227.0 - - [13/Dec/2025:00:21:08 +0100] "GET /data/upload/image/6661718a9bb90.jpg?path=//lib/x86_64-linux-gnu/perl-base/unicore/lib/Age HTTP/1.1" 200 43867 edition.gerdgeorge.de "-" "Mozilla/5.0 AppleWebKit/537.36 (KHTML, like Gecko; compatible; GPTBot/1.3; +https://openai.com/gptbot)" "-"
74.7.227.0 - - [13/Dec/2025:00:21:09 +0100] "GET /data/upload/image/6661718a9bb90.jpg?path=//lib/x86_64-linux-gnu/perl-base/unicore/lib/Emoji HTTP/1.1" 200 14487 edition.gerdgeorge.de "-" "Mozilla/5.0 AppleWebKit/537.36 (KHTML, like Gecko; compatible; GPTBot/1.3; +https://openai.com/gptbot)" "-"
43.173.173.0 - - [13/Dec/2025:00:21:09 +0100] "GET /test/?path=/homepages/31/d696029188/htdocs/Neu_EditionsGeorge/neu_wordpress/moti/wp-content/well-known/acme-challenge/b HTTP/1.1" 200 26270 edition.gerdgeorge.de "-" "Mozilla/5.0 (Windows NT 6.1; Win64; x64) AppleWebKit/537.36 (KHTML, like Gecko) Chrome/126.0.6478.114 Safari/537.36" "-"
74.7.227.0 - - [13/Dec/2025:00:21:09 +0100] "GET /data/upload/image/66616fcb1107e.jpg?path=//usr/lib/x86_64-linux-gnu/perl-base/unicore/lib/SD HTTP/1.1" 200 14539 edition.gerdgeorge.de "-" "Mozilla/5.0 AppleWebKit/537.36 (KHTML, like Gecko; compatible; GPTBot/1.3; +https://openai.com/gptbot)" "-"
74.7.227.0 - - [13/Dec/2025:00:21:10 +0100] "GET /data/upload/image/66616fcb1107e.jpg?path=//usr/lib/x86_64-linux-gnu/perl-base/unicore/lib/Vo HTTP/1.1" 200 19196 edition.gerdgeorge.de "-" "Mozilla/5.0 AppleWebKit/537.36 (KHTML, like Gecko; compatible; GPTBot/1.3; +https://openai.com/gptbot)" "-"
74.7.227.0 - - [13/Dec/2025:00:21:10 +0100] "GET /data/upload/image/66616fcb1107e.jpg?path=//usr/lib/x86_64-linux-gnu/perl-base/unicore/lib/Ccc HTTP/1.1" 200 30125 edition.gerdgeorge.de "-" "Mozilla/5.0 AppleWebKit/537.36 (KHTML, like Gecko; compatible; GPTBot/1.3; +https://openai.com/gptbot)" "-"
74.7.227.0 - - [13/Dec/2025:00:21:11 +0100] "GET /data/upload/image/66616fcb1107e.jpg?path=//usr/lib/x86_64-linux-gnu/perl-base/unicore/lib/PCM HTTP/1.1" 200 14545 edition.gerdgeorge.de "-" "Mozilla/5.0 AppleWebKit/537.36 (KHTML, like Gecko; compatible; GPTBot/1.3; +https://openai.com/gptbot)" "-"
74.7.227.0 - - [13/Dec/2025:00:21:11 +0100] "GET /data/upload/image/66616fcb1107e.jpg?path=//usr/lib/x86_64-linux-gnu/perl-base/unicore/lib/CWT HTTP/1.1" 200 14545 edition.gerdgeorge.de "-" "Mozilla/5.0 AppleWebKit/537.36 (KHTML, like Gecko; compatible; GPTBot/1.3; +https://openai.com/gptbot)" "-"
3.208.156.0 - - [13/Dec/2025:00:21:12 +0100] "GET /jets/?path=//kunden/proc/self/root/proc/self/root/proc/self/root/proc/thread-self/root/lib/locale/en_AG HTTP/1.1" 200 34471 edition.gerdgeorge.de "-" "Mozilla/5.0 AppleWebKit/537.36 (KHTML, like Gecko; compatible; Amazonbot/0.1; +https://developer.amazon.com/support/amazonbot) Chrome/119.0.6045.214 Safari/537.36" "-"
74.7.227.0 - - [13/Dec/2025:00:21:12 +0100] "GET /data/upload/image/66616fcb1107e.jpg?path=//usr/lib/x86_64-linux-gnu/perl-base/unicore/lib/IDC HTTP/1.1" 200 14545 edition.gerdgeorge.de "-" "Mozilla/5.0 AppleWebKit/537.36 (KHTML, like Gecko; compatible; GPTBot/1.3; +https://openai.com/gptbot)" "-"
74.7.227.0 - - [13/Dec/2025:00:21:13 +0100] "GET /data/upload/image/66616fcb1107e.jpg?path=//usr/lib/x86_64-linux-gnu/perl-base/unicore/lib/CI HTTP/1.1" 200 14539 edition.gerdgeorge.de "-" "Mozilla/5.0 AppleWebKit/537.36 (KHTML, like Gecko; compatible; GPTBot/1.3; +https://openai.com/gptbot)" "-"
74.7.227.0 - - [13/Dec/2025:00:21:13 +0100] "GET /data/upload/image/66616fcb1107e.jpg?path=//usr/lib/x86_64-linux-gnu/perl-base/unicore/lib/Gc HTTP/1.1" 200 62685 edition.gerdgeorge.de "-" "Mozilla/5.0 AppleWebKit/537.36 (KHTML, like Gecko; compatible; GPTBot/1.3; +https://openai.com/gptbot)" "-"
74.7.227.0 - - [13/Dec/2025:00:21:14 +0100] "GET /data/upload/image/66616fcb1107e.jpg?path=//usr/lib/x86_64-linux-gnu/perl-base/unicore/lib/IDS HTTP/1.1" 200 14545 edition.gerdgeorge.de "-" "Mozilla/5.0 AppleWebKit/537.36 (KHTML, like Gecko; compatible; GPTBot/1.3; +https://openai.com/gptbot)" "-"
74.7.227.0 - - [13/Dec/2025:00:21:14 +0100] "GET /data/upload/image/66616fcb1107e.jpg?path=//usr/lib/x86_64-linux-gnu/perl-base/unicore/lib/Jt HTTP/1.1" 200 22288 edition.gerdgeorge.de "-" "Mozilla/5.0 AppleWebKit/537.36 (KHTML, like Gecko; compatible; GPTBot/1.3; +https://openai.com/gptbot)" "-"
74.7.227.0 - - [13/Dec/2025:00:21:15 +0100] "GET /data/upload/image/66616fcb1107e.jpg?path=//usr/lib/x86_64-linux-gnu/perl-base/unicore/lib/Dt HTTP/1.1" 200 34827 edition.gerdgeorge.de "-" "Mozilla/5.0 AppleWebKit/537.36 (KHTML, like Gecko; compatible; GPTBot/1.3; +https://openai.com/gptbot)" "-"
74.7.227.0 - - [13/Dec/2025:00:21:15 +0100] "GET /data/upload/image/66616fcb1107e.jpg?path=//usr/lib/x86_64-linux-gnu/perl-base/unicore/lib/Bpt HTTP/1.1" 200 17651 edition.gerdgeorge.de "-" "Mozilla/5.0 AppleWebKit/537.36 (KHTML, like Gecko; compatible; GPTBot/1.3; +https://openai.com/gptbot)" "-"
43.173.176.0 - - [13/Dec/2025:00:21:15 +0100] "GET /mare/?path=/homepages/31/d695064184/.oneclick HTTP/1.1" 200 12772 edition.gerdgeorge.de "-" "Mozilla/5.0 (Windows NT 6.1; Win64; x64) AppleWebKit/537.36 (KHTML, like Gecko) Chrome/126.0.6478.114 Safari/537.36" "-"
43.173.173.0 - - [13/Dec/2025:00:21:16 +0100] "GET /le-grand-bordel/?fileloc=/homepages/31/d696245576/DASTOOLSTART&path=/homepages/31/d696245576 HTTP/1.1" 200 12315 edition.gerdgeorge.de "-" "Mozilla/5.0 (Windows NT 6.1; Win64; x64) AppleWebKit/537.36 (KHTML, like Gecko) Chrome/126.0.6478.114 Safari/537.36" "-"
74.7.227.0 - - [13/Dec/2025:00:21:16 +0100] "GET /data/upload/image/66616fcb1107e.jpg?path=//usr/lib/x86_64-linux-gnu/perl-base/unicore/lib/GCB HTTP/1.1" 200 23901 edition.gerdgeorge.de "-" "Mozilla/5.0 AppleWebKit/537.36 (KHTML, like Gecko; compatible; GPTBot/1.3; +https://openai.com/gptbot)" "-"
54.225.148.0 - - [13/Dec/2025:00:21:16 +0100] "GET /serviette-calamar/?path=//kunden/kunden/proc/thread-self/root/kunden/proc/thread-self/root/proc/thread-self/root/lib/aspell HTTP/1.1" 200 281313 edition.gerdgeorge.de "-" "Mozilla/5.0 AppleWebKit/537.36 (KHTML, like Gecko; compatible; Amazonbot/0.1; +https://developer.amazon.com/support/amazonbot) Chrome/119.0.6045.214 Safari/537.36" "-"
74.7.227.0 - - [13/Dec/2025:00:21:16 +0100] "GET /data/upload/image/66616fcb1107e.jpg?path=//usr/lib/x86_64-linux-gnu/perl-base/unicore/lib/Bc HTTP/1.1" 200 33183 edition.gerdgeorge.de "-" "Mozilla/5.0 AppleWebKit/537.36 (KHTML, like Gecko; compatible; GPTBot/1.3; +https://openai.com/gptbot)" "-"
74.7.227.0 - - [13/Dec/2025:00:21:17 +0100] "GET /data/upload/image/66616fcb1107e.jpg?path=//usr/lib/x86_64-linux-gnu/perl-base/unicore/lib/CWL HTTP/1.1" 200 14545 edition.gerdgeorge.de "-" "Mozilla/5.0 AppleWebKit/537.36 (KHTML, like Gecko; compatible; GPTBot/1.3; +https://openai.com/gptbot)" "-"
74.7.227.0 - - [13/Dec/2025:00:21:18 +0100] "GET /data/upload/image/66616fcb1107e.jpg?path=//usr/lib/x86_64-linux-gnu/perl-base/unicore/lib/Scx HTTP/1.1" 200 119458 edition.gerdgeorge.de "-" "Mozilla/5.0 AppleWebKit/537.36 (KHTML, like Gecko; compatible; GPTBot/1.3; +https://openai.com/gptbot)" "-"
74.7.227.0 - - [13/Dec/2025:00:21:18 +0100] "GET /data/upload/image/66616fcb1107e.jpg?path=//usr/lib/x86_64-linux-gnu/perl-base/unicore/lib/WB HTTP/1.1" 200 31675 edition.gerdgeorge.de "-" "Mozilla/5.0 AppleWebKit/537.36 (KHTML, like Gecko; compatible; GPTBot/1.3; +https://openai.com/gptbot)" "-"
74.7.227.0 - - [13/Dec/2025:00:21:19 +0100] "GET /data/upload/image/66616fcb1107e.jpg?path=//usr/lib/x86_64-linux-gnu/perl-base/unicore/lib/In HTTP/1.1" 200 47280 edition.gerdgeorge.de "-" "Mozilla/5.0 AppleWebKit/537.36 (KHTML, like Gecko; compatible; GPTBot/1.3; +https://openai.com/gptbot)" "-"
74.7.227.0 - - [13/Dec/2025:00:21:19 +0100] "GET /data/upload/image/66616fcb1107e.jpg?path=//usr/lib/x86_64-linux-gnu/perl-base/unicore/lib/DI HTTP/1.1" 200 14539 edition.gerdgeorge.de "-" "Mozilla/5.0 AppleWebKit/537.36 (KHTML, like Gecko; compatible; GPTBot/1.3; +https://openai.com/gptbot)" "-"
52.202.233.0 - - [13/Dec/2025:00:21:20 +0100] "GET /?path=//proc/self/root/kunden/proc/thread-self/root/proc/thread-self/root/proc/self/root/lib/locale/en_AG HTTP/1.1" 200 34899 edition.gerdgeorge.de "-" "Mozilla/5.0 AppleWebKit/537.36 (KHTML, like Gecko; compatible; Amazonbot/0.1; +https://developer.amazon.com/support/amazonbot) Chrome/119.0.6045.214 Safari/537.36" "-"
74.7.227.0 - - [13/Dec/2025:00:21:20 +0100] "GET /data/upload/image/66616fcb1107e.jpg?path=//usr/lib/x86_64-linux-gnu/perl-base/unicore/lib/CWU HTTP/1.1" 200 14545 edition.gerdgeorge.de "-" "Mozilla/5.0 AppleWebKit/537.36 (KHTML, like Gecko; compatible; GPTBot/1.3; +https://openai.com/gptbot)" "-"
74.7.227.0 - - [13/Dec/2025:00:21:20 +0100] "GET /data/upload/image/66616fcb1107e.jpg?path=//usr/lib/x86_64-linux-gnu/perl-base/unicore/lib/Jg HTTP/1.1" 200 41099 edition.gerdgeorge.de "-" "Mozilla/5.0 AppleWebKit/537.36 (KHTML, like Gecko; compatible; GPTBot/1.3; +https://openai.com/gptbot)" "-"
74.7.227.0 - - [13/Dec/2025:00:21:21 +0100] "GET /data/upload/image/66616fcb1107e.jpg?path=//usr/lib/x86_64-linux-gnu/perl-base/unicore/lib/Blk HTTP/1.1" 200 14548 edition.gerdgeorge.de "-" "Mozilla/5.0 AppleWebKit/537.36 (KHTML, like Gecko; compatible; GPTBot/1.3; +https://openai.com/gptbot)" "-"
74.7.227.0 - - [13/Dec/2025:00:21:22 +0100] "GET /data/upload/image/66616fcb1107e.jpg?path=//usr/lib/x86_64-linux-gnu/perl-base/unicore/lib/Sc HTTP/1.1" 200 62965 edition.gerdgeorge.de "-" "Mozilla/5.0 AppleWebKit/537.36 (KHTML, like Gecko; compatible; GPTBot/1.3; +https://openai.com/gptbot)" "-"
74.7.227.0 - - [13/Dec/2025:00:21:22 +0100] "GET /data/upload/image/66616fcb1107e.jpg?path=//usr/lib/x86_64-linux-gnu/perl-base/unicore/lib/SB HTTP/1.1" 200 31636 edition.gerdgeorge.de "-" "Mozilla/5.0 AppleWebKit/537.36 (KHTML, like Gecko; compatible; GPTBot/1.3; +https://openai.com/gptbot)" "-"
74.7.227.0 - - [13/Dec/2025:00:21:23 +0100] "GET /data/upload/image/66616fcb1107e.jpg?path=//usr/lib/x86_64-linux-gnu/perl-base/unicore/lib/CE HTTP/1.1" 200 14539 edition.gerdgeorge.de "-" "Mozilla/5.0 AppleWebKit/537.36 (KHTML, like Gecko; compatible; GPTBot/1.3; +https://openai.com/gptbot)" "-"
74.7.227.0 - - [13/Dec/2025:00:21:23 +0100] "GET /data/upload/image/66616fcb1107e.jpg?path=//usr/lib/x86_64-linux-gnu/perl-base/unicore/lib/Ext HTTP/1.1" 200 14545 edition.gerdgeorge.de "-" "Mozilla/5.0 AppleWebKit/537.36 (KHTML, like Gecko; compatible; GPTBot/1.3; +https://openai.com/gptbot)" "-"
98.84.60.0 - - [13/Dec/2025:00:21:24 +0100] "GET /serviette-calamar/?path=//proc/self/root/kunden/kunden/proc/self/root/proc/self/root/kunden/proc/thread-self/root/lib/locale/br_FR HTTP/1.1" 200 35404 edition.gerdgeorge.de "-" "Mozilla/5.0 AppleWebKit/537.36 (KHTML, like Gecko; compatible; Amazonbot/0.1; +https://developer.amazon.com/support/amazonbot) Chrome/119.0.6045.214 Safari/537.36" "-"
74.7.227.0 - - [13/Dec/2025:00:21:24 +0100] "GET /data/upload/image/66616fcb1107e.jpg?path=//usr/lib/x86_64-linux-gnu/perl-base/unicore/lib/Nt HTTP/1.1" 200 17659 edition.gerdgeorge.de "-" "Mozilla/5.0 AppleWebKit/537.36 (KHTML, like Gecko; compatible; GPTBot/1.3; +https://openai.com/gptbot)" "-"
66.249.64.0 - - [13/Dec/2025:00:21:24 +0100] "GET /?_g=1522066 HTTP/1.1" 200 185611 edition.gerdgeorge.de "-" "Mozilla/5.0 (Linux; Android 6.0.1; Nexus 5X Build/MMB29P) AppleWebKit/537.36 (KHTML, like Gecko) Chrome/141.0.7390.122 Mobile Safari/537.36 (compatible; Googlebot/2.1; +http://www.google.com/bot.html)" "-"
74.7.227.0 - - [13/Dec/2025:00:21:24 +0100] "GET /data/upload/image/66616fcb1107e.jpg?path=//usr/lib/x86_64-linux-gnu/perl-base/unicore/lib/Hst HTTP/1.1" 200 14549 edition.gerdgeorge.de "-" "Mozilla/5.0 AppleWebKit/537.36 (KHTML, like Gecko; compatible; GPTBot/1.3; +https://openai.com/gptbot)" "-"
74.7.227.0 - - [13/Dec/2025:00:21:25 +0100] "GET /data/upload/image/66616fcb1107e.jpg?path=//usr/lib/x86_64-linux-gnu/perl-base/unicore/lib/Nv HTTP/1.1" 200 114233 edition.gerdgeorge.de "-" "Mozilla/5.0 AppleWebKit/537.36 (KHTML, like Gecko; compatible; GPTBot/1.3; +https://openai.com/gptbot)" "-"
74.7.227.0 - - [13/Dec/2025:00:21:26 +0100] "GET /data/upload/image/66616fcb1107e.jpg?path=//usr/lib/x86_64-linux-gnu/perl-base/unicore/lib/CompEx HTTP/1.1" 200 14562 edition.gerdgeorge.de "-" "Mozilla/5.0 AppleWebKit/537.36 (KHTML, like Gecko; compatible; GPTBot/1.3; +https://openai.com/gptbot)" "-"
74.7.227.0 - - [13/Dec/2025:00:21:26 +0100] "GET /data/upload/image/66616fcb1107e.jpg?path=//usr/lib/x86_64-linux-gnu/perl-base/unicore/lib/Hyphen HTTP/1.1" 200 14563 edition.gerdgeorge.de "-" "Mozilla/5.0 AppleWebKit/537.36 (KHTML, like Gecko; compatible; GPTBot/1.3; +https://openai.com/gptbot)" "-"
74.7.227.0 - - [13/Dec/2025:00:21:27 +0100] "GET /data/upload/image/66616fcb1107e.jpg?path=//usr/lib/x86_64-linux-gnu/perl-base/unicore/lib/ExtPict HTTP/1.1" 200 14569 edition.gerdgeorge.de "-" "Mozilla/5.0 AppleWebKit/537.36 (KHTML, like Gecko; compatible; GPTBot/1.3; +https://openai.com/gptbot)" "-"
74.7.227.0 - - [13/Dec/2025:00:21:27 +0100] "GET /data/upload/image/66616fcb1107e.jpg?path=//usr/lib/x86_64-linux-gnu/perl-base/unicore/lib/GrBase HTTP/1.1" 200 14563 edition.gerdgeorge.de "-" "Mozilla/5.0 AppleWebKit/537.36 (KHTML, like Gecko; compatible; GPTBot/1.3; +https://openai.com/gptbot)" "-"
74.7.227.0 - - [13/Dec/2025:00:21:28 +0100] "GET /data/upload/image/66616fcb1107e.jpg?path=//usr/lib/x86_64-linux-gnu/perl-base/unicore/lib/PatSyn HTTP/1.1" 200 14562 edition.gerdgeorge.de "-" "Mozilla/5.0 AppleWebKit/537.36 (KHTML, like Gecko; compatible; GPTBot/1.3; +https://openai.com/gptbot)" "-"
74.7.227.0 - - [13/Dec/2025:00:21:28 +0100] "GET /data/upload/image/66616fcb1107e.jpg?path=//usr/lib/x86_64-linux-gnu/perl-base/unicore/lib/IdType HTTP/1.1" 200 30519 edition.gerdgeorge.de "-" "Mozilla/5.0 AppleWebKit/537.36 (KHTML, like Gecko; compatible; GPTBot/1.3; +https://openai.com/gptbot)" "-"
3.215.59.0 - - [13/Dec/2025:00:21:29 +0100] "GET /serviette-calamar/?path=//proc/self/root/kunden/proc/self/root/kunden/proc/self/root/proc/self/root/kunden/lib/locale/pt_PT HTTP/1.1" 200 35023 edition.gerdgeorge.de "-" "Mozilla/5.0 AppleWebKit/537.36 (KHTML, like Gecko; compatible; Amazonbot/0.1; +https://developer.amazon.com/support/amazonbot) Chrome/119.0.6045.214 Safari/537.36" "-"
74.7.227.0 - - [13/Dec/2025:00:21:29 +0100] "GET /data/upload/image/66616fcb1107e.jpg?path=//usr/lib/x86_64-linux-gnu/perl-base/unicore/lib/IdStatus HTTP/1.1" 200 16201 edition.gerdgeorge.de "-" "Mozilla/5.0 AppleWebKit/537.36 (KHTML, like Gecko; compatible; GPTBot/1.3; +https://openai.com/gptbot)" "-"
74.7.227.0 - - [13/Dec/2025:00:21:30 +0100] "GET /data/upload/image/6661718a9bb90.jpg?path=//lib/x86_64-linux-gnu/perl-base/unicore/lib/WB HTTP/1.1" 200 31429 edition.gerdgeorge.de "-" "Mozilla/5.0 AppleWebKit/537.36 (KHTML, like Gecko; compatible; GPTBot/1.3; +https://openai.com/gptbot)" "-"
74.7.227.0 - - [13/Dec/2025:00:21:30 +0100] "GET /data/upload/image/6661718a9bb90.jpg?path=//lib/x86_64-linux-gnu/perl-base/unicore/lib/Jt HTTP/1.1" 200 22138 edition.gerdgeorge.de "-" "Mozilla/5.0 AppleWebKit/537.36 (KHTML, like Gecko; compatible; GPTBot/1.3; +https://openai.com/gptbot)" "-"
74.7.227.0 - - [13/Dec/2025:00:21:31 +0100] "GET /data/upload/image/6661718a9bb90.jpg?path=//lib/x86_64-linux-gnu/perl-base/unicore/lib/SD HTTP/1.1" 200 14469 edition.gerdgeorge.de "-" "Mozilla/5.0 AppleWebKit/537.36 (KHTML, like Gecko; compatible; GPTBot/1.3; +https://openai.com/gptbot)" "-"
74.7.227.0 - - [13/Dec/2025:00:21:31 +0100] "GET /data/upload/image/6661718a9bb90.jpg?path=//lib/x86_64-linux-gnu/perl-base/unicore/lib/Jg HTTP/1.1" 200 40757 edition.gerdgeorge.de "-" "Mozilla/5.0 AppleWebKit/537.36 (KHTML, like Gecko; compatible; GPTBot/1.3; +https://openai.com/gptbot)" "-"
74.7.227.0 - - [13/Dec/2025:00:21:32 +0100] "GET /data/upload/image/6661718a9bb90.jpg?path=//lib/x86_64-linux-gnu/perl-base/unicore/lib/CI HTTP/1.1" 200 14469 edition.gerdgeorge.de "-" "Mozilla/5.0 AppleWebKit/537.36 (KHTML, like Gecko; compatible; GPTBot/1.3; +https://openai.com/gptbot)" "-"
44.205.192.0 - - [13/Dec/2025:00:21:32 +0100] "GET /serviette-calamar/?path=//proc/self/root/kunden/proc/self/root/kunden/proc/self/root/proc/self/root/kunden/lib/locale/es_DO.utf8 HTTP/1.1" 200 35264 edition.gerdgeorge.de "-" "Mozilla/5.0 AppleWebKit/537.36 (KHTML, like Gecko; compatible; Amazonbot/0.1; +https://developer.amazon.com/support/amazonbot) Chrome/119.0.6045.214 Safari/537.36" "-"
74.7.227.0 - - [13/Dec/2025:00:21:32 +0100] "GET /data/upload/image/6661718a9bb90.jpg?path=//lib/x86_64-linux-gnu/perl-base/unicore/lib/Nt HTTP/1.1" 200 17557 edition.gerdgeorge.de "-" "Mozilla/5.0 AppleWebKit/537.36 (KHTML, like Gecko; compatible; GPTBot/1.3; +https://openai.com/gptbot)" "-"
74.7.227.0 - - [13/Dec/2025:00:21:33 +0100] "GET /data/upload/image/6661718a9bb90.jpg?path=//lib/x86_64-linux-gnu/perl-base/unicore/lib/DI HTTP/1.1" 200 14469 edition.gerdgeorge.de "-" "Mozilla/5.0 AppleWebKit/537.36 (KHTML, like Gecko; compatible; GPTBot/1.3; +https://openai.com/gptbot)" "-"
74.7.227.0 - - [13/Dec/2025:00:21:33 +0100] "GET /data/upload/image/6661718a9bb90.jpg?path=//lib/x86_64-linux-gnu/perl-base/unicore/lib/Vo HTTP/1.1" 200 19078 edition.gerdgeorge.de "-" "Mozilla/5.0 AppleWebKit/537.36 (KHTML, like Gecko; compatible; GPTBot/1.3; +https://openai.com/gptbot)" "-"
74.7.227.0 - - [13/Dec/2025:00:21:34 +0100] "GET /data/upload/image/6661718a9bb90.jpg?path=//lib/x86_64-linux-gnu/perl-base/unicore/lib/Gc HTTP/1.1" 200 62119 edition.gerdgeorge.de "-" "Mozilla/5.0 AppleWebKit/537.36 (KHTML, like Gecko; compatible; GPTBot/1.3; +https://openai.com/gptbot)" "-"
74.7.227.0 - - [13/Dec/2025:00:21:34 +0100] "GET /data/upload/image/6661718a9bb90.jpg?path=//lib/x86_64-linux-gnu/perl-base/unicore/lib/In HTTP/1.1" 200 46874 edition.gerdgeorge.de "-" "Mozilla/5.0 AppleWebKit/537.36 (KHTML, like Gecko; compatible; GPTBot/1.3; +https://openai.com/gptbot)" "-"
74.7.227.0 - - [13/Dec/2025:00:21:35 +0100] "GET /data/upload/image/6661718a9bb90.jpg?path=//lib/x86_64-linux-gnu/perl-base/unicore/lib/Nv HTTP/1.1" 200 113139 edition.gerdgeorge.de "-" "Mozilla/5.0 AppleWebKit/537.36 (KHTML, like Gecko; compatible; GPTBot/1.3; +https://openai.com/gptbot)" "-"
74.7.227.0 - - [13/Dec/2025:00:21:36 +0100] "GET /data/upload/image/6661718a9bb90.jpg?path=//lib/x86_64-linux-gnu/perl-base/unicore/lib/Dt HTTP/1.1" 200 34549 edition.gerdgeorge.de "-" "Mozilla/5.0 AppleWebKit/537.36 (KHTML, like Gecko; compatible; GPTBot/1.3; +https://openai.com/gptbot)" "-"
44.223.232.0 - - [13/Dec/2025:00:21:36 +0100] "GET /serviette-calamar/?path=//proc/self/root/proc/thread-self/root/kunden/proc/self/root/usr/lib/locale/eu_ES HTTP/1.1" 200 33763 edition.gerdgeorge.de "-" "Mozilla/5.0 AppleWebKit/537.36 (KHTML, like Gecko; compatible; Amazonbot/0.1; +https://developer.amazon.com/support/amazonbot) Chrome/119.0.6045.214 Safari/537.36" "-"
74.7.227.0 - - [13/Dec/2025:00:21:36 +0100] "GET /data/upload/image/6661718a9bb90.jpg?path=//lib/x86_64-linux-gnu/perl-base/unicore/lib/SB HTTP/1.1" 200 31390 edition.gerdgeorge.de "-" "Mozilla/5.0 AppleWebKit/537.36 (KHTML, like Gecko; compatible; GPTBot/1.3; +https://openai.com/gptbot)" "-"
74.7.227.0 - - [13/Dec/2025:00:21:37 +0100] "GET /data/upload/image/6661718a9bb90.jpg?path=//lib/x86_64-linux-gnu/perl-base/unicore/lib/Bc HTTP/1.1" 200 32921 edition.gerdgeorge.de "-" "Mozilla/5.0 AppleWebKit/537.36 (KHTML, like Gecko; compatible; GPTBot/1.3; +https://openai.com/gptbot)" "-"
74.7.227.0 - - [13/Dec/2025:00:21:38 +0100] "GET /data/upload/image/6661718a9bb90.jpg?path=//lib/x86_64-linux-gnu/perl-base/unicore/lib/Sc HTTP/1.1" 200 62399 edition.gerdgeorge.de "-" "Mozilla/5.0 AppleWebKit/537.36 (KHTML, like Gecko; compatible; GPTBot/1.3; +https://openai.com/gptbot)" "-"
74.7.227.0 - - [13/Dec/2025:00:21:38 +0100] "GET /data/upload/image/6661718a9bb90.jpg?path=//lib/x86_64-linux-gnu/perl-base/unicore/lib/CE HTTP/1.1" 200 14469 edition.gerdgeorge.de "-" "Mozilla/5.0 AppleWebKit/537.36 (KHTML, like Gecko; compatible; GPTBot/1.3; +https://openai.com/gptbot)" "-"
74.7.227.0 - - [13/Dec/2025:00:21:39 +0100] "GET /data/upload/image/6661718a9bb90.jpg?path=//lib/x86_64-linux-gnu/perl-base/unicore/lib/Lb HTTP/1.1" 200 43692 edition.gerdgeorge.de "-" "Mozilla/5.0 AppleWebKit/537.36 (KHTML, like Gecko; compatible; GPTBot/1.3; +https://openai.com/gptbot)" "-"
74.7.227.0 - - [13/Dec/2025:00:21:39 +0100] "GET /data/upload/image/66616fcb1107e.jpg?path=//usr/lib/x86_64-linux-gnu/perl-base/unicore/lib/Upper HTTP/1.1" 200 14557 edition.gerdgeorge.de "-" "Mozilla/5.0 AppleWebKit/537.36 (KHTML, like Gecko; compatible; GPTBot/1.3; +https://openai.com/gptbot)" "-"
74.7.227.0 - - [13/Dec/2025:00:21:40 +0100] "GET /data/upload/image/66616fcb1107e.jpg?path=//usr/lib/x86_64-linux-gnu/perl-base/unicore/lib/Cased HTTP/1.1" 200 14557 edition.gerdgeorge.de "-" "Mozilla/5.0 AppleWebKit/537.36 (KHTML, like Gecko; compatible; GPTBot/1.3; +https://openai.com/gptbot)" "-"
52.54.249.0 - - [13/Dec/2025:00:21:40 +0100] "GET /cockpit/?path=//proc/self/root/kunden/proc/self/root/kunden/kunden/proc/self/root/lib/locale/en_IL HTTP/1.1" 200 33972 edition.gerdgeorge.de "-" "Mozilla/5.0 AppleWebKit/537.36 (KHTML, like Gecko; compatible; Amazonbot/0.1; +https://developer.amazon.com/support/amazonbot) Chrome/119.0.6045.214 Safari/537.36" "-"
74.7.227.0 - - [13/Dec/2025:00:21:40 +0100] "GET /data/upload/image/6661718a9bb90.jpg?fileloc=//lib/x86_64-linux-gnu/perl-base/unicore/lib/Gc/Lm.pl&path=//lib/x86_64-linux-gnu/perl-base/unicore/lib/Gc HTTP/1.1" 200 13721 edition.gerdgeorge.de "-" "Mozilla/5.0 AppleWebKit/537.36 (KHTML, like Gecko; compatible; GPTBot/1.3; +https://openai.com/gptbot)" "-"
74.7.227.0 - - [13/Dec/2025:00:21:41 +0100] "GET /data/upload/image/66616fcb1107e.jpg?path=//usr/lib/x86_64-linux-gnu/perl-base/unicore/lib/Alpha HTTP/1.1" 200 14557 edition.gerdgeorge.de "-" "Mozilla/5.0 AppleWebKit/537.36 (KHTML, like Gecko; compatible; GPTBot/1.3; +https://openai.com/gptbot)" "-"
74.7.227.0 - - [13/Dec/2025:00:21:42 +0100] "GET /data/upload/image/66616fcb1107e.jpg?path=//usr/lib/x86_64-linux-gnu/perl-base/unicore/lib/Perl HTTP/1.1" 200 49394 edition.gerdgeorge.de "-" "Mozilla/5.0 AppleWebKit/537.36 (KHTML, like Gecko; compatible; GPTBot/1.3; +https://openai.com/gptbot)" "-"
74.7.227.0 - - [13/Dec/2025:00:21:42 +0100] "GET /data/upload/image/6661718a9bb90.jpg?path=//lib/x86_64-linux-gnu/perl-base/unicore/lib/Dep HTTP/1.1" 200 14474 edition.gerdgeorge.de "-" "Mozilla/5.0 AppleWebKit/537.36 (KHTML, like Gecko; compatible; GPTBot/1.3; +https://openai.com/gptbot)" "-"
74.7.227.0 - - [13/Dec/2025:00:21:43 +0100] "GET /data/upload/image/6661718a9bb90.jpg?path=//lib/x86_64-linux-gnu/perl-base/unicore/lib/Dia HTTP/1.1" 200 14475 edition.gerdgeorge.de "-" "Mozilla/5.0 AppleWebKit/537.36 (KHTML, like Gecko; compatible; GPTBot/1.3; +https://openai.com/gptbot)" "-"
74.7.227.0 - - [13/Dec/2025:00:21:43 +0100] "GET /data/upload/image/6661718a9bb90.jpg?path=//lib/x86_64-linux-gnu/perl-base/unicore/lib/Alpha HTTP/1.1" 200 14487 edition.gerdgeorge.de "-" "Mozilla/5.0 AppleWebKit/537.36 (KHTML, like Gecko; compatible; GPTBot/1.3; +https://openai.com/gptbot)" "-"
74.7.227.0 - - [13/Dec/2025:00:21:44 +0100] "GET /data/upload/image/6661718a9bb90.jpg?path=//lib/x86_64-linux-gnu/perl-base/unicore/lib/Upper HTTP/1.1" 200 14487 edition.gerdgeorge.de "-" "Mozilla/5.0 AppleWebKit/537.36 (KHTML, like Gecko; compatible; GPTBot/1.3; +https://openai.com/gptbot)" "-"
3.232.82.0 - - [13/Dec/2025:00:21:44 +0100] "GET /serviette-calamar/?path=//proc/self/root/proc/thread-self/root/proc/self/root/proc/thread-self/root/usr/lib/locale/st_ZA HTTP/1.1" 200 34722 edition.gerdgeorge.de "-" "Mozilla/5.0 AppleWebKit/537.36 (KHTML, like Gecko; compatible; Amazonbot/0.1; +https://developer.amazon.com/support/amazonbot) Chrome/119.0.6045.214 Safari/537.36" "-"
