44.213.36.0 - - [13/Dec/2025:00:44:16 +0100] "GET /mare/?path=//proc/self/root/proc/self/root/proc/thread-self/root/proc/self/root/lib/locale/en_AG HTTP/1.1" 200 34022 edition.gerdgeorge.de "-" "Mozilla/5.0 AppleWebKit/537.36 (KHTML, like Gecko; compatible; Amazonbot/0.1; +https://developer.amazon.com/support/amazonbot) Chrome/119.0.6045.214 Safari/537.36" "-"
74.7.227.0 - - [13/Dec/2025:00:44:16 +0100] "GET /data/upload/image/66617162bc9a5.jpg?path=//proc/self/root/lib/locale/unm_US/LC_MESSAGES HTTP/1.1" 200 14499 edition.gerdgeorge.de "-" "Mozilla/5.0 AppleWebKit/537.36 (KHTML, like Gecko; compatible; GPTBot/1.3; +https://openai.com/gptbot)" "-"
74.7.227.0 - - [13/Dec/2025:00:44:17 +0100] "GET /data/upload/image/66617162bc9a5.jpg?path=//proc/self/root/lib/locale/gez_ET/LC_MESSAGES HTTP/1.1" 200 14499 edition.gerdgeorge.de "-" "Mozilla/5.0 AppleWebKit/537.36 (KHTML, like Gecko; compatible; GPTBot/1.3; +https://openai.com/gptbot)" "-"
74.7.227.0 - - [13/Dec/2025:00:44:17 +0100] "GET /data/upload/image/66617162bc9a5.jpg?path=//proc/self/root/lib/locale/niu_NZ HTTP/1.1" 200 30825 edition.gerdgeorge.de "-" "Mozilla/5.0 AppleWebKit/537.36 (KHTML, like Gecko; compatible; GPTBot/1.3; +https://openai.com/gptbot)" "-"
216.73.216.0 - - [13/Dec/2025:00:44:18 +0100] "GET /imprint?fileloc=%2F%2Flib%2Fruby%2Fvendor_ruby%2Frubygems%2Fresolver%2Flock_set.rb&path=%2F%2Flib%2Fruby%2Fvendor_ruby%2Frubygems%2Fresolver HTTP/1.1" 429 227 edition.gerdgeorge.de "-" "Mozilla/5.0 AppleWebKit/537.36 (KHTML, like Gecko; compatible; ClaudeBot/1.0; +claudebot@anthropic.com)" "-"
74.7.227.0 - - [13/Dec/2025:00:44:18 +0100] "GET /data/upload/image/66617162bc9a5.jpg?path=//proc/self/root/lib/locale/nso_ZA HTTP/1.1" 200 30828 edition.gerdgeorge.de "-" "Mozilla/5.0 AppleWebKit/537.36 (KHTML, like Gecko; compatible; GPTBot/1.3; +https://openai.com/gptbot)" "-"
74.7.227.0 - - [13/Dec/2025:00:44:18 +0100] "GET /data/upload/image/66617162bc9a5.jpg?path=//proc/self/root/lib/locale/ayc_PE/LC_MESSAGES HTTP/1.1" 200 14498 edition.gerdgeorge.de "-" "Mozilla/5.0 AppleWebKit/537.36 (KHTML, like Gecko; compatible; GPTBot/1.3; +https://openai.com/gptbot)" "-"
74.7.227.0 - - [13/Dec/2025:00:44:19 +0100] "GET /data/upload/image/66617162bc9a5.jpg?path=//proc/self/root/lib/locale/nds_NL HTTP/1.1" 200 30822 edition.gerdgeorge.de "-" "Mozilla/5.0 AppleWebKit/537.36 (KHTML, like Gecko; compatible; GPTBot/1.3; +https://openai.com/gptbot)" "-"
74.7.227.0 - - [13/Dec/2025:00:44:20 +0100] "GET /data/upload/image/666171fb77d06.jpg?path=//proc/self/root/lib/locale/mnw_MM HTTP/1.1" 200 30827 edition.gerdgeorge.de "-" "Mozilla/5.0 AppleWebKit/537.36 (KHTML, like Gecko; compatible; GPTBot/1.3; +https://openai.com/gptbot)" "-"
44.215.210.0 - - [13/Dec/2025:00:44:20 +0100] "GET /serviette-calamar/?path=//proc/self/root/proc/self/root/kunden/proc/self/root/proc/self/root/kunden/usr/lib/locale/uk_UA HTTP/1.1" 200 34848 edition.gerdgeorge.de "-" "Mozilla/5.0 AppleWebKit/537.36 (KHTML, like Gecko; compatible; Amazonbot/0.1; +https://developer.amazon.com/support/amazonbot) Chrome/119.0.6045.214 Safari/537.36" "-"
74.7.227.0 - - [13/Dec/2025:00:44:20 +0100] "GET /data/upload/image/666171fb77d06.jpg?path=//proc/self/root/lib/locale/unm_US HTTP/1.1" 200 30827 edition.gerdgeorge.de "-" "Mozilla/5.0 AppleWebKit/537.36 (KHTML, like Gecko; compatible; GPTBot/1.3; +https://openai.com/gptbot)" "-"
74.7.227.0 - - [13/Dec/2025:00:44:21 +0100] "GET /data/upload/image/66617162bc9a5.jpg?path=//proc/self/root/lib/locale/quz_PE HTTP/1.1" 200 30826 edition.gerdgeorge.de "-" "Mozilla/5.0 AppleWebKit/537.36 (KHTML, like Gecko; compatible; GPTBot/1.3; +https://openai.com/gptbot)" "-"
74.7.227.0 - - [13/Dec/2025:00:44:21 +0100] "GET /data/upload/image/66617162bc9a5.jpg?path=//proc/self/root/lib/locale/nan_TW HTTP/1.1" 200 30828 edition.gerdgeorge.de "-" "Mozilla/5.0 AppleWebKit/537.36 (KHTML, like Gecko; compatible; GPTBot/1.3; +https://openai.com/gptbot)" "-"
74.7.227.0 - - [13/Dec/2025:00:44:22 +0100] "GET /data/upload/image/666171fb77d06.jpg?path=//proc/self/root/lib/locale/kok_IN HTTP/1.1" 200 30828 edition.gerdgeorge.de "-" "Mozilla/5.0 AppleWebKit/537.36 (KHTML, like Gecko; compatible; GPTBot/1.3; +https://openai.com/gptbot)" "-"
74.7.227.0 - - [13/Dec/2025:00:44:22 +0100] "GET /data/upload/image/666171fb77d06.jpg?path=//proc/self/root/lib/locale/nds_NL HTTP/1.1" 200 30822 edition.gerdgeorge.de "-" "Mozilla/5.0 AppleWebKit/537.36 (KHTML, like Gecko; compatible; GPTBot/1.3; +https://openai.com/gptbot)" "-"
216.73.216.0 - - [13/Dec/2025:00:44:23 +0100] "GET /imprint?fileloc=%2F%2Flib%2Fruby%2Fvendor_ruby%2Frubygems%2Fresolver%2Fcurrent_set.rb&path=%2F%2Flib%2Fruby%2Fvendor_ruby%2Frubygems%2Fresolver HTTP/1.1" 429 227 edition.gerdgeorge.de "-" "Mozilla/5.0 AppleWebKit/537.36 (KHTML, like Gecko; compatible; ClaudeBot/1.0; +claudebot@anthropic.com)" "-"
74.7.227.0 - - [13/Dec/2025:00:44:23 +0100] "GET /data/upload/image/666171fb77d06.jpg?path=//proc/self/root/lib/locale/mhr_RU HTTP/1.1" 200 30827 edition.gerdgeorge.de "-" "Mozilla/5.0 AppleWebKit/537.36 (KHTML, like Gecko; compatible; GPTBot/1.3; +https://openai.com/gptbot)" "-"
74.7.227.0 - - [13/Dec/2025:00:44:23 +0100] "GET /data/upload/image/66617162bc9a5.jpg?path=//proc/self/root/lib/locale/niu_NZ/LC_MESSAGES HTTP/1.1" 200 14499 edition.gerdgeorge.de "-" "Mozilla/5.0 AppleWebKit/537.36 (KHTML, like Gecko; compatible; GPTBot/1.3; +https://openai.com/gptbot)" "-"
74.7.227.0 - - [13/Dec/2025:00:44:24 +0100] "GET /data/upload/image/66617162bc9a5.jpg?path=//proc/self/root/lib/locale/nso_ZA/LC_MESSAGES HTTP/1.1" 200 14499 edition.gerdgeorge.de "-" "Mozilla/5.0 AppleWebKit/537.36 (KHTML, like Gecko; compatible; GPTBot/1.3; +https://openai.com/gptbot)" "-"
18.215.49.0 - - [13/Dec/2025:00:44:24 +0100] "GET /jets/?path=//kunden/kunden/kunden/kunden/proc/self/root/proc/self/root/proc/self/root/proc/self/root/dev HTTP/1.1" 200 20139 edition.gerdgeorge.de "-" "Mozilla/5.0 AppleWebKit/537.36 (KHTML, like Gecko; compatible; Amazonbot/0.1; +https://developer.amazon.com/support/amazonbot) Chrome/119.0.6045.214 Safari/537.36" "-"
74.7.227.0 - - [13/Dec/2025:00:44:25 +0100] "GET /data/upload/image/66617162bc9a5.jpg?path=//proc/self/root/lib/locale/cmn_TW HTTP/1.1" 200 30828 edition.gerdgeorge.de "-" "Mozilla/5.0 AppleWebKit/537.36 (KHTML, like Gecko; compatible; GPTBot/1.3; +https://openai.com/gptbot)" "-"
74.7.227.0 - - [13/Dec/2025:00:44:25 +0100] "GET /data/upload/image/66617162bc9a5.jpg?path=//proc/self/root/lib/locale/nds_NL/LC_MESSAGES HTTP/1.1" 200 14499 edition.gerdgeorge.de "-" "Mozilla/5.0 AppleWebKit/537.36 (KHTML, like Gecko; compatible; GPTBot/1.3; +https://openai.com/gptbot)" "-"
74.7.227.0 - - [13/Dec/2025:00:44:26 +0100] "GET /data/upload/image/666171fb77d06.jpg?path=//proc/self/root/lib/locale/mnw_MM/LC_MESSAGES HTTP/1.1" 200 14499 edition.gerdgeorge.de "-" "Mozilla/5.0 AppleWebKit/537.36 (KHTML, like Gecko; compatible; GPTBot/1.3; +https://openai.com/gptbot)" "-"
74.7.227.0 - - [13/Dec/2025:00:44:26 +0100] "GET /data/upload/image/666171fb77d06.jpg?path=//proc/self/root/lib/locale/unm_US/LC_MESSAGES HTTP/1.1" 200 14499 edition.gerdgeorge.de "-" "Mozilla/5.0 AppleWebKit/537.36 (KHTML, like Gecko; compatible; GPTBot/1.3; +https://openai.com/gptbot)" "-"
74.7.227.0 - - [13/Dec/2025:00:44:27 +0100] "GET /data/upload/image/66617162bc9a5.jpg?path=//proc/self/root/lib/locale/quz_PE/LC_MESSAGES HTTP/1.1" 200 14499 edition.gerdgeorge.de "-" "Mozilla/5.0 AppleWebKit/537.36 (KHTML, like Gecko; compatible; GPTBot/1.3; +https://openai.com/gptbot)" "-"
74.7.227.0 - - [13/Dec/2025:00:44:27 +0100] "GET /data/upload/image/66617162bc9a5.jpg?path=//proc/self/root/lib/locale/nan_TW/LC_MESSAGES HTTP/1.1" 200 14499 edition.gerdgeorge.de "-" "Mozilla/5.0 AppleWebKit/537.36 (KHTML, like Gecko; compatible; GPTBot/1.3; +https://openai.com/gptbot)" "-"
216.73.216.0 - - [13/Dec/2025:00:44:28 +0100] "GET /imprint?fileloc=%2F%2Flib%2Fruby%2Fvendor_ruby%2Frubygems%2Fsource%2Flocal.rb&path=%2F%2Flib%2Fruby%2Fvendor_ruby%2Frubygems%2Fsource HTTP/1.1" 429 227 edition.gerdgeorge.de "-" "Mozilla/5.0 AppleWebKit/537.36 (KHTML, like Gecko; compatible; ClaudeBot/1.0; +claudebot@anthropic.com)" "-"
74.7.227.0 - - [13/Dec/2025:00:44:28 +0100] "GET /data/upload/image/666171fb77d06.jpg?path=//proc/self/root/lib/locale/kok_IN/LC_MESSAGES HTTP/1.1" 200 14499 edition.gerdgeorge.de "-" "Mozilla/5.0 AppleWebKit/537.36 (KHTML, like Gecko; compatible; GPTBot/1.3; +https://openai.com/gptbot)" "-"
100.24.149.0 - - [13/Dec/2025:00:44:28 +0100] "GET /serviette-calamar/?path=//proc/self/root/proc/thread-self/root/kunden/proc/thread-self/root/proc/thread-self/root/lib/locale/de_DE HTTP/1.1" 200 35274 edition.gerdgeorge.de "-" "Mozilla/5.0 AppleWebKit/537.36 (KHTML, like Gecko; compatible; Amazonbot/0.1; +https://developer.amazon.com/support/amazonbot) Chrome/119.0.6045.214 Safari/537.36" "-"
74.7.227.0 - - [13/Dec/2025:00:44:28 +0100] "GET /data/upload/image/666171fb77d06.jpg?path=//proc/self/root/lib/locale/nds_NL/LC_MESSAGES HTTP/1.1" 200 14499 edition.gerdgeorge.de "-" "Mozilla/5.0 AppleWebKit/537.36 (KHTML, like Gecko; compatible; GPTBot/1.3; +https://openai.com/gptbot)" "-"
74.7.227.0 - - [13/Dec/2025:00:44:29 +0100] "GET /data/upload/image/666171fb77d06.jpg?path=//proc/self/root/lib/locale/mhr_RU/LC_MESSAGES HTTP/1.1" 200 14499 edition.gerdgeorge.de "-" "Mozilla/5.0 AppleWebKit/537.36 (KHTML, like Gecko; compatible; GPTBot/1.3; +https://openai.com/gptbot)" "-"
74.7.227.0 - - [13/Dec/2025:00:44:30 +0100] "GET /data/upload/image/66617162bc9a5.jpg?path=//proc/self/root/lib/locale/fur_IT HTTP/1.1" 200 30826 edition.gerdgeorge.de "-" "Mozilla/5.0 AppleWebKit/537.36 (KHTML, like Gecko; compatible; GPTBot/1.3; +https://openai.com/gptbot)" "-"
74.7.227.0 - - [13/Dec/2025:00:44:30 +0100] "GET /data/upload/image/66617162bc9a5.jpg?path=//proc/self/root/lib/locale/chr_US HTTP/1.1" 200 30826 edition.gerdgeorge.de "-" "Mozilla/5.0 AppleWebKit/537.36 (KHTML, like Gecko; compatible; GPTBot/1.3; +https://openai.com/gptbot)" "-"
74.7.227.0 - - [13/Dec/2025:00:44:31 +0100] "GET /data/upload/image/66617162bc9a5.jpg?path=//proc/self/root/lib/locale/cmn_TW/LC_MESSAGES HTTP/1.1" 200 14498 edition.gerdgeorge.de "-" "Mozilla/5.0 AppleWebKit/537.36 (KHTML, like Gecko; compatible; GPTBot/1.3; +https://openai.com/gptbot)" "-"
74.7.227.0 - - [13/Dec/2025:00:44:31 +0100] "GET /data/upload/image/66617162bc9a5.jpg?path=//proc/self/root/lib/locale/bho_NP HTTP/1.1" 200 30828 edition.gerdgeorge.de "-" "Mozilla/5.0 AppleWebKit/537.36 (KHTML, like Gecko; compatible; GPTBot/1.3; +https://openai.com/gptbot)" "-"
74.7.227.0 - - [13/Dec/2025:00:44:32 +0100] "GET /data/upload/image/666171fb77d06.jpg?path=//proc/self/root/lib/locale/mjw_IN HTTP/1.1" 200 30826 edition.gerdgeorge.de "-" "Mozilla/5.0 AppleWebKit/537.36 (KHTML, like Gecko; compatible; GPTBot/1.3; +https://openai.com/gptbot)" "-"
34.233.114.0 - - [13/Dec/2025:00:44:32 +0100] "GET /jets/?path=//proc/self/root/proc/self/root/proc/self/root/proc/thread-self/root/kunden/lib/locale/ar_IN HTTP/1.1" 200 34455 edition.gerdgeorge.de "-" "Mozilla/5.0 AppleWebKit/537.36 (KHTML, like Gecko; compatible; Amazonbot/0.1; +https://developer.amazon.com/support/amazonbot) Chrome/119.0.6045.214 Safari/537.36" "-"
74.7.227.0 - - [13/Dec/2025:00:44:32 +0100] "GET /data/upload/image/66617162bc9a5.jpg?path=//proc/self/root/lib/locale/lzh_TW HTTP/1.1" 200 30827 edition.gerdgeorge.de "-" "Mozilla/5.0 AppleWebKit/537.36 (KHTML, like Gecko; compatible; GPTBot/1.3; +https://openai.com/gptbot)" "-"
216.73.216.0 - - [13/Dec/2025:00:44:33 +0100] "GET /imprint?fileloc=%2F%2Flib%2Fruby%2Fvendor_ruby%2Frubygems%2Fresolver%2Flocal_specification.rb&path=%2F%2Flib%2Fruby%2Fvendor_ruby%2Frubygems%2Fresolver HTTP/1.1" 429 227 edition.gerdgeorge.de "-" "Mozilla/5.0 AppleWebKit/537.36 (KHTML, like Gecko; compatible; ClaudeBot/1.0; +claudebot@anthropic.com)" "-"
74.7.227.0 - - [13/Dec/2025:00:44:33 +0100] "GET /data/upload/image/66617162bc9a5.jpg?path=//proc/self/root/lib/locale/sgs_LT HTTP/1.1" 200 30827 edition.gerdgeorge.de "-" "Mozilla/5.0 AppleWebKit/537.36 (KHTML, like Gecko; compatible; GPTBot/1.3; +https://openai.com/gptbot)" "-"
74.7.227.0 - - [13/Dec/2025:00:44:34 +0100] "GET /data/upload/image/66617162bc9a5.jpg?path=//proc/self/root/lib/locale/csb_PL HTTP/1.1" 200 30825 edition.gerdgeorge.de "-" "Mozilla/5.0 AppleWebKit/537.36 (KHTML, like Gecko; compatible; GPTBot/1.3; +https://openai.com/gptbot)" "-"
74.7.227.0 - - [13/Dec/2025:00:44:34 +0100] "GET /data/upload/image/666171fb77d06.jpg?path=//proc/self/root/lib/locale/hak_TW HTTP/1.1" 200 30828 edition.gerdgeorge.de "-" "Mozilla/5.0 AppleWebKit/537.36 (KHTML, like Gecko; compatible; GPTBot/1.3; +https://openai.com/gptbot)" "-"
74.7.227.0 - - [13/Dec/2025:00:44:35 +0100] "GET /data/upload/image/66617162bc9a5.jpg?path=//proc/self/root/lib/locale/szl_PL HTTP/1.1" 200 30826 edition.gerdgeorge.de "-" "Mozilla/5.0 AppleWebKit/537.36 (KHTML, like Gecko; compatible; GPTBot/1.3; +https://openai.com/gptbot)" "-"
74.7.227.0 - - [13/Dec/2025:00:44:35 +0100] "GET /data/upload/image/666171fb77d06.jpg?path=//proc/self/root/lib/locale/nhn_MX HTTP/1.1" 200 30826 edition.gerdgeorge.de "-" "Mozilla/5.0 AppleWebKit/537.36 (KHTML, like Gecko; compatible; GPTBot/1.3; +https://openai.com/gptbot)" "-"
35.168.238.0 - - [13/Dec/2025:00:44:36 +0100] "GET /serviette-calamar/?path=//proc/self/root/proc/self/root/proc/self/root/kunden/kunden/kunden/proc/self/root/usr/lib/locale/sr_RS HTTP/1.1" 200 35319 edition.gerdgeorge.de "-" "Mozilla/5.0 AppleWebKit/537.36 (KHTML, like Gecko; compatible; Amazonbot/0.1; +https://developer.amazon.com/support/amazonbot) Chrome/119.0.6045.214 Safari/537.36" "-"
74.7.227.0 - - [13/Dec/2025:00:44:36 +0100] "GET /data/upload/image/66617162bc9a5.jpg?path=//proc/self/root/lib/locale/fur_IT/LC_MESSAGES HTTP/1.1" 200 14499 edition.gerdgeorge.de "-" "Mozilla/5.0 AppleWebKit/537.36 (KHTML, like Gecko; compatible; GPTBot/1.3; +https://openai.com/gptbot)" "-"
74.7.227.0 - - [13/Dec/2025:00:44:36 +0100] "GET /data/upload/image/66617162bc9a5.jpg?path=//proc/self/root/lib/locale/chr_US/LC_MESSAGES HTTP/1.1" 200 14498 edition.gerdgeorge.de "-" "Mozilla/5.0 AppleWebKit/537.36 (KHTML, like Gecko; compatible; GPTBot/1.3; +https://openai.com/gptbot)" "-"
74.7.227.0 - - [13/Dec/2025:00:44:37 +0100] "GET /data/upload/image/66617162bc9a5.jpg?path=//proc/self/root/lib/locale/mfe_MU HTTP/1.1" 200 30828 edition.gerdgeorge.de "-" "Mozilla/5.0 AppleWebKit/537.36 (KHTML, like Gecko; compatible; GPTBot/1.3; +https://openai.com/gptbot)" "-"
74.7.227.0 - - [13/Dec/2025:00:44:37 +0100] "GET /data/upload/image/66617162bc9a5.jpg?path=//proc/self/root/lib/locale/bho_NP/LC_MESSAGES HTTP/1.1" 200 14499 edition.gerdgeorge.de "-" "Mozilla/5.0 AppleWebKit/537.36 (KHTML, like Gecko; compatible; GPTBot/1.3; +https://openai.com/gptbot)" "-"
216.73.216.0 - - [13/Dec/2025:00:44:38 +0100] "GET /imprint?fileloc=%2F%2Flib%2Fruby%2Fvendor_ruby%2Frubygems%2Fresolver%2Fgit_specification.rb&path=%2F%2Flib%2Fruby%2Fvendor_ruby%2Frubygems%2Fresolver HTTP/1.1" 429 227 edition.gerdgeorge.de "-" "Mozilla/5.0 AppleWebKit/537.36 (KHTML, like Gecko; compatible; ClaudeBot/1.0; +claudebot@anthropic.com)" "-"
74.7.227.0 - - [13/Dec/2025:00:44:38 +0100] "GET /data/upload/image/666171fb77d06.jpg?path=//proc/self/root/lib/locale/mjw_IN/LC_MESSAGES HTTP/1.1" 200 14499 edition.gerdgeorge.de "-" "Mozilla/5.0 AppleWebKit/537.36 (KHTML, like Gecko; compatible; GPTBot/1.3; +https://openai.com/gptbot)" "-"
74.7.227.0 - - [13/Dec/2025:00:44:39 +0100] "GET /data/upload/image/66617162bc9a5.jpg?path=//proc/self/root/lib/locale/lzh_TW/LC_MESSAGES HTTP/1.1" 200 14499 edition.gerdgeorge.de "-" "Mozilla/5.0 AppleWebKit/537.36 (KHTML, like Gecko; compatible; GPTBot/1.3; +https://openai.com/gptbot)" "-"
74.7.227.0 - - [13/Dec/2025:00:44:39 +0100] "GET /data/upload/image/66617162bc9a5.jpg?path=//proc/self/root/lib/locale/sgs_LT/LC_MESSAGES HTTP/1.1" 200 14498 edition.gerdgeorge.de "-" "Mozilla/5.0 AppleWebKit/537.36 (KHTML, like Gecko; compatible; GPTBot/1.3; +https://openai.com/gptbot)" "-"
74.7.227.0 - - [13/Dec/2025:00:44:40 +0100] "GET /data/upload/image/66617162bc9a5.jpg?path=//proc/self/root/lib/locale/csb_PL/LC_MESSAGES HTTP/1.1" 200 14499 edition.gerdgeorge.de "-" "Mozilla/5.0 AppleWebKit/537.36 (KHTML, like Gecko; compatible; GPTBot/1.3; +https://openai.com/gptbot)" "-"
54.85.109.0 - - [13/Dec/2025:00:44:40 +0100] "GET /serviette-calamar/?path=//proc/self/root/kunden/kunden/kunden/proc/self/root/proc/thread-self/root/proc/thread-self/root/lib/locale/fr_FR HTTP/1.1" 200 35809 edition.gerdgeorge.de "-" "Mozilla/5.0 AppleWebKit/537.36 (KHTML, like Gecko; compatible; Amazonbot/0.1; +https://developer.amazon.com/support/amazonbot) Chrome/119.0.6045.214 Safari/537.36" "-"
74.7.227.0 - - [13/Dec/2025:00:44:40 +0100] "GET /data/upload/image/666171fb77d06.jpg?path=//proc/self/root/lib/locale/hak_TW/LC_MESSAGES HTTP/1.1" 200 14499 edition.gerdgeorge.de "-" "Mozilla/5.0 AppleWebKit/537.36 (KHTML, like Gecko; compatible; GPTBot/1.3; +https://openai.com/gptbot)" "-"
74.7.227.0 - - [13/Dec/2025:00:44:41 +0100] "GET /data/upload/image/66617162bc9a5.jpg?path=//proc/self/root/lib/locale/szl_PL/LC_MESSAGES HTTP/1.1" 200 14499 edition.gerdgeorge.de "-" "Mozilla/5.0 AppleWebKit/537.36 (KHTML, like Gecko; compatible; GPTBot/1.3; +https://openai.com/gptbot)" "-"
74.7.227.0 - - [13/Dec/2025:00:44:41 +0100] "GET /data/upload/image/666171fb77d06.jpg?path=//proc/self/root/lib/locale/nhn_MX/LC_MESSAGES HTTP/1.1" 200 14499 edition.gerdgeorge.de "-" "Mozilla/5.0 AppleWebKit/537.36 (KHTML, like Gecko; compatible; GPTBot/1.3; +https://openai.com/gptbot)" "-"
74.7.227.0 - - [13/Dec/2025:00:44:42 +0100] "GET /data/upload/image/66617162bc9a5.jpg?path=//proc/self/root/lib/locale/niu_NU HTTP/1.1" 200 30827 edition.gerdgeorge.de "-" "Mozilla/5.0 AppleWebKit/537.36 (KHTML, like Gecko; compatible; GPTBot/1.3; +https://openai.com/gptbot)" "-"
74.7.227.0 - - [13/Dec/2025:00:44:42 +0100] "GET /data/upload/image/66617162bc9a5.jpg?path=//proc/self/root/lib/locale/wal_ET HTTP/1.1" 200 30827 edition.gerdgeorge.de "-" "Mozilla/5.0 AppleWebKit/537.36 (KHTML, like Gecko; compatible; GPTBot/1.3; +https://openai.com/gptbot)" "-"
216.73.216.0 - - [13/Dec/2025:00:44:43 +0100] "GET /imprint?fileloc=%2F%2Flib%2Fruby%2Fvendor_ruby%2Frubygems%2Fresolver%2Fsource_set.rb&path=%2F%2Flib%2Fruby%2Fvendor_ruby%2Frubygems%2Fresolver HTTP/1.1" 429 227 edition.gerdgeorge.de "-" "Mozilla/5.0 AppleWebKit/537.36 (KHTML, like Gecko; compatible; ClaudeBot/1.0; +claudebot@anthropic.com)" "-"
74.7.227.0 - - [13/Dec/2025:00:44:43 +0100] "GET /data/upload/image/66617162bc9a5.jpg?path=//proc/self/root/lib/locale/mfe_MU/LC_MESSAGES HTTP/1.1" 200 14499 edition.gerdgeorge.de "-" "Mozilla/5.0 AppleWebKit/537.36 (KHTML, like Gecko; compatible; GPTBot/1.3; +https://openai.com/gptbot)" "-"
74.7.227.0 - - [13/Dec/2025:00:44:44 +0100] "GET /data/upload/image/666171fb77d06.jpg?path=//proc/self/root/lib/locale/yue_HK HTTP/1.1" 200 30826 edition.gerdgeorge.de "-" "Mozilla/5.0 AppleWebKit/537.36 (KHTML, like Gecko; compatible; GPTBot/1.3; +https://openai.com/gptbot)" "-"
74.7.227.0 - - [13/Dec/2025:00:44:44 +0100] "GET /data/upload/image/66617162bc9a5.jpg?path=//proc/self/root/lib/locale/anp_IN HTTP/1.1" 200 30828 edition.gerdgeorge.de "-" "Mozilla/5.0 AppleWebKit/537.36 (KHTML, like Gecko; compatible; GPTBot/1.3; +https://openai.com/gptbot)" "-"
74.7.227.0 - - [13/Dec/2025:00:44:45 +0100] "GET /data/upload/image/666171fb77d06.jpg?path=//proc/self/root/lib/locale/mni_IN HTTP/1.1" 200 30828 edition.gerdgeorge.de "-" "Mozilla/5.0 AppleWebKit/537.36 (KHTML, like Gecko; compatible; GPTBot/1.3; +https://openai.com/gptbot)" "-"
23.21.250.0 - - [13/Dec/2025:00:44:45 +0100] "GET /?path=//proc/self/root/kunden/proc/thread-self/root/proc/self/root/kunden/kunden/lib/locale/id_ID HTTP/1.1" 200 34370 edition.gerdgeorge.de "-" "Mozilla/5.0 AppleWebKit/537.36 (KHTML, like Gecko; compatible; Amazonbot/0.1; +https://developer.amazon.com/support/amazonbot) Chrome/119.0.6045.214 Safari/537.36" "-"
74.7.227.0 - - [13/Dec/2025:00:44:45 +0100] "GET /data/upload/image/666171fb77d06.jpg?path=//proc/self/root/lib/locale/hne_IN HTTP/1.1" 200 30827 edition.gerdgeorge.de "-" "Mozilla/5.0 AppleWebKit/537.36 (KHTML, like Gecko; compatible; GPTBot/1.3; +https://openai.com/gptbot)" "-"
74.7.227.0 - - [13/Dec/2025:00:44:46 +0100] "GET /data/upload/image/666171fb77d06.jpg?path=//proc/self/root/lib/locale/miq_NI HTTP/1.1" 200 30827 edition.gerdgeorge.de "-" "Mozilla/5.0 AppleWebKit/537.36 (KHTML, like Gecko; compatible; GPTBot/1.3; +https://openai.com/gptbot)" "-"
74.7.227.0 - - [13/Dec/2025:00:44:46 +0100] "GET /data/upload/image/666171fb77d06.jpg?path=//proc/self/root/lib/locale/quz_PE HTTP/1.1" 200 30826 edition.gerdgeorge.de "-" "Mozilla/5.0 AppleWebKit/537.36 (KHTML, like Gecko; compatible; GPTBot/1.3; +https://openai.com/gptbot)" "-"
74.7.227.0 - - [13/Dec/2025:00:44:47 +0100] "GET /data/upload/image/66617162bc9a5.jpg?path=//proc/self/root/lib/locale/nds_DE HTTP/1.1" 200 30826 edition.gerdgeorge.de "-" "Mozilla/5.0 AppleWebKit/537.36 (KHTML, like Gecko; compatible; GPTBot/1.3; +https://openai.com/gptbot)" "-"
216.73.216.0 - - [13/Dec/2025:00:44:48 +0100] "GET /imprint?fileloc=%2F%2Flib%2Fruby%2Fvendor_ruby%2Frubygems%2Fresolver%2Fapi_specification.rb&path=%2F%2Flib%2Fruby%2Fvendor_ruby%2Frubygems%2Fresolver HTTP/1.1" 429 227 edition.gerdgeorge.de "-" "Mozilla/5.0 AppleWebKit/537.36 (KHTML, like Gecko; compatible; ClaudeBot/1.0; +claudebot@anthropic.com)" "-"
74.7.227.0 - - [13/Dec/2025:00:44:48 +0100] "GET /data/upload/image/666171fb77d06.jpg?path=//proc/self/root/lib/locale/nan_TW HTTP/1.1" 200 30828 edition.gerdgeorge.de "-" "Mozilla/5.0 AppleWebKit/537.36 (KHTML, like Gecko; compatible; GPTBot/1.3; +https://openai.com/gptbot)" "-"
74.7.227.0 - - [13/Dec/2025:00:44:48 +0100] "GET /data/upload/image/66617162bc9a5.jpg?path=//proc/self/root/lib/locale/niu_NU/LC_MESSAGES HTTP/1.1" 200 14499 edition.gerdgeorge.de "-" "Mozilla/5.0 AppleWebKit/537.36 (KHTML, like Gecko; compatible; GPTBot/1.3; +https://openai.com/gptbot)" "-"
52.6.5.0 - - [13/Dec/2025:00:44:48 +0100] "GET /serviette-calamar/?path=//kunden/kunden/proc/self/root/proc/self/root/kunden/proc/thread-self/root/kunden/proc/sys/net HTTP/1.1" 200 21598 edition.gerdgeorge.de "-" "Mozilla/5.0 AppleWebKit/537.36 (KHTML, like Gecko; compatible; Amazonbot/0.1; +https://developer.amazon.com/support/amazonbot) Chrome/119.0.6045.214 Safari/537.36" "-"
74.7.227.0 - - [13/Dec/2025:00:44:49 +0100] "GET /data/upload/image/66617162bc9a5.jpg?path=//proc/self/root/lib/locale/wal_ET/LC_MESSAGES HTTP/1.1" 200 14499 edition.gerdgeorge.de "-" "Mozilla/5.0 AppleWebKit/537.36 (KHTML, like Gecko; compatible; GPTBot/1.3; +https://openai.com/gptbot)" "-"
74.7.227.0 - - [13/Dec/2025:00:44:49 +0100] "GET /data/upload/image/66617162bc9a5.jpg?path=//proc/self/root/lib/locale/yue_HK HTTP/1.1" 200 30826 edition.gerdgeorge.de "-" "Mozilla/5.0 AppleWebKit/537.36 (KHTML, like Gecko; compatible; GPTBot/1.3; +https://openai.com/gptbot)" "-"
74.7.227.0 - - [13/Dec/2025:00:44:50 +0100] "GET /data/upload/image/666171fb77d06.jpg?path=//proc/self/root/lib/locale/yue_HK/LC_MESSAGES HTTP/1.1" 200 14498 edition.gerdgeorge.de "-" "Mozilla/5.0 AppleWebKit/537.36 (KHTML, like Gecko; compatible; GPTBot/1.3; +https://openai.com/gptbot)" "-"
74.7.227.0 - - [13/Dec/2025:00:44:50 +0100] "GET /data/upload/image/66617162bc9a5.jpg?path=//proc/self/root/lib/locale/anp_IN/LC_MESSAGES HTTP/1.1" 200 14499 edition.gerdgeorge.de "-" "Mozilla/5.0 AppleWebKit/537.36 (KHTML, like Gecko; compatible; GPTBot/1.3; +https://openai.com/gptbot)" "-"
74.7.227.0 - - [13/Dec/2025:00:44:51 +0100] "GET /data/upload/image/666171fb77d06.jpg?path=//proc/self/root/lib/locale/mni_IN/LC_MESSAGES HTTP/1.1" 200 14499 edition.gerdgeorge.de "-" "Mozilla/5.0 AppleWebKit/537.36 (KHTML, like Gecko; compatible; GPTBot/1.3; +https://openai.com/gptbot)" "-"
74.7.227.0 - - [13/Dec/2025:00:44:52 +0100] "GET /data/upload/image/666171fb77d06.jpg?path=//proc/self/root/lib/locale/hne_IN/LC_MESSAGES HTTP/1.1" 200 14499 edition.gerdgeorge.de "-" "Mozilla/5.0 AppleWebKit/537.36 (KHTML, like Gecko; compatible; GPTBot/1.3; +https://openai.com/gptbot)" "-"
54.144.185.0 - - [13/Dec/2025:00:44:52 +0100] "GET /serviette-calamar/?path=//proc/self/root/kunden/kunden/proc/self/root/proc/self/root/kunden/proc/self/root/kunden/var/run HTTP/1.1" 200 23957 edition.gerdgeorge.de "-" "Mozilla/5.0 AppleWebKit/537.36 (KHTML, like Gecko; compatible; Amazonbot/0.1; +https://developer.amazon.com/support/amazonbot) Chrome/119.0.6045.214 Safari/537.36" "-"
74.7.227.0 - - [13/Dec/2025:00:44:52 +0100] "GET /data/upload/image/666171fb77d06.jpg?path=//proc/self/root/lib/locale/miq_NI/LC_MESSAGES HTTP/1.1" 200 14499 edition.gerdgeorge.de "-" "Mozilla/5.0 AppleWebKit/537.36 (KHTML, like Gecko; compatible; GPTBot/1.3; +https://openai.com/gptbot)" "-"
216.73.216.0 - - [13/Dec/2025:00:44:53 +0100] "GET /imprint?fileloc=%2F%2Flib%2Fruby%2Fvendor_ruby%2Frubygems%2Fresolver%2Fgit_set.rb&path=%2F%2Flib%2Fruby%2Fvendor_ruby%2Frubygems%2Fresolver HTTP/1.1" 429 227 edition.gerdgeorge.de "-" "Mozilla/5.0 AppleWebKit/537.36 (KHTML, like Gecko; compatible; ClaudeBot/1.0; +claudebot@anthropic.com)" "-"
74.7.227.0 - - [13/Dec/2025:00:44:53 +0100] "GET /data/upload/image/666171fb77d06.jpg?path=//proc/self/root/lib/locale/quz_PE/LC_MESSAGES HTTP/1.1" 200 14499 edition.gerdgeorge.de "-" "Mozilla/5.0 AppleWebKit/537.36 (KHTML, like Gecko; compatible; GPTBot/1.3; +https://openai.com/gptbot)" "-"
74.7.227.0 - - [13/Dec/2025:00:44:53 +0100] "GET /data/upload/image/66617162bc9a5.jpg?path=//proc/self/root/lib/locale/nds_DE/LC_MESSAGES HTTP/1.1" 200 14499 edition.gerdgeorge.de "-" "Mozilla/5.0 AppleWebKit/537.36 (KHTML, like Gecko; compatible; GPTBot/1.3; +https://openai.com/gptbot)" "-"
74.7.227.0 - - [13/Dec/2025:00:44:54 +0100] "GET /data/upload/image/666171fb77d06.jpg?path=//proc/self/root/lib/locale/nan_TW/LC_MESSAGES HTTP/1.1" 200 14499 edition.gerdgeorge.de "-" "Mozilla/5.0 AppleWebKit/537.36 (KHTML, like Gecko; compatible; GPTBot/1.3; +https://openai.com/gptbot)" "-"
74.7.227.0 - - [13/Dec/2025:00:44:54 +0100] "GET /data/upload/image/66617162bc9a5.jpg?path=//proc/self/root/lib/locale/shn_MM HTTP/1.1" 200 30825 edition.gerdgeorge.de "-" "Mozilla/5.0 AppleWebKit/537.36 (KHTML, like Gecko; compatible; GPTBot/1.3; +https://openai.com/gptbot)" "-"
74.7.227.0 - - [13/Dec/2025:00:44:55 +0100] "GET /data/upload/image/66617162bc9a5.jpg?path=//proc/self/root/lib/locale/sid_ET HTTP/1.1" 200 30828 edition.gerdgeorge.de "-" "Mozilla/5.0 AppleWebKit/537.36 (KHTML, like Gecko; compatible; GPTBot/1.3; +https://openai.com/gptbot)" "-"
74.7.227.0 - - [13/Dec/2025:00:44:55 +0100] "GET /data/upload/image/66617162bc9a5.jpg?path=//proc/self/root/lib/locale/yue_HK/LC_MESSAGES HTTP/1.1" 200 14498 edition.gerdgeorge.de "-" "Mozilla/5.0 AppleWebKit/537.36 (KHTML, like Gecko; compatible; GPTBot/1.3; +https://openai.com/gptbot)" "-"
35.169.119.0 - - [13/Dec/2025:00:44:56 +0100] "GET /serviette-calamar/?path=//kunden/proc/self/root/proc/self/root/kunden/kunden/proc/self/root/proc/thread-self/root/kunden/lib/locale/es_BO HTTP/1.1" 200 35885 edition.gerdgeorge.de "-" "Mozilla/5.0 AppleWebKit/537.36 (KHTML, like Gecko; compatible; Amazonbot/0.1; +https://developer.amazon.com/support/amazonbot) Chrome/119.0.6045.214 Safari/537.36" "-"
74.7.227.0 - - [13/Dec/2025:00:44:56 +0100] "GET /data/upload/image/66617162bc9a5.jpg?path=//proc/self/root/lib/locale/hif_FJ HTTP/1.1" 200 30825 edition.gerdgeorge.de "-" "Mozilla/5.0 AppleWebKit/537.36 (KHTML, like Gecko; compatible; GPTBot/1.3; +https://openai.com/gptbot)" "-"
74.7.227.0 - - [13/Dec/2025:00:44:57 +0100] "GET /data/upload/image/666171fb77d06.jpg?path=//proc/self/root/lib/locale/brx_IN HTTP/1.1" 200 30826 edition.gerdgeorge.de "-" "Mozilla/5.0 AppleWebKit/537.36 (KHTML, like Gecko; compatible; GPTBot/1.3; +https://openai.com/gptbot)" "-"
74.7.227.0 - - [13/Dec/2025:00:44:57 +0100] "GET /data/upload/image/66617162bc9a5.jpg?path=//proc/self/root/lib/locale/mai_IN HTTP/1.1" 200 30828 edition.gerdgeorge.de "-" "Mozilla/5.0 AppleWebKit/537.36 (KHTML, like Gecko; compatible; GPTBot/1.3; +https://openai.com/gptbot)" "-"
216.73.216.0 - - [13/Dec/2025:00:44:58 +0100] "GET /imprint?fileloc=%2F%2Flib%2Fruby%2Fvendor_ruby%2Frubygems%2Fsource%2Fgit.rb&path=%2F%2Flib%2Fruby%2Fvendor_ruby%2Frubygems%2Fsource HTTP/1.1" 429 227 edition.gerdgeorge.de "-" "Mozilla/5.0 AppleWebKit/537.36 (KHTML, like Gecko; compatible; ClaudeBot/1.0; +claudebot@anthropic.com)" "-"
74.7.227.0 - - [13/Dec/2025:00:44:58 +0100] "GET /data/upload/image/66617162bc9a5.jpg?path=//proc/self/root/lib/locale/dsb_DE HTTP/1.1" 200 30828 edition.gerdgeorge.de "-" "Mozilla/5.0 AppleWebKit/537.36 (KHTML, like Gecko; compatible; GPTBot/1.3; +https://openai.com/gptbot)" "-"
74.7.227.0 - - [13/Dec/2025:00:44:58 +0100] "GET /data/upload/image/66617162bc9a5.jpg?path=//proc/self/root/lib/locale/mnw_MM HTTP/1.1" 200 30827 edition.gerdgeorge.de "-" "Mozilla/5.0 AppleWebKit/537.36 (KHTML, like Gecko; compatible; GPTBot/1.3; +https://openai.com/gptbot)" "-"
74.7.227.0 - - [13/Dec/2025:00:44:59 +0100] "GET /data/upload/image/66617162bc9a5.jpg?path=//proc/self/root/lib/locale/bem_ZM HTTP/1.1" 200 30827 edition.gerdgeorge.de "-" "Mozilla/5.0 AppleWebKit/537.36 (KHTML, like Gecko; compatible; GPTBot/1.3; +https://openai.com/gptbot)" "-"
74.7.227.0 - - [13/Dec/2025:00:44:59 +0100] "GET /data/upload/image/666171fb77d06.jpg?path=//proc/self/root/lib/locale/nso_ZA HTTP/1.1" 200 30828 edition.gerdgeorge.de "-" "Mozilla/5.0 AppleWebKit/537.36 (KHTML, like Gecko; compatible; GPTBot/1.3; +https://openai.com/gptbot)" "-"
44.206.93.0 - - [13/Dec/2025:00:45:00 +0100] "GET /lievre-hupf/?path=//proc/self/root/kunden/kunden/proc/self/root/proc/self/root/lib/init HTTP/1.1" 200 16710 edition.gerdgeorge.de "-" "Mozilla/5.0 AppleWebKit/537.36 (KHTML, like Gecko; compatible; Amazonbot/0.1; +https://developer.amazon.com/support/amazonbot) Chrome/119.0.6045.214 Safari/537.36" "-"
74.7.227.0 - - [13/Dec/2025:00:45:00 +0100] "GET /data/upload/image/666171fb77d06.jpg?path=//proc/self/root/lib/locale/niu_NU HTTP/1.1" 200 30827 edition.gerdgeorge.de "-" "Mozilla/5.0 AppleWebKit/537.36 (KHTML, like Gecko; compatible; GPTBot/1.3; +https://openai.com/gptbot)" "-"
74.7.227.0 - - [13/Dec/2025:00:45:00 +0100] "GET /data/upload/image/66617162bc9a5.jpg?path=//proc/self/root/lib/locale/shn_MM/LC_MESSAGES HTTP/1.1" 200 14499 edition.gerdgeorge.de "-" "Mozilla/5.0 AppleWebKit/537.36 (KHTML, like Gecko; compatible; GPTBot/1.3; +https://openai.com/gptbot)" "-"
74.7.227.0 - - [13/Dec/2025:00:45:01 +0100] "GET /data/upload/image/66617162bc9a5.jpg?path=//proc/self/root/lib/locale/sid_ET/LC_MESSAGES HTTP/1.1" 200 14499 edition.gerdgeorge.de "-" "Mozilla/5.0 AppleWebKit/537.36 (KHTML, like Gecko; compatible; GPTBot/1.3; +https://openai.com/gptbot)" "-"
74.7.227.0 - - [13/Dec/2025:00:45:02 +0100] "GET /data/upload/image/66617162bc9a5.jpg?path=//proc/self/root/lib/locale/the_NP HTTP/1.1" 200 30827 edition.gerdgeorge.de "-" "Mozilla/5.0 AppleWebKit/537.36 (KHTML, like Gecko; compatible; GPTBot/1.3; +https://openai.com/gptbot)" "-"
74.7.227.0 - - [13/Dec/2025:00:45:03 +0100] "GET /data/upload/image/66617162bc9a5.jpg?path=//proc/self/root/lib/locale/hif_FJ/LC_MESSAGES HTTP/1.1" 200 14499 edition.gerdgeorge.de "-" "Mozilla/5.0 AppleWebKit/537.36 (KHTML, like Gecko; compatible; GPTBot/1.3; +https://openai.com/gptbot)" "-"
216.73.216.0 - - [13/Dec/2025:00:45:03 +0100] "GET /imprint?fileloc=%2F%2Flib%2Fruby%2Fvendor_ruby%2Frubygems%2Fresolver%2Fapi_set.rb&path=%2F%2Flib%2Fruby%2Fvendor_ruby%2Frubygems%2Fresolver HTTP/1.1" 429 227 edition.gerdgeorge.de "-" "Mozilla/5.0 AppleWebKit/537.36 (KHTML, like Gecko; compatible; ClaudeBot/1.0; +claudebot@anthropic.com)" "-"
74.7.227.0 - - [13/Dec/2025:00:45:03 +0100] "GET /data/upload/image/666171fb77d06.jpg?path=//proc/self/root/lib/locale/brx_IN/LC_MESSAGES HTTP/1.1" 200 14499 edition.gerdgeorge.de "-" "Mozilla/5.0 AppleWebKit/537.36 (KHTML, like Gecko; compatible; GPTBot/1.3; +https://openai.com/gptbot)" "-"
74.7.227.0 - - [13/Dec/2025:00:45:04 +0100] "GET /data/upload/image/66617162bc9a5.jpg?path=//proc/self/root/lib/locale/mai_IN/LC_MESSAGES HTTP/1.1" 200 14499 edition.gerdgeorge.de "-" "Mozilla/5.0 AppleWebKit/537.36 (KHTML, like Gecko; compatible; GPTBot/1.3; +https://openai.com/gptbot)" "-"
74.7.227.0 - - [13/Dec/2025:00:45:04 +0100] "GET /data/upload/image/66617162bc9a5.jpg?path=//proc/self/root/lib/locale/dsb_DE/LC_MESSAGES HTTP/1.1" 200 14498 edition.gerdgeorge.de "-" "Mozilla/5.0 AppleWebKit/537.36 (KHTML, like Gecko; compatible; GPTBot/1.3; +https://openai.com/gptbot)" "-"
23.23.99.0 - - [13/Dec/2025:00:45:05 +0100] "GET /jets/?path=//proc/self/root/kunden/proc/self/root/proc/thread-self/root/proc/self/root/lib/locale/en_US HTTP/1.1" 200 34489 edition.gerdgeorge.de "-" "Mozilla/5.0 AppleWebKit/537.36 (KHTML, like Gecko; compatible; Amazonbot/0.1; +https://developer.amazon.com/support/amazonbot) Chrome/119.0.6045.214 Safari/537.36" "-"
74.7.227.0 - - [13/Dec/2025:00:45:05 +0100] "GET /data/upload/image/66617162bc9a5.jpg?path=//proc/self/root/lib/locale/mnw_MM/LC_MESSAGES HTTP/1.1" 200 14499 edition.gerdgeorge.de "-" "Mozilla/5.0 AppleWebKit/537.36 (KHTML, like Gecko; compatible; GPTBot/1.3; +https://openai.com/gptbot)" "-"
74.7.227.0 - - [13/Dec/2025:00:45:06 +0100] "GET /data/upload/image/66617162bc9a5.jpg?path=//proc/self/root/lib/locale/bem_ZM/LC_MESSAGES HTTP/1.1" 200 14498 edition.gerdgeorge.de "-" "Mozilla/5.0 AppleWebKit/537.36 (KHTML, like Gecko; compatible; GPTBot/1.3; +https://openai.com/gptbot)" "-"
74.7.227.0 - - [13/Dec/2025:00:45:06 +0100] "GET /data/upload/image/666171fb77d06.jpg?path=//proc/self/root/lib/locale/nso_ZA/LC_MESSAGES HTTP/1.1" 200 14499 edition.gerdgeorge.de "-" "Mozilla/5.0 AppleWebKit/537.36 (KHTML, like Gecko; compatible; GPTBot/1.3; +https://openai.com/gptbot)" "-"
74.7.227.0 - - [13/Dec/2025:00:45:07 +0100] "GET /data/upload/image/666171fb77d06.jpg?path=//proc/self/root/lib/locale/niu_NU/LC_MESSAGES HTTP/1.1" 200 14499 edition.gerdgeorge.de "-" "Mozilla/5.0 AppleWebKit/537.36 (KHTML, like Gecko; compatible; GPTBot/1.3; +https://openai.com/gptbot)" "-"
74.7.227.0 - - [13/Dec/2025:00:45:08 +0100] "GET /data/upload/image/666171fb77d06.jpg?path=//proc/self/root/lib/locale/shs_CA HTTP/1.1" 200 30826 edition.gerdgeorge.de "-" "Mozilla/5.0 AppleWebKit/537.36 (KHTML, like Gecko; compatible; GPTBot/1.3; +https://openai.com/gptbot)" "-"
216.73.216.0 - - [13/Dec/2025:00:45:08 +0100] "GET /imprint?fileloc=%2F%2Fproc%2Fthread-self%2Fcwd%2Fwp-includes%2FRequests%2Fsrc%2Fsrc%2Findex.php&path=%2F%2Fproc%2Fthread-self%2Fcwd%2Fwp-includes%2FRequests%2Fsrc%2Fsrc HTTP/1.1" 429 227 edition.gerdgeorge.de "-" "Mozilla/5.0 AppleWebKit/537.36 (KHTML, like Gecko; compatible; ClaudeBot/1.0; +claudebot@anthropic.com)" "-"
54.90.8.0 - - [13/Dec/2025:00:45:08 +0100] "GET /books/?path=//kunden/proc/self/root/kunden/kunden/lib/locale/de_DE HTTP/1.1" 200 32010 edition.gerdgeorge.de "-" "Mozilla/5.0 AppleWebKit/537.36 (KHTML, like Gecko; compatible; Amazonbot/0.1; +https://developer.amazon.com/support/amazonbot) Chrome/119.0.6045.214 Safari/537.36" "-"
74.7.227.0 - - [13/Dec/2025:00:45:08 +0100] "GET /data/upload/image/66617162bc9a5.jpg?path=//proc/self/root/lib/locale/mai_NP HTTP/1.1" 200 30826 edition.gerdgeorge.de "-" "Mozilla/5.0 AppleWebKit/537.36 (KHTML, like Gecko; compatible; GPTBot/1.3; +https://openai.com/gptbot)" "-"
74.7.227.0 - - [13/Dec/2025:00:45:09 +0100] "GET /data/upload/image/66617162bc9a5.jpg?path=//proc/self/root/lib/locale/the_NP/LC_MESSAGES HTTP/1.1" 200 14499 edition.gerdgeorge.de "-" "Mozilla/5.0 AppleWebKit/537.36 (KHTML, like Gecko; compatible; GPTBot/1.3; +https://openai.com/gptbot)" "-"
74.7.227.0 - - [13/Dec/2025:00:45:09 +0100] "GET /data/upload/image/666171fb77d06.jpg?path=//proc/self/root/lib/locale/shn_MM HTTP/1.1" 200 30825 edition.gerdgeorge.de "-" "Mozilla/5.0 AppleWebKit/537.36 (KHTML, like Gecko; compatible; GPTBot/1.3; +https://openai.com/gptbot)" "-"
74.7.227.0 - - [13/Dec/2025:00:45:10 +0100] "GET /data/upload/image/66617162bc9a5.jpg?path=//proc/self/root/lib/locale/mni_IN HTTP/1.1" 200 30828 edition.gerdgeorge.de "-" "Mozilla/5.0 AppleWebKit/537.36 (KHTML, like Gecko; compatible; GPTBot/1.3; +https://openai.com/gptbot)" "-"
74.7.227.0 - - [13/Dec/2025:00:45:10 +0100] "GET /data/upload/image/666171fb77d06.jpg?path=//proc/self/root/lib/locale/zh_CN.gbk HTTP/1.1" 200 30976 edition.gerdgeorge.de "-" "Mozilla/5.0 AppleWebKit/537.36 (KHTML, like Gecko; compatible; GPTBot/1.3; +https://openai.com/gptbot)" "-"
74.7.227.0 - - [13/Dec/2025:00:45:11 +0100] "GET /data/upload/image/66617162bc9a5.jpg?path=//proc/self/root/lib/locale/zh_CN.gbk HTTP/1.1" 200 30976 edition.gerdgeorge.de "-" "Mozilla/5.0 AppleWebKit/537.36 (KHTML, like Gecko; compatible; GPTBot/1.3; +https://openai.com/gptbot)" "-"
74.7.227.0 - - [13/Dec/2025:00:45:11 +0100] "GET /data/upload/image/666171fb77d06.jpg?path=//proc/self/root/lib/locale/zh_SG.gbk HTTP/1.1" 200 30978 edition.gerdgeorge.de "-" "Mozilla/5.0 AppleWebKit/537.36 (KHTML, like Gecko; compatible; GPTBot/1.3; +https://openai.com/gptbot)" "-"
54.225.181.0 - - [13/Dec/2025:00:45:12 +0100] "GET /serviette-calamar/?path=//proc/self/root/kunden/proc/thread-self/root/proc/thread-self/root/proc/thread-self/root/lib/locale/en_AU HTTP/1.1" 200 35274 edition.gerdgeorge.de "-" "Mozilla/5.0 AppleWebKit/537.36 (KHTML, like Gecko; compatible; Amazonbot/0.1; +https://developer.amazon.com/support/amazonbot) Chrome/119.0.6045.214 Safari/537.36" "-"
74.7.227.0 - - [13/Dec/2025:00:45:12 +0100] "GET /data/upload/image/66617162bc9a5.jpg?path=//proc/self/root/lib/locale/zh_SG.gbk HTTP/1.1" 200 30978 edition.gerdgeorge.de "-" "Mozilla/5.0 AppleWebKit/537.36 (KHTML, like Gecko; compatible; GPTBot/1.3; +https://openai.com/gptbot)" "-"
74.7.227.0 - - [13/Dec/2025:00:45:13 +0100] "GET /data/upload/image/66617162bc9a5.jpg?path=//proc/self/root/lib/locale/et_EE.iso885915 HTTP/1.1" 200 31271 edition.gerdgeorge.de "-" "Mozilla/5.0 AppleWebKit/537.36 (KHTML, like Gecko; compatible; GPTBot/1.3; +https://openai.com/gptbot)" "-"
216.73.216.0 - - [13/Dec/2025:00:45:13 +0100] "GET /imprint?fileloc=%2F%2Flib%2Fruby%2Fvendor_ruby%2Frubygems%2Fcore_ext%2Fkernel_warn.rb&path=%2F%2Flib%2Fruby%2Fvendor_ruby%2Frubygems%2Fcore_ext HTTP/1.1" 429 227 edition.gerdgeorge.de "-" "Mozilla/5.0 AppleWebKit/537.36 (KHTML, like Gecko; compatible; ClaudeBot/1.0; +claudebot@anthropic.com)" "-"
74.7.227.0 - - [13/Dec/2025:00:45:13 +0100] "GET /data/upload/image/666171fb77d06.jpg?path=//proc/self/root/lib/locale/et_EE.iso885915 HTTP/1.1" 200 31271 edition.gerdgeorge.de "-" "Mozilla/5.0 AppleWebKit/537.36 (KHTML, like Gecko; compatible; GPTBot/1.3; +https://openai.com/gptbot)" "-"
74.7.227.0 - - [13/Dec/2025:00:45:14 +0100] "GET /data/upload/image/666171fb77d06.jpg?path=//proc/self/root/lib/locale/shs_CA/LC_MESSAGES HTTP/1.1" 200 14499 edition.gerdgeorge.de "-" "Mozilla/5.0 AppleWebKit/537.36 (KHTML, like Gecko; compatible; GPTBot/1.3; +https://openai.com/gptbot)" "-"
74.7.227.0 - - [13/Dec/2025:00:45:14 +0100] "GET /data/upload/image/66617162bc9a5.jpg?path=//proc/self/root/lib/locale/mai_NP/LC_MESSAGES HTTP/1.1" 200 14499 edition.gerdgeorge.de "-" "Mozilla/5.0 AppleWebKit/537.36 (KHTML, like Gecko; compatible; GPTBot/1.3; +https://openai.com/gptbot)" "-"
74.7.227.0 - - [13/Dec/2025:00:45:15 +0100] "GET /data/upload/image/66617162bc9a5.jpg?fileloc=//proc/self/root/lib/locale/the_NP/LC_MESSAGES/SYS_LC_MESSAGES&path=//proc/self/root/lib/locale/the_NP/LC_MESSAGES HTTP/1.1" 200 12610 edition.gerdgeorge.de "-" "Mozilla/5.0 AppleWebKit/537.36 (KHTML, like Gecko; compatible; GPTBot/1.3; +https://openai.com/gptbot)" "-"
74.7.227.0 - - [13/Dec/2025:00:45:15 +0100] "GET /data/upload/image/666171fb77d06.jpg?path=//proc/self/root/lib/locale/shn_MM/LC_MESSAGES HTTP/1.1" 200 14499 edition.gerdgeorge.de "-" "Mozilla/5.0 AppleWebKit/537.36 (KHTML, like Gecko; compatible; GPTBot/1.3; +https://openai.com/gptbot)" "-"
52.204.37.0 - - [13/Dec/2025:00:45:16 +0100] "GET /serviette-calamar/?path=//kunden/proc/self/root/kunden/proc/self/root/proc/self/root/usr/lib/locale/ru_UA HTTP/1.1" 200 33826 edition.gerdgeorge.de "-" "Mozilla/5.0 AppleWebKit/537.36 (KHTML, like Gecko; compatible; Amazonbot/0.1; +https://developer.amazon.com/support/amazonbot) Chrome/119.0.6045.214 Safari/537.36" "-"
74.7.227.0 - - [13/Dec/2025:00:45:16 +0100] "GET /data/upload/image/66617162bc9a5.jpg?path=//proc/self/root/lib/locale/mni_IN/LC_MESSAGES HTTP/1.1" 200 14499 edition.gerdgeorge.de "-" "Mozilla/5.0 AppleWebKit/537.36 (KHTML, like Gecko; compatible; GPTBot/1.3; +https://openai.com/gptbot)" "-"
74.7.227.0 - - [13/Dec/2025:00:45:17 +0100] "GET /data/upload/image/666171fb77d06.jpg?path=//proc/self/root/lib/locale/zh_CN.gbk/LC_MESSAGES HTTP/1.1" 200 14520 edition.gerdgeorge.de "-" "Mozilla/5.0 AppleWebKit/537.36 (KHTML, like Gecko; compatible; GPTBot/1.3; +https://openai.com/gptbot)" "-"
74.7.227.0 - - [13/Dec/2025:00:45:17 +0100] "GET /data/upload/image/66617162bc9a5.jpg?path=//proc/self/root/lib/locale/zh_CN.gbk/LC_MESSAGES HTTP/1.1" 200 14520 edition.gerdgeorge.de "-" "Mozilla/5.0 AppleWebKit/537.36 (KHTML, like Gecko; compatible; GPTBot/1.3; +https://openai.com/gptbot)" "-"
216.73.216.0 - - [13/Dec/2025:00:45:18 +0100] "GET /imprint?fileloc=%2F%2Fproc%2Fthread-self%2Fcwd%2Fwp-includes%2FRequests%2Fsrc%2Fsrc%2Fcache.php&path=%2F%2Fproc%2Fthread-self%2Fcwd%2Fwp-includes%2FRequests%2Fsrc%2Fsrc HTTP/1.1" 429 227 edition.gerdgeorge.de "-" "Mozilla/5.0 AppleWebKit/537.36 (KHTML, like Gecko; compatible; ClaudeBot/1.0; +claudebot@anthropic.com)" "-"
74.7.227.0 - - [13/Dec/2025:00:45:18 +0100] "GET /data/upload/image/666171fb77d06.jpg?path=//proc/self/root/lib/locale/zh_SG.gbk/LC_MESSAGES HTTP/1.1" 200 14520 edition.gerdgeorge.de "-" "Mozilla/5.0 AppleWebKit/537.36 (KHTML, like Gecko; compatible; GPTBot/1.3; +https://openai.com/gptbot)" "-"
74.7.227.0 - - [13/Dec/2025:00:45:18 +0100] "GET /data/upload/image/66617162bc9a5.jpg?path=//proc/self/root/lib/locale/zh_SG.gbk/LC_MESSAGES HTTP/1.1" 200 14520 edition.gerdgeorge.de "-" "Mozilla/5.0 AppleWebKit/537.36 (KHTML, like Gecko; compatible; GPTBot/1.3; +https://openai.com/gptbot)" "-"
74.7.227.0 - - [13/Dec/2025:00:45:19 +0100] "GET /data/upload/image/66617162bc9a5.jpg?path=//proc/self/root/lib/locale/et_EE.iso885915/LC_MESSAGES HTTP/1.1" 200 14562 edition.gerdgeorge.de "-" "Mozilla/5.0 AppleWebKit/537.36 (KHTML, like Gecko; compatible; GPTBot/1.3; +https://openai.com/gptbot)" "-"
74.7.227.0 - - [13/Dec/2025:00:45:19 +0100] "GET /data/upload/image/666171fb77d06.jpg?path=//proc/self/root/lib/locale/et_EE.iso885915/LC_MESSAGES HTTP/1.1" 200 14562 edition.gerdgeorge.de "-" "Mozilla/5.0 AppleWebKit/537.36 (KHTML, like Gecko; compatible; GPTBot/1.3; +https://openai.com/gptbot)" "-"
74.7.227.0 - - [13/Dec/2025:00:45:20 +0100] "GET /data/upload/image/66617162bc9a5.jpg?path=//proc/self/root/lib/locale/sr_ME/LC_MESSAGES HTTP/1.1" 200 14492 edition.gerdgeorge.de "-" "Mozilla/5.0 AppleWebKit/537.36 (KHTML, like Gecko; compatible; GPTBot/1.3; +https://openai.com/gptbot)" "-"
74.7.227.0 - - [13/Dec/2025:00:45:21 +0100] "GET /data/upload/image/66617162bc9a5.jpg?path=//proc/self/root/lib/locale/aa_ER@saaho HTTP/1.1" 200 31073 edition.gerdgeorge.de "-" "Mozilla/5.0 AppleWebKit/537.36 (KHTML, like Gecko; compatible; GPTBot/1.3; +https://openai.com/gptbot)" "-"
74.7.227.0 - - [13/Dec/2025:00:45:21 +0100] "GET /data/upload/image/666171fb77d06.jpg?path=//proc/self/root/lib/locale/aa_ER@saaho HTTP/1.1" 200 31073 edition.gerdgeorge.de "-" "Mozilla/5.0 AppleWebKit/537.36 (KHTML, like Gecko; compatible; GPTBot/1.3; +https://openai.com/gptbot)" "-"
74.7.227.0 - - [13/Dec/2025:00:45:22 +0100] "GET /data/upload/image/66617162bc9a5.jpg?path=//proc/self/root/lib/locale/ca_AD HTTP/1.1" 200 30780 edition.gerdgeorge.de "-" "Mozilla/5.0 AppleWebKit/537.36 (KHTML, like Gecko; compatible; GPTBot/1.3; +https://openai.com/gptbot)" "-"
74.7.227.0 - - [13/Dec/2025:00:45:22 +0100] "GET /data/upload/image/66617162bc9a5.jpg?path=//proc/self/root/lib/locale/ar_YE HTTP/1.1" 200 30780 edition.gerdgeorge.de "-" "Mozilla/5.0 AppleWebKit/537.36 (KHTML, like Gecko; compatible; GPTBot/1.3; +https://openai.com/gptbot)" "-"
54.197.114.0 - - [13/Dec/2025:00:45:22 +0100] "GET /jets/?path=//proc/self/root/proc/self/root/proc/self/root/kunden/kunden/kunden/lib/locale/de_DE HTTP/1.1" 200 33951 edition.gerdgeorge.de "-" "Mozilla/5.0 AppleWebKit/537.36 (KHTML, like Gecko; compatible; Amazonbot/0.1; +https://developer.amazon.com/support/amazonbot) Chrome/119.0.6045.214 Safari/537.36" "-"
216.73.216.0 - - [13/Dec/2025:00:45:23 +0100] "GET /imprint?fileloc=%2F%2Flib%2Fruby%2Fvendor_ruby%2Frubygems%2Fcore_ext%2Fkernel_require.rb&path=%2F%2Flib%2Fruby%2Fvendor_ruby%2Frubygems%2Fcore_ext HTTP/1.1" 429 227 edition.gerdgeorge.de "-" "Mozilla/5.0 AppleWebKit/537.36 (KHTML, like Gecko; compatible; ClaudeBot/1.0; +claudebot@anthropic.com)" "-"
74.7.227.0 - - [13/Dec/2025:00:45:23 +0100] "GET /data/upload/image/666171fb77d06.jpg?path=//proc/self/root/lib/locale/ts_ZA HTTP/1.1" 200 30778 edition.gerdgeorge.de "-" "Mozilla/5.0 AppleWebKit/537.36 (KHTML, like Gecko; compatible; GPTBot/1.3; +https://openai.com/gptbot)" "-"
74.7.227.0 - - [13/Dec/2025:00:45:23 +0100] "GET /data/upload/image/66617162bc9a5.jpg?path=//proc/self/root/lib/locale/lt_LT HTTP/1.1" 200 30781 edition.gerdgeorge.de "-" "Mozilla/5.0 AppleWebKit/537.36 (KHTML, like Gecko; compatible; GPTBot/1.3; +https://openai.com/gptbot)" "-"
52.3.156.0 - - [13/Dec/2025:00:45:24 +0100] "GET /serviette-calamar/?path=//proc/self/root/kunden/proc/self/root/kunden/proc/self/root/kunden/proc/self/root/kunden/lib/locale/en_ZA HTTP/1.1" 200 35495 edition.gerdgeorge.de "-" "Mozilla/5.0 AppleWebKit/537.36 (KHTML, like Gecko; compatible; Amazonbot/0.1; +https://developer.amazon.com/support/amazonbot) Chrome/119.0.6045.214 Safari/537.36" "-"
74.7.227.0 - - [13/Dec/2025:00:45:24 +0100] "GET /data/upload/image/666171fb77d06.jpg?path=//proc/self/root/lib/locale/es_VE HTTP/1.1" 200 30781 edition.gerdgeorge.de "-" "Mozilla/5.0 AppleWebKit/537.36 (KHTML, like Gecko; compatible; GPTBot/1.3; +https://openai.com/gptbot)" "-"
74.7.227.0 - - [13/Dec/2025:00:45:24 +0100] "GET /data/upload/image/666171fb77d06.jpg?path=//proc/self/root/lib/locale/ar_IQ HTTP/1.1" 200 30779 edition.gerdgeorge.de "-" "Mozilla/5.0 AppleWebKit/537.36 (KHTML, like Gecko; compatible; GPTBot/1.3; +https://openai.com/gptbot)" "-"
74.7.227.0 - - [13/Dec/2025:00:45:25 +0100] "GET /data/upload/image/66617162bc9a5.jpg?path=//proc/self/root/lib/locale/ar_MA HTTP/1.1" 200 30780 edition.gerdgeorge.de "-" "Mozilla/5.0 AppleWebKit/537.36 (KHTML, like Gecko; compatible; GPTBot/1.3; +https://openai.com/gptbot)" "-"
74.7.227.0 - - [13/Dec/2025:00:45:26 +0100] "GET /data/upload/image/666171fb77d06.jpg?path=//proc/self/root/lib/locale/ca_FR HTTP/1.1" 200 30780 edition.gerdgeorge.de "-" "Mozilla/5.0 AppleWebKit/537.36 (KHTML, like Gecko; compatible; GPTBot/1.3; +https://openai.com/gptbot)" "-"
74.7.227.0 - - [13/Dec/2025:00:45:26 +0100] "GET /data/upload/image/66617162bc9a5.jpg?path=//proc/self/root/lib/locale/ca_ES HTTP/1.1" 200 30779 edition.gerdgeorge.de "-" "Mozilla/5.0 AppleWebKit/537.36 (KHTML, like Gecko; compatible; GPTBot/1.3; +https://openai.com/gptbot)" "-"
74.7.227.0 - - [13/Dec/2025:00:45:27 +0100] "GET /data/upload/image/66617162bc9a5.jpg?path=//proc/self/root/lib/locale/aa_ER@saaho/LC_MESSAGES HTTP/1.1" 200 14534 edition.gerdgeorge.de "-" "Mozilla/5.0 AppleWebKit/537.36 (KHTML, like Gecko; compatible; GPTBot/1.3; +https://openai.com/gptbot)" "-"
74.7.227.0 - - [13/Dec/2025:00:45:27 +0100] "GET /data/upload/image/666171fb77d06.jpg?path=//proc/self/root/lib/locale/aa_ER@saaho/LC_MESSAGES HTTP/1.1" 200 14534 edition.gerdgeorge.de "-" "Mozilla/5.0 AppleWebKit/537.36 (KHTML, like Gecko; compatible; GPTBot/1.3; +https://openai.com/gptbot)" "-"
216.73.216.0 - - [13/Dec/2025:00:45:28 +0100] "GET /imprint?fileloc=%2F%2Flib%2Fruby%2Fvendor_ruby%2Frubygems%2Fcore_ext%2Fkernel_gem.rb&path=%2F%2Flib%2Fruby%2Fvendor_ruby%2Frubygems%2Fcore_ext HTTP/1.1" 429 227 edition.gerdgeorge.de "-" "Mozilla/5.0 AppleWebKit/537.36 (KHTML, like Gecko; compatible; ClaudeBot/1.0; +claudebot@anthropic.com)" "-"
74.7.227.0 - - [13/Dec/2025:00:45:28 +0100] "GET /data/upload/image/66617162bc9a5.jpg?path=//proc/self/root/lib/locale/ca_AD/LC_MESSAGES HTTP/1.1" 200 14492 edition.gerdgeorge.de "-" "Mozilla/5.0 AppleWebKit/537.36 (KHTML, like Gecko; compatible; GPTBot/1.3; +https://openai.com/gptbot)" "-"
44.215.231.0 - - [13/Dec/2025:00:45:28 +0100] "GET /serviette-calamar/?path=//kunden/proc/self/root/kunden/proc/thread-self/root/kunden/proc/self/root/proc/self/root/lib/locale/es_EC HTTP/1.1" 200 35466 edition.gerdgeorge.de "-" "Mozilla/5.0 AppleWebKit/537.36 (KHTML, like Gecko; compatible; Amazonbot/0.1; +https://developer.amazon.com/support/amazonbot) Chrome/119.0.6045.214 Safari/537.36" "-"
74.7.227.0 - - [13/Dec/2025:00:45:28 +0100] "GET /data/upload/image/66617162bc9a5.jpg?path=//proc/self/root/lib/locale/ar_YE/LC_MESSAGES HTTP/1.1" 200 14492 edition.gerdgeorge.de "-" "Mozilla/5.0 AppleWebKit/537.36 (KHTML, like Gecko; compatible; GPTBot/1.3; +https://openai.com/gptbot)" "-"
74.7.227.0 - - [13/Dec/2025:00:45:29 +0100] "GET /data/upload/image/666171fb77d06.jpg?path=//proc/self/root/lib/locale/ts_ZA/LC_MESSAGES HTTP/1.1" 200 14491 edition.gerdgeorge.de "-" "Mozilla/5.0 AppleWebKit/537.36 (KHTML, like Gecko; compatible; GPTBot/1.3; +https://openai.com/gptbot)" "-"
74.7.227.0 - - [13/Dec/2025:00:45:29 +0100] "GET /data/upload/image/66617162bc9a5.jpg?path=//proc/self/root/lib/locale/lt_LT/LC_MESSAGES HTTP/1.1" 200 14492 edition.gerdgeorge.de "-" "Mozilla/5.0 AppleWebKit/537.36 (KHTML, like Gecko; compatible; GPTBot/1.3; +https://openai.com/gptbot)" "-"
