74.7.227.0 - - [13/Dec/2025:00:45:30 +0100] "GET /data/upload/image/666171fb77d06.jpg?path=//proc/self/root/lib/locale/es_VE/LC_MESSAGES HTTP/1.1" 200 14492 edition.gerdgeorge.de "-" "Mozilla/5.0 AppleWebKit/537.36 (KHTML, like Gecko; compatible; GPTBot/1.3; +https://openai.com/gptbot)" "-"
74.7.227.0 - - [13/Dec/2025:00:45:30 +0100] "GET /data/upload/image/666171fb77d06.jpg?path=//proc/self/root/lib/locale/ar_IQ/LC_MESSAGES HTTP/1.1" 200 14492 edition.gerdgeorge.de "-" "Mozilla/5.0 AppleWebKit/537.36 (KHTML, like Gecko; compatible; GPTBot/1.3; +https://openai.com/gptbot)" "-"
74.7.227.0 - - [13/Dec/2025:00:45:31 +0100] "GET /data/upload/image/66617162bc9a5.jpg?path=//proc/self/root/lib/locale/ar_MA/LC_MESSAGES HTTP/1.1" 200 14492 edition.gerdgeorge.de "-" "Mozilla/5.0 AppleWebKit/537.36 (KHTML, like Gecko; compatible; GPTBot/1.3; +https://openai.com/gptbot)" "-"
74.7.227.0 - - [13/Dec/2025:00:45:31 +0100] "GET /data/upload/image/666171fb77d06.jpg?path=//proc/self/root/lib/locale/ca_FR/LC_MESSAGES HTTP/1.1" 200 14492 edition.gerdgeorge.de "-" "Mozilla/5.0 AppleWebKit/537.36 (KHTML, like Gecko; compatible; GPTBot/1.3; +https://openai.com/gptbot)" "-"
3.213.213.0 - - [13/Dec/2025:00:45:32 +0100] "GET /serviette-calamar/?path=//proc/self/root/proc/self/root/proc/self/root/kunden/kunden/proc/thread-self/root/kunden/lib/locale/to_TO HTTP/1.1" 200 35380 edition.gerdgeorge.de "-" "Mozilla/5.0 AppleWebKit/537.36 (KHTML, like Gecko; compatible; Amazonbot/0.1; +https://developer.amazon.com/support/amazonbot) Chrome/119.0.6045.214 Safari/537.36" "-"
74.7.227.0 - - [13/Dec/2025:00:45:32 +0100] "GET /data/upload/image/66617162bc9a5.jpg?path=//proc/self/root/lib/locale/ca_ES/LC_MESSAGES HTTP/1.1" 200 14492 edition.gerdgeorge.de "-" "Mozilla/5.0 AppleWebKit/537.36 (KHTML, like Gecko; compatible; GPTBot/1.3; +https://openai.com/gptbot)" "-"
74.7.227.0 - - [13/Dec/2025:00:45:33 +0100] "GET /data/upload/image/666171fb77d06.jpg?path=//proc/self/root/lib/locale/ln_CD HTTP/1.1" 200 30778 edition.gerdgeorge.de "-" "Mozilla/5.0 AppleWebKit/537.36 (KHTML, like Gecko; compatible; GPTBot/1.3; +https://openai.com/gptbot)" "-"
216.73.216.0 - - [13/Dec/2025:00:45:33 +0100] "GET /imprint?path=%2F%2Flib%2Fruby%2Fvendor_ruby%2Frubygems%2Fresolver%2Fapi_set HTTP/1.1" 429 227 edition.gerdgeorge.de "-" "Mozilla/5.0 AppleWebKit/537.36 (KHTML, like Gecko; compatible; ClaudeBot/1.0; +claudebot@anthropic.com)" "-"
74.7.227.0 - - [13/Dec/2025:00:45:33 +0100] "GET /data/upload/image/66617162bc9a5.jpg?path=//proc/self/root/lib/locale/oc_FR HTTP/1.1" 200 30780 edition.gerdgeorge.de "-" "Mozilla/5.0 AppleWebKit/537.36 (KHTML, like Gecko; compatible; GPTBot/1.3; +https://openai.com/gptbot)" "-"
74.7.227.0 - - [13/Dec/2025:00:45:34 +0100] "GET /data/upload/image/666171fb77d06.jpg?path=//proc/self/root/lib/locale/eu_ES HTTP/1.1" 200 30781 edition.gerdgeorge.de "-" "Mozilla/5.0 AppleWebKit/537.36 (KHTML, like Gecko; compatible; GPTBot/1.3; +https://openai.com/gptbot)" "-"
74.7.227.0 - - [13/Dec/2025:00:45:34 +0100] "GET /data/upload/image/66617162bc9a5.jpg?path=//proc/self/root/lib/locale/ar_QA HTTP/1.1" 200 30780 edition.gerdgeorge.de "-" "Mozilla/5.0 AppleWebKit/537.36 (KHTML, like Gecko; compatible; GPTBot/1.3; +https://openai.com/gptbot)" "-"
74.7.227.0 - - [13/Dec/2025:00:45:35 +0100] "GET /data/upload/image/666171fb77d06.jpg?path=//proc/self/root/lib/locale/es_SV HTTP/1.1" 200 30781 edition.gerdgeorge.de "-" "Mozilla/5.0 AppleWebKit/537.36 (KHTML, like Gecko; compatible; GPTBot/1.3; +https://openai.com/gptbot)" "-"
74.7.227.0 - - [13/Dec/2025:00:45:35 +0100] "GET /data/upload/image/666171fb77d06.jpg?path=//proc/self/root/lib/locale/to_TO HTTP/1.1" 200 30778 edition.gerdgeorge.de "-" "Mozilla/5.0 AppleWebKit/537.36 (KHTML, like Gecko; compatible; GPTBot/1.3; +https://openai.com/gptbot)" "-"
74.7.227.0 - - [13/Dec/2025:00:45:36 +0100] "GET /data/upload/image/666171fb77d06.jpg?path=//proc/self/root/lib/locale/hu_HU HTTP/1.1" 200 30781 edition.gerdgeorge.de "-" "Mozilla/5.0 AppleWebKit/537.36 (KHTML, like Gecko; compatible; GPTBot/1.3; +https://openai.com/gptbot)" "-"
18.233.24.0 - - [13/Dec/2025:00:45:36 +0100] "GET /jets/?path=//proc/self/root/kunden/kunden/proc/thread-self/root/proc/self/root/lib/systemd HTTP/1.1" 200 18098 edition.gerdgeorge.de "-" "Mozilla/5.0 AppleWebKit/537.36 (KHTML, like Gecko; compatible; Amazonbot/0.1; +https://developer.amazon.com/support/amazonbot) Chrome/119.0.6045.214 Safari/537.36" "-"
74.7.227.0 - - [13/Dec/2025:00:45:36 +0100] "GET /data/upload/image/666171fb77d06.jpg?path=//proc/self/root/lib/locale/ar_IN HTTP/1.1" 200 30778 edition.gerdgeorge.de "-" "Mozilla/5.0 AppleWebKit/537.36 (KHTML, like Gecko; compatible; GPTBot/1.3; +https://openai.com/gptbot)" "-"
74.7.227.0 - - [13/Dec/2025:00:45:37 +0100] "GET /data/upload/image/666171fb77d06.jpg?path=//proc/self/root/lib/locale/ca_AD HTTP/1.1" 200 30780 edition.gerdgeorge.de "-" "Mozilla/5.0 AppleWebKit/537.36 (KHTML, like Gecko; compatible; GPTBot/1.3; +https://openai.com/gptbot)" "-"
74.7.227.0 - - [13/Dec/2025:00:45:37 +0100] "GET /data/upload/image/666171fb77d06.jpg?path=//proc/self/root/lib/locale/ti_ET HTTP/1.1" 200 30778 edition.gerdgeorge.de "-" "Mozilla/5.0 AppleWebKit/537.36 (KHTML, like Gecko; compatible; GPTBot/1.3; +https://openai.com/gptbot)" "-"
216.73.216.0 - - [13/Dec/2025:00:45:38 +0100] "GET /imprint?fileloc=%2F%2Flib%2Fruby%2Fvendor_ruby%2Frubygems%2Fresolver%2Factivation_request.rb&path=%2F%2Flib%2Fruby%2Fvendor_ruby%2Frubygems%2Fresolver HTTP/1.1" 429 227 edition.gerdgeorge.de "-" "Mozilla/5.0 AppleWebKit/537.36 (KHTML, like Gecko; compatible; ClaudeBot/1.0; +claudebot@anthropic.com)" "-"
74.7.227.0 - - [13/Dec/2025:00:45:38 +0100] "GET /data/upload/image/666171fb77d06.jpg?path=//proc/self/root/lib/locale/fr_BE HTTP/1.1" 200 30780 edition.gerdgeorge.de "-" "Mozilla/5.0 AppleWebKit/537.36 (KHTML, like Gecko; compatible; GPTBot/1.3; +https://openai.com/gptbot)" "-"
74.7.227.0 - - [13/Dec/2025:00:45:38 +0100] "GET /data/upload/image/666171fb77d06.jpg?path=//proc/self/root/lib/locale/ln_CD/LC_MESSAGES HTTP/1.1" 200 14492 edition.gerdgeorge.de "-" "Mozilla/5.0 AppleWebKit/537.36 (KHTML, like Gecko; compatible; GPTBot/1.3; +https://openai.com/gptbot)" "-"
74.7.227.0 - - [13/Dec/2025:00:45:39 +0100] "GET /data/upload/image/66617162bc9a5.jpg?path=//proc/self/root/lib/locale/oc_FR/LC_MESSAGES HTTP/1.1" 200 14491 edition.gerdgeorge.de "-" "Mozilla/5.0 AppleWebKit/537.36 (KHTML, like Gecko; compatible; GPTBot/1.3; +https://openai.com/gptbot)" "-"
74.7.227.0 - - [13/Dec/2025:00:45:40 +0100] "GET /data/upload/image/666171fb77d06.jpg?path=//proc/self/root/lib/locale/eu_ES/LC_MESSAGES HTTP/1.1" 200 14492 edition.gerdgeorge.de "-" "Mozilla/5.0 AppleWebKit/537.36 (KHTML, like Gecko; compatible; GPTBot/1.3; +https://openai.com/gptbot)" "-"
34.205.163.0 - - [13/Dec/2025:00:45:40 +0100] "GET /jets/?path=//proc/self/root/proc/self/root/proc/self/root/proc/thread-self/root/kunden/lib/locale/en_IL HTTP/1.1" 200 34454 edition.gerdgeorge.de "-" "Mozilla/5.0 AppleWebKit/537.36 (KHTML, like Gecko; compatible; Amazonbot/0.1; +https://developer.amazon.com/support/amazonbot) Chrome/119.0.6045.214 Safari/537.36" "-"
74.7.227.0 - - [13/Dec/2025:00:45:40 +0100] "GET /data/upload/image/66617162bc9a5.jpg?path=//proc/self/root/lib/locale/ar_QA/LC_MESSAGES HTTP/1.1" 200 14492 edition.gerdgeorge.de "-" "Mozilla/5.0 AppleWebKit/537.36 (KHTML, like Gecko; compatible; GPTBot/1.3; +https://openai.com/gptbot)" "-"
74.7.227.0 - - [13/Dec/2025:00:45:41 +0100] "GET /data/upload/image/666171fb77d06.jpg?path=//proc/self/root/lib/locale/es_SV/LC_MESSAGES HTTP/1.1" 200 14492 edition.gerdgeorge.de "-" "Mozilla/5.0 AppleWebKit/537.36 (KHTML, like Gecko; compatible; GPTBot/1.3; +https://openai.com/gptbot)" "-"
74.7.227.0 - - [13/Dec/2025:00:45:41 +0100] "GET /data/upload/image/666171fb77d06.jpg?path=//proc/self/root/lib/locale/to_TO/LC_MESSAGES HTTP/1.1" 200 14492 edition.gerdgeorge.de "-" "Mozilla/5.0 AppleWebKit/537.36 (KHTML, like Gecko; compatible; GPTBot/1.3; +https://openai.com/gptbot)" "-"
74.7.227.0 - - [13/Dec/2025:00:45:42 +0100] "GET /data/upload/image/666171fb77d06.jpg?path=//proc/self/root/lib/locale/hu_HU/LC_MESSAGES HTTP/1.1" 200 14492 edition.gerdgeorge.de "-" "Mozilla/5.0 AppleWebKit/537.36 (KHTML, like Gecko; compatible; GPTBot/1.3; +https://openai.com/gptbot)" "-"
74.7.227.0 - - [13/Dec/2025:00:45:42 +0100] "GET /data/upload/image/666171fb77d06.jpg?path=//proc/self/root/lib/locale/ar_IN/LC_MESSAGES HTTP/1.1" 200 14492 edition.gerdgeorge.de "-" "Mozilla/5.0 AppleWebKit/537.36 (KHTML, like Gecko; compatible; GPTBot/1.3; +https://openai.com/gptbot)" "-"
216.73.216.0 - - [13/Dec/2025:00:45:43 +0100] "GET /imprint?fileloc=%2F%2Flib%2Fruby%2Fvendor_ruby%2Frubygems%2Fresolver%2Fdependency_request.rb&path=%2F%2Flib%2Fruby%2Fvendor_ruby%2Frubygems%2Fresolver HTTP/1.1" 429 227 edition.gerdgeorge.de "-" "Mozilla/5.0 AppleWebKit/537.36 (KHTML, like Gecko; compatible; ClaudeBot/1.0; +claudebot@anthropic.com)" "-"
74.7.227.0 - - [13/Dec/2025:00:45:43 +0100] "GET /data/upload/image/666171fb77d06.jpg?path=//proc/self/root/lib/locale/ca_AD/LC_MESSAGES HTTP/1.1" 200 14492 edition.gerdgeorge.de "-" "Mozilla/5.0 AppleWebKit/537.36 (KHTML, like Gecko; compatible; GPTBot/1.3; +https://openai.com/gptbot)" "-"
74.7.227.0 - - [13/Dec/2025:00:45:43 +0100] "GET /data/upload/image/666171fb77d06.jpg?path=//proc/self/root/lib/locale/ti_ET/LC_MESSAGES HTTP/1.1" 200 14492 edition.gerdgeorge.de "-" "Mozilla/5.0 AppleWebKit/537.36 (KHTML, like Gecko; compatible; GPTBot/1.3; +https://openai.com/gptbot)" "-"
74.7.227.0 - - [13/Dec/2025:00:45:44 +0100] "GET /data/upload/image/666171fb77d06.jpg?path=//proc/self/root/lib/locale/fr_BE/LC_MESSAGES HTTP/1.1" 200 14492 edition.gerdgeorge.de "-" "Mozilla/5.0 AppleWebKit/537.36 (KHTML, like Gecko; compatible; GPTBot/1.3; +https://openai.com/gptbot)" "-"
54.156.124.0 - - [13/Dec/2025:00:45:44 +0100] "GET /serviette-calamar/?path=//kunden/kunden/proc/self/root/proc/self/root/proc/thread-self/root/proc/self/root/usr/lib/locale/sl_SI/LC_MESSAGES HTTP/1.1" 200 16055 edition.gerdgeorge.de "-" "Mozilla/5.0 AppleWebKit/537.36 (KHTML, like Gecko; compatible; Amazonbot/0.1; +https://developer.amazon.com/support/amazonbot) Chrome/119.0.6045.214 Safari/537.36" "-"
74.7.227.0 - - [13/Dec/2025:00:45:44 +0100] "GET /data/upload/image/66617162bc9a5.jpg?path=//proc/self/root/lib/locale/bo_CN HTTP/1.1" 200 30778 edition.gerdgeorge.de "-" "Mozilla/5.0 AppleWebKit/537.36 (KHTML, like Gecko; compatible; GPTBot/1.3; +https://openai.com/gptbot)" "-"
74.7.227.0 - - [13/Dec/2025:00:45:45 +0100] "GET /data/upload/image/666171fb77d06.jpg?path=//proc/self/root/lib/locale/ha_NG HTTP/1.1" 200 30778 edition.gerdgeorge.de "-" "Mozilla/5.0 AppleWebKit/537.36 (KHTML, like Gecko; compatible; GPTBot/1.3; +https://openai.com/gptbot)" "-"
74.7.227.0 - - [13/Dec/2025:00:45:46 +0100] "GET /data/upload/image/666171fb77d06.jpg?path=//proc/self/root/lib/locale/el_GR HTTP/1.1" 200 30781 edition.gerdgeorge.de "-" "Mozilla/5.0 AppleWebKit/537.36 (KHTML, like Gecko; compatible; GPTBot/1.3; +https://openai.com/gptbot)" "-"
74.7.227.0 - - [13/Dec/2025:00:45:46 +0100] "GET /data/upload/image/666171fb77d06.jpg?path=//proc/self/root/lib/locale/de_LU HTTP/1.1" 200 30781 edition.gerdgeorge.de "-" "Mozilla/5.0 AppleWebKit/537.36 (KHTML, like Gecko; compatible; GPTBot/1.3; +https://openai.com/gptbot)" "-"
74.7.227.0 - - [13/Dec/2025:00:45:47 +0100] "GET /data/upload/image/66617162bc9a5.jpg?path=//proc/self/root/lib/locale/pa_IN HTTP/1.1" 200 30779 edition.gerdgeorge.de "-" "Mozilla/5.0 AppleWebKit/537.36 (KHTML, like Gecko; compatible; GPTBot/1.3; +https://openai.com/gptbot)" "-"
74.7.227.0 - - [13/Dec/2025:00:45:47 +0100] "GET /data/upload/image/66617162bc9a5.jpg?path=//proc/self/root/lib/locale/to_TO HTTP/1.1" 200 30778 edition.gerdgeorge.de "-" "Mozilla/5.0 AppleWebKit/537.36 (KHTML, like Gecko; compatible; GPTBot/1.3; +https://openai.com/gptbot)" "-"
74.7.227.0 - - [13/Dec/2025:00:45:48 +0100] "GET /data/upload/image/66617162bc9a5.jpg?path=//proc/self/root/lib/locale/bo_IN HTTP/1.1" 200 30778 edition.gerdgeorge.de "-" "Mozilla/5.0 AppleWebKit/537.36 (KHTML, like Gecko; compatible; GPTBot/1.3; +https://openai.com/gptbot)" "-"
74.7.227.0 - - [13/Dec/2025:00:45:48 +0100] "GET /data/upload/image/666171fb77d06.jpg?path=//proc/self/root/lib/locale/es_PE HTTP/1.1" 200 30781 edition.gerdgeorge.de "-" "Mozilla/5.0 AppleWebKit/537.36 (KHTML, like Gecko; compatible; GPTBot/1.3; +https://openai.com/gptbot)" "-"
216.73.216.0 - - [13/Dec/2025:00:45:49 +0100] "GET /imprint?fileloc=%2F%2Fkunden%2Fkunden%2Fusr%2Fshare%2Fca-certificates%2Fmozilla%2FNAVER_Global_Root_Certification_Authority.crt&path=%2F%2Fkunden%2Fkunden%2Fusr%2Fshare%2Fca-certificates%2Fmozilla HTTP/1.1" 429 227 edition.gerdgeorge.de "-" "Mozilla/5.0 AppleWebKit/537.36 (KHTML, like Gecko; compatible; ClaudeBot/1.0; +claudebot@anthropic.com)" "-"
3.93.211.0 - - [13/Dec/2025:00:45:49 +0100] "GET /jets/?path=//proc/self/root/proc/self/root/kunden/kunden/proc/self/root/proc/self/root/lib/locale/es_PE HTTP/1.1" 200 34557 edition.gerdgeorge.de "-" "Mozilla/5.0 AppleWebKit/537.36 (KHTML, like Gecko; compatible; Amazonbot/0.1; +https://developer.amazon.com/support/amazonbot) Chrome/119.0.6045.214 Safari/537.36" "-"
74.7.227.0 - - [13/Dec/2025:00:45:49 +0100] "GET /data/upload/image/666171fb77d06.jpg?path=//proc/self/root/lib/locale/si_LK HTTP/1.1" 200 30778 edition.gerdgeorge.de "-" "Mozilla/5.0 AppleWebKit/537.36 (KHTML, like Gecko; compatible; GPTBot/1.3; +https://openai.com/gptbot)" "-"
74.7.227.0 - - [13/Dec/2025:00:45:50 +0100] "GET /data/upload/image/666171fb77d06.jpg?path=//proc/self/root/lib/locale/ar_OM HTTP/1.1" 200 30780 edition.gerdgeorge.de "-" "Mozilla/5.0 AppleWebKit/537.36 (KHTML, like Gecko; compatible; GPTBot/1.3; +https://openai.com/gptbot)" "-"
74.7.227.0 - - [13/Dec/2025:00:45:50 +0100] "GET /data/upload/image/666171fb77d06.jpg?path=//proc/self/root/lib/locale/ar_QA HTTP/1.1" 200 30780 edition.gerdgeorge.de "-" "Mozilla/5.0 AppleWebKit/537.36 (KHTML, like Gecko; compatible; GPTBot/1.3; +https://openai.com/gptbot)" "-"
74.7.227.0 - - [13/Dec/2025:00:45:51 +0100] "GET /data/upload/image/66617162bc9a5.jpg?path=//proc/self/root/lib/locale/bo_CN/LC_MESSAGES HTTP/1.1" 200 14491 edition.gerdgeorge.de "-" "Mozilla/5.0 AppleWebKit/537.36 (KHTML, like Gecko; compatible; GPTBot/1.3; +https://openai.com/gptbot)" "-"
74.7.227.0 - - [13/Dec/2025:00:45:51 +0100] "GET /data/upload/image/666171fb77d06.jpg?path=//proc/self/root/lib/locale/ha_NG/LC_MESSAGES HTTP/1.1" 200 14492 edition.gerdgeorge.de "-" "Mozilla/5.0 AppleWebKit/537.36 (KHTML, like Gecko; compatible; GPTBot/1.3; +https://openai.com/gptbot)" "-"
74.7.227.0 - - [13/Dec/2025:00:45:52 +0100] "GET /data/upload/image/666171fb77d06.jpg?path=//proc/self/root/lib/locale/el_GR/LC_MESSAGES HTTP/1.1" 200 14492 edition.gerdgeorge.de "-" "Mozilla/5.0 AppleWebKit/537.36 (KHTML, like Gecko; compatible; GPTBot/1.3; +https://openai.com/gptbot)" "-"
54.85.126.0 - - [13/Dec/2025:00:45:52 +0100] "GET /lievre-hupf/?path=//proc/self/root/proc/self/root/kunden/proc/self/root/proc/thread-self/root/lib/locale/es_DO.utf8 HTTP/1.1" 200 34704 edition.gerdgeorge.de "-" "Mozilla/5.0 AppleWebKit/537.36 (KHTML, like Gecko; compatible; Amazonbot/0.1; +https://developer.amazon.com/support/amazonbot) Chrome/119.0.6045.214 Safari/537.36" "-"
74.7.227.0 - - [13/Dec/2025:00:45:53 +0100] "GET /data/upload/image/666171fb77d06.jpg?path=//proc/self/root/lib/locale/de_LU/LC_MESSAGES HTTP/1.1" 200 14492 edition.gerdgeorge.de "-" "Mozilla/5.0 AppleWebKit/537.36 (KHTML, like Gecko; compatible; GPTBot/1.3; +https://openai.com/gptbot)" "-"
74.7.227.0 - - [13/Dec/2025:00:45:53 +0100] "GET /data/upload/image/66617162bc9a5.jpg?path=//proc/self/root/lib/locale/pa_IN/LC_MESSAGES HTTP/1.1" 200 14492 edition.gerdgeorge.de "-" "Mozilla/5.0 AppleWebKit/537.36 (KHTML, like Gecko; compatible; GPTBot/1.3; +https://openai.com/gptbot)" "-"
216.73.216.0 - - [13/Dec/2025:00:45:54 +0100] "GET /mare-sei?fileloc=%2F%2Flib%2Flocale%2Fmni_IN%2FLC_NUMERIC&path=%2F%2Flib%2Flocale%2Fmni_IN HTTP/1.1" 429 227 edition.gerdgeorge.de "-" "Mozilla/5.0 AppleWebKit/537.36 (KHTML, like Gecko; compatible; ClaudeBot/1.0; +claudebot@anthropic.com)" "-"
74.7.227.0 - - [13/Dec/2025:00:45:54 +0100] "GET /data/upload/image/66617162bc9a5.jpg?path=//proc/self/root/lib/locale/to_TO/LC_MESSAGES HTTP/1.1" 200 14492 edition.gerdgeorge.de "-" "Mozilla/5.0 AppleWebKit/537.36 (KHTML, like Gecko; compatible; GPTBot/1.3; +https://openai.com/gptbot)" "-"
74.7.227.0 - - [13/Dec/2025:00:45:54 +0100] "GET /data/upload/image/66617162bc9a5.jpg?path=//proc/self/root/lib/locale/bo_IN/LC_MESSAGES HTTP/1.1" 200 14491 edition.gerdgeorge.de "-" "Mozilla/5.0 AppleWebKit/537.36 (KHTML, like Gecko; compatible; GPTBot/1.3; +https://openai.com/gptbot)" "-"
43.130.34.0 - - [13/Dec/2025:00:45:54 +0100] "GET / HTTP/1.1" 301 - www.gerdgeorge.de "-" "Mozilla/5.0 (iPhone; CPU iPhone OS 13_2_3 like Mac OS X) AppleWebKit/605.1.15 (KHTML, like Gecko) Version/13.0.3 Mobile/15E148 Safari/604.1" "-"
74.7.227.0 - - [13/Dec/2025:00:45:55 +0100] "GET /data/upload/image/666171fb77d06.jpg?path=//proc/self/root/lib/locale/es_PE/LC_MESSAGES HTTP/1.1" 200 14492 edition.gerdgeorge.de "-" "Mozilla/5.0 AppleWebKit/537.36 (KHTML, like Gecko; compatible; GPTBot/1.3; +https://openai.com/gptbot)" "-"
74.7.227.0 - - [13/Dec/2025:00:45:55 +0100] "GET /data/upload/image/666171fb77d06.jpg?path=//proc/self/root/lib/locale/si_LK/LC_MESSAGES HTTP/1.1" 200 14492 edition.gerdgeorge.de "-" "Mozilla/5.0 AppleWebKit/537.36 (KHTML, like Gecko; compatible; GPTBot/1.3; +https://openai.com/gptbot)" "-"
74.7.227.0 - - [13/Dec/2025:00:45:56 +0100] "GET /data/upload/image/666171fb77d06.jpg?path=//proc/self/root/lib/locale/ar_OM/LC_MESSAGES HTTP/1.1" 200 14492 edition.gerdgeorge.de "-" "Mozilla/5.0 AppleWebKit/537.36 (KHTML, like Gecko; compatible; GPTBot/1.3; +https://openai.com/gptbot)" "-"
50.19.79.0 - - [13/Dec/2025:00:45:56 +0100] "GET /jets/?path=//proc/self/root/kunden/kunden/proc/thread-self/root/proc/self/root/lib/locale/en_IL HTTP/1.1" 200 33919 edition.gerdgeorge.de "-" "Mozilla/5.0 AppleWebKit/537.36 (KHTML, like Gecko; compatible; Amazonbot/0.1; +https://developer.amazon.com/support/amazonbot) Chrome/119.0.6045.214 Safari/537.36" "-"
43.130.34.0 - - [13/Dec/2025:00:45:56 +0100] "GET / HTTP/1.1" 200 295053 gerdgeorge.de "http://www.gerdgeorge.de" "Mozilla/5.0 (iPhone; CPU iPhone OS 13_2_3 like Mac OS X) AppleWebKit/605.1.15 (KHTML, like Gecko) Version/13.0.3 Mobile/15E148 Safari/604.1" "-"
74.7.227.0 - - [13/Dec/2025:00:45:57 +0100] "GET /data/upload/image/666171fb77d06.jpg?path=//proc/self/root/lib/locale/ar_QA/LC_MESSAGES HTTP/1.1" 200 14492 edition.gerdgeorge.de "-" "Mozilla/5.0 AppleWebKit/537.36 (KHTML, like Gecko; compatible; GPTBot/1.3; +https://openai.com/gptbot)" "-"
74.7.227.0 - - [13/Dec/2025:00:45:57 +0100] "GET /data/upload/image/666171fb77d06.jpg?path=//proc/self/root/lib/locale/an_ES HTTP/1.1" 200 30780 edition.gerdgeorge.de "-" "Mozilla/5.0 AppleWebKit/537.36 (KHTML, like Gecko; compatible; GPTBot/1.3; +https://openai.com/gptbot)" "-"
74.7.227.0 - - [13/Dec/2025:00:45:58 +0100] "GET /data/upload/image/666171fb77d06.jpg?path=//proc/self/root/lib/locale/fo_FO HTTP/1.1" 200 30781 edition.gerdgeorge.de "-" "Mozilla/5.0 AppleWebKit/537.36 (KHTML, like Gecko; compatible; GPTBot/1.3; +https://openai.com/gptbot)" "-"
74.7.227.0 - - [13/Dec/2025:00:45:58 +0100] "GET /data/upload/image/666171fb77d06.jpg?path=//proc/self/root/lib/locale/tg_TJ HTTP/1.1" 200 30780 edition.gerdgeorge.de "-" "Mozilla/5.0 AppleWebKit/537.36 (KHTML, like Gecko; compatible; GPTBot/1.3; +https://openai.com/gptbot)" "-"
216.73.216.0 - - [13/Dec/2025:00:45:59 +0100] "GET /mare-sei?fileloc=%2F%2Flib%2Flocale%2Fmni_IN%2FLC_COLLATE&path=%2F%2Flib%2Flocale%2Fmni_IN HTTP/1.1" 429 227 edition.gerdgeorge.de "-" "Mozilla/5.0 AppleWebKit/537.36 (KHTML, like Gecko; compatible; ClaudeBot/1.0; +claudebot@anthropic.com)" "-"
74.7.227.0 - - [13/Dec/2025:00:45:59 +0100] "GET /data/upload/image/666171fb77d06.jpg?path=//proc/self/root/lib/locale/oc_FR HTTP/1.1" 200 30780 edition.gerdgeorge.de "-" "Mozilla/5.0 AppleWebKit/537.36 (KHTML, like Gecko; compatible; GPTBot/1.3; +https://openai.com/gptbot)" "-"
74.7.227.0 - - [13/Dec/2025:00:45:59 +0100] "GET /data/upload/image/666171fb77d06.jpg?path=//proc/self/root/lib/locale/es_EC HTTP/1.1" 200 30780 edition.gerdgeorge.de "-" "Mozilla/5.0 AppleWebKit/537.36 (KHTML, like Gecko; compatible; GPTBot/1.3; +https://openai.com/gptbot)" "-"
54.90.244.0 - - [13/Dec/2025:00:46:00 +0100] "GET /serviette-calamar/?path=//kunden/kunden/proc/self/root/proc/thread-self/root/kunden/kunden/proc/self/root/proc/thread-self/root/dev/pts HTTP/1.1" 200 14151 edition.gerdgeorge.de "-" "Mozilla/5.0 AppleWebKit/537.36 (KHTML, like Gecko; compatible; Amazonbot/0.1; +https://developer.amazon.com/support/amazonbot) Chrome/119.0.6045.214 Safari/537.36" "-"
74.7.227.0 - - [13/Dec/2025:00:46:00 +0100] "GET /data/upload/image/666171fb77d06.jpg?path=//proc/self/root/lib/locale/nl_BE HTTP/1.1" 200 30781 edition.gerdgeorge.de "-" "Mozilla/5.0 AppleWebKit/537.36 (KHTML, like Gecko; compatible; GPTBot/1.3; +https://openai.com/gptbot)" "-"
74.7.227.0 - - [13/Dec/2025:00:46:00 +0100] "GET /data/upload/image/666171fb77d06.jpg?path=//proc/self/root/lib/locale/es_AR HTTP/1.1" 200 30781 edition.gerdgeorge.de "-" "Mozilla/5.0 AppleWebKit/537.36 (KHTML, like Gecko; compatible; GPTBot/1.3; +https://openai.com/gptbot)" "-"
74.7.227.0 - - [13/Dec/2025:00:46:01 +0100] "GET /data/upload/image/666171fb77d06.jpg?path=//proc/self/root/lib/locale/ca_ES HTTP/1.1" 200 30779 edition.gerdgeorge.de "-" "Mozilla/5.0 AppleWebKit/537.36 (KHTML, like Gecko; compatible; GPTBot/1.3; +https://openai.com/gptbot)" "-"
74.7.227.0 - - [13/Dec/2025:00:46:02 +0100] "GET /data/upload/image/66617162bc9a5.jpg?path=//proc/self/root/lib/locale/ca_FR HTTP/1.1" 200 30780 edition.gerdgeorge.de "-" "Mozilla/5.0 AppleWebKit/537.36 (KHTML, like Gecko; compatible; GPTBot/1.3; +https://openai.com/gptbot)" "-"
74.7.227.0 - - [13/Dec/2025:00:46:02 +0100] "GET /data/upload/image/666171fb77d06.jpg?path=//proc/self/root/lib/locale/ug_CN HTTP/1.1" 200 30776 edition.gerdgeorge.de "-" "Mozilla/5.0 AppleWebKit/537.36 (KHTML, like Gecko; compatible; GPTBot/1.3; +https://openai.com/gptbot)" "-"
74.7.227.0 - - [13/Dec/2025:00:46:03 +0100] "GET /data/upload/image/666171fb77d06.jpg?path=//proc/self/root/lib/locale/lt_LT HTTP/1.1" 200 30781 edition.gerdgeorge.de "-" "Mozilla/5.0 AppleWebKit/537.36 (KHTML, like Gecko; compatible; GPTBot/1.3; +https://openai.com/gptbot)" "-"
74.7.227.0 - - [13/Dec/2025:00:46:03 +0100] "GET /data/upload/image/666171fb77d06.jpg?path=//proc/self/root/lib/locale/an_ES/LC_MESSAGES HTTP/1.1" 200 14492 edition.gerdgeorge.de "-" "Mozilla/5.0 AppleWebKit/537.36 (KHTML, like Gecko; compatible; GPTBot/1.3; +https://openai.com/gptbot)" "-"
216.73.216.0 - - [13/Dec/2025:00:46:04 +0100] "GET /mare-sei?fileloc=%2F%2Flib%2Flocale%2Ffi_FI%2FLC_MEASUREMENT&path=%2F%2Flib%2Flocale%2Ffi_FI HTTP/1.1" 429 227 edition.gerdgeorge.de "-" "Mozilla/5.0 AppleWebKit/537.36 (KHTML, like Gecko; compatible; ClaudeBot/1.0; +claudebot@anthropic.com)" "-"
74.7.227.0 - - [13/Dec/2025:00:46:04 +0100] "GET /data/upload/image/666171fb77d06.jpg?path=//proc/self/root/lib/locale/fo_FO/LC_MESSAGES HTTP/1.1" 200 14492 edition.gerdgeorge.de "-" "Mozilla/5.0 AppleWebKit/537.36 (KHTML, like Gecko; compatible; GPTBot/1.3; +https://openai.com/gptbot)" "-"
74.7.227.0 - - [13/Dec/2025:00:46:05 +0100] "GET /data/upload/image/666171fb77d06.jpg?path=//proc/self/root/lib/locale/tg_TJ/LC_MESSAGES HTTP/1.1" 200 14492 edition.gerdgeorge.de "-" "Mozilla/5.0 AppleWebKit/537.36 (KHTML, like Gecko; compatible; GPTBot/1.3; +https://openai.com/gptbot)" "-"
3.220.148.0 - - [13/Dec/2025:00:46:05 +0100] "GET /jets/?path=//proc/self/root/kunden/kunden/proc/thread-self/root/proc/self/root/lib/locale/eu_ES HTTP/1.1" 200 33923 edition.gerdgeorge.de "-" "Mozilla/5.0 AppleWebKit/537.36 (KHTML, like Gecko; compatible; Amazonbot/0.1; +https://developer.amazon.com/support/amazonbot) Chrome/119.0.6045.214 Safari/537.36" "-"
74.7.227.0 - - [13/Dec/2025:00:46:05 +0100] "GET /data/upload/image/666171fb77d06.jpg?path=//proc/self/root/lib/locale/oc_FR/LC_MESSAGES HTTP/1.1" 200 14491 edition.gerdgeorge.de "-" "Mozilla/5.0 AppleWebKit/537.36 (KHTML, like Gecko; compatible; GPTBot/1.3; +https://openai.com/gptbot)" "-"
74.7.227.0 - - [13/Dec/2025:00:46:06 +0100] "GET /data/upload/image/666171fb77d06.jpg?path=//proc/self/root/lib/locale/es_EC/LC_MESSAGES HTTP/1.1" 200 14492 edition.gerdgeorge.de "-" "Mozilla/5.0 AppleWebKit/537.36 (KHTML, like Gecko; compatible; GPTBot/1.3; +https://openai.com/gptbot)" "-"
74.7.227.0 - - [13/Dec/2025:00:46:06 +0100] "GET /data/upload/image/666171fb77d06.jpg?path=//proc/self/root/lib/locale/nl_BE/LC_MESSAGES HTTP/1.1" 200 14492 edition.gerdgeorge.de "-" "Mozilla/5.0 AppleWebKit/537.36 (KHTML, like Gecko; compatible; GPTBot/1.3; +https://openai.com/gptbot)" "-"
74.7.227.0 - - [13/Dec/2025:00:46:07 +0100] "GET /data/upload/image/666171fb77d06.jpg?path=//proc/self/root/lib/locale/es_AR/LC_MESSAGES HTTP/1.1" 200 14492 edition.gerdgeorge.de "-" "Mozilla/5.0 AppleWebKit/537.36 (KHTML, like Gecko; compatible; GPTBot/1.3; +https://openai.com/gptbot)" "-"
74.7.227.0 - - [13/Dec/2025:00:46:08 +0100] "GET /data/upload/image/666171fb77d06.jpg?path=//proc/self/root/lib/locale/ca_ES/LC_MESSAGES HTTP/1.1" 200 14492 edition.gerdgeorge.de "-" "Mozilla/5.0 AppleWebKit/537.36 (KHTML, like Gecko; compatible; GPTBot/1.3; +https://openai.com/gptbot)" "-"
74.7.227.0 - - [13/Dec/2025:00:46:08 +0100] "GET /data/upload/image/66617162bc9a5.jpg?path=//proc/self/root/lib/locale/ca_FR/LC_MESSAGES HTTP/1.1" 200 14492 edition.gerdgeorge.de "-" "Mozilla/5.0 AppleWebKit/537.36 (KHTML, like Gecko; compatible; GPTBot/1.3; +https://openai.com/gptbot)" "-"
52.4.229.0 - - [13/Dec/2025:00:46:08 +0100] "GET /cockpit/?path=//proc/self/root/proc/self/root/kunden/kunden/proc/self/root/proc/thread-self/root/lib/locale/sat_IN HTTP/1.1" 200 34974 edition.gerdgeorge.de "-" "Mozilla/5.0 AppleWebKit/537.36 (KHTML, like Gecko; compatible; Amazonbot/0.1; +https://developer.amazon.com/support/amazonbot) Chrome/119.0.6045.214 Safari/537.36" "-"
216.73.216.0 - - [13/Dec/2025:00:46:09 +0100] "GET /mare-sei?fileloc=%2F%2Flib%2Flocale%2Far_AE.utf8%2FLC_NUMERIC&path=%2F%2Flib%2Flocale%2Far_AE.utf8 HTTP/1.1" 429 227 edition.gerdgeorge.de "-" "Mozilla/5.0 AppleWebKit/537.36 (KHTML, like Gecko; compatible; ClaudeBot/1.0; +claudebot@anthropic.com)" "-"
216.73.216.0 - - [13/Dec/2025:00:46:09 +0100] "GET /imprint?fileloc=%2F%2Fkunden%2Fkunden%2Fusr%2Fshare%2Fmc%2Fskins%2Fxoria256.ini&path=%2F%2Fkunden%2Fkunden%2Fusr%2Fshare%2Fmc%2Fskins HTTP/1.1" 429 227 edition.gerdgeorge.de "-" "Mozilla/5.0 AppleWebKit/537.36 (KHTML, like Gecko; compatible; ClaudeBot/1.0; +claudebot@anthropic.com)" "-"
74.7.227.0 - - [13/Dec/2025:00:46:09 +0100] "GET /data/upload/image/666171fb77d06.jpg?path=//proc/self/root/lib/locale/ug_CN/LC_MESSAGES HTTP/1.1" 200 14492 edition.gerdgeorge.de "-" "Mozilla/5.0 AppleWebKit/537.36 (KHTML, like Gecko; compatible; GPTBot/1.3; +https://openai.com/gptbot)" "-"
74.7.227.0 - - [13/Dec/2025:00:46:09 +0100] "GET /data/upload/image/666171fb77d06.jpg?path=//proc/self/root/lib/locale/lt_LT/LC_MESSAGES HTTP/1.1" 200 14492 edition.gerdgeorge.de "-" "Mozilla/5.0 AppleWebKit/537.36 (KHTML, like Gecko; compatible; GPTBot/1.3; +https://openai.com/gptbot)" "-"
74.7.227.0 - - [13/Dec/2025:00:46:10 +0100] "GET /data/upload/image/66617162bc9a5.jpg?path=//proc/self/root/lib/locale/ar_OM HTTP/1.1" 200 30780 edition.gerdgeorge.de "-" "Mozilla/5.0 AppleWebKit/537.36 (KHTML, like Gecko; compatible; GPTBot/1.3; +https://openai.com/gptbot)" "-"
74.7.227.0 - - [13/Dec/2025:00:46:10 +0100] "GET /data/upload/image/666171fb77d06.jpg?path=//proc/self/root/lib/locale/ar_BH HTTP/1.1" 200 30780 edition.gerdgeorge.de "-" "Mozilla/5.0 AppleWebKit/537.36 (KHTML, like Gecko; compatible; GPTBot/1.3; +https://openai.com/gptbot)" "-"
74.7.227.0 - - [13/Dec/2025:00:46:11 +0100] "GET /data/upload/image/666171fb77d06.jpg?path=//proc/self/root/lib/locale/bi_VU HTTP/1.1" 200 30778 edition.gerdgeorge.de "-" "Mozilla/5.0 AppleWebKit/537.36 (KHTML, like Gecko; compatible; GPTBot/1.3; +https://openai.com/gptbot)" "-"
74.7.227.0 - - [13/Dec/2025:00:46:11 +0100] "GET /data/upload/image/666171fb77d06.jpg?path=//proc/self/root/lib/locale/az_IR HTTP/1.1" 200 30777 edition.gerdgeorge.de "-" "Mozilla/5.0 AppleWebKit/537.36 (KHTML, like Gecko; compatible; GPTBot/1.3; +https://openai.com/gptbot)" "-"
44.205.192.0 - - [13/Dec/2025:00:46:12 +0100] "GET /serviette-calamar/?path=//kunden/proc/self/root/kunden/proc/thread-self/root/proc/self/root/kunden/lib/locale/yi_US HTTP/1.1" 200 34380 edition.gerdgeorge.de "-" "Mozilla/5.0 AppleWebKit/537.36 (KHTML, like Gecko; compatible; Amazonbot/0.1; +https://developer.amazon.com/support/amazonbot) Chrome/119.0.6045.214 Safari/537.36" "-"
74.7.227.0 - - [13/Dec/2025:00:46:12 +0100] "GET /data/upload/image/666171fb77d06.jpg?path=//proc/self/root/lib/locale/wo_SN HTTP/1.1" 200 30778 edition.gerdgeorge.de "-" "Mozilla/5.0 AppleWebKit/537.36 (KHTML, like Gecko; compatible; GPTBot/1.3; +https://openai.com/gptbot)" "-"
74.7.227.0 - - [13/Dec/2025:00:46:13 +0100] "GET /data/upload/image/666171fb77d06.jpg?path=//proc/self/root/lib/locale/ur_IN HTTP/1.1" 200 30778 edition.gerdgeorge.de "-" "Mozilla/5.0 AppleWebKit/537.36 (KHTML, like Gecko; compatible; GPTBot/1.3; +https://openai.com/gptbot)" "-"
216.73.216.0 - - [13/Dec/2025:00:46:13 +0100] "GET /mare-sei?fileloc=%2F%2Flib%2Flocale%2Fsah_RU%2FLC_TIME&path=%2F%2Flib%2Flocale%2Fsah_RU HTTP/1.1" 429 227 edition.gerdgeorge.de "-" "Mozilla/5.0 AppleWebKit/537.36 (KHTML, like Gecko; compatible; ClaudeBot/1.0; +claudebot@anthropic.com)" "-"
74.7.227.0 - - [13/Dec/2025:00:46:13 +0100] "GET /data/upload/image/666171fb77d06.jpg?path=//proc/self/root/lib/locale/et_EE HTTP/1.1" 200 30781 edition.gerdgeorge.de "-" "Mozilla/5.0 AppleWebKit/537.36 (KHTML, like Gecko; compatible; GPTBot/1.3; +https://openai.com/gptbot)" "-"
216.73.216.0 - - [13/Dec/2025:00:46:14 +0100] "GET /mare-sei?fileloc=%2F%2Flib%2Flocale%2Fti_ET%2FLC_NUMERIC&path=%2F%2Flib%2Flocale%2Fti_ET HTTP/1.1" 429 227 edition.gerdgeorge.de "-" "Mozilla/5.0 AppleWebKit/537.36 (KHTML, like Gecko; compatible; ClaudeBot/1.0; +claudebot@anthropic.com)" "-"
74.7.227.0 - - [13/Dec/2025:00:46:14 +0100] "GET /data/upload/image/666171fb77d06.jpg?path=//proc/self/root/lib/locale/os_RU HTTP/1.1" 200 30778 edition.gerdgeorge.de "-" "Mozilla/5.0 AppleWebKit/537.36 (KHTML, like Gecko; compatible; GPTBot/1.3; +https://openai.com/gptbot)" "-"
74.7.227.0 - - [13/Dec/2025:00:46:14 +0100] "GET /data/upload/image/666171fb77d06.jpg?path=//proc/self/root/lib/locale/sr_ME HTTP/1.1" 200 30778 edition.gerdgeorge.de "-" "Mozilla/5.0 AppleWebKit/537.36 (KHTML, like Gecko; compatible; GPTBot/1.3; +https://openai.com/gptbot)" "-"
74.7.227.0 - - [13/Dec/2025:00:46:15 +0100] "GET /data/upload/image/666171fb77d06.jpg?path=//proc/self/root/lib/locale/ti_ER HTTP/1.1" 200 30779 edition.gerdgeorge.de "-" "Mozilla/5.0 AppleWebKit/537.36 (KHTML, like Gecko; compatible; GPTBot/1.3; +https://openai.com/gptbot)" "-"
74.7.227.0 - - [13/Dec/2025:00:46:15 +0100] "GET /data/upload/image/66617162bc9a5.jpg?path=//proc/self/root/lib/locale/ca_IT HTTP/1.1" 200 30780 edition.gerdgeorge.de "-" "Mozilla/5.0 AppleWebKit/537.36 (KHTML, like Gecko; compatible; GPTBot/1.3; +https://openai.com/gptbot)" "-"
34.239.197.0 - - [13/Dec/2025:00:46:16 +0100] "GET /cockpit/?path=//proc/self/root/kunden/proc/thread-self/root/kunden/proc/self/root/lib/locale/nl_NL HTTP/1.1" 200 33924 edition.gerdgeorge.de "-" "Mozilla/5.0 AppleWebKit/537.36 (KHTML, like Gecko; compatible; Amazonbot/0.1; +https://developer.amazon.com/support/amazonbot) Chrome/119.0.6045.214 Safari/537.36" "-"
74.7.227.0 - - [13/Dec/2025:00:46:16 +0100] "GET /data/upload/image/66617162bc9a5.jpg?path=//proc/self/root/lib/locale/ar_OM/LC_MESSAGES HTTP/1.1" 200 14492 edition.gerdgeorge.de "-" "Mozilla/5.0 AppleWebKit/537.36 (KHTML, like Gecko; compatible; GPTBot/1.3; +https://openai.com/gptbot)" "-"
74.7.227.0 - - [13/Dec/2025:00:46:17 +0100] "GET /data/upload/image/666171fb77d06.jpg?path=//proc/self/root/lib/locale/ar_BH/LC_MESSAGES HTTP/1.1" 200 14492 edition.gerdgeorge.de "-" "Mozilla/5.0 AppleWebKit/537.36 (KHTML, like Gecko; compatible; GPTBot/1.3; +https://openai.com/gptbot)" "-"
74.7.227.0 - - [13/Dec/2025:00:46:17 +0100] "GET /data/upload/image/666171fb77d06.jpg?path=//proc/self/root/lib/locale/bi_VU/LC_MESSAGES HTTP/1.1" 200 14492 edition.gerdgeorge.de "-" "Mozilla/5.0 AppleWebKit/537.36 (KHTML, like Gecko; compatible; GPTBot/1.3; +https://openai.com/gptbot)" "-"
216.73.216.0 - - [13/Dec/2025:00:46:18 +0100] "GET /imprint?path=%2F%2Fkunden%2Fkunden%2Fusr%2Fshare%2Flocale%2Ffr_CA%2FLC_MESSAGES HTTP/1.1" 429 227 edition.gerdgeorge.de "-" "Mozilla/5.0 AppleWebKit/537.36 (KHTML, like Gecko; compatible; ClaudeBot/1.0; +claudebot@anthropic.com)" "-"
74.7.227.0 - - [13/Dec/2025:00:46:18 +0100] "GET /data/upload/image/666171fb77d06.jpg?path=//proc/self/root/lib/locale/az_IR/LC_MESSAGES HTTP/1.1" 200 14491 edition.gerdgeorge.de "-" "Mozilla/5.0 AppleWebKit/537.36 (KHTML, like Gecko; compatible; GPTBot/1.3; +https://openai.com/gptbot)" "-"
74.7.227.0 - - [13/Dec/2025:00:46:18 +0100] "GET /data/upload/image/666171fb77d06.jpg?path=//proc/self/root/lib/locale/wo_SN/LC_MESSAGES HTTP/1.1" 200 14492 edition.gerdgeorge.de "-" "Mozilla/5.0 AppleWebKit/537.36 (KHTML, like Gecko; compatible; GPTBot/1.3; +https://openai.com/gptbot)" "-"
74.7.227.0 - - [13/Dec/2025:00:46:19 +0100] "GET /data/upload/image/666171fb77d06.jpg?path=//proc/self/root/lib/locale/ur_IN/LC_MESSAGES HTTP/1.1" 200 14492 edition.gerdgeorge.de "-" "Mozilla/5.0 AppleWebKit/537.36 (KHTML, like Gecko; compatible; GPTBot/1.3; +https://openai.com/gptbot)" "-"
74.7.227.0 - - [13/Dec/2025:00:46:19 +0100] "GET /data/upload/image/666171fb77d06.jpg?path=//proc/self/root/lib/locale/et_EE/LC_MESSAGES HTTP/1.1" 200 14492 edition.gerdgeorge.de "-" "Mozilla/5.0 AppleWebKit/537.36 (KHTML, like Gecko; compatible; GPTBot/1.3; +https://openai.com/gptbot)" "-"
52.3.156.0 - - [13/Dec/2025:00:46:20 +0100] "GET /serviette-calamar/?path=//kunden/proc/self/root/kunden/proc/self/root/proc/self/root/usr/lib/locale/en_IL HTTP/1.1" 200 33822 edition.gerdgeorge.de "-" "Mozilla/5.0 AppleWebKit/537.36 (KHTML, like Gecko; compatible; Amazonbot/0.1; +https://developer.amazon.com/support/amazonbot) Chrome/119.0.6045.214 Safari/537.36" "-"
74.7.227.0 - - [13/Dec/2025:00:46:20 +0100] "GET /data/upload/image/666171fb77d06.jpg?path=//proc/self/root/lib/locale/os_RU/LC_MESSAGES HTTP/1.1" 200 14492 edition.gerdgeorge.de "-" "Mozilla/5.0 AppleWebKit/537.36 (KHTML, like Gecko; compatible; GPTBot/1.3; +https://openai.com/gptbot)" "-"
74.7.227.0 - - [13/Dec/2025:00:46:20 +0100] "GET /data/upload/image/666171fb77d06.jpg?path=//proc/self/root/lib/locale/sr_ME/LC_MESSAGES HTTP/1.1" 200 14492 edition.gerdgeorge.de "-" "Mozilla/5.0 AppleWebKit/537.36 (KHTML, like Gecko; compatible; GPTBot/1.3; +https://openai.com/gptbot)" "-"
74.7.227.0 - - [13/Dec/2025:00:46:21 +0100] "GET /data/upload/image/666171fb77d06.jpg?path=//proc/self/root/lib/locale/ti_ER/LC_MESSAGES HTTP/1.1" 200 14492 edition.gerdgeorge.de "-" "Mozilla/5.0 AppleWebKit/537.36 (KHTML, like Gecko; compatible; GPTBot/1.3; +https://openai.com/gptbot)" "-"
74.7.227.0 - - [13/Dec/2025:00:46:22 +0100] "GET /data/upload/image/66617162bc9a5.jpg?path=//proc/self/root/lib/locale/ca_IT/LC_MESSAGES HTTP/1.1" 200 14492 edition.gerdgeorge.de "-" "Mozilla/5.0 AppleWebKit/537.36 (KHTML, like Gecko; compatible; GPTBot/1.3; +https://openai.com/gptbot)" "-"
74.7.227.0 - - [13/Dec/2025:00:46:22 +0100] "GET /data/upload/image/666171fb77d06.jpg?path=//proc/self/root/lib/locale/de_BE HTTP/1.1" 200 30781 edition.gerdgeorge.de "-" "Mozilla/5.0 AppleWebKit/537.36 (KHTML, like Gecko; compatible; GPTBot/1.3; +https://openai.com/gptbot)" "-"
74.7.227.0 - - [13/Dec/2025:00:46:23 +0100] "GET /data/upload/image/666171fb77d06.jpg?path=//proc/self/root/lib/locale/lb_LU HTTP/1.1" 200 30779 edition.gerdgeorge.de "-" "Mozilla/5.0 AppleWebKit/537.36 (KHTML, like Gecko; compatible; GPTBot/1.3; +https://openai.com/gptbot)" "-"
74.7.227.0 - - [13/Dec/2025:00:46:23 +0100] "GET /data/upload/image/666171fb77d06.jpg?path=//proc/self/root/lib/locale/hr_HR HTTP/1.1" 200 30780 edition.gerdgeorge.de "-" "Mozilla/5.0 AppleWebKit/537.36 (KHTML, like Gecko; compatible; GPTBot/1.3; +https://openai.com/gptbot)" "-"
216.73.216.0 - - [13/Dec/2025:00:46:24 +0100] "GET /imprint?fileloc=%2F%2Fproc%2Fself%2Fcwd%2Fwp-includes%2Fblock-patterns%2Fblock-patterns%2Findex.php&path=%2F%2Fproc%2Fself%2Fcwd%2Fwp-includes%2Fblock-patterns%2Fblock-patterns HTTP/1.1" 429 227 edition.gerdgeorge.de "-" "Mozilla/5.0 AppleWebKit/537.36 (KHTML, like Gecko; compatible; ClaudeBot/1.0; +claudebot@anthropic.com)" "-"
74.7.227.0 - - [13/Dec/2025:00:46:24 +0100] "GET /data/upload/image/666171fb77d06.jpg?path=//proc/self/root/lib/locale/it_IT HTTP/1.1" 200 30780 edition.gerdgeorge.de "-" "Mozilla/5.0 AppleWebKit/537.36 (KHTML, like Gecko; compatible; GPTBot/1.3; +https://openai.com/gptbot)" "-"
3.213.106.0 - - [13/Dec/2025:00:46:24 +0100] "GET /jets/?path=//proc/self/root/kunden/kunden/proc/self/root/proc/self/root/usr/lib/locale/id_ID HTTP/1.1" 200 33820 edition.gerdgeorge.de "-" "Mozilla/5.0 AppleWebKit/537.36 (KHTML, like Gecko; compatible; Amazonbot/0.1; +https://developer.amazon.com/support/amazonbot) Chrome/119.0.6045.214 Safari/537.36" "-"
74.7.227.0 - - [13/Dec/2025:00:46:24 +0100] "GET /data/upload/image/666171fb77d06.jpg?path=//proc/self/root/lib/locale/es_ES HTTP/1.1" 200 30781 edition.gerdgeorge.de "-" "Mozilla/5.0 AppleWebKit/537.36 (KHTML, like Gecko; compatible; GPTBot/1.3; +https://openai.com/gptbot)" "-"
74.7.227.0 - - [13/Dec/2025:00:46:25 +0100] "GET /data/upload/image/66617162bc9a5.jpg?path=//proc/self/root/lib/locale/ar_JO HTTP/1.1" 200 30778 edition.gerdgeorge.de "-" "Mozilla/5.0 AppleWebKit/537.36 (KHTML, like Gecko; compatible; GPTBot/1.3; +https://openai.com/gptbot)" "-"
74.7.227.0 - - [13/Dec/2025:00:46:25 +0100] "GET /data/upload/image/66617162bc9a5.jpg?path=//proc/self/root/lib/locale/ar_BH HTTP/1.1" 200 30780 edition.gerdgeorge.de "-" "Mozilla/5.0 AppleWebKit/537.36 (KHTML, like Gecko; compatible; GPTBot/1.3; +https://openai.com/gptbot)" "-"
74.7.227.0 - - [13/Dec/2025:00:46:26 +0100] "GET /data/upload/image/66617162bc9a5.jpg?path=//proc/self/root/lib/locale/ha_NG HTTP/1.1" 200 30778 edition.gerdgeorge.de "-" "Mozilla/5.0 AppleWebKit/537.36 (KHTML, like Gecko; compatible; GPTBot/1.3; +https://openai.com/gptbot)" "-"
74.7.227.0 - - [13/Dec/2025:00:46:27 +0100] "GET /data/upload/image/66617162bc9a5.jpg?path=//proc/self/root/lib/locale/lb_LU HTTP/1.1" 200 30779 edition.gerdgeorge.de "-" "Mozilla/5.0 AppleWebKit/537.36 (KHTML, like Gecko; compatible; GPTBot/1.3; +https://openai.com/gptbot)" "-"
74.7.227.0 - - [13/Dec/2025:00:46:27 +0100] "GET /data/upload/image/666171fb77d06.jpg?path=//proc/self/root/lib/locale/de_IT HTTP/1.1" 200 30781 edition.gerdgeorge.de "-" "Mozilla/5.0 AppleWebKit/537.36 (KHTML, like Gecko; compatible; GPTBot/1.3; +https://openai.com/gptbot)" "-"
74.7.227.0 - - [13/Dec/2025:00:46:28 +0100] "GET /data/upload/image/666171fb77d06.jpg?path=//proc/self/root/lib/locale/pa_IN HTTP/1.1" 200 30779 edition.gerdgeorge.de "-" "Mozilla/5.0 AppleWebKit/537.36 (KHTML, like Gecko; compatible; GPTBot/1.3; +https://openai.com/gptbot)" "-"
216.73.216.0 - - [13/Dec/2025:00:46:28 +0100] "GET /imprint?fileloc=%2F%2Fproc%2Fself%2Fcwd%2Fwp-content%2Fplugins%2Felementor%2Fincludes%2Fbeta-testers.php&path=%2F%2Fproc%2Fself%2Fcwd%2Fwp-content%2Fplugins%2Felementor%2Fincludes HTTP/1.1" 429 227 edition.gerdgeorge.de "-" "Mozilla/5.0 AppleWebKit/537.36 (KHTML, like Gecko; compatible; ClaudeBot/1.0; +claudebot@anthropic.com)" "-"
34.236.41.0 - - [13/Dec/2025:00:46:28 +0100] "GET /serviette-calamar/?path=//kunden/proc/self/root/kunden/kunden/kunden/proc/self/root/proc/self/root/proc/thread-self/root/lib/locale/sr_RS HTTP/1.1" 200 35906 edition.gerdgeorge.de "-" "Mozilla/5.0 AppleWebKit/537.36 (KHTML, like Gecko; compatible; Amazonbot/0.1; +https://developer.amazon.com/support/amazonbot) Chrome/119.0.6045.214 Safari/537.36" "-"
74.7.227.0 - - [13/Dec/2025:00:46:28 +0100] "GET /data/upload/image/666171fb77d06.jpg?path=//proc/self/root/lib/locale/de_BE/LC_MESSAGES HTTP/1.1" 200 14492 edition.gerdgeorge.de "-" "Mozilla/5.0 AppleWebKit/537.36 (KHTML, like Gecko; compatible; GPTBot/1.3; +https://openai.com/gptbot)" "-"
74.7.227.0 - - [13/Dec/2025:00:46:29 +0100] "GET /data/upload/image/666171fb77d06.jpg?path=//proc/self/root/lib/locale/lb_LU/LC_MESSAGES HTTP/1.1" 200 14492 edition.gerdgeorge.de "-" "Mozilla/5.0 AppleWebKit/537.36 (KHTML, like Gecko; compatible; GPTBot/1.3; +https://openai.com/gptbot)" "-"
74.7.227.0 - - [13/Dec/2025:00:46:29 +0100] "GET /data/upload/image/666171fb77d06.jpg?path=//proc/self/root/lib/locale/hr_HR/LC_MESSAGES HTTP/1.1" 200 14492 edition.gerdgeorge.de "-" "Mozilla/5.0 AppleWebKit/537.36 (KHTML, like Gecko; compatible; GPTBot/1.3; +https://openai.com/gptbot)" "-"
74.7.227.0 - - [13/Dec/2025:00:46:30 +0100] "GET /data/upload/image/666171fb77d06.jpg?path=//proc/self/root/lib/locale/it_IT/LC_MESSAGES HTTP/1.1" 200 14492 edition.gerdgeorge.de "-" "Mozilla/5.0 AppleWebKit/537.36 (KHTML, like Gecko; compatible; GPTBot/1.3; +https://openai.com/gptbot)" "-"
74.7.227.0 - - [13/Dec/2025:00:46:30 +0100] "GET /data/upload/image/666171fb77d06.jpg?path=//proc/self/root/lib/locale/es_ES/LC_MESSAGES HTTP/1.1" 200 14492 edition.gerdgeorge.de "-" "Mozilla/5.0 AppleWebKit/537.36 (KHTML, like Gecko; compatible; GPTBot/1.3; +https://openai.com/gptbot)" "-"
74.7.227.0 - - [13/Dec/2025:00:46:31 +0100] "GET /data/upload/image/66617162bc9a5.jpg?path=//proc/self/root/lib/locale/ar_JO/LC_MESSAGES HTTP/1.1" 200 14492 edition.gerdgeorge.de "-" "Mozilla/5.0 AppleWebKit/537.36 (KHTML, like Gecko; compatible; GPTBot/1.3; +https://openai.com/gptbot)" "-"
74.7.227.0 - - [13/Dec/2025:00:46:31 +0100] "GET /data/upload/image/66617162bc9a5.jpg?path=//proc/self/root/lib/locale/ar_BH/LC_MESSAGES HTTP/1.1" 200 14492 edition.gerdgeorge.de "-" "Mozilla/5.0 AppleWebKit/537.36 (KHTML, like Gecko; compatible; GPTBot/1.3; +https://openai.com/gptbot)" "-"
74.7.227.0 - - [13/Dec/2025:00:46:32 +0100] "GET /data/upload/image/66617162bc9a5.jpg?path=//proc/self/root/lib/locale/ha_NG/LC_MESSAGES HTTP/1.1" 200 14492 edition.gerdgeorge.de "-" "Mozilla/5.0 AppleWebKit/537.36 (KHTML, like Gecko; compatible; GPTBot/1.3; +https://openai.com/gptbot)" "-"
74.7.227.0 - - [13/Dec/2025:00:46:33 +0100] "GET /data/upload/image/66617162bc9a5.jpg?path=//proc/self/root/lib/locale/lb_LU/LC_MESSAGES HTTP/1.1" 200 14492 edition.gerdgeorge.de "-" "Mozilla/5.0 AppleWebKit/537.36 (KHTML, like Gecko; compatible; GPTBot/1.3; +https://openai.com/gptbot)" "-"
98.80.130.0 - - [13/Dec/2025:00:46:33 +0100] "GET /serviette-calamar/?path=//proc/self/root/proc/self/root/kunden/kunden/proc/self/root/kunden/proc/thread-self/root/var HTTP/1.1" 200 32369 edition.gerdgeorge.de "-" "Mozilla/5.0 AppleWebKit/537.36 (KHTML, like Gecko; compatible; Amazonbot/0.1; +https://developer.amazon.com/support/amazonbot) Chrome/119.0.6045.214 Safari/537.36" "-"
216.73.216.0 - - [13/Dec/2025:00:46:33 +0100] "GET /imprint?fileloc=%2F%2Fproc%2Fself%2Fcwd%2Fwp-includes%2Fsodium_compat%2Fsrc%2FCore32%2FCurve25519%2FGe%2FP2.php&path=%2F%2Fproc%2Fself%2Fcwd%2Fwp-includes%2Fsodium_compat%2Fsrc%2FCore32%2FCurve25519%2FGe HTTP/1.1" 429 227 edition.gerdgeorge.de "-" "Mozilla/5.0 AppleWebKit/537.36 (KHTML, like Gecko; compatible; ClaudeBot/1.0; +claudebot@anthropic.com)" "-"
74.7.227.0 - - [13/Dec/2025:00:46:33 +0100] "GET /data/upload/image/666171fb77d06.jpg?path=//proc/self/root/lib/locale/de_IT/LC_MESSAGES HTTP/1.1" 200 14492 edition.gerdgeorge.de "-" "Mozilla/5.0 AppleWebKit/537.36 (KHTML, like Gecko; compatible; GPTBot/1.3; +https://openai.com/gptbot)" "-"
74.7.227.0 - - [13/Dec/2025:00:46:34 +0100] "GET /data/upload/image/666171fb77d06.jpg?path=//proc/self/root/lib/locale/pa_IN/LC_MESSAGES HTTP/1.1" 200 14492 edition.gerdgeorge.de "-" "Mozilla/5.0 AppleWebKit/537.36 (KHTML, like Gecko; compatible; GPTBot/1.3; +https://openai.com/gptbot)" "-"
74.7.227.0 - - [13/Dec/2025:00:46:34 +0100] "GET /data/upload/image/66617162bc9a5.jpg?path=//proc/self/root/lib/locale/ar_SS HTTP/1.1" 200 30778 edition.gerdgeorge.de "-" "Mozilla/5.0 AppleWebKit/537.36 (KHTML, like Gecko; compatible; GPTBot/1.3; +https://openai.com/gptbot)" "-"
74.7.227.0 - - [13/Dec/2025:00:46:35 +0100] "GET /data/upload/image/666171fb77d06.jpg?path=//proc/self/root/lib/locale/fr_CA HTTP/1.1" 200 30780 edition.gerdgeorge.de "-" "Mozilla/5.0 AppleWebKit/537.36 (KHTML, like Gecko; compatible; GPTBot/1.3; +https://openai.com/gptbot)" "-"
74.7.227.0 - - [13/Dec/2025:00:46:35 +0100] "GET /data/upload/image/666171fb77d06.jpg?path=//proc/self/root/lib/locale/gl_ES HTTP/1.1" 200 30780 edition.gerdgeorge.de "-" "Mozilla/5.0 AppleWebKit/537.36 (KHTML, like Gecko; compatible; GPTBot/1.3; +https://openai.com/gptbot)" "-"
74.7.227.0 - - [13/Dec/2025:00:46:36 +0100] "GET /data/upload/image/666171fb77d06.jpg?path=//proc/self/root/lib/locale/ms_MY HTTP/1.1" 200 30781 edition.gerdgeorge.de "-" "Mozilla/5.0 AppleWebKit/537.36 (KHTML, like Gecko; compatible; GPTBot/1.3; +https://openai.com/gptbot)" "-"
34.235.239.0 - - [13/Dec/2025:00:46:36 +0100] "GET /jets/?path=//kunden/proc/self/root/proc/self/root/proc/self/root/proc/thread-self/root/lib/locale/sv_SE HTTP/1.1" 200 34475 edition.gerdgeorge.de "-" "Mozilla/5.0 AppleWebKit/537.36 (KHTML, like Gecko; compatible; Amazonbot/0.1; +https://developer.amazon.com/support/amazonbot) Chrome/119.0.6045.214 Safari/537.36" "-"
74.7.227.0 - - [13/Dec/2025:00:46:36 +0100] "GET /data/upload/image/666171fb77d06.jpg?path=//proc/self/root/lib/locale/es_PY HTTP/1.1" 200 30781 edition.gerdgeorge.de "-" "Mozilla/5.0 AppleWebKit/537.36 (KHTML, like Gecko; compatible; GPTBot/1.3; +https://openai.com/gptbot)" "-"
74.7.227.0 - - [13/Dec/2025:00:46:37 +0100] "GET /data/upload/image/66617162bc9a5.jpg?path=//proc/self/root/lib/locale/ar_LB HTTP/1.1" 200 30779 edition.gerdgeorge.de "-" "Mozilla/5.0 AppleWebKit/537.36 (KHTML, like Gecko; compatible; GPTBot/1.3; +https://openai.com/gptbot)" "-"
74.7.227.0 - - [13/Dec/2025:00:46:38 +0100] "GET /data/upload/image/66617162bc9a5.jpg?path=//proc/self/root/lib/locale/ta_LK HTTP/1.1" 200 30779 edition.gerdgeorge.de "-" "Mozilla/5.0 AppleWebKit/537.36 (KHTML, like Gecko; compatible; GPTBot/1.3; +https://openai.com/gptbot)" "-"
216.73.216.0 - - [13/Dec/2025:00:46:38 +0100] "GET /imprint?fileloc=%2F%2Fproc%2Fself%2Fcwd%2Fwp-includes%2Fblock-patterns%2Fblock-patterns%2Fcache.php&path=%2F%2Fproc%2Fself%2Fcwd%2Fwp-includes%2Fblock-patterns%2Fblock-patterns HTTP/1.1" 429 227 edition.gerdgeorge.de "-" "Mozilla/5.0 AppleWebKit/537.36 (KHTML, like Gecko; compatible; ClaudeBot/1.0; +claudebot@anthropic.com)" "-"
74.7.227.0 - - [13/Dec/2025:00:46:38 +0100] "GET /data/upload/image/666171fb77d06.jpg?path=//proc/self/root/lib/locale/so_KE HTTP/1.1" 200 30781 edition.gerdgeorge.de "-" "Mozilla/5.0 AppleWebKit/537.36 (KHTML, like Gecko; compatible; GPTBot/1.3; +https://openai.com/gptbot)" "-"
74.7.227.0 - - [13/Dec/2025:00:46:39 +0100] "GET /data/upload/image/666171fb77d06.jpg?path=//proc/self/root/lib/locale/aa_DJ HTTP/1.1" 200 30779 edition.gerdgeorge.de "-" "Mozilla/5.0 AppleWebKit/537.36 (KHTML, like Gecko; compatible; GPTBot/1.3; +https://openai.com/gptbot)" "-"
74.7.227.0 - - [13/Dec/2025:00:46:39 +0100] "GET /data/upload/image/66617162bc9a5.jpg?path=//proc/self/root/lib/locale/gl_ES HTTP/1.1" 200 30780 edition.gerdgeorge.de "-" "Mozilla/5.0 AppleWebKit/537.36 (KHTML, like Gecko; compatible; GPTBot/1.3; +https://openai.com/gptbot)" "-"
74.7.227.0 - - [13/Dec/2025:00:46:40 +0100] "GET /data/upload/image/66617162bc9a5.jpg?path=//proc/self/root/lib/locale/ar_IN HTTP/1.1" 200 30778 edition.gerdgeorge.de "-" "Mozilla/5.0 AppleWebKit/537.36 (KHTML, like Gecko; compatible; GPTBot/1.3; +https://openai.com/gptbot)" "-"
52.6.97.0 - - [13/Dec/2025:00:46:40 +0100] "GET /jets/?path=//proc/self/root/kunden/kunden/proc/thread-self/root/proc/self/root/lib/locale/nl_NL HTTP/1.1" 200 33923 edition.gerdgeorge.de "-" "Mozilla/5.0 AppleWebKit/537.36 (KHTML, like Gecko; compatible; Amazonbot/0.1; +https://developer.amazon.com/support/amazonbot) Chrome/119.0.6045.214 Safari/537.36" "-"
74.7.227.0 - - [13/Dec/2025:00:46:40 +0100] "GET /data/upload/image/66617162bc9a5.jpg?path=//proc/self/root/lib/locale/ar_SS/LC_MESSAGES HTTP/1.1" 200 14492 edition.gerdgeorge.de "-" "Mozilla/5.0 AppleWebKit/537.36 (KHTML, like Gecko; compatible; GPTBot/1.3; +https://openai.com/gptbot)" "-"
74.7.227.0 - - [13/Dec/2025:00:46:41 +0100] "GET /data/upload/image/666171fb77d06.jpg?path=//proc/self/root/lib/locale/fr_CA/LC_MESSAGES HTTP/1.1" 200 14492 edition.gerdgeorge.de "-" "Mozilla/5.0 AppleWebKit/537.36 (KHTML, like Gecko; compatible; GPTBot/1.3; +https://openai.com/gptbot)" "-"
74.7.227.0 - - [13/Dec/2025:00:46:41 +0100] "GET /data/upload/image/666171fb77d06.jpg?path=//proc/self/root/lib/locale/gl_ES/LC_MESSAGES HTTP/1.1" 200 14492 edition.gerdgeorge.de "-" "Mozilla/5.0 AppleWebKit/537.36 (KHTML, like Gecko; compatible; GPTBot/1.3; +https://openai.com/gptbot)" "-"
74.7.227.0 - - [13/Dec/2025:00:46:42 +0100] "GET /data/upload/image/666171fb77d06.jpg?path=//proc/self/root/lib/locale/ms_MY/LC_MESSAGES HTTP/1.1" 200 14492 edition.gerdgeorge.de "-" "Mozilla/5.0 AppleWebKit/537.36 (KHTML, like Gecko; compatible; GPTBot/1.3; +https://openai.com/gptbot)" "-"
