74.7.227.0 - - [13/Dec/2025:00:18:28 +0100] "GET /data/upload/image/6661718a9bb90.jpg?path=//lib/python3.9/email/__pycache__ HTTP/1.1" 200 43972 edition.gerdgeorge.de "-" "Mozilla/5.0 AppleWebKit/537.36 (KHTML, like Gecko; compatible; GPTBot/1.3; +https://openai.com/gptbot)" "-"
74.7.227.0 - - [13/Dec/2025:00:18:28 +0100] "GET /data/upload/image/6661718a9bb90.jpg?path=//lib/python3.9/email/mime HTTP/1.1" 200 27393 edition.gerdgeorge.de "-" "Mozilla/5.0 AppleWebKit/537.36 (KHTML, like Gecko; compatible; GPTBot/1.3; +https://openai.com/gptbot)" "-"
18.232.11.0 - - [13/Dec/2025:00:18:28 +0100] "GET /serviette-calamar/?path=//proc/self/root/kunden/proc/thread-self/root/proc/thread-self/root/proc/thread-self/root/lib/locale/de_AT HTTP/1.1" 200 35273 edition.gerdgeorge.de "-" "Mozilla/5.0 AppleWebKit/537.36 (KHTML, like Gecko; compatible; Amazonbot/0.1; +https://developer.amazon.com/support/amazonbot) Chrome/119.0.6045.214 Safari/537.36" "-"
74.7.227.0 - - [13/Dec/2025:00:18:29 +0100] "GET /data/upload/image/6661718a9bb90.jpg?path=//proc/self/root/lib64 HTTP/1.1" 200 14233 edition.gerdgeorge.de "-" "Mozilla/5.0 AppleWebKit/537.36 (KHTML, like Gecko; compatible; GPTBot/1.3; +https://openai.com/gptbot)" "-"
74.7.227.0 - - [13/Dec/2025:00:18:29 +0100] "GET /data/upload/image/666171fb77d06.jpg?path=//proc/self/root/lib/sasl2 HTTP/1.1" 200 12782 edition.gerdgeorge.de "-" "Mozilla/5.0 AppleWebKit/537.36 (KHTML, like Gecko; compatible; GPTBot/1.3; +https://openai.com/gptbot)" "-"
88.90.248.0 - - [13/Dec/2025:00:18:29 +0100] "GET /?fileloc=/homepages/31/d696029188/htdocs/Neu_EditionsGeorge/neu_wordpress/moti/wp-includes/blocks/site-title.php&path=/homepages/31/d696029188/htdocs/Neu_EditionsGeorge/neu_wordpress/moti/wp-includes/blocks HTTP/1.1" 200 14906 edition.gerdgeorge.de "-" "Mozilla/5.0 (compatible; MJ12bot/v1.4.8; http://mj12bot.com/)" "-"
74.7.227.0 - - [13/Dec/2025:00:18:30 +0100] "GET /data/upload/image/64583bc31076f.jpg?path=//proc/irq/67/0000:88:00.0 HTTP/1.1" 200 12737 edition.gerdgeorge.de "-" "Mozilla/5.0 AppleWebKit/537.36 (KHTML, like Gecko; compatible; GPTBot/1.3; +https://openai.com/gptbot)" "-"
74.7.227.0 - - [13/Dec/2025:00:18:30 +0100] "GET /data/upload/image/666175ed27e9a.jpg?path=//lib/python3.9/email/__pycache__ HTTP/1.1" 200 43972 edition.gerdgeorge.de "-" "Mozilla/5.0 AppleWebKit/537.36 (KHTML, like Gecko; compatible; GPTBot/1.3; +https://openai.com/gptbot)" "-"
74.7.227.0 - - [13/Dec/2025:00:18:31 +0100] "GET /data/upload/image/666175ed27e9a.jpg?path=//lib/python3.9/email/mime HTTP/1.1" 200 27393 edition.gerdgeorge.de "-" "Mozilla/5.0 AppleWebKit/537.36 (KHTML, like Gecko; compatible; GPTBot/1.3; +https://openai.com/gptbot)" "-"
88.90.248.0 - - [13/Dec/2025:00:18:31 +0100] "GET /?fileloc=/homepages/31/d696029188/htdocs/Neu_EditionsGeorge/neu_wordpress/moti/wp-includes/blocks/social-link.php&path=/homepages/31/d696029188/htdocs/Neu_EditionsGeorge/neu_wordpress/moti/wp-includes/blocks HTTP/1.1" 200 83757 edition.gerdgeorge.de "-" "Mozilla/5.0 (compatible; MJ12bot/v1.4.8; http://mj12bot.com/)" "-"
74.7.227.0 - - [13/Dec/2025:00:18:31 +0100] "GET /data/upload/image/6661718a9bb90.jpg?path=//lib/ruby/2.7.0/bundler/templates/newgem/test HTTP/1.1" 200 16104 edition.gerdgeorge.de "-" "Mozilla/5.0 AppleWebKit/537.36 (KHTML, like Gecko; compatible; GPTBot/1.3; +https://openai.com/gptbot)" "-"
44.216.172.0 - - [13/Dec/2025:00:18:32 +0100] "GET /books/?path=//kunden/kunden/kunden/proc/self/root/kunden/lib/locale/ca_AD HTTP/1.1" 200 32444 edition.gerdgeorge.de "-" "Mozilla/5.0 AppleWebKit/537.36 (KHTML, like Gecko; compatible; Amazonbot/0.1; +https://developer.amazon.com/support/amazonbot) Chrome/119.0.6045.214 Safari/537.36" "-"
74.7.227.0 - - [13/Dec/2025:00:18:32 +0100] "GET /data/upload/image/66617162bc9a5.jpg?path=//lib/python3.9/email/mime/__pycache__ HTTP/1.1" 200 26958 edition.gerdgeorge.de "-" "Mozilla/5.0 AppleWebKit/537.36 (KHTML, like Gecko; compatible; GPTBot/1.3; +https://openai.com/gptbot)" "-"
74.7.227.0 - - [13/Dec/2025:00:18:33 +0100] "GET /data/upload/image/666171fb77d06.jpg?path=//lib/python3.9/email/__pycache__ HTTP/1.1" 200 43972 edition.gerdgeorge.de "-" "Mozilla/5.0 AppleWebKit/537.36 (KHTML, like Gecko; compatible; GPTBot/1.3; +https://openai.com/gptbot)" "-"
74.7.227.0 - - [13/Dec/2025:00:18:33 +0100] "GET /data/upload/image/66616fcb1107e.jpg?path=//lib/python3.9/email/__pycache__ HTTP/1.1" 200 43972 edition.gerdgeorge.de "-" "Mozilla/5.0 AppleWebKit/537.36 (KHTML, like Gecko; compatible; GPTBot/1.3; +https://openai.com/gptbot)" "-"
74.7.227.0 - - [13/Dec/2025:00:18:34 +0100] "GET /data/upload/image/666171fb77d06.jpg?path=//lib/python3.9/email/mime HTTP/1.1" 200 27393 edition.gerdgeorge.de "-" "Mozilla/5.0 AppleWebKit/537.36 (KHTML, like Gecko; compatible; GPTBot/1.3; +https://openai.com/gptbot)" "-"
88.90.248.0 - - [13/Dec/2025:00:18:34 +0100] "GET /?fileloc=/homepages/31/d696029188/htdocs/Neu_EditionsGeorge/neu_wordpress/moti/wp-includes/blocks/tag-cloud.php&path=/homepages/31/d696029188/htdocs/Neu_EditionsGeorge/neu_wordpress/moti/wp-includes/blocks HTTP/1.1" 200 14592 edition.gerdgeorge.de "-" "Mozilla/5.0 (compatible; MJ12bot/v1.4.8; http://mj12bot.com/)" "-"
74.7.227.0 - - [13/Dec/2025:00:18:34 +0100] "GET /data/upload/image/6661718a9bb90.jpg?path=//lib/python3.9/email/mime/__pycache__ HTTP/1.1" 200 26958 edition.gerdgeorge.de "-" "Mozilla/5.0 AppleWebKit/537.36 (KHTML, like Gecko; compatible; GPTBot/1.3; +https://openai.com/gptbot)" "-"
74.7.227.0 - - [13/Dec/2025:00:18:35 +0100] "GET /data/upload/image/66616fcb1107e.jpg?path=//lib/python3.9/email/mime HTTP/1.1" 200 27393 edition.gerdgeorge.de "-" "Mozilla/5.0 AppleWebKit/537.36 (KHTML, like Gecko; compatible; GPTBot/1.3; +https://openai.com/gptbot)" "-"
74.7.227.0 - - [13/Dec/2025:00:18:35 +0100] "GET /data/upload/image/6661718a9bb90.jpg?path=//proc/self/root/lib/ruby/2.7.0/bundler/settings HTTP/1.1" 200 14554 edition.gerdgeorge.de "-" "Mozilla/5.0 AppleWebKit/537.36 (KHTML, like Gecko; compatible; GPTBot/1.3; +https://openai.com/gptbot)" "-"
74.7.227.0 - - [13/Dec/2025:00:18:36 +0100] "GET /data/upload/image/666170d0e451f.jpg?path=//lib/ruby/2.7.0/bundler/vendor/connection_pool/lib HTTP/1.1" 200 16025 edition.gerdgeorge.de "-" "Mozilla/5.0 AppleWebKit/537.36 (KHTML, like Gecko; compatible; GPTBot/1.3; +https://openai.com/gptbot)" "-"
52.203.237.0 - - [13/Dec/2025:00:18:36 +0100] "GET /serviette-calamar/?path=//kunden/kunden/proc/self/root/kunden/proc/self/root/proc/self/root/proc/self/root/kunden/lib/locale/ar_MA/LC_MESSAGES HTTP/1.1" 200 16171 edition.gerdgeorge.de "-" "Mozilla/5.0 AppleWebKit/537.36 (KHTML, like Gecko; compatible; Amazonbot/0.1; +https://developer.amazon.com/support/amazonbot) Chrome/119.0.6045.214 Safari/537.36" "-"
88.90.248.0 - - [13/Dec/2025:00:18:36 +0100] "GET /?fileloc=/homepages/31/d696029188/htdocs/Neu_EditionsGeorge/neu_wordpress/moti/wp-includes/blocks/template-part.php&path=/homepages/31/d696029188/htdocs/Neu_EditionsGeorge/neu_wordpress/moti/wp-includes/blocks HTTP/1.1" 200 23380 edition.gerdgeorge.de "-" "Mozilla/5.0 (compatible; MJ12bot/v1.4.8; http://mj12bot.com/)" "-"
74.7.227.0 - - [13/Dec/2025:00:18:36 +0100] "GET /data/upload/image/6661718a9bb90.jpg?path=//usr/lib/ruby/2.7.0/bundler/vendor/fileutils/lib HTTP/1.1" 200 16005 edition.gerdgeorge.de "-" "Mozilla/5.0 AppleWebKit/537.36 (KHTML, like Gecko; compatible; GPTBot/1.3; +https://openai.com/gptbot)" "-"
74.7.227.0 - - [13/Dec/2025:00:18:37 +0100] "GET /data/upload/image/66617162bc9a5.jpg?path=//usr/lib/ruby/2.7.0/bundler/vendor/fileutils/lib HTTP/1.1" 200 16005 edition.gerdgeorge.de "-" "Mozilla/5.0 AppleWebKit/537.36 (KHTML, like Gecko; compatible; GPTBot/1.3; +https://openai.com/gptbot)" "-"
74.7.227.0 - - [13/Dec/2025:00:18:37 +0100] "GET /data/upload/image/666171fb77d06.jpg?path=//proc/self/root/lib/ruby/2.7.0/bundler/settings HTTP/1.1" 200 14554 edition.gerdgeorge.de "-" "Mozilla/5.0 AppleWebKit/537.36 (KHTML, like Gecko; compatible; GPTBot/1.3; +https://openai.com/gptbot)" "-"
74.7.227.0 - - [13/Dec/2025:00:18:38 +0100] "GET /data/upload/image/666170d0e451f.jpg?path=//usr/lib/ruby/2.7.0/bundler/source/rubygems HTTP/1.1" 200 14460 edition.gerdgeorge.de "-" "Mozilla/5.0 AppleWebKit/537.36 (KHTML, like Gecko; compatible; GPTBot/1.3; +https://openai.com/gptbot)" "-"
88.90.248.0 - - [13/Dec/2025:00:18:38 +0100] "GET /?fileloc=/homepages/31/d696029188/htdocs/Neu_EditionsGeorge/neu_wordpress/moti/wp-includes/blocks/term-description.php&path=/homepages/31/d696029188/htdocs/Neu_EditionsGeorge/neu_wordpress/moti/wp-includes/blocks HTTP/1.1" 200 14317 edition.gerdgeorge.de "-" "Mozilla/5.0 (compatible; MJ12bot/v1.4.8; http://mj12bot.com/)" "-"
74.7.227.0 - - [13/Dec/2025:00:18:39 +0100] "GET /data/upload/image/666170d0e451f.jpg?path=//usr/lib/ruby/2.7.0/bundler/plugin/installer HTTP/1.1" 200 16008 edition.gerdgeorge.de "-" "Mozilla/5.0 AppleWebKit/537.36 (KHTML, like Gecko; compatible; GPTBot/1.3; +https://openai.com/gptbot)" "-"
74.7.227.0 - - [13/Dec/2025:00:18:39 +0100] "GET /data/upload/image/666171fb77d06.jpg?path=//usr/lib/ruby/2.7.0/bundler/source/rubygems HTTP/1.1" 200 14460 edition.gerdgeorge.de "-" "Mozilla/5.0 AppleWebKit/537.36 (KHTML, like Gecko; compatible; GPTBot/1.3; +https://openai.com/gptbot)" "-"
74.7.227.0 - - [13/Dec/2025:00:18:40 +0100] "GET /data/upload/image/666171fb77d06.jpg?path=//lib/python3.9/email/mime/__pycache__ HTTP/1.1" 200 26958 edition.gerdgeorge.de "-" "Mozilla/5.0 AppleWebKit/537.36 (KHTML, like Gecko; compatible; GPTBot/1.3; +https://openai.com/gptbot)" "-"
74.7.227.0 - - [13/Dec/2025:00:18:40 +0100] "GET /data/upload/image/66617162bc9a5.jpg?path=//lib/ruby/2.7.0/bundler/templates/newgem/test HTTP/1.1" 200 16104 edition.gerdgeorge.de "-" "Mozilla/5.0 AppleWebKit/537.36 (KHTML, like Gecko; compatible; GPTBot/1.3; +https://openai.com/gptbot)" "-"
88.90.248.0 - - [13/Dec/2025:00:18:40 +0100] "GET /?fileloc=/homepages/31/d696029188/htdocs/Neu_EditionsGeorge/neu_wordpress/moti/wp-includes/blocks/widget-group.php&path=/homepages/31/d696029188/htdocs/Neu_EditionsGeorge/neu_wordpress/moti/wp-includes/blocks HTTP/1.1" 200 15450 edition.gerdgeorge.de "-" "Mozilla/5.0 (compatible; MJ12bot/v1.4.8; http://mj12bot.com/)" "-"
34.194.165.0 - - [13/Dec/2025:00:18:40 +0100] "GET /jets/?path=//proc/self/root/kunden/proc/self/root/proc/self/root/kunden/proc/self/root/lib/mc HTTP/1.1" 200 26764 edition.gerdgeorge.de "-" "Mozilla/5.0 AppleWebKit/537.36 (KHTML, like Gecko; compatible; Amazonbot/0.1; +https://developer.amazon.com/support/amazonbot) Chrome/119.0.6045.214 Safari/537.36" "-"
74.7.227.0 - - [13/Dec/2025:00:18:41 +0100] "GET /data/upload/image/66616fcb1107e.jpg?path=//lib/python3.9/email/mime/__pycache__ HTTP/1.1" 200 26958 edition.gerdgeorge.de "-" "Mozilla/5.0 AppleWebKit/537.36 (KHTML, like Gecko; compatible; GPTBot/1.3; +https://openai.com/gptbot)" "-"
74.7.227.0 - - [13/Dec/2025:00:18:41 +0100] "GET /data/upload/image/666171fb77d06.jpg?path=//lib/ruby/2.7.0/bundler/vendor/fileutils/lib HTTP/1.1" 200 15919 edition.gerdgeorge.de "-" "Mozilla/5.0 AppleWebKit/537.36 (KHTML, like Gecko; compatible; GPTBot/1.3; +https://openai.com/gptbot)" "-"
74.7.227.0 - - [13/Dec/2025:00:18:42 +0100] "GET /data/upload/image/666170d0e451f.jpg?path=//lib/ruby/2.7.0/bundler/templates/newgem/lib HTTP/1.1" 200 15909 edition.gerdgeorge.de "-" "Mozilla/5.0 AppleWebKit/537.36 (KHTML, like Gecko; compatible; GPTBot/1.3; +https://openai.com/gptbot)" "-"
74.7.227.0 - - [13/Dec/2025:00:18:42 +0100] "GET /data/upload/image/666171fb77d06.jpg?path=//usr/lib/ruby/2.7.0/bundler/templates/newgem/lib HTTP/1.1" 200 15995 edition.gerdgeorge.de "-" "Mozilla/5.0 AppleWebKit/537.36 (KHTML, like Gecko; compatible; GPTBot/1.3; +https://openai.com/gptbot)" "-"
88.90.248.0 - - [13/Dec/2025:00:18:43 +0100] "GET /?fileloc=/homepages/31/d696029188/htdocs/Neu_EditionsGeorge/neu_wordpress/moti/wp-includes/certificates/.htaccess&path=/homepages/31/d696029188/htdocs/Neu_EditionsGeorge/neu_wordpress/moti/wp-includes/certificates HTTP/1.1" 200 12967 edition.gerdgeorge.de "-" "Mozilla/5.0 (compatible; MJ12bot/v1.4.8; http://mj12bot.com/)" "-"
74.7.227.0 - - [13/Dec/2025:00:18:43 +0100] "GET /data/upload/image/6661718a9bb90.jpg?path=//lib/ruby/2.7.0/bundler/vendor/molinillo/lib HTTP/1.1" 200 15918 edition.gerdgeorge.de "-" "Mozilla/5.0 AppleWebKit/537.36 (KHTML, like Gecko; compatible; GPTBot/1.3; +https://openai.com/gptbot)" "-"
74.7.227.0 - - [13/Dec/2025:00:18:44 +0100] "GET /data/upload/image/66617162bc9a5.jpg?path=//usr/lib/ruby/2.7.0/bundler/vendor/molinillo/lib HTTP/1.1" 200 16004 edition.gerdgeorge.de "-" "Mozilla/5.0 AppleWebKit/537.36 (KHTML, like Gecko; compatible; GPTBot/1.3; +https://openai.com/gptbot)" "-"
74.7.227.0 - - [13/Dec/2025:00:18:44 +0100] "GET /data/upload/image/66617162bc9a5.jpg?path=//lib/ruby/2.7.0/bundler/source/rubygems HTTP/1.1" 200 14390 edition.gerdgeorge.de "-" "Mozilla/5.0 AppleWebKit/537.36 (KHTML, like Gecko; compatible; GPTBot/1.3; +https://openai.com/gptbot)" "-"
54.164.106.0 - - [13/Dec/2025:00:18:44 +0100] "GET /serviette-calamar/?path=//proc/thread-self/root/proc/self/root/proc/self/root/proc/self/root/kunden/lib/locale/en_DK HTTP/1.1" 200 34520 edition.gerdgeorge.de "-" "Mozilla/5.0 AppleWebKit/537.36 (KHTML, like Gecko; compatible; Amazonbot/0.1; +https://developer.amazon.com/support/amazonbot) Chrome/119.0.6045.214 Safari/537.36" "-"
88.90.248.0 - - [13/Dec/2025:00:18:45 +0100] "GET /?fileloc=/homepages/31/d696029188/htdocs/Neu_EditionsGeorge/neu_wordpress/moti/wp-includes/certificates/ca-bundle.crt&path=/homepages/31/d696029188/htdocs/Neu_EditionsGeorge/neu_wordpress/moti/wp-includes/certificates HTTP/1.1" 200 239278 edition.gerdgeorge.de "-" "Mozilla/5.0 (compatible; MJ12bot/v1.4.8; http://mj12bot.com/)" "-"
74.7.227.0 - - [13/Dec/2025:00:18:45 +0100] "GET /data/upload/image/6661718a9bb90.jpg?path=//usr/lib/ruby/2.7.0/bundler/templates/newgem/lib HTTP/1.1" 200 15995 edition.gerdgeorge.de "-" "Mozilla/5.0 AppleWebKit/537.36 (KHTML, like Gecko; compatible; GPTBot/1.3; +https://openai.com/gptbot)" "-"
74.7.227.0 - - [13/Dec/2025:00:18:45 +0100] "GET /data/upload/image/66617162bc9a5.jpg?path=//proc/self/root/lib/ruby/2.7.0/bundler/installer HTTP/1.1" 200 17764 edition.gerdgeorge.de "-" "Mozilla/5.0 AppleWebKit/537.36 (KHTML, like Gecko; compatible; GPTBot/1.3; +https://openai.com/gptbot)" "-"
74.7.227.0 - - [13/Dec/2025:00:18:46 +0100] "GET /data/upload/image/6661718a9bb90.jpg?path=//lib/ruby/2.7.0/bundler/plugin/installer HTTP/1.1" 200 15922 edition.gerdgeorge.de "-" "Mozilla/5.0 AppleWebKit/537.36 (KHTML, like Gecko; compatible; GPTBot/1.3; +https://openai.com/gptbot)" "-"
74.7.227.0 - - [13/Dec/2025:00:18:47 +0100] "GET /data/upload/image/66617162bc9a5.jpg?path=//usr/lib/ruby/2.7.0/bundler/source/rubygems HTTP/1.1" 200 14460 edition.gerdgeorge.de "-" "Mozilla/5.0 AppleWebKit/537.36 (KHTML, like Gecko; compatible; GPTBot/1.3; +https://openai.com/gptbot)" "-"
74.7.227.0 - - [13/Dec/2025:00:18:47 +0100] "GET /data/upload/image/666171fb77d06.jpg?path=//usr/lib/ruby/2.7.0/bundler/vendor/fileutils/lib HTTP/1.1" 200 16005 edition.gerdgeorge.de "-" "Mozilla/5.0 AppleWebKit/537.36 (KHTML, like Gecko; compatible; GPTBot/1.3; +https://openai.com/gptbot)" "-"
88.90.248.0 - - [13/Dec/2025:00:18:48 +0100] "GET /?fileloc=/homepages/31/d696029188/htdocs/Neu_EditionsGeorge/neu_wordpress/moti/wp-includes/css/.htaccess&path=/homepages/31/d696029188/htdocs/Neu_EditionsGeorge/neu_wordpress/moti/wp-includes/css HTTP/1.1" 200 12940 edition.gerdgeorge.de "-" "Mozilla/5.0 (compatible; MJ12bot/v1.4.8; http://mj12bot.com/)" "-"
74.7.227.0 - - [13/Dec/2025:00:18:48 +0100] "GET /data/upload/image/666170d0e451f.jpg?path=//usr/lib/ruby/2.7.0/bundler/templates/newgem/test HTTP/1.1" 200 16194 edition.gerdgeorge.de "-" "Mozilla/5.0 AppleWebKit/537.36 (KHTML, like Gecko; compatible; GPTBot/1.3; +https://openai.com/gptbot)" "-"
54.225.199.0 - - [13/Dec/2025:00:18:48 +0100] "GET /jets/?path=//proc/self/root/kunden/proc/self/root/kunden/proc/self/root/kunden/proc/sys/net/netfilter HTTP/1.1" 200 69139 edition.gerdgeorge.de "-" "Mozilla/5.0 AppleWebKit/537.36 (KHTML, like Gecko; compatible; Amazonbot/0.1; +https://developer.amazon.com/support/amazonbot) Chrome/119.0.6045.214 Safari/537.36" "-"
74.7.227.0 - - [13/Dec/2025:00:18:48 +0100] "GET /data/upload/image/6661718a9bb90.jpg?path=//usr/lib/x86_64-linux-gnu/perl-base/unicore/lib HTTP/1.1" 200 114590 edition.gerdgeorge.de "-" "Mozilla/5.0 AppleWebKit/537.36 (KHTML, like Gecko; compatible; GPTBot/1.3; +https://openai.com/gptbot)" "-"
74.7.227.0 - - [13/Dec/2025:00:18:49 +0100] "GET /data/upload/image/66617162bc9a5.jpg?path=//lib/ruby/2.7.0/bundler/vendor/connection_pool/lib HTTP/1.1" 200 16025 edition.gerdgeorge.de "-" "Mozilla/5.0 AppleWebKit/537.36 (KHTML, like Gecko; compatible; GPTBot/1.3; +https://openai.com/gptbot)" "-"
74.7.227.0 - - [13/Dec/2025:00:18:50 +0100] "GET /data/upload/image/66617162bc9a5.jpg?path=//lib/ruby/2.7.0/bundler/templates/newgem/lib HTTP/1.1" 200 15909 edition.gerdgeorge.de "-" "Mozilla/5.0 AppleWebKit/537.36 (KHTML, like Gecko; compatible; GPTBot/1.3; +https://openai.com/gptbot)" "-"
88.90.248.0 - - [13/Dec/2025:00:18:50 +0100] "GET /?fileloc=/homepages/31/d696029188/htdocs/Neu_EditionsGeorge/neu_wordpress/moti/wp-includes/css/admin-bar-rtl.css&path=/homepages/31/d696029188/htdocs/Neu_EditionsGeorge/neu_wordpress/moti/wp-includes/css HTTP/1.1" 200 38215 edition.gerdgeorge.de "-" "Mozilla/5.0 (compatible; MJ12bot/v1.4.8; http://mj12bot.com/)" "-"
43.173.173.0 - - [13/Dec/2025:00:18:50 +0100] "GET /sitemap-misc.html?path=/homepages/31/d697088380/.oneclick HTTP/1.1" 200 12772 edition.gerdgeorge.de "-" "Mozilla/5.0 (Windows NT 6.1; Win64; x64) AppleWebKit/537.36 (KHTML, like Gecko) Chrome/126.0.6478.114 Safari/537.36" "-"
74.7.227.0 - - [13/Dec/2025:00:18:50 +0100] "GET /data/upload/image/6661718a9bb90.jpg?path=//lib/ruby/2.7.0/bundler/source/rubygems HTTP/1.1" 200 14390 edition.gerdgeorge.de "-" "Mozilla/5.0 AppleWebKit/537.36 (KHTML, like Gecko; compatible; GPTBot/1.3; +https://openai.com/gptbot)" "-"
66.249.64.0 - - [13/Dec/2025:00:18:50 +0100] "GET /?_g=307508 HTTP/1.1" 200 187677 edition.gerdgeorge.de "-" "Mozilla/5.0 (Linux; Android 6.0.1; Nexus 5X Build/MMB29P) AppleWebKit/537.36 (KHTML, like Gecko) Chrome/141.0.7390.122 Mobile Safari/537.36 (compatible; Googlebot/2.1; +http://www.google.com/bot.html)" "-"
43.173.177.0 - - [13/Dec/2025:00:18:50 +0100] "GET /?fileloc=/homepages/31/d696029188/htdocs/qtranslate-x/flags/ve.png&path=/homepages/31/d696029188/htdocs/qtranslate-x/flags HTTP/1.1" 200 12549 edition.gerdgeorge.de "-" "Mozilla/5.0 (Windows NT 6.1; Win64; x64) AppleWebKit/537.36 (KHTML, like Gecko) Chrome/126.0.6478.114 Safari/537.36" "-"
43.173.175.0 - - [13/Dec/2025:00:18:50 +0100] "GET /shelter-2/?path=//kunden/home HTTP/1.1" 200 12648 edition.gerdgeorge.de "-" "Mozilla/5.0 (Windows NT 6.1; Win64; x64) AppleWebKit/537.36 (KHTML, like Gecko) Chrome/126.0.6478.114 Safari/537.36" "-"
74.7.227.0 - - [13/Dec/2025:00:18:51 +0100] "GET /data/upload/image/66616fcb1107e.jpg?path=//lib/x86_64-linux-gnu/perl-base/unicore/lib HTTP/1.1" 200 113676 edition.gerdgeorge.de "-" "Mozilla/5.0 AppleWebKit/537.36 (KHTML, like Gecko; compatible; GPTBot/1.3; +https://openai.com/gptbot)" "-"
74.7.227.0 - - [13/Dec/2025:00:18:51 +0100] "GET /data/upload/image/66617162bc9a5.jpg?path=//usr/lib/ruby/2.7.0/bundler/templates/newgem/lib HTTP/1.1" 200 15995 edition.gerdgeorge.de "-" "Mozilla/5.0 AppleWebKit/537.36 (KHTML, like Gecko; compatible; GPTBot/1.3; +https://openai.com/gptbot)" "-"
43.173.181.0 - - [13/Dec/2025:00:18:51 +0100] "GET /books/?path=/homepages/31/d696620025/htdocs HTTP/1.1" 200 12766 edition.gerdgeorge.de "-" "Mozilla/5.0 (Windows NT 6.1; Win64; x64) AppleWebKit/537.36 (KHTML, like Gecko) Chrome/126.0.6478.114 Safari/537.36" "-"
52.207.47.0 - - [13/Dec/2025:00:18:52 +0100] "GET /cockpit/?path=//kunden/proc/self/root/proc/self/root/proc/thread-self/root/kunden/kunden/lib/locale/es_CR HTTP/1.1" 200 34355 edition.gerdgeorge.de "-" "Mozilla/5.0 AppleWebKit/537.36 (KHTML, like Gecko; compatible; Amazonbot/0.1; +https://developer.amazon.com/support/amazonbot) Chrome/119.0.6045.214 Safari/537.36" "-"
88.90.248.0 - - [13/Dec/2025:00:18:52 +0100] "GET /?fileloc=/homepages/31/d696029188/htdocs/Neu_EditionsGeorge/neu_wordpress/moti/wp-includes/css/admin-bar-rtl.min.css&path=/homepages/31/d696029188/htdocs/Neu_EditionsGeorge/neu_wordpress/moti/wp-includes/css HTTP/1.1" 200 33665 edition.gerdgeorge.de "-" "Mozilla/5.0 (compatible; MJ12bot/v1.4.8; http://mj12bot.com/)" "-"
74.7.227.0 - - [13/Dec/2025:00:18:52 +0100] "GET /data/upload/image/66617162bc9a5.jpg?path=//proc/self/root/lib/ruby/2.7.0/rexml/validation HTTP/1.1" 200 17729 edition.gerdgeorge.de "-" "Mozilla/5.0 AppleWebKit/537.36 (KHTML, like Gecko; compatible; GPTBot/1.3; +https://openai.com/gptbot)" "-"
43.173.175.0 - - [13/Dec/2025:00:18:52 +0100] "GET /jet-blast/?path=/homepages/46/d696277175 HTTP/1.1" 200 24031 edition.gerdgeorge.de "-" "Mozilla/5.0 (Windows NT 6.1; Win64; x64) AppleWebKit/537.36 (KHTML, like Gecko) Chrome/126.0.6478.114 Safari/537.36" "-"
74.7.227.0 - - [13/Dec/2025:00:18:52 +0100] "GET /data/upload/image/66617162bc9a5.jpg?path=//usr/lib/ruby/2.7.0/bundler/templates/newgem/test HTTP/1.1" 200 16194 edition.gerdgeorge.de "-" "Mozilla/5.0 AppleWebKit/537.36 (KHTML, like Gecko; compatible; GPTBot/1.3; +https://openai.com/gptbot)" "-"
74.7.227.0 - - [13/Dec/2025:00:18:53 +0100] "GET /data/upload/image/666171fb77d06.jpg?path=//lib/ruby/2.7.0/bundler/vendor/connection_pool/lib HTTP/1.1" 200 16025 edition.gerdgeorge.de "-" "Mozilla/5.0 AppleWebKit/537.36 (KHTML, like Gecko; compatible; GPTBot/1.3; +https://openai.com/gptbot)" "-"
74.7.227.0 - - [13/Dec/2025:00:18:53 +0100] "GET /data/upload/image/6661718a9bb90.jpg?path=//usr/lib/ruby/2.7.0/bundler/source/rubygems HTTP/1.1" 200 14460 edition.gerdgeorge.de "-" "Mozilla/5.0 AppleWebKit/537.36 (KHTML, like Gecko; compatible; GPTBot/1.3; +https://openai.com/gptbot)" "-"
88.90.248.0 - - [13/Dec/2025:00:18:54 +0100] "GET /?fileloc=/homepages/31/d696029188/htdocs/Neu_EditionsGeorge/neu_wordpress/moti/wp-includes/css/admin-bar.css&path=/homepages/31/d696029188/htdocs/Neu_EditionsGeorge/neu_wordpress/moti/wp-includes/css HTTP/1.1" 200 38175 edition.gerdgeorge.de "-" "Mozilla/5.0 (compatible; MJ12bot/v1.4.8; http://mj12bot.com/)" "-"
74.7.227.0 - - [13/Dec/2025:00:18:54 +0100] "GET /data/upload/image/66617162bc9a5.jpg?path=//usr/lib/ruby/2.7.0/bundler/plugin/installer HTTP/1.1" 200 16008 edition.gerdgeorge.de "-" "Mozilla/5.0 AppleWebKit/537.36 (KHTML, like Gecko; compatible; GPTBot/1.3; +https://openai.com/gptbot)" "-"
74.7.227.0 - - [13/Dec/2025:00:18:55 +0100] "GET /data/upload/image/6661718a9bb90.jpg?path=//usr/lib/x86_64-linux-gnu/perl-base/unicore/lib/Blk HTTP/1.1" 200 14548 edition.gerdgeorge.de "-" "Mozilla/5.0 AppleWebKit/537.36 (KHTML, like Gecko; compatible; GPTBot/1.3; +https://openai.com/gptbot)" "-"
74.7.227.0 - - [13/Dec/2025:00:18:55 +0100] "GET /data/upload/image/6661718a9bb90.jpg?path=//usr/lib/x86_64-linux-gnu/perl-base/unicore/lib/NFKCQC HTTP/1.1" 200 16129 edition.gerdgeorge.de "-" "Mozilla/5.0 AppleWebKit/537.36 (KHTML, like Gecko; compatible; GPTBot/1.3; +https://openai.com/gptbot)" "-"
88.90.248.0 - - [13/Dec/2025:00:18:56 +0100] "GET /?fileloc=/homepages/31/d696029188/htdocs/Neu_EditionsGeorge/neu_wordpress/moti/wp-includes/css/admin-bar.min.css&path=/homepages/31/d696029188/htdocs/Neu_EditionsGeorge/neu_wordpress/moti/wp-includes/css HTTP/1.1" 200 33660 edition.gerdgeorge.de "-" "Mozilla/5.0 (compatible; MJ12bot/v1.4.8; http://mj12bot.com/)" "-"
44.207.207.0 - - [13/Dec/2025:00:18:56 +0100] "GET /serviette-calamar/?path=//kunden/proc/self/root/kunden/kunden/proc/self/root/proc/self/root/proc/self/root/kunden/lib/locale/to_TO/LC_MESSAGES HTTP/1.1" 200 16165 edition.gerdgeorge.de "-" "Mozilla/5.0 AppleWebKit/537.36 (KHTML, like Gecko; compatible; Amazonbot/0.1; +https://developer.amazon.com/support/amazonbot) Chrome/119.0.6045.214 Safari/537.36" "-"
74.7.227.0 - - [13/Dec/2025:00:18:56 +0100] "GET /data/upload/image/6661718a9bb90.jpg?path=//usr/lib/x86_64-linux-gnu/perl-base/unicore/lib/NFKDQC HTTP/1.1" 200 16129 edition.gerdgeorge.de "-" "Mozilla/5.0 AppleWebKit/537.36 (KHTML, like Gecko; compatible; GPTBot/1.3; +https://openai.com/gptbot)" "-"
74.7.227.0 - - [13/Dec/2025:00:18:56 +0100] "GET /data/upload/image/6661718a9bb90.jpg?path=//usr/lib/x86_64-linux-gnu/perl-base/unicore/lib/CWKCF HTTP/1.1" 200 14557 edition.gerdgeorge.de "-" "Mozilla/5.0 AppleWebKit/537.36 (KHTML, like Gecko; compatible; GPTBot/1.3; +https://openai.com/gptbot)" "-"
74.7.227.0 - - [13/Dec/2025:00:18:57 +0100] "GET /data/upload/image/66616fcb1107e.jpg?path=//lib/x86_64-linux-gnu/perl-base/unicore/lib/NFDQC HTTP/1.1" 200 16032 edition.gerdgeorge.de "-" "Mozilla/5.0 AppleWebKit/537.36 (KHTML, like Gecko; compatible; GPTBot/1.3; +https://openai.com/gptbot)" "-"
74.7.227.0 - - [13/Dec/2025:00:18:58 +0100] "GET /data/upload/image/66616fcb1107e.jpg?path=//lib/x86_64-linux-gnu/perl-base/unicore/lib/CWCM HTTP/1.1" 200 14480 edition.gerdgeorge.de "-" "Mozilla/5.0 AppleWebKit/537.36 (KHTML, like Gecko; compatible; GPTBot/1.3; +https://openai.com/gptbot)" "-"
88.90.248.0 - - [13/Dec/2025:00:18:58 +0100] "GET /?fileloc=/homepages/31/d696029188/htdocs/Neu_EditionsGeorge/neu_wordpress/moti/wp-includes/css/buttons-rtl.css&path=/homepages/31/d696029188/htdocs/Neu_EditionsGeorge/neu_wordpress/moti/wp-includes/css HTTP/1.1" 200 22934 edition.gerdgeorge.de "-" "Mozilla/5.0 (compatible; MJ12bot/v1.4.8; http://mj12bot.com/)" "-"
74.7.227.0 - - [13/Dec/2025:00:18:58 +0100] "GET /data/upload/image/66616fcb1107e.jpg?path=//lib/x86_64-linux-gnu/perl-base/unicore/lib/CWCF HTTP/1.1" 200 14481 edition.gerdgeorge.de "-" "Mozilla/5.0 AppleWebKit/537.36 (KHTML, like Gecko; compatible; GPTBot/1.3; +https://openai.com/gptbot)" "-"
74.7.227.0 - - [13/Dec/2025:00:18:59 +0100] "GET /data/upload/image/66616fcb1107e.jpg?path=//lib/x86_64-linux-gnu/perl-base/unicore/lib/XIDC HTTP/1.1" 200 14481 edition.gerdgeorge.de "-" "Mozilla/5.0 AppleWebKit/537.36 (KHTML, like Gecko; compatible; GPTBot/1.3; +https://openai.com/gptbot)" "-"
74.7.227.0 - - [13/Dec/2025:00:18:59 +0100] "GET /data/upload/image/66616fcb1107e.jpg?path=//lib/x86_64-linux-gnu/perl-base/unicore/lib/NFKDQC HTTP/1.1" 200 16043 edition.gerdgeorge.de "-" "Mozilla/5.0 AppleWebKit/537.36 (KHTML, like Gecko; compatible; GPTBot/1.3; +https://openai.com/gptbot)" "-"
88.90.248.0 - - [13/Dec/2025:00:19:00 +0100] "GET /?fileloc=/homepages/31/d696029188/htdocs/Neu_EditionsGeorge/neu_wordpress/moti/wp-includes/css/buttons-rtl.min.css&path=/homepages/31/d696029188/htdocs/Neu_EditionsGeorge/neu_wordpress/moti/wp-includes/css HTTP/1.1" 200 19034 edition.gerdgeorge.de "-" "Mozilla/5.0 (compatible; MJ12bot/v1.4.8; http://mj12bot.com/)" "-"
3.221.156.0 - - [13/Dec/2025:00:19:00 +0100] "GET /jets/?path=//kunden/proc/self/root/kunden/proc/self/root/proc/self/root/proc/self/root/lib/locale/sv_SE HTTP/1.1" 200 34575 edition.gerdgeorge.de "-" "Mozilla/5.0 AppleWebKit/537.36 (KHTML, like Gecko; compatible; Amazonbot/0.1; +https://developer.amazon.com/support/amazonbot) Chrome/119.0.6045.214 Safari/537.36" "-"
74.7.227.0 - - [13/Dec/2025:00:19:00 +0100] "GET /data/upload/image/66616fcb1107e.jpg?path=//lib/x86_64-linux-gnu/perl-base/unicore/lib/XIDS HTTP/1.1" 200 14481 edition.gerdgeorge.de "-" "Mozilla/5.0 AppleWebKit/537.36 (KHTML, like Gecko; compatible; GPTBot/1.3; +https://openai.com/gptbot)" "-"
74.7.227.0 - - [13/Dec/2025:00:19:00 +0100] "GET /data/upload/image/66616fcb1107e.jpg?path=//lib/x86_64-linux-gnu/perl-base/unicore/lib/NFKCQC HTTP/1.1" 200 16043 edition.gerdgeorge.de "-" "Mozilla/5.0 AppleWebKit/537.36 (KHTML, like Gecko; compatible; GPTBot/1.3; +https://openai.com/gptbot)" "-"
74.7.227.0 - - [13/Dec/2025:00:19:01 +0100] "GET /data/upload/image/66616fcb1107e.jpg?path=//lib/x86_64-linux-gnu/perl-base/unicore/lib/CWKCF HTTP/1.1" 200 14487 edition.gerdgeorge.de "-" "Mozilla/5.0 AppleWebKit/537.36 (KHTML, like Gecko; compatible; GPTBot/1.3; +https://openai.com/gptbot)" "-"
74.7.227.0 - - [13/Dec/2025:00:19:02 +0100] "GET /data/upload/image/66616fcb1107e.jpg?path=//lib/x86_64-linux-gnu/perl-base/unicore/lib/NFCQC HTTP/1.1" 200 16033 edition.gerdgeorge.de "-" "Mozilla/5.0 AppleWebKit/537.36 (KHTML, like Gecko; compatible; GPTBot/1.3; +https://openai.com/gptbot)" "-"
88.90.248.0 - - [13/Dec/2025:00:19:02 +0100] "GET /?fileloc=/homepages/31/d696029188/htdocs/Neu_EditionsGeorge/neu_wordpress/moti/wp-includes/css/buttons.css&path=/homepages/31/d696029188/htdocs/Neu_EditionsGeorge/neu_wordpress/moti/wp-includes/css HTTP/1.1" 200 22893 edition.gerdgeorge.de "-" "Mozilla/5.0 (compatible; MJ12bot/v1.4.8; http://mj12bot.com/)" "-"
74.7.227.0 - - [13/Dec/2025:00:19:02 +0100] "GET /data/upload/image/6661718a9bb90.jpg?path=//usr/lib/x86_64-linux-gnu/perl-base/unicore/lib/NFDQC HTTP/1.1" 200 16118 edition.gerdgeorge.de "-" "Mozilla/5.0 AppleWebKit/537.36 (KHTML, like Gecko; compatible; GPTBot/1.3; +https://openai.com/gptbot)" "-"
74.7.227.0 - - [13/Dec/2025:00:19:03 +0100] "GET /data/upload/image/6661718a9bb90.jpg?path=//usr/lib/x86_64-linux-gnu/perl-base/unicore/lib/NFCQC HTTP/1.1" 200 16119 edition.gerdgeorge.de "-" "Mozilla/5.0 AppleWebKit/537.36 (KHTML, like Gecko; compatible; GPTBot/1.3; +https://openai.com/gptbot)" "-"
74.7.227.0 - - [13/Dec/2025:00:19:03 +0100] "GET /data/upload/image/6661718a9bb90.jpg?path=//usr/lib/x86_64-linux-gnu/perl-base/unicore/lib/CWCM HTTP/1.1" 200 14550 edition.gerdgeorge.de "-" "Mozilla/5.0 AppleWebKit/537.36 (KHTML, like Gecko; compatible; GPTBot/1.3; +https://openai.com/gptbot)" "-"
88.90.248.0 - - [13/Dec/2025:00:19:04 +0100] "GET /?fileloc=/homepages/31/d696029188/htdocs/Neu_EditionsGeorge/neu_wordpress/moti/wp-includes/css/buttons.min.css&path=/homepages/31/d696029188/htdocs/Neu_EditionsGeorge/neu_wordpress/moti/wp-includes/css HTTP/1.1" 200 19028 edition.gerdgeorge.de "-" "Mozilla/5.0 (compatible; MJ12bot/v1.4.8; http://mj12bot.com/)" "-"
54.210.152.0 - - [13/Dec/2025:00:19:04 +0100] "GET /jets/?path=//kunden/proc/self/root/kunden/proc/self/root/proc/self/root/proc/self/root/lib/locale/sa_IN HTTP/1.1" 200 34571 edition.gerdgeorge.de "-" "Mozilla/5.0 AppleWebKit/537.36 (KHTML, like Gecko; compatible; Amazonbot/0.1; +https://developer.amazon.com/support/amazonbot) Chrome/119.0.6045.214 Safari/537.36" "-"
74.7.227.0 - - [13/Dec/2025:00:19:04 +0100] "GET /data/upload/image/6661718a9bb90.jpg?path=//usr/lib/x86_64-linux-gnu/perl-base/unicore/lib/XIDC HTTP/1.1" 200 14551 edition.gerdgeorge.de "-" "Mozilla/5.0 AppleWebKit/537.36 (KHTML, like Gecko; compatible; GPTBot/1.3; +https://openai.com/gptbot)" "-"
74.7.227.0 - - [13/Dec/2025:00:19:04 +0100] "GET /data/upload/image/6661718a9bb90.jpg?path=//usr/lib/x86_64-linux-gnu/perl-base/unicore/lib/CWCF HTTP/1.1" 200 14551 edition.gerdgeorge.de "-" "Mozilla/5.0 AppleWebKit/537.36 (KHTML, like Gecko; compatible; GPTBot/1.3; +https://openai.com/gptbot)" "-"
74.7.227.0 - - [13/Dec/2025:00:19:05 +0100] "GET /data/upload/image/6661718a9bb90.jpg?path=//usr/lib/x86_64-linux-gnu/perl-base/unicore/lib/XIDS HTTP/1.1" 200 14551 edition.gerdgeorge.de "-" "Mozilla/5.0 AppleWebKit/537.36 (KHTML, like Gecko; compatible; GPTBot/1.3; +https://openai.com/gptbot)" "-"
74.7.227.0 - - [13/Dec/2025:00:19:05 +0100] "GET /data/upload/image/66616fcb1107e.jpg?path=//lib/x86_64-linux-gnu/perl-base/unicore/lib/IdStatus HTTP/1.1" 200 16115 edition.gerdgeorge.de "-" "Mozilla/5.0 AppleWebKit/537.36 (KHTML, like Gecko; compatible; GPTBot/1.3; +https://openai.com/gptbot)" "-"
88.90.248.0 - - [13/Dec/2025:00:19:06 +0100] "GET /?fileloc=/homepages/31/d696029188/htdocs/Neu_EditionsGeorge/neu_wordpress/moti/wp-includes/css/classic-themes.css&path=/homepages/31/d696029188/htdocs/Neu_EditionsGeorge/neu_wordpress/moti/wp-includes/css HTTP/1.1" 200 13678 edition.gerdgeorge.de "-" "Mozilla/5.0 (compatible; MJ12bot/v1.4.8; http://mj12bot.com/)" "-"
74.7.227.0 - - [13/Dec/2025:00:19:06 +0100] "GET /data/upload/image/66616fcb1107e.jpg?path=//lib/x86_64-linux-gnu/perl-base/unicore/lib/GCB HTTP/1.1" 200 23735 edition.gerdgeorge.de "-" "Mozilla/5.0 AppleWebKit/537.36 (KHTML, like Gecko; compatible; GPTBot/1.3; +https://openai.com/gptbot)" "-"
74.7.227.0 - - [13/Dec/2025:00:19:07 +0100] "GET /data/upload/image/66616fcb1107e.jpg?path=//lib/x86_64-linux-gnu/perl-base/unicore/lib/Dash HTTP/1.1" 200 14481 edition.gerdgeorge.de "-" "Mozilla/5.0 AppleWebKit/537.36 (KHTML, like Gecko; compatible; GPTBot/1.3; +https://openai.com/gptbot)" "-"
74.7.227.0 - - [13/Dec/2025:00:19:07 +0100] "GET /data/upload/image/66616fcb1107e.jpg?path=//lib/x86_64-linux-gnu/perl-base/unicore/lib/CWU HTTP/1.1" 200 14475 edition.gerdgeorge.de "-" "Mozilla/5.0 AppleWebKit/537.36 (KHTML, like Gecko; compatible; GPTBot/1.3; +https://openai.com/gptbot)" "-"
88.90.248.0 - - [13/Dec/2025:00:19:08 +0100] "GET /?fileloc=/homepages/31/d696029188/htdocs/Neu_EditionsGeorge/neu_wordpress/moti/wp-includes/css/classic-themes.min.css&path=/homepages/31/d696029188/htdocs/Neu_EditionsGeorge/neu_wordpress/moti/wp-includes/css HTTP/1.1" 200 13244 edition.gerdgeorge.de "-" "Mozilla/5.0 (compatible; MJ12bot/v1.4.8; http://mj12bot.com/)" "-"
74.7.227.0 - - [13/Dec/2025:00:19:08 +0100] "GET /data/upload/image/66616fcb1107e.jpg?path=//lib/x86_64-linux-gnu/perl-base/unicore/lib/Hyphen HTTP/1.1" 200 14493 edition.gerdgeorge.de "-" "Mozilla/5.0 AppleWebKit/537.36 (KHTML, like Gecko; compatible; GPTBot/1.3; +https://openai.com/gptbot)" "-"
50.19.102.0 - - [13/Dec/2025:00:19:08 +0100] "GET /jets/?path=//kunden/proc/self/root/proc/self/root/proc/self/root/proc/self/root/lib/locale/en_NG/LC_MESSAGES HTTP/1.1" 200 15631 edition.gerdgeorge.de "-" "Mozilla/5.0 AppleWebKit/537.36 (KHTML, like Gecko; compatible; Amazonbot/0.1; +https://developer.amazon.com/support/amazonbot) Chrome/119.0.6045.214 Safari/537.36" "-"
74.7.227.0 - - [13/Dec/2025:00:19:08 +0100] "GET /data/upload/image/66616fcb1107e.jpg?path=//lib/x86_64-linux-gnu/perl-base/unicore/lib/Bpt HTTP/1.1" 200 17549 edition.gerdgeorge.de "-" "Mozilla/5.0 AppleWebKit/537.36 (KHTML, like Gecko; compatible; GPTBot/1.3; +https://openai.com/gptbot)" "-"
74.7.227.0 - - [13/Dec/2025:00:19:09 +0100] "GET /data/upload/image/66616fcb1107e.jpg?path=//lib/x86_64-linux-gnu/perl-base/unicore/lib/Cased HTTP/1.1" 200 14487 edition.gerdgeorge.de "-" "Mozilla/5.0 AppleWebKit/537.36 (KHTML, like Gecko; compatible; GPTBot/1.3; +https://openai.com/gptbot)" "-"
74.7.227.0 - - [13/Dec/2025:00:19:09 +0100] "GET /data/upload/image/66616fcb1107e.jpg?path=//lib/x86_64-linux-gnu/perl-base/unicore/lib/CompEx HTTP/1.1" 200 14492 edition.gerdgeorge.de "-" "Mozilla/5.0 AppleWebKit/537.36 (KHTML, like Gecko; compatible; GPTBot/1.3; +https://openai.com/gptbot)" "-"
88.90.248.0 - - [13/Dec/2025:00:19:10 +0100] "GET /?fileloc=/homepages/31/d696029188/htdocs/Neu_EditionsGeorge/neu_wordpress/moti/wp-includes/css/customize-preview-rtl.css&path=/homepages/31/d696029188/htdocs/Neu_EditionsGeorge/neu_wordpress/moti/wp-includes/css HTTP/1.1" 200 16625 edition.gerdgeorge.de "-" "Mozilla/5.0 (compatible; MJ12bot/v1.4.8; http://mj12bot.com/)" "-"
74.7.227.0 - - [13/Dec/2025:00:19:10 +0100] "GET /data/upload/image/66616fcb1107e.jpg?path=//lib/x86_64-linux-gnu/perl-base/unicore/lib/IDS HTTP/1.1" 200 14475 edition.gerdgeorge.de "-" "Mozilla/5.0 AppleWebKit/537.36 (KHTML, like Gecko; compatible; GPTBot/1.3; +https://openai.com/gptbot)" "-"
74.7.227.0 - - [13/Dec/2025:00:19:11 +0100] "GET /data/upload/image/66616fcb1107e.jpg?path=//lib/x86_64-linux-gnu/perl-base/unicore/lib/Ideo HTTP/1.1" 200 14481 edition.gerdgeorge.de "-" "Mozilla/5.0 AppleWebKit/537.36 (KHTML, like Gecko; compatible; GPTBot/1.3; +https://openai.com/gptbot)" "-"
74.7.227.0 - - [13/Dec/2025:00:19:11 +0100] "GET /data/upload/image/66616fcb1107e.jpg?path=//lib/x86_64-linux-gnu/perl-base/unicore/lib/PatSyn HTTP/1.1" 200 14492 edition.gerdgeorge.de "-" "Mozilla/5.0 AppleWebKit/537.36 (KHTML, like Gecko; compatible; GPTBot/1.3; +https://openai.com/gptbot)" "-"
88.90.248.0 - - [13/Dec/2025:00:19:12 +0100] "GET /?fileloc=/homepages/31/d696029188/htdocs/Neu_EditionsGeorge/neu_wordpress/moti/wp-includes/css/customize-preview-rtl.min.css&path=/homepages/31/d696029188/htdocs/Neu_EditionsGeorge/neu_wordpress/moti/wp-includes/css HTTP/1.1" 200 15835 edition.gerdgeorge.de "-" "Mozilla/5.0 (compatible; MJ12bot/v1.4.8; http://mj12bot.com/)" "-"
74.7.227.0 - - [13/Dec/2025:00:19:12 +0100] "GET /data/upload/image/66616fcb1107e.jpg?path=//lib/x86_64-linux-gnu/perl-base/unicore/lib/EPres HTTP/1.1" 200 14486 edition.gerdgeorge.de "-" "Mozilla/5.0 AppleWebKit/537.36 (KHTML, like Gecko; compatible; GPTBot/1.3; +https://openai.com/gptbot)" "-"
74.7.227.0 - - [13/Dec/2025:00:19:12 +0100] "GET /data/upload/image/66616fcb1107e.jpg?path=//lib/x86_64-linux-gnu/perl-base/unicore/lib/Lower HTTP/1.1" 200 14487 edition.gerdgeorge.de "-" "Mozilla/5.0 AppleWebKit/537.36 (KHTML, like Gecko; compatible; GPTBot/1.3; +https://openai.com/gptbot)" "-"
35.171.117.0 - - [13/Dec/2025:00:19:12 +0100] "GET /serviette-calamar/?path=//kunden/kunden/kunden/proc/self/root/proc/thread-self/root/proc/self/root/proc/thread-self/root/usr/lib/emacs HTTP/1.1" 200 15742 edition.gerdgeorge.de "-" "Mozilla/5.0 AppleWebKit/537.36 (KHTML, like Gecko; compatible; Amazonbot/0.1; +https://developer.amazon.com/support/amazonbot) Chrome/119.0.6045.214 Safari/537.36" "-"
74.7.227.0 - - [13/Dec/2025:00:19:13 +0100] "GET /data/upload/image/66616fcb1107e.jpg?path=//lib/x86_64-linux-gnu/perl-base/unicore/lib/Math HTTP/1.1" 200 14481 edition.gerdgeorge.de "-" "Mozilla/5.0 AppleWebKit/537.36 (KHTML, like Gecko; compatible; GPTBot/1.3; +https://openai.com/gptbot)" "-"
74.7.227.0 - - [13/Dec/2025:00:19:13 +0100] "GET /data/upload/image/66616fcb1107e.jpg?path=//lib/x86_64-linux-gnu/perl-base/unicore/lib/CWT HTTP/1.1" 200 14475 edition.gerdgeorge.de "-" "Mozilla/5.0 AppleWebKit/537.36 (KHTML, like Gecko; compatible; GPTBot/1.3; +https://openai.com/gptbot)" "-"
88.90.248.0 - - [13/Dec/2025:00:19:14 +0100] "GET /?fileloc=/homepages/31/d696029188/htdocs/Neu_EditionsGeorge/neu_wordpress/moti/wp-includes/css/customize-preview.css&path=/homepages/31/d696029188/htdocs/Neu_EditionsGeorge/neu_wordpress/moti/wp-includes/css HTTP/1.1" 200 16581 edition.gerdgeorge.de "-" "Mozilla/5.0 (compatible; MJ12bot/v1.4.8; http://mj12bot.com/)" "-"
74.7.227.0 - - [13/Dec/2025:00:19:14 +0100] "GET /data/upload/image/66616fcb1107e.jpg?path=//lib/x86_64-linux-gnu/perl-base/unicore/lib/IDC HTTP/1.1" 200 14475 edition.gerdgeorge.de "-" "Mozilla/5.0 AppleWebKit/537.36 (KHTML, like Gecko; compatible; GPTBot/1.3; +https://openai.com/gptbot)" "-"
74.7.227.0 - - [13/Dec/2025:00:19:14 +0100] "GET /data/upload/image/66616fcb1107e.jpg?path=//lib/x86_64-linux-gnu/perl-base/unicore/lib/Hst HTTP/1.1" 200 14479 edition.gerdgeorge.de "-" "Mozilla/5.0 AppleWebKit/537.36 (KHTML, like Gecko; compatible; GPTBot/1.3; +https://openai.com/gptbot)" "-"
74.7.227.0 - - [13/Dec/2025:00:19:15 +0100] "GET /data/upload/image/66616fcb1107e.jpg?path=//lib/x86_64-linux-gnu/perl-base/unicore/lib/BidiC HTTP/1.1" 200 14487 edition.gerdgeorge.de "-" "Mozilla/5.0 AppleWebKit/537.36 (KHTML, like Gecko; compatible; GPTBot/1.3; +https://openai.com/gptbot)" "-"
88.90.248.0 - - [13/Dec/2025:00:19:15 +0100] "GET /?fileloc=/homepages/31/d696029188/htdocs/Neu_EditionsGeorge/neu_wordpress/moti/wp-includes/css/customize-preview.min.css&path=/homepages/31/d696029188/htdocs/Neu_EditionsGeorge/neu_wordpress/moti/wp-includes/css HTTP/1.1" 200 15826 edition.gerdgeorge.de "-" "Mozilla/5.0 (compatible; MJ12bot/v1.4.8; http://mj12bot.com/)" "-"
74.7.227.0 - - [13/Dec/2025:00:19:15 +0100] "GET /data/upload/image/66616fcb1107e.jpg?path=//lib/x86_64-linux-gnu/perl-base/unicore/lib/InPC HTTP/1.1" 200 33266 edition.gerdgeorge.de "-" "Mozilla/5.0 AppleWebKit/537.36 (KHTML, like Gecko; compatible; GPTBot/1.3; +https://openai.com/gptbot)" "-"
74.7.227.0 - - [13/Dec/2025:00:19:16 +0100] "GET /data/upload/image/66616fcb1107e.jpg?path=//lib/x86_64-linux-gnu/perl-base/unicore/lib/InSC HTTP/1.1" 200 50550 edition.gerdgeorge.de "-" "Mozilla/5.0 AppleWebKit/537.36 (KHTML, like Gecko; compatible; GPTBot/1.3; +https://openai.com/gptbot)" "-"
34.202.88.0 - - [13/Dec/2025:00:19:16 +0100] "GET /books/?path=//kunden/proc/self/root/proc/self/root/proc/thread-self/root/kunden/run/screen HTTP/1.1" 200 13458 edition.gerdgeorge.de "-" "Mozilla/5.0 AppleWebKit/537.36 (KHTML, like Gecko; compatible; Amazonbot/0.1; +https://developer.amazon.com/support/amazonbot) Chrome/119.0.6045.214 Safari/537.36" "-"
74.7.227.0 - - [13/Dec/2025:00:19:17 +0100] "GET /data/upload/image/66616fcb1107e.jpg?path=//lib/x86_64-linux-gnu/perl-base/unicore/lib/Hex HTTP/1.1" 200 14475 edition.gerdgeorge.de "-" "Mozilla/5.0 AppleWebKit/537.36 (KHTML, like Gecko; compatible; GPTBot/1.3; +https://openai.com/gptbot)" "-"
74.7.227.0 - - [13/Dec/2025:00:19:17 +0100] "GET /data/upload/image/66616fcb1107e.jpg?path=//lib/x86_64-linux-gnu/perl-base/unicore/lib/Term HTTP/1.1" 200 14481 edition.gerdgeorge.de "-" "Mozilla/5.0 AppleWebKit/537.36 (KHTML, like Gecko; compatible; GPTBot/1.3; +https://openai.com/gptbot)" "-"
88.90.248.0 - - [13/Dec/2025:00:19:17 +0100] "GET /?fileloc=/homepages/31/d696029188/htdocs/Neu_EditionsGeorge/neu_wordpress/moti/wp-includes/css/dashicons.css&path=/homepages/31/d696029188/htdocs/Neu_EditionsGeorge/neu_wordpress/moti/wp-includes/css HTTP/1.1" 200 78865 edition.gerdgeorge.de "-" "Mozilla/5.0 (compatible; MJ12bot/v1.4.8; http://mj12bot.com/)" "-"
74.7.227.0 - - [13/Dec/2025:00:19:18 +0100] "GET /data/upload/image/66616fcb1107e.jpg?path=//lib/x86_64-linux-gnu/perl-base/unicore/lib/Ccc HTTP/1.1" 200 29895 edition.gerdgeorge.de "-" "Mozilla/5.0 AppleWebKit/537.36 (KHTML, like Gecko; compatible; GPTBot/1.3; +https://openai.com/gptbot)" "-"
74.7.227.0 - - [13/Dec/2025:00:19:18 +0100] "GET /data/upload/image/66616fcb1107e.jpg?path=//lib/x86_64-linux-gnu/perl-base/unicore/lib/EBase HTTP/1.1" 200 14487 edition.gerdgeorge.de "-" "Mozilla/5.0 AppleWebKit/537.36 (KHTML, like Gecko; compatible; GPTBot/1.3; +https://openai.com/gptbot)" "-"
74.7.227.0 - - [13/Dec/2025:00:19:19 +0100] "GET /data/upload/image/66616fcb1107e.jpg?path=//lib/x86_64-linux-gnu/perl-base/unicore/lib/CWL HTTP/1.1" 200 14475 edition.gerdgeorge.de "-" "Mozilla/5.0 AppleWebKit/537.36 (KHTML, like Gecko; compatible; GPTBot/1.3; +https://openai.com/gptbot)" "-"
74.7.227.0 - - [13/Dec/2025:00:19:19 +0100] "GET /data/upload/image/66616fcb1107e.jpg?path=//lib/x86_64-linux-gnu/perl-base/unicore/lib/IdType HTTP/1.1" 200 30289 edition.gerdgeorge.de "-" "Mozilla/5.0 AppleWebKit/537.36 (KHTML, like Gecko; compatible; GPTBot/1.3; +https://openai.com/gptbot)" "-"
88.90.248.0 - - [13/Dec/2025:00:19:20 +0100] "GET /?fileloc=/homepages/31/d696029188/htdocs/Neu_EditionsGeorge/neu_wordpress/moti/wp-includes/css/dashicons.min.css&path=/homepages/31/d696029188/htdocs/Neu_EditionsGeorge/neu_wordpress/moti/wp-includes/css HTTP/1.1" 200 75524 edition.gerdgeorge.de "-" "Mozilla/5.0 (compatible; MJ12bot/v1.4.8; http://mj12bot.com/)" "-"
74.7.227.0 - - [13/Dec/2025:00:19:20 +0100] "GET /data/upload/image/66616fcb1107e.jpg?path=//lib/x86_64-linux-gnu/perl-base/unicore/lib/PCM HTTP/1.1" 200 14475 edition.gerdgeorge.de "-" "Mozilla/5.0 AppleWebKit/537.36 (KHTML, like Gecko; compatible; GPTBot/1.3; +https://openai.com/gptbot)" "-"
54.156.55.0 - - [13/Dec/2025:00:19:20 +0100] "GET /serviette-calamar/?path=//proc/self/root/kunden/kunden/proc/self/root/kunden/proc/self/root/proc/thread-self/root/var/cron HTTP/1.1" 200 13907 edition.gerdgeorge.de "-" "Mozilla/5.0 AppleWebKit/537.36 (KHTML, like Gecko; compatible; Amazonbot/0.1; +https://developer.amazon.com/support/amazonbot) Chrome/119.0.6045.214 Safari/537.36" "-"
74.7.227.0 - - [13/Dec/2025:00:19:21 +0100] "GET /data/upload/image/66616fcb1107e.jpg?path=//lib/x86_64-linux-gnu/perl-base/unicore/lib/QMark HTTP/1.1" 200 14487 edition.gerdgeorge.de "-" "Mozilla/5.0 AppleWebKit/537.36 (KHTML, like Gecko; compatible; GPTBot/1.3; +https://openai.com/gptbot)" "-"
74.7.227.0 - - [13/Dec/2025:00:19:21 +0100] "GET /data/upload/image/66616fcb1107e.jpg?path=//lib/x86_64-linux-gnu/perl-base/unicore/lib/EComp HTTP/1.1" 200 14487 edition.gerdgeorge.de "-" "Mozilla/5.0 AppleWebKit/537.36 (KHTML, like Gecko; compatible; GPTBot/1.3; +https://openai.com/gptbot)" "-"
88.90.248.0 - - [13/Dec/2025:00:19:22 +0100] "GET /?fileloc=/homepages/31/d696029188/htdocs/Neu_EditionsGeorge/neu_wordpress/moti/wp-includes/css/editor-rtl.css&path=/homepages/31/d696029188/htdocs/Neu_EditionsGeorge/neu_wordpress/moti/wp-includes/css HTTP/1.1" 200 46273 edition.gerdgeorge.de "-" "Mozilla/5.0 (compatible; MJ12bot/v1.4.8; http://mj12bot.com/)" "-"
74.7.227.0 - - [13/Dec/2025:00:19:22 +0100] "GET /data/upload/image/66616fcb1107e.jpg?path=//lib/x86_64-linux-gnu/perl-base/unicore/lib/UIdeo HTTP/1.1" 200 14487 edition.gerdgeorge.de "-" "Mozilla/5.0 AppleWebKit/537.36 (KHTML, like Gecko; compatible; GPTBot/1.3; +https://openai.com/gptbot)" "-"
74.7.227.0 - - [13/Dec/2025:00:19:22 +0100] "GET /data/upload/image/66616fcb1107e.jpg?path=//lib/x86_64-linux-gnu/perl-base/unicore/lib/BidiM HTTP/1.1" 200 14487 edition.gerdgeorge.de "-" "Mozilla/5.0 AppleWebKit/537.36 (KHTML, like Gecko; compatible; GPTBot/1.3; +https://openai.com/gptbot)" "-"
74.7.227.0 - - [13/Dec/2025:00:19:23 +0100] "GET /data/upload/image/66616fcb1107e.jpg?path=//lib/x86_64-linux-gnu/perl-base/unicore/lib/Ext HTTP/1.1" 200 14475 edition.gerdgeorge.de "-" "Mozilla/5.0 AppleWebKit/537.36 (KHTML, like Gecko; compatible; GPTBot/1.3; +https://openai.com/gptbot)" "-"
74.7.227.0 - - [13/Dec/2025:00:19:24 +0100] "GET /data/upload/image/66616fcb1107e.jpg?path=//lib/x86_64-linux-gnu/perl-base/unicore/lib/GrExt HTTP/1.1" 200 14487 edition.gerdgeorge.de "-" "Mozilla/5.0 AppleWebKit/537.36 (KHTML, like Gecko; compatible; GPTBot/1.3; +https://openai.com/gptbot)" "-"
88.90.248.0 - - [13/Dec/2025:00:19:24 +0100] "GET /?fileloc=/homepages/31/d696029188/htdocs/Neu_EditionsGeorge/neu_wordpress/moti/wp-includes/css/editor-rtl.min.css&path=/homepages/31/d696029188/htdocs/Neu_EditionsGeorge/neu_wordpress/moti/wp-includes/css HTTP/1.1" 200 40224 edition.gerdgeorge.de "-" "Mozilla/5.0 (compatible; MJ12bot/v1.4.8; http://mj12bot.com/)" "-"
18.207.79.0 - - [13/Dec/2025:00:19:24 +0100] "GET /jets/?path=//proc/self/root/kunden/kunden/proc/self/root/proc/self/root/proc/self/root/lib/locale/se_NO HTTP/1.1" 200 34566 edition.gerdgeorge.de "-" "Mozilla/5.0 AppleWebKit/537.36 (KHTML, like Gecko; compatible; Amazonbot/0.1; +https://developer.amazon.com/support/amazonbot) Chrome/119.0.6045.214 Safari/537.36" "-"
74.7.227.0 - - [13/Dec/2025:00:19:24 +0100] "GET /data/upload/image/66616fcb1107e.jpg?path=//lib/x86_64-linux-gnu/perl-base/unicore/lib/ExtPict HTTP/1.1" 200 14499 edition.gerdgeorge.de "-" "Mozilla/5.0 AppleWebKit/537.36 (KHTML, like Gecko; compatible; GPTBot/1.3; +https://openai.com/gptbot)" "-"
74.7.227.0 - - [13/Dec/2025:00:19:25 +0100] "GET /data/upload/image/66616fcb1107e.jpg?path=//lib/x86_64-linux-gnu/perl-base/unicore/lib/Emoji HTTP/1.1" 200 14487 edition.gerdgeorge.de "-" "Mozilla/5.0 AppleWebKit/537.36 (KHTML, like Gecko; compatible; GPTBot/1.3; +https://openai.com/gptbot)" "-"
88.90.248.0 - - [13/Dec/2025:00:19:26 +0100] "GET /?fileloc=/homepages/31/d696029188/htdocs/Neu_EditionsGeorge/neu_wordpress/moti/wp-includes/css/editor.css&path=/homepages/31/d696029188/htdocs/Neu_EditionsGeorge/neu_wordpress/moti/wp-includes/css HTTP/1.1" 200 46231 edition.gerdgeorge.de "-" "Mozilla/5.0 (compatible; MJ12bot/v1.4.8; http://mj12bot.com/)" "-"
74.7.227.0 - - [13/Dec/2025:00:19:26 +0100] "GET /data/upload/image/66616fcb1107e.jpg?path=//lib/x86_64-linux-gnu/perl-base/unicore/lib/STerm HTTP/1.1" 200 14487 edition.gerdgeorge.de "-" "Mozilla/5.0 AppleWebKit/537.36 (KHTML, like Gecko; compatible; GPTBot/1.3; +https://openai.com/gptbot)" "-"
74.7.227.0 - - [13/Dec/2025:00:19:26 +0100] "GET /data/upload/image/66616fcb1107e.jpg?path=//lib/x86_64-linux-gnu/perl-base/unicore/lib/Scx HTTP/1.1" 200 118316 edition.gerdgeorge.de "-" "Mozilla/5.0 AppleWebKit/537.36 (KHTML, like Gecko; compatible; GPTBot/1.3; +https://openai.com/gptbot)" "-"
74.7.227.0 - - [13/Dec/2025:00:19:27 +0100] "GET /data/upload/image/66616fcb1107e.jpg?path=//lib/x86_64-linux-gnu/perl-base/unicore/lib/Blk HTTP/1.1" 200 14478 edition.gerdgeorge.de "-" "Mozilla/5.0 AppleWebKit/537.36 (KHTML, like Gecko; compatible; GPTBot/1.3; +https://openai.com/gptbot)" "-"
74.7.227.0 - - [13/Dec/2025:00:19:27 +0100] "GET /data/upload/image/66616fcb1107e.jpg?path=//lib/x86_64-linux-gnu/perl-base/unicore/lib/GrBase HTTP/1.1" 200 14493 edition.gerdgeorge.de "-" "Mozilla/5.0 AppleWebKit/537.36 (KHTML, like Gecko; compatible; GPTBot/1.3; +https://openai.com/gptbot)" "-"
88.90.248.0 - - [13/Dec/2025:00:19:28 +0100] "GET /?fileloc=/homepages/31/d696029188/htdocs/Neu_EditionsGeorge/neu_wordpress/moti/wp-includes/css/editor.min.css&path=/homepages/31/d696029188/htdocs/Neu_EditionsGeorge/neu_wordpress/moti/wp-includes/css HTTP/1.1" 200 40217 edition.gerdgeorge.de "-" "Mozilla/5.0 (compatible; MJ12bot/v1.4.8; http://mj12bot.com/)" "-"
74.7.227.0 - - [13/Dec/2025:00:19:28 +0100] "GET /data/upload/image/6661718a9bb90.jpg?path=//usr/lib/x86_64-linux-gnu/perl-base/unicore/lib/UIdeo HTTP/1.1" 200 14557 edition.gerdgeorge.de "-" "Mozilla/5.0 AppleWebKit/537.36 (KHTML, like Gecko; compatible; GPTBot/1.3; +https://openai.com/gptbot)" "-"
54.84.161.0 - - [13/Dec/2025:00:19:28 +0100] "GET /serviette-calamar/?path=//kunden/proc/self/root/kunden/proc/self/root/kunden/proc/self/root/kunden/proc/thread-self/root/lib/systemd/user/graphical-session-pre.target.wants HTTP/1.1" 200 16388 edition.gerdgeorge.de "-" "Mozilla/5.0 AppleWebKit/537.36 (KHTML, like Gecko; compatible; Amazonbot/0.1; +https://developer.amazon.com/support/amazonbot) Chrome/119.0.6045.214 Safari/537.36" "-"
