74.7.227.0 - - [13/Dec/2025:00:16:38 +0100] "GET /data/upload/image/66617162bc9a5.jpg?path=//proc/self/root/usr/lib/locale/pl_PL/LC_MESSAGES HTTP/1.1" 200 14569 edition.gerdgeorge.de "-" "Mozilla/5.0 AppleWebKit/537.36 (KHTML, like Gecko; compatible; GPTBot/1.3; +https://openai.com/gptbot)" "-"
74.7.227.0 - - [13/Dec/2025:00:16:39 +0100] "GET /data/upload/image/66617162bc9a5.jpg?path=//proc/self/root/usr/lib/locale/aa_DJ/LC_MESSAGES HTTP/1.1" 200 14569 edition.gerdgeorge.de "-" "Mozilla/5.0 AppleWebKit/537.36 (KHTML, like Gecko; compatible; GPTBot/1.3; +https://openai.com/gptbot)" "-"
74.7.227.0 - - [13/Dec/2025:00:16:39 +0100] "GET /data/upload/image/66617162bc9a5.jpg?path=//proc/self/root/usr/lib/locale/ar_LY HTTP/1.1" 200 31025 edition.gerdgeorge.de "-" "Mozilla/5.0 AppleWebKit/537.36 (KHTML, like Gecko; compatible; GPTBot/1.3; +https://openai.com/gptbot)" "-"
88.90.248.0 - - [13/Dec/2025:00:16:40 +0100] "GET /?fileloc=/homepages/31/d696029188/htdocs/Neu_EditionsGeorge/neu_wordpress/moti/wp-includes/assets/script-loader-react-refresh-entry.min.php&path=/homepages/31/d696029188/htdocs/Neu_EditionsGeorge/neu_wordpress/moti/wp-includes/assets HTTP/1.1" 200 13100 edition.gerdgeorge.de "-" "Mozilla/5.0 (compatible; MJ12bot/v1.4.8; http://mj12bot.com/)" "-"
74.7.227.0 - - [13/Dec/2025:00:16:40 +0100] "GET /data/upload/image/66617162bc9a5.jpg?path=//proc/self/root/usr/lib/locale/ar_JO HTTP/1.1" 200 31023 edition.gerdgeorge.de "-" "Mozilla/5.0 AppleWebKit/537.36 (KHTML, like Gecko; compatible; GPTBot/1.3; +https://openai.com/gptbot)" "-"
184.73.47.0 - - [13/Dec/2025:00:16:40 +0100] "GET /jets/?path=//proc/self/root/proc/thread-self/root/proc/self/root/proc/thread-self/root/usr/lib/cgi-bin HTTP/1.1" 200 29195 edition.gerdgeorge.de "-" "Mozilla/5.0 AppleWebKit/537.36 (KHTML, like Gecko; compatible; Amazonbot/0.1; +https://developer.amazon.com/support/amazonbot) Chrome/119.0.6045.214 Safari/537.36" "-"
74.7.227.0 - - [13/Dec/2025:00:16:41 +0100] "GET /data/upload/image/66617162bc9a5.jpg?path=//proc/self/root/usr/lib/locale/ar_SY HTTP/1.1" 200 31024 edition.gerdgeorge.de "-" "Mozilla/5.0 AppleWebKit/537.36 (KHTML, like Gecko; compatible; GPTBot/1.3; +https://openai.com/gptbot)" "-"
74.7.227.0 - - [13/Dec/2025:00:16:41 +0100] "GET /data/upload/image/66617162bc9a5.jpg?path=//proc/self/root/usr/lib/locale/ca_IT/LC_MESSAGES HTTP/1.1" 200 14569 edition.gerdgeorge.de "-" "Mozilla/5.0 AppleWebKit/537.36 (KHTML, like Gecko; compatible; GPTBot/1.3; +https://openai.com/gptbot)" "-"
74.7.227.0 - - [13/Dec/2025:00:16:42 +0100] "GET /data/upload/image/66617162bc9a5.jpg?path=//proc/self/root/usr/lib/locale/ca_AD HTTP/1.1" 200 31025 edition.gerdgeorge.de "-" "Mozilla/5.0 AppleWebKit/537.36 (KHTML, like Gecko; compatible; GPTBot/1.3; +https://openai.com/gptbot)" "-"
88.90.248.0 - - [13/Dec/2025:00:16:42 +0100] "GET /?fileloc=/homepages/31/d696029188/htdocs/Neu_EditionsGeorge/neu_wordpress/moti/wp-includes/assets/script-loader-react-refresh-entry.php&path=/homepages/31/d696029188/htdocs/Neu_EditionsGeorge/neu_wordpress/moti/wp-includes/assets HTTP/1.1" 200 13096 edition.gerdgeorge.de "-" "Mozilla/5.0 (compatible; MJ12bot/v1.4.8; http://mj12bot.com/)" "-"
74.7.227.0 - - [13/Dec/2025:00:16:42 +0100] "GET /data/upload/image/66617162bc9a5.jpg?path=//proc/self/root/usr/lib/locale/ca_ES HTTP/1.1" 200 31024 edition.gerdgeorge.de "-" "Mozilla/5.0 AppleWebKit/537.36 (KHTML, like Gecko; compatible; GPTBot/1.3; +https://openai.com/gptbot)" "-"
74.7.227.0 - - [13/Dec/2025:00:16:43 +0100] "GET /data/upload/image/66617162bc9a5.jpg?path=//proc/self/root/usr/lib/locale/ta_IN HTTP/1.1" 200 31024 edition.gerdgeorge.de "-" "Mozilla/5.0 AppleWebKit/537.36 (KHTML, like Gecko; compatible; GPTBot/1.3; +https://openai.com/gptbot)" "-"
74.7.227.0 - - [13/Dec/2025:00:16:43 +0100] "GET /data/upload/image/66617162bc9a5.jpg?path=//proc/self/root/usr/lib/locale/aa_ER HTTP/1.1" 200 31024 edition.gerdgeorge.de "-" "Mozilla/5.0 AppleWebKit/537.36 (KHTML, like Gecko; compatible; GPTBot/1.3; +https://openai.com/gptbot)" "-"
88.90.248.0 - - [13/Dec/2025:00:16:44 +0100] "GET /?fileloc=/homepages/31/d696029188/htdocs/Neu_EditionsGeorge/neu_wordpress/moti/wp-includes/assets/script-loader-react-refresh-runtime.min.php&path=/homepages/31/d696029188/htdocs/Neu_EditionsGeorge/neu_wordpress/moti/wp-includes/assets HTTP/1.1" 200 13076 edition.gerdgeorge.de "-" "Mozilla/5.0 (compatible; MJ12bot/v1.4.8; http://mj12bot.com/)" "-"
54.86.59.0 - - [13/Dec/2025:00:16:44 +0100] "GET /jets/?path=//proc/self/root/proc/self/root/proc/self/root/proc/self/root/kunden/usr/lib/aspell HTTP/1.1" 200 271755 edition.gerdgeorge.de "-" "Mozilla/5.0 AppleWebKit/537.36 (KHTML, like Gecko; compatible; Amazonbot/0.1; +https://developer.amazon.com/support/amazonbot) Chrome/119.0.6045.214 Safari/537.36" "-"
74.7.227.0 - - [13/Dec/2025:00:16:44 +0100] "GET /data/upload/image/66617162bc9a5.jpg?path=//proc/self/root/usr/lib/locale/ar_SD HTTP/1.1" 200 31025 edition.gerdgeorge.de "-" "Mozilla/5.0 AppleWebKit/537.36 (KHTML, like Gecko; compatible; GPTBot/1.3; +https://openai.com/gptbot)" "-"
74.7.227.0 - - [13/Dec/2025:00:16:44 +0100] "GET /data/upload/image/66617162bc9a5.jpg?path=//proc/self/root/usr/lib/locale/et_EE HTTP/1.1" 200 31026 edition.gerdgeorge.de "-" "Mozilla/5.0 AppleWebKit/537.36 (KHTML, like Gecko; compatible; GPTBot/1.3; +https://openai.com/gptbot)" "-"
74.7.227.0 - - [13/Dec/2025:00:16:45 +0100] "GET /data/upload/image/66617162bc9a5.jpg?path=//proc/self/root/usr/lib/locale/ar_DZ HTTP/1.1" 200 31025 edition.gerdgeorge.de "-" "Mozilla/5.0 AppleWebKit/537.36 (KHTML, like Gecko; compatible; GPTBot/1.3; +https://openai.com/gptbot)" "-"
74.7.227.0 - - [13/Dec/2025:00:16:45 +0100] "GET /data/upload/image/66617162bc9a5.jpg?path=//proc/self/root/usr/lib/locale/ar_LY/LC_MESSAGES HTTP/1.1" 200 14569 edition.gerdgeorge.de "-" "Mozilla/5.0 AppleWebKit/537.36 (KHTML, like Gecko; compatible; GPTBot/1.3; +https://openai.com/gptbot)" "-"
88.90.248.0 - - [13/Dec/2025:00:16:45 +0100] "GET /?fileloc=/homepages/31/d696029188/htdocs/Neu_EditionsGeorge/neu_wordpress/moti/wp-includes/assets/script-loader-react-refresh-runtime.php&path=/homepages/31/d696029188/htdocs/Neu_EditionsGeorge/neu_wordpress/moti/wp-includes/assets HTTP/1.1" 200 13072 edition.gerdgeorge.de "-" "Mozilla/5.0 (compatible; MJ12bot/v1.4.8; http://mj12bot.com/)" "-"
43.173.182.0 - - [13/Dec/2025:00:16:46 +0100] "GET /de/le-grand-bordel/?path=/homepages/31/d696583882 HTTP/1.1" 200 32774 edition.gerdgeorge.de "-" "Mozilla/5.0 (Windows NT 6.1; Win64; x64) AppleWebKit/537.36 (KHTML, like Gecko) Chrome/126.0.6478.114 Safari/537.36" "-"
43.173.182.0 - - [13/Dec/2025:00:16:46 +0100] "GET /pardon-my-french/?path=//homepages/0/d696482942 HTTP/1.1" 200 34252 edition.gerdgeorge.de "-" "Mozilla/5.0 (Windows NT 6.1; Win64; x64) AppleWebKit/537.36 (KHTML, like Gecko) Chrome/126.0.6478.114 Safari/537.36" "-"
43.173.182.0 - - [13/Dec/2025:00:16:46 +0100] "GET /balade-en-mer/?path=/homepages/31/d696029188/htdocs/Neu_EditionsGeorge/neu_wordpress/moti/wp-content/uploads/2024/04 HTTP/1.1" 200 253609 edition.gerdgeorge.de "-" "Mozilla/5.0 (Windows NT 6.1; Win64; x64) AppleWebKit/537.36 (KHTML, like Gecko) Chrome/126.0.6478.114 Safari/537.36" "-"
74.7.227.0 - - [13/Dec/2025:00:16:46 +0100] "GET /data/upload/image/66617162bc9a5.jpg?path=//proc/self/root/usr/lib/locale/ar_JO/LC_MESSAGES HTTP/1.1" 200 14569 edition.gerdgeorge.de "-" "Mozilla/5.0 AppleWebKit/537.36 (KHTML, like Gecko; compatible; GPTBot/1.3; +https://openai.com/gptbot)" "-"
43.173.182.0 - - [13/Dec/2025:00:16:46 +0100] "GET /books/?path=/homepages/31/d696029188/htdocs/Neu_EditionsGeorge/neu_wordpress/moti/well-known/acme-challenge/a/e/e HTTP/1.1" 200 26203 edition.gerdgeorge.de "-" "Mozilla/5.0 (Windows NT 6.1; Win64; x64) AppleWebKit/537.36 (KHTML, like Gecko) Chrome/126.0.6478.114 Safari/537.36" "-"
43.173.174.0 - - [13/Dec/2025:00:16:46 +0100] "GET /vite-clement-vite?fileloc=/homepages/31/d450802646/distributor.lock&path=/homepages/31/d450802646 HTTP/1.1" 200 12319 edition.gerdgeorge.de "-" "Mozilla/5.0 (Windows NT 6.1; Win64; x64) AppleWebKit/537.36 (KHTML, like Gecko) Chrome/126.0.6478.114 Safari/537.36" "-"
74.7.227.0 - - [13/Dec/2025:00:16:47 +0100] "GET /data/upload/image/66617162bc9a5.jpg?path=//proc/self/root/usr/lib/locale/ar_SY/LC_MESSAGES HTTP/1.1" 200 14569 edition.gerdgeorge.de "-" "Mozilla/5.0 AppleWebKit/537.36 (KHTML, like Gecko; compatible; GPTBot/1.3; +https://openai.com/gptbot)" "-"
74.7.227.0 - - [13/Dec/2025:00:16:47 +0100] "GET /data/upload/image/66617162bc9a5.jpg?path=//proc/self/root/usr/lib/locale/ar_AE HTTP/1.1" 200 31025 edition.gerdgeorge.de "-" "Mozilla/5.0 AppleWebKit/537.36 (KHTML, like Gecko; compatible; GPTBot/1.3; +https://openai.com/gptbot)" "-"
88.90.248.0 - - [13/Dec/2025:00:16:48 +0100] "GET /?fileloc=/homepages/31/d696029188/htdocs/Neu_EditionsGeorge/neu_wordpress/moti/wp-includes/assets/script-modules-packages.min.php&path=/homepages/31/d696029188/htdocs/Neu_EditionsGeorge/neu_wordpress/moti/wp-includes/assets HTTP/1.1" 200 14687 edition.gerdgeorge.de "-" "Mozilla/5.0 (compatible; MJ12bot/v1.4.8; http://mj12bot.com/)" "-"
74.7.227.0 - - [13/Dec/2025:00:16:48 +0100] "GET /data/upload/image/66617162bc9a5.jpg?path=//proc/self/root/usr/lib/locale/ca_AD/LC_MESSAGES HTTP/1.1" 200 14569 edition.gerdgeorge.de "-" "Mozilla/5.0 AppleWebKit/537.36 (KHTML, like Gecko; compatible; GPTBot/1.3; +https://openai.com/gptbot)" "-"
74.7.227.0 - - [13/Dec/2025:00:16:48 +0100] "GET /data/upload/image/66617162bc9a5.jpg?path=//proc/self/root/usr/lib/locale/ca_ES/LC_MESSAGES HTTP/1.1" 200 14569 edition.gerdgeorge.de "-" "Mozilla/5.0 AppleWebKit/537.36 (KHTML, like Gecko; compatible; GPTBot/1.3; +https://openai.com/gptbot)" "-"
43.173.169.0 - - [13/Dec/2025:00:16:48 +0100] "GET /le-grand-bordel/?path=//var/tmp/rz_cache HTTP/1.1" 200 12685 edition.gerdgeorge.de "-" "Mozilla/5.0 (Windows NT 6.1; Win64; x64) AppleWebKit/537.36 (KHTML, like Gecko) Chrome/126.0.6478.114 Safari/537.36" "-"
34.236.185.0 - - [13/Dec/2025:00:16:48 +0100] "GET /entrecote-chassee/?path=//kunden/proc/self/root/proc/self/root/proc/thread-self/root/lib/locale/en_AG HTTP/1.1" 200 33454 edition.gerdgeorge.de "-" "Mozilla/5.0 AppleWebKit/537.36 (KHTML, like Gecko; compatible; Amazonbot/0.1; +https://developer.amazon.com/support/amazonbot) Chrome/119.0.6045.214 Safari/537.36" "-"
74.7.227.0 - - [13/Dec/2025:00:16:49 +0100] "GET /data/upload/image/66617162bc9a5.jpg?path=//proc/self/root/usr/lib/locale/ta_IN/LC_MESSAGES HTTP/1.1" 200 14568 edition.gerdgeorge.de "-" "Mozilla/5.0 AppleWebKit/537.36 (KHTML, like Gecko; compatible; GPTBot/1.3; +https://openai.com/gptbot)" "-"
43.173.181.0 - - [13/Dec/2025:00:16:49 +0100] "GET /contact?fileloc=/homepages/31/d696029188/htdocs/logs/sftp.log.44.gz&path=/homepages/31/d696029188/htdocs/logs HTTP/1.1" 200 12450 edition.gerdgeorge.de "-" "Mozilla/5.0 (Windows NT 6.1; Win64; x64) AppleWebKit/537.36 (KHTML, like Gecko) Chrome/126.0.6478.114 Safari/537.36" "-"
74.7.227.0 - - [13/Dec/2025:00:16:49 +0100] "GET /data/upload/image/66617162bc9a5.jpg?path=//proc/self/root/usr/lib/locale/aa_ER/LC_MESSAGES HTTP/1.1" 200 14569 edition.gerdgeorge.de "-" "Mozilla/5.0 AppleWebKit/537.36 (KHTML, like Gecko; compatible; GPTBot/1.3; +https://openai.com/gptbot)" "-"
88.90.248.0 - - [13/Dec/2025:00:16:49 +0100] "GET /?fileloc=/homepages/31/d696029188/htdocs/Neu_EditionsGeorge/neu_wordpress/moti/wp-includes/assets/script-modules-packages.php&path=/homepages/31/d696029188/htdocs/Neu_EditionsGeorge/neu_wordpress/moti/wp-includes/assets HTTP/1.1" 200 14643 edition.gerdgeorge.de "-" "Mozilla/5.0 (compatible; MJ12bot/v1.4.8; http://mj12bot.com/)" "-"
74.7.227.0 - - [13/Dec/2025:00:16:50 +0100] "GET /data/upload/image/66617162bc9a5.jpg?path=//proc/self/root/usr/lib/locale/ar_SD/LC_MESSAGES HTTP/1.1" 200 14569 edition.gerdgeorge.de "-" "Mozilla/5.0 AppleWebKit/537.36 (KHTML, like Gecko; compatible; GPTBot/1.3; +https://openai.com/gptbot)" "-"
43.173.177.0 - - [13/Dec/2025:00:16:50 +0100] "GET /mare/?path=/homepages/31/d696029188/htdocs/Neu_EditionsGeorge/neu_wordpress/moti/well-known/pki-validation/f/h HTTP/1.1" 200 25967 edition.gerdgeorge.de "-" "Mozilla/5.0 (Windows NT 6.1; Win64; x64) AppleWebKit/537.36 (KHTML, like Gecko) Chrome/126.0.6478.114 Safari/537.36" "-"
74.7.227.0 - - [13/Dec/2025:00:16:50 +0100] "GET /data/upload/image/66617162bc9a5.jpg?path=//proc/self/root/usr/lib/locale/et_EE/LC_MESSAGES HTTP/1.1" 200 14569 edition.gerdgeorge.de "-" "Mozilla/5.0 AppleWebKit/537.36 (KHTML, like Gecko; compatible; GPTBot/1.3; +https://openai.com/gptbot)" "-"
74.7.227.0 - - [13/Dec/2025:00:16:51 +0100] "GET /data/upload/image/66617162bc9a5.jpg?path=//proc/self/root/usr/lib/locale/ar_DZ/LC_MESSAGES HTTP/1.1" 200 14569 edition.gerdgeorge.de "-" "Mozilla/5.0 AppleWebKit/537.36 (KHTML, like Gecko; compatible; GPTBot/1.3; +https://openai.com/gptbot)" "-"
88.90.248.0 - - [13/Dec/2025:00:16:51 +0100] "GET /?fileloc=/homepages/31/d696029188/htdocs/Neu_EditionsGeorge/neu_wordpress/moti/wp-includes/block-bindings/.htaccess&path=/homepages/31/d696029188/htdocs/Neu_EditionsGeorge/neu_wordpress/moti/wp-includes/block-bindings HTTP/1.1" 200 12973 edition.gerdgeorge.de "-" "Mozilla/5.0 (compatible; MJ12bot/v1.4.8; http://mj12bot.com/)" "-"
74.7.227.0 - - [13/Dec/2025:00:16:51 +0100] "GET /data/upload/image/66617162bc9a5.jpg?path=//proc/self/root/usr/lib/locale/ar_YE HTTP/1.1" 200 31025 edition.gerdgeorge.de "-" "Mozilla/5.0 AppleWebKit/537.36 (KHTML, like Gecko; compatible; GPTBot/1.3; +https://openai.com/gptbot)" "-"
44.215.210.0 - - [13/Dec/2025:00:16:52 +0100] "GET /jets/?path=//kunden/proc/self/root/proc/self/root/proc/self/root/kunden/proc/self/root/lib/locale/to_TO HTTP/1.1" 200 34560 edition.gerdgeorge.de "-" "Mozilla/5.0 AppleWebKit/537.36 (KHTML, like Gecko; compatible; Amazonbot/0.1; +https://developer.amazon.com/support/amazonbot) Chrome/119.0.6045.214 Safari/537.36" "-"
74.7.227.0 - - [13/Dec/2025:00:16:52 +0100] "GET /data/upload/image/66617162bc9a5.jpg?path=//proc/self/root/usr/lib/locale/ar_OM HTTP/1.1" 200 31025 edition.gerdgeorge.de "-" "Mozilla/5.0 AppleWebKit/537.36 (KHTML, like Gecko; compatible; GPTBot/1.3; +https://openai.com/gptbot)" "-"
74.7.227.0 - - [13/Dec/2025:00:16:53 +0100] "GET /data/upload/image/66617162bc9a5.jpg?path=//proc/self/root/usr/lib/locale/ca_FR HTTP/1.1" 200 31025 edition.gerdgeorge.de "-" "Mozilla/5.0 AppleWebKit/537.36 (KHTML, like Gecko; compatible; GPTBot/1.3; +https://openai.com/gptbot)" "-"
43.173.179.0 - - [13/Dec/2025:00:16:53 +0100] "GET /sitemap-pt-post-2017-12.html?fileloc=/homepages/31/d696029188/htdocs/qtranslate-x/qtranslate_options.php&path=/homepages/31/d696029188/htdocs/qtranslate-x HTTP/1.1" 200 33744 edition.gerdgeorge.de "-" "Mozilla/5.0 (Windows NT 6.1; Win64; x64) AppleWebKit/537.36 (KHTML, like Gecko) Chrome/126.0.6478.114 Safari/537.36" "-"
74.7.227.0 - - [13/Dec/2025:00:16:53 +0100] "GET /data/upload/image/66617162bc9a5.jpg?path=//proc/self/root/usr/lib/locale/ar_AE/LC_MESSAGES HTTP/1.1" 200 14569 edition.gerdgeorge.de "-" "Mozilla/5.0 AppleWebKit/537.36 (KHTML, like Gecko; compatible; GPTBot/1.3; +https://openai.com/gptbot)" "-"
88.90.248.0 - - [13/Dec/2025:00:16:53 +0100] "GET /?fileloc=/homepages/31/d696029188/htdocs/Neu_EditionsGeorge/neu_wordpress/moti/wp-includes/block-bindings/pattern-overrides.php&path=/homepages/31/d696029188/htdocs/Neu_EditionsGeorge/neu_wordpress/moti/wp-includes/block-bindings HTTP/1.1" 200 14552 edition.gerdgeorge.de "-" "Mozilla/5.0 (compatible; MJ12bot/v1.4.8; http://mj12bot.com/)" "-"
74.7.227.0 - - [13/Dec/2025:00:16:54 +0100] "GET /data/upload/image/66617162bc9a5.jpg?path=//proc/self/root/usr/lib/locale/pa_IN HTTP/1.1" 200 31024 edition.gerdgeorge.de "-" "Mozilla/5.0 AppleWebKit/537.36 (KHTML, like Gecko; compatible; GPTBot/1.3; +https://openai.com/gptbot)" "-"
74.7.227.0 - - [13/Dec/2025:00:16:54 +0100] "GET /data/upload/image/66617162bc9a5.jpg?path=//proc/self/root/usr/lib/locale/ar_EG HTTP/1.1" 200 31025 edition.gerdgeorge.de "-" "Mozilla/5.0 AppleWebKit/537.36 (KHTML, like Gecko; compatible; GPTBot/1.3; +https://openai.com/gptbot)" "-"
74.7.227.0 - - [13/Dec/2025:00:16:55 +0100] "GET /data/upload/image/66617162bc9a5.jpg?path=//proc/self/root/usr/lib/locale/ar_KW HTTP/1.1" 200 31024 edition.gerdgeorge.de "-" "Mozilla/5.0 AppleWebKit/537.36 (KHTML, like Gecko; compatible; GPTBot/1.3; +https://openai.com/gptbot)" "-"
74.7.227.0 - - [13/Dec/2025:00:16:55 +0100] "GET /data/upload/image/66617162bc9a5.jpg?path=//proc/self/root/usr/lib/locale/aa_ET HTTP/1.1" 200 31024 edition.gerdgeorge.de "-" "Mozilla/5.0 AppleWebKit/537.36 (KHTML, like Gecko; compatible; GPTBot/1.3; +https://openai.com/gptbot)" "-"
88.90.248.0 - - [13/Dec/2025:00:16:55 +0100] "GET /?fileloc=/homepages/31/d696029188/htdocs/Neu_EditionsGeorge/neu_wordpress/moti/wp-includes/block-bindings/post-meta.php&path=/homepages/31/d696029188/htdocs/Neu_EditionsGeorge/neu_wordpress/moti/wp-includes/block-bindings HTTP/1.1" 200 15116 edition.gerdgeorge.de "-" "Mozilla/5.0 (compatible; MJ12bot/v1.4.8; http://mj12bot.com/)" "-"
43.173.180.0 - - [13/Dec/2025:00:16:55 +0100] "GET /pneus-dabricots/?path=/homepages/31/d696029188/htdocs/Neu_EditionsGeorge/neu_wordpress/moti/well-known/pki-validation/g/h/d HTTP/1.1" 200 26139 edition.gerdgeorge.de "-" "Mozilla/5.0 (Windows NT 6.1; Win64; x64) AppleWebKit/537.36 (KHTML, like Gecko) Chrome/126.0.6478.114 Safari/537.36" "-"
43.173.173.0 - - [13/Dec/2025:00:16:55 +0100] "GET /balade-en-mer/?path=/homepages/27/d696042109 HTTP/1.1" 200 26995 edition.gerdgeorge.de "-" "Mozilla/5.0 (Windows NT 6.1; Win64; x64) AppleWebKit/537.36 (KHTML, like Gecko) Chrome/126.0.6478.114 Safari/537.36" "-"
43.173.173.0 - - [13/Dec/2025:00:16:56 +0100] "GET /langues-aneliques/?fileloc=/homepages/31/d696272977/htaccesslist&path=/homepages/31/d696272977 HTTP/1.1" 200 12315 edition.gerdgeorge.de "-" "Mozilla/5.0 (Windows NT 6.1; Win64; x64) AppleWebKit/537.36 (KHTML, like Gecko) Chrome/126.0.6478.114 Safari/537.36" "-"
43.173.179.0 - - [13/Dec/2025:00:16:56 +0100] "GET /le-grand-bordel/?path=/homepages/31/d696029188/htdocs/Neu_EditionsGeorge/neu_wordpress/moti/wp-content/themes/consultstreet HTTP/1.1" 200 55416 edition.gerdgeorge.de "-" "Mozilla/5.0 (Windows NT 6.1; Win64; x64) AppleWebKit/537.36 (KHTML, like Gecko) Chrome/126.0.6478.114 Safari/537.36" "-"
34.236.135.0 - - [13/Dec/2025:00:16:56 +0100] "GET /lievre-hupf/?path=//kunden/kunden/kunden/kunden/proc/self/root/proc/thread-self/root/lib/locale/es_EC HTTP/1.1" 200 33811 edition.gerdgeorge.de "-" "Mozilla/5.0 AppleWebKit/537.36 (KHTML, like Gecko; compatible; Amazonbot/0.1; +https://developer.amazon.com/support/amazonbot) Chrome/119.0.6045.214 Safari/537.36" "-"
43.173.179.0 - - [13/Dec/2025:00:16:56 +0100] "GET /pardon-my-french/?path=//homepages/0/d696238824 HTTP/1.1" 200 28465 edition.gerdgeorge.de "-" "Mozilla/5.0 (Windows NT 6.1; Win64; x64) AppleWebKit/537.36 (KHTML, like Gecko) Chrome/126.0.6478.114 Safari/537.36" "-"
74.7.227.0 - - [13/Dec/2025:00:16:56 +0100] "GET /data/upload/image/66617162bc9a5.jpg?path=//proc/self/root/usr/lib/locale/ar_IN HTTP/1.1" 200 31023 edition.gerdgeorge.de "-" "Mozilla/5.0 AppleWebKit/537.36 (KHTML, like Gecko; compatible; GPTBot/1.3; +https://openai.com/gptbot)" "-"
74.7.227.0 - - [13/Dec/2025:00:16:56 +0100] "GET /data/upload/image/66617162bc9a5.jpg?path=//proc/self/root/usr/lib/locale/ar_MA HTTP/1.1" 200 31025 edition.gerdgeorge.de "-" "Mozilla/5.0 AppleWebKit/537.36 (KHTML, like Gecko; compatible; GPTBot/1.3; +https://openai.com/gptbot)" "-"
43.173.180.0 - - [13/Dec/2025:00:16:57 +0100] "GET /cockpit/?fileloc=/homepages/31/d696029188/htdocs/Alt_GerdGeorge/GerdGeorge2025/wp-comments-post.php&path=/homepages/31/d696029188/htdocs/Alt_GerdGeorge/GerdGeorge2025 HTTP/1.1" 200 14992 edition.gerdgeorge.de "-" "Mozilla/5.0 (Windows NT 6.1; Win64; x64) AppleWebKit/537.36 (KHTML, like Gecko) Chrome/126.0.6478.114 Safari/537.36" "-"
74.7.227.0 - - [13/Dec/2025:00:16:57 +0100] "GET /data/upload/image/66617162bc9a5.jpg?path=//proc/self/root/usr/lib/locale/ar_SS HTTP/1.1" 200 31023 edition.gerdgeorge.de "-" "Mozilla/5.0 AppleWebKit/537.36 (KHTML, like Gecko; compatible; GPTBot/1.3; +https://openai.com/gptbot)" "-"
74.7.227.0 - - [13/Dec/2025:00:16:58 +0100] "GET /data/upload/image/66617162bc9a5.jpg?path=//proc/self/root/usr/lib/locale/ar_YE/LC_MESSAGES HTTP/1.1" 200 14569 edition.gerdgeorge.de "-" "Mozilla/5.0 AppleWebKit/537.36 (KHTML, like Gecko; compatible; GPTBot/1.3; +https://openai.com/gptbot)" "-"
88.90.248.0 - - [13/Dec/2025:00:16:58 +0100] "GET /?fileloc=/homepages/31/d696029188/htdocs/Neu_EditionsGeorge/neu_wordpress/moti/wp-includes/block-patterns/.htaccess&path=/homepages/31/d696029188/htdocs/Neu_EditionsGeorge/neu_wordpress/moti/wp-includes/block-patterns HTTP/1.1" 200 12973 edition.gerdgeorge.de "-" "Mozilla/5.0 (compatible; MJ12bot/v1.4.8; http://mj12bot.com/)" "-"
74.7.227.0 - - [13/Dec/2025:00:16:58 +0100] "GET /data/upload/image/66617162bc9a5.jpg?path=//proc/self/root/usr/lib/locale/ar_OM/LC_MESSAGES HTTP/1.1" 200 14569 edition.gerdgeorge.de "-" "Mozilla/5.0 AppleWebKit/537.36 (KHTML, like Gecko; compatible; GPTBot/1.3; +https://openai.com/gptbot)" "-"
74.7.227.0 - - [13/Dec/2025:00:16:59 +0100] "GET /data/upload/image/66617162bc9a5.jpg?path=//proc/self/root/usr/lib/locale/ca_FR/LC_MESSAGES HTTP/1.1" 200 14569 edition.gerdgeorge.de "-" "Mozilla/5.0 AppleWebKit/537.36 (KHTML, like Gecko; compatible; GPTBot/1.3; +https://openai.com/gptbot)" "-"
74.7.227.0 - - [13/Dec/2025:00:16:59 +0100] "GET /data/upload/image/66617162bc9a5.jpg?fileloc=//proc/self/root/usr/lib/locale/ar_OM/LC_COLLATE&path=//proc/self/root/usr/lib/locale/ar_OM HTTP/1.1" 200 12520 edition.gerdgeorge.de "-" "Mozilla/5.0 AppleWebKit/537.36 (KHTML, like Gecko; compatible; GPTBot/1.3; +https://openai.com/gptbot)" "-"
74.7.227.0 - - [13/Dec/2025:00:17:00 +0100] "GET /data/upload/image/66617162bc9a5.jpg?path=//proc/self/root/usr/lib/locale/pa_IN/LC_MESSAGES HTTP/1.1" 200 14569 edition.gerdgeorge.de "-" "Mozilla/5.0 AppleWebKit/537.36 (KHTML, like Gecko; compatible; GPTBot/1.3; +https://openai.com/gptbot)" "-"
88.90.248.0 - - [13/Dec/2025:00:17:00 +0100] "GET /?fileloc=/homepages/31/d696029188/htdocs/Neu_EditionsGeorge/neu_wordpress/moti/wp-includes/block-patterns/query-grid-posts.php&path=/homepages/31/d696029188/htdocs/Neu_EditionsGeorge/neu_wordpress/moti/wp-includes/block-patterns HTTP/1.1" 200 14439 edition.gerdgeorge.de "-" "Mozilla/5.0 (compatible; MJ12bot/v1.4.8; http://mj12bot.com/)" "-"
43.173.182.0 - - [13/Dec/2025:00:17:00 +0100] "GET /jet-blast/?path=/homepages/31/d696245576/managed HTTP/1.1" 200 12768 edition.gerdgeorge.de "-" "Mozilla/5.0 (Windows NT 6.1; Win64; x64) AppleWebKit/537.36 (KHTML, like Gecko) Chrome/126.0.6478.114 Safari/537.36" "-"
43.173.174.0 - - [13/Dec/2025:00:17:00 +0100] "GET /crevettes-en-chaines/?path=//kunden/usr/local HTTP/1.1" 200 24598 edition.gerdgeorge.de "-" "Mozilla/5.0 (Windows NT 6.1; Win64; x64) AppleWebKit/537.36 (KHTML, like Gecko) Chrome/126.0.6478.114 Safari/537.36" "-"
74.7.227.0 - - [13/Dec/2025:00:17:00 +0100] "GET /data/upload/image/66617162bc9a5.jpg?path=//proc/self/root/usr/lib/locale/ar_EG/LC_MESSAGES HTTP/1.1" 200 14569 edition.gerdgeorge.de "-" "Mozilla/5.0 AppleWebKit/537.36 (KHTML, like Gecko; compatible; GPTBot/1.3; +https://openai.com/gptbot)" "-"
23.23.214.0 - - [13/Dec/2025:00:17:00 +0100] "GET /jets/?path=//kunden/kunden/proc/self/root/kunden/kunden/lib/locale/en_HK HTTP/1.1" 200 32438 edition.gerdgeorge.de "-" "Mozilla/5.0 AppleWebKit/537.36 (KHTML, like Gecko; compatible; Amazonbot/0.1; +https://developer.amazon.com/support/amazonbot) Chrome/119.0.6045.214 Safari/537.36" "-"
43.173.176.0 - - [13/Dec/2025:00:17:00 +0100] "GET /mission/?path=/homepages/31/d696029188/htdocs/Neu_EditionsGeorge/neu_wordpress/moti/wp-content/well-known/acme-challenge/c/d HTTP/1.1" 200 26451 edition.gerdgeorge.de "-" "Mozilla/5.0 (Windows NT 6.1; Win64; x64) AppleWebKit/537.36 (KHTML, like Gecko) Chrome/126.0.6478.114 Safari/537.36" "-"
74.7.227.0 - - [13/Dec/2025:00:17:01 +0100] "GET /data/upload/image/66617162bc9a5.jpg?path=//proc/self/root/usr/lib/locale/ar_KW/LC_MESSAGES HTTP/1.1" 200 14569 edition.gerdgeorge.de "-" "Mozilla/5.0 AppleWebKit/537.36 (KHTML, like Gecko; compatible; GPTBot/1.3; +https://openai.com/gptbot)" "-"
74.7.227.0 - - [13/Dec/2025:00:17:01 +0100] "GET /data/upload/image/66617162bc9a5.jpg?path=//proc/self/root/usr/lib/locale/aa_ET/LC_MESSAGES HTTP/1.1" 200 14569 edition.gerdgeorge.de "-" "Mozilla/5.0 AppleWebKit/537.36 (KHTML, like Gecko; compatible; GPTBot/1.3; +https://openai.com/gptbot)" "-"
88.90.248.0 - - [13/Dec/2025:00:17:02 +0100] "GET /?fileloc=/homepages/31/d696029188/htdocs/Neu_EditionsGeorge/neu_wordpress/moti/wp-includes/block-patterns/query-large-title-posts.php&path=/homepages/31/d696029188/htdocs/Neu_EditionsGeorge/neu_wordpress/moti/wp-includes/block-patterns HTTP/1.1" 200 15975 edition.gerdgeorge.de "-" "Mozilla/5.0 (compatible; MJ12bot/v1.4.8; http://mj12bot.com/)" "-"
43.173.180.0 - - [13/Dec/2025:00:17:02 +0100] "GET /pardon-my-french?fileloc=//sbin/aspell-autobuildhash&path=//sbin HTTP/1.1" 200 27220 edition.gerdgeorge.de "-" "Mozilla/5.0 (Windows NT 6.1; Win64; x64) AppleWebKit/537.36 (KHTML, like Gecko) Chrome/126.0.6478.114 Safari/537.36" "-"
74.7.227.0 - - [13/Dec/2025:00:17:02 +0100] "GET /data/upload/image/66617162bc9a5.jpg?path=//proc/self/root/usr/lib/locale/ar_IN/LC_MESSAGES HTTP/1.1" 200 14569 edition.gerdgeorge.de "-" "Mozilla/5.0 AppleWebKit/537.36 (KHTML, like Gecko; compatible; GPTBot/1.3; +https://openai.com/gptbot)" "-"
74.7.227.0 - - [13/Dec/2025:00:17:03 +0100] "GET /data/upload/image/66617162bc9a5.jpg?path=//proc/self/root/usr/lib/locale/ar_MA/LC_MESSAGES HTTP/1.1" 200 14569 edition.gerdgeorge.de "-" "Mozilla/5.0 AppleWebKit/537.36 (KHTML, like Gecko; compatible; GPTBot/1.3; +https://openai.com/gptbot)" "-"
74.7.227.0 - - [13/Dec/2025:00:17:03 +0100] "GET /data/upload/image/66617162bc9a5.jpg?path=//proc/self/root/usr/lib/locale/ar_SS/LC_MESSAGES HTTP/1.1" 200 14569 edition.gerdgeorge.de "-" "Mozilla/5.0 AppleWebKit/537.36 (KHTML, like Gecko; compatible; GPTBot/1.3; +https://openai.com/gptbot)" "-"
74.7.227.0 - - [13/Dec/2025:00:17:04 +0100] "GET /data/upload/image/66617162bc9a5.jpg?path=//proc/self/root/usr/lib/locale/ar_SA HTTP/1.1" 200 31025 edition.gerdgeorge.de "-" "Mozilla/5.0 AppleWebKit/537.36 (KHTML, like Gecko; compatible; GPTBot/1.3; +https://openai.com/gptbot)" "-"
88.90.248.0 - - [13/Dec/2025:00:17:04 +0100] "GET /?fileloc=/homepages/31/d696029188/htdocs/Neu_EditionsGeorge/neu_wordpress/moti/wp-includes/block-patterns/query-medium-posts.php&path=/homepages/31/d696029188/htdocs/Neu_EditionsGeorge/neu_wordpress/moti/wp-includes/block-patterns HTTP/1.1" 200 14500 edition.gerdgeorge.de "-" "Mozilla/5.0 (compatible; MJ12bot/v1.4.8; http://mj12bot.com/)" "-"
74.7.227.0 - - [13/Dec/2025:00:17:04 +0100] "GET /data/upload/image/66617162bc9a5.jpg?path=//proc/self/root/usr/lib/locale/ar_QA HTTP/1.1" 200 31025 edition.gerdgeorge.de "-" "Mozilla/5.0 AppleWebKit/537.36 (KHTML, like Gecko; compatible; GPTBot/1.3; +https://openai.com/gptbot)" "-"
35.173.18.0 - - [13/Dec/2025:00:17:04 +0100] "GET /books/?path=//kunden/kunden/kunden/proc/self/root/kunden/lib/locale/lv_LV HTTP/1.1" 200 32445 edition.gerdgeorge.de "-" "Mozilla/5.0 AppleWebKit/537.36 (KHTML, like Gecko; compatible; Amazonbot/0.1; +https://developer.amazon.com/support/amazonbot) Chrome/119.0.6045.214 Safari/537.36" "-"
74.7.227.0 - - [13/Dec/2025:00:17:05 +0100] "GET /data/upload/image/66617162bc9a5.jpg?path=//proc/self/root/usr/lib/locale/da_DK.utf8 HTTP/1.1" 200 31268 edition.gerdgeorge.de "-" "Mozilla/5.0 AppleWebKit/537.36 (KHTML, like Gecko; compatible; GPTBot/1.3; +https://openai.com/gptbot)" "-"
43.173.177.0 - - [13/Dec/2025:00:17:05 +0100] "GET /sitemap-pt-post-2017-12.html?fileloc=/homepages/31/d696245576/DASTOOLSTART&path=/homepages/31/d696245576 HTTP/1.1" 200 12315 edition.gerdgeorge.de "-" "Mozilla/5.0 (Windows NT 6.1; Win64; x64) AppleWebKit/537.36 (KHTML, like Gecko) Chrome/126.0.6478.114 Safari/537.36" "-"
74.7.227.0 - - [13/Dec/2025:00:17:05 +0100] "GET /data/upload/image/66617162bc9a5.jpg?path=//proc/self/root/usr/lib/locale/ro_RO.utf8 HTTP/1.1" 200 31268 edition.gerdgeorge.de "-" "Mozilla/5.0 AppleWebKit/537.36 (KHTML, like Gecko; compatible; GPTBot/1.3; +https://openai.com/gptbot)" "-"
88.90.248.0 - - [13/Dec/2025:00:17:06 +0100] "GET /?fileloc=/homepages/31/d696029188/htdocs/Neu_EditionsGeorge/neu_wordpress/moti/wp-includes/block-patterns/query-offset-posts.php&path=/homepages/31/d696029188/htdocs/Neu_EditionsGeorge/neu_wordpress/moti/wp-includes/block-patterns HTTP/1.1" 200 16017 edition.gerdgeorge.de "-" "Mozilla/5.0 (compatible; MJ12bot/v1.4.8; http://mj12bot.com/)" "-"
74.7.227.0 - - [13/Dec/2025:00:17:06 +0100] "GET /data/upload/image/66617162bc9a5.jpg?path=//proc/self/root/usr/lib/locale/lij_IT HTTP/1.1" 200 31070 edition.gerdgeorge.de "-" "Mozilla/5.0 AppleWebKit/537.36 (KHTML, like Gecko; compatible; GPTBot/1.3; +https://openai.com/gptbot)" "-"
74.7.227.0 - - [13/Dec/2025:00:17:06 +0100] "GET /data/upload/image/66617162bc9a5.jpg?path=//proc/self/root/usr/lib/locale/mag_IN HTTP/1.1" 200 31071 edition.gerdgeorge.de "-" "Mozilla/5.0 AppleWebKit/537.36 (KHTML, like Gecko; compatible; GPTBot/1.3; +https://openai.com/gptbot)" "-"
74.7.227.0 - - [13/Dec/2025:00:17:07 +0100] "GET /data/upload/image/66617162bc9a5.jpg?path=//proc/self/root/lib/ruby/gems/2.7.0 HTTP/1.1" 200 21249 edition.gerdgeorge.de "-" "Mozilla/5.0 AppleWebKit/537.36 (KHTML, like Gecko; compatible; GPTBot/1.3; +https://openai.com/gptbot)" "-"
74.7.227.0 - - [13/Dec/2025:00:17:07 +0100] "GET /data/upload/image/66617162bc9a5.jpg?path=//proc/self/root/usr/lib/locale/li_BE HTTP/1.1" 200 31019 edition.gerdgeorge.de "-" "Mozilla/5.0 AppleWebKit/537.36 (KHTML, like Gecko; compatible; GPTBot/1.3; +https://openai.com/gptbot)" "-"
88.90.248.0 - - [13/Dec/2025:00:17:08 +0100] "GET /?fileloc=/homepages/31/d696029188/htdocs/Neu_EditionsGeorge/neu_wordpress/moti/wp-includes/block-patterns/query-small-posts.php&path=/homepages/31/d696029188/htdocs/Neu_EditionsGeorge/neu_wordpress/moti/wp-includes/block-patterns HTTP/1.1" 200 14656 edition.gerdgeorge.de "-" "Mozilla/5.0 (compatible; MJ12bot/v1.4.8; http://mj12bot.com/)" "-"
44.212.131.0 - - [13/Dec/2025:00:17:08 +0100] "GET /serviette-calamar/?path=//kunden/kunden/proc/self/root/proc/self/root/proc/self/root/kunden/kunden/lib/locale/cv_RU HTTP/1.1" 200 34437 edition.gerdgeorge.de "-" "Mozilla/5.0 AppleWebKit/537.36 (KHTML, like Gecko; compatible; Amazonbot/0.1; +https://developer.amazon.com/support/amazonbot) Chrome/119.0.6045.214 Safari/537.36" "-"
74.7.227.0 - - [13/Dec/2025:00:17:08 +0100] "GET /data/upload/image/66617162bc9a5.jpg?path=//proc/self/root/usr/lib/locale/da_DK HTTP/1.1" 200 31026 edition.gerdgeorge.de "-" "Mozilla/5.0 AppleWebKit/537.36 (KHTML, like Gecko; compatible; GPTBot/1.3; +https://openai.com/gptbot)" "-"
74.7.227.0 - - [13/Dec/2025:00:17:09 +0100] "GET /data/upload/image/66617162bc9a5.jpg?path=//proc/self/root/usr/lib/locale/se_NO HTTP/1.1" 200 31023 edition.gerdgeorge.de "-" "Mozilla/5.0 AppleWebKit/537.36 (KHTML, like Gecko; compatible; GPTBot/1.3; +https://openai.com/gptbot)" "-"
74.7.227.0 - - [13/Dec/2025:00:17:09 +0100] "GET /data/upload/image/66617162bc9a5.jpg?path=//proc/self/root/usr/lib/locale/li_NL HTTP/1.1" 200 31020 edition.gerdgeorge.de "-" "Mozilla/5.0 AppleWebKit/537.36 (KHTML, like Gecko; compatible; GPTBot/1.3; +https://openai.com/gptbot)" "-"
74.7.227.0 - - [13/Dec/2025:00:17:10 +0100] "GET /data/upload/image/66617162bc9a5.jpg?path=//proc/self/root/usr/lib/locale/ar_SA/LC_MESSAGES HTTP/1.1" 200 14569 edition.gerdgeorge.de "-" "Mozilla/5.0 AppleWebKit/537.36 (KHTML, like Gecko; compatible; GPTBot/1.3; +https://openai.com/gptbot)" "-"
88.90.248.0 - - [13/Dec/2025:00:17:10 +0100] "GET /?fileloc=/homepages/31/d696029188/htdocs/Neu_EditionsGeorge/neu_wordpress/moti/wp-includes/block-patterns/query-standard-posts.php&path=/homepages/31/d696029188/htdocs/Neu_EditionsGeorge/neu_wordpress/moti/wp-includes/block-patterns HTTP/1.1" 200 14129 edition.gerdgeorge.de "-" "Mozilla/5.0 (compatible; MJ12bot/v1.4.8; http://mj12bot.com/)" "-"
74.7.227.0 - - [13/Dec/2025:00:17:10 +0100] "GET /data/upload/image/66617162bc9a5.jpg?path=//proc/self/root/usr/lib/locale/ar_QA/LC_MESSAGES HTTP/1.1" 200 14569 edition.gerdgeorge.de "-" "Mozilla/5.0 AppleWebKit/537.36 (KHTML, like Gecko; compatible; GPTBot/1.3; +https://openai.com/gptbot)" "-"
74.7.227.0 - - [13/Dec/2025:00:17:11 +0100] "GET /data/upload/image/66617162bc9a5.jpg?path=//proc/self/root/usr/lib/locale/da_DK.utf8/LC_MESSAGES HTTP/1.1" 200 14604 edition.gerdgeorge.de "-" "Mozilla/5.0 AppleWebKit/537.36 (KHTML, like Gecko; compatible; GPTBot/1.3; +https://openai.com/gptbot)" "-"
74.7.227.0 - - [13/Dec/2025:00:17:11 +0100] "GET /data/upload/image/66617162bc9a5.jpg?path=//proc/self/root/usr/lib/locale/ro_RO.utf8/LC_MESSAGES HTTP/1.1" 200 14604 edition.gerdgeorge.de "-" "Mozilla/5.0 AppleWebKit/537.36 (KHTML, like Gecko; compatible; GPTBot/1.3; +https://openai.com/gptbot)" "-"
88.90.248.0 - - [13/Dec/2025:00:17:12 +0100] "GET /?fileloc=/homepages/31/d696029188/htdocs/Neu_EditionsGeorge/neu_wordpress/moti/wp-includes/block-patterns/social-links-shared-background-color.php&path=/homepages/31/d696029188/htdocs/Neu_EditionsGeorge/neu_wordpress/moti/wp-includes/block-patterns HTTP/1.1" 200 14245 edition.gerdgeorge.de "-" "Mozilla/5.0 (compatible; MJ12bot/v1.4.8; http://mj12bot.com/)" "-"
44.221.180.0 - - [13/Dec/2025:00:17:12 +0100] "GET /serviette-calamar/?path=//proc/self/root/proc/self/root/kunden/proc/self/root/kunden/kunden/kunden/proc/self/root/lib/locale/es_US HTTP/1.1" 200 35490 edition.gerdgeorge.de "-" "Mozilla/5.0 AppleWebKit/537.36 (KHTML, like Gecko; compatible; Amazonbot/0.1; +https://developer.amazon.com/support/amazonbot) Chrome/119.0.6045.214 Safari/537.36" "-"
74.7.227.0 - - [13/Dec/2025:00:17:12 +0100] "GET /data/upload/image/66617162bc9a5.jpg?path=//proc/self/root/usr/lib/locale/lij_IT/LC_MESSAGES HTTP/1.1" 200 14576 edition.gerdgeorge.de "-" "Mozilla/5.0 AppleWebKit/537.36 (KHTML, like Gecko; compatible; GPTBot/1.3; +https://openai.com/gptbot)" "-"
74.7.227.0 - - [13/Dec/2025:00:17:12 +0100] "GET /data/upload/image/66617162bc9a5.jpg?path=//proc/self/root/usr/lib/locale/mag_IN/LC_MESSAGES HTTP/1.1" 200 14576 edition.gerdgeorge.de "-" "Mozilla/5.0 AppleWebKit/537.36 (KHTML, like Gecko; compatible; GPTBot/1.3; +https://openai.com/gptbot)" "-"
74.7.227.0 - - [13/Dec/2025:00:17:13 +0100] "GET /data/upload/image/66617162bc9a5.jpg?path=//proc/self/root/lib/ruby/gems/2.7.0/build_info HTTP/1.1" 200 12978 edition.gerdgeorge.de "-" "Mozilla/5.0 AppleWebKit/537.36 (KHTML, like Gecko; compatible; GPTBot/1.3; +https://openai.com/gptbot)" "-"
88.90.248.0 - - [13/Dec/2025:00:17:14 +0100] "GET /?fileloc=/homepages/31/d696029188/htdocs/Neu_EditionsGeorge/neu_wordpress/moti/wp-includes/block-supports/.htaccess&path=/homepages/31/d696029188/htdocs/Neu_EditionsGeorge/neu_wordpress/moti/wp-includes/block-supports HTTP/1.1" 200 12973 edition.gerdgeorge.de "-" "Mozilla/5.0 (compatible; MJ12bot/v1.4.8; http://mj12bot.com/)" "-"
74.7.227.0 - - [13/Dec/2025:00:17:14 +0100] "GET /data/upload/image/66617162bc9a5.jpg?path=//proc/self/root/usr/lib/locale/li_BE/LC_MESSAGES HTTP/1.1" 200 14569 edition.gerdgeorge.de "-" "Mozilla/5.0 AppleWebKit/537.36 (KHTML, like Gecko; compatible; GPTBot/1.3; +https://openai.com/gptbot)" "-"
74.7.227.0 - - [13/Dec/2025:00:17:14 +0100] "GET /data/upload/image/66617162bc9a5.jpg?path=//proc/self/root/usr/lib/locale/da_DK/LC_MESSAGES HTTP/1.1" 200 14569 edition.gerdgeorge.de "-" "Mozilla/5.0 AppleWebKit/537.36 (KHTML, like Gecko; compatible; GPTBot/1.3; +https://openai.com/gptbot)" "-"
74.7.227.0 - - [13/Dec/2025:00:17:15 +0100] "GET /data/upload/image/66617162bc9a5.jpg?path=//proc/self/root/usr/lib/locale/se_NO/LC_MESSAGES HTTP/1.1" 200 14569 edition.gerdgeorge.de "-" "Mozilla/5.0 AppleWebKit/537.36 (KHTML, like Gecko; compatible; GPTBot/1.3; +https://openai.com/gptbot)" "-"
74.7.227.0 - - [13/Dec/2025:00:17:15 +0100] "GET /data/upload/image/66617162bc9a5.jpg?path=//proc/self/root/usr/lib/locale/li_NL/LC_MESSAGES HTTP/1.1" 200 14569 edition.gerdgeorge.de "-" "Mozilla/5.0 AppleWebKit/537.36 (KHTML, like Gecko; compatible; GPTBot/1.3; +https://openai.com/gptbot)" "-"
88.90.248.0 - - [13/Dec/2025:00:17:16 +0100] "GET /?fileloc=/homepages/31/d696029188/htdocs/Neu_EditionsGeorge/neu_wordpress/moti/wp-includes/block-supports/align.php&path=/homepages/31/d696029188/htdocs/Neu_EditionsGeorge/neu_wordpress/moti/wp-includes/block-supports HTTP/1.1" 200 14711 edition.gerdgeorge.de "-" "Mozilla/5.0 (compatible; MJ12bot/v1.4.8; http://mj12bot.com/)" "-"
74.7.227.0 - - [13/Dec/2025:00:17:16 +0100] "GET /data/upload/image/66617162bc9a5.jpg?path=//proc/self/root/lib/ruby/gems/2.7.0/specifications HTTP/1.1" 200 14420 edition.gerdgeorge.de "-" "Mozilla/5.0 AppleWebKit/537.36 (KHTML, like Gecko; compatible; GPTBot/1.3; +https://openai.com/gptbot)" "-"
52.45.92.0 - - [13/Dec/2025:00:17:16 +0100] "GET /serviette-calamar/?path=//kunden/kunden/kunden/proc/self/root/proc/thread-self/root/proc/self/root/proc/self/root/kunden/lib/locale/pt_PT HTTP/1.1" 200 35952 edition.gerdgeorge.de "-" "Mozilla/5.0 AppleWebKit/537.36 (KHTML, like Gecko; compatible; Amazonbot/0.1; +https://developer.amazon.com/support/amazonbot) Chrome/119.0.6045.214 Safari/537.36" "-"
74.7.227.0 - - [13/Dec/2025:00:17:16 +0100] "GET /data/upload/image/66617162bc9a5.jpg?path=//proc/self/root/lib/ruby/gems/2.7.0/extensions HTTP/1.1" 200 12978 edition.gerdgeorge.de "-" "Mozilla/5.0 AppleWebKit/537.36 (KHTML, like Gecko; compatible; GPTBot/1.3; +https://openai.com/gptbot)" "-"
74.7.227.0 - - [13/Dec/2025:00:17:17 +0100] "GET /data/upload/image/66617162bc9a5.jpg?path=//proc/self/root/lib/ruby/gems/2.7.0/cache HTTP/1.1" 200 12968 edition.gerdgeorge.de "-" "Mozilla/5.0 AppleWebKit/537.36 (KHTML, like Gecko; compatible; GPTBot/1.3; +https://openai.com/gptbot)" "-"
88.90.248.0 - - [13/Dec/2025:00:17:17 +0100] "GET /?fileloc=/homepages/31/d696029188/htdocs/Neu_EditionsGeorge/neu_wordpress/moti/wp-includes/block-supports/aria-label.php&path=/homepages/31/d696029188/htdocs/Neu_EditionsGeorge/neu_wordpress/moti/wp-includes/block-supports HTTP/1.1" 200 14619 edition.gerdgeorge.de "-" "Mozilla/5.0 (compatible; MJ12bot/v1.4.8; http://mj12bot.com/)" "-"
74.7.227.0 - - [13/Dec/2025:00:17:17 +0100] "GET /data/upload/image/66617162bc9a5.jpg?path=//proc/self/root/lib/ruby/gems/2.7.0/doc HTTP/1.1" 200 12964 edition.gerdgeorge.de "-" "Mozilla/5.0 AppleWebKit/537.36 (KHTML, like Gecko; compatible; GPTBot/1.3; +https://openai.com/gptbot)" "-"
74.7.227.0 - - [13/Dec/2025:00:17:18 +0100] "GET /data/upload/image/66617162bc9a5.jpg?path=//proc/self/root/usr/lib/terminfo/v HTTP/1.1" 200 18855 edition.gerdgeorge.de "-" "Mozilla/5.0 AppleWebKit/537.36 (KHTML, like Gecko; compatible; GPTBot/1.3; +https://openai.com/gptbot)" "-"
74.7.227.0 - - [13/Dec/2025:00:17:19 +0100] "GET /data/upload/image/66617162bc9a5.jpg?path=//proc/self/root/usr/lib/terminfo/w HTTP/1.1" 200 15890 edition.gerdgeorge.de "-" "Mozilla/5.0 AppleWebKit/537.36 (KHTML, like Gecko; compatible; GPTBot/1.3; +https://openai.com/gptbot)" "-"
74.7.227.0 - - [13/Dec/2025:00:17:19 +0100] "GET /data/upload/image/66617162bc9a5.jpg?path=//proc/self/root/usr/lib/terminfo/x HTTP/1.1" 200 26497 edition.gerdgeorge.de "-" "Mozilla/5.0 AppleWebKit/537.36 (KHTML, like Gecko; compatible; GPTBot/1.3; +https://openai.com/gptbot)" "-"
66.249.64.0 - - [13/Dec/2025:00:17:19 +0100] "GET /?_g=340972 HTTP/1.1" 200 172508 edition.gerdgeorge.de "-" "Mozilla/5.0 (Linux; Android 6.0.1; Nexus 5X Build/MMB29P) AppleWebKit/537.36 (KHTML, like Gecko) Chrome/141.0.7390.122 Mobile Safari/537.36 (compatible; Googlebot/2.1; +http://www.google.com/bot.html)" "-"
88.90.248.0 - - [13/Dec/2025:00:17:19 +0100] "GET /?fileloc=/homepages/31/d696029188/htdocs/Neu_EditionsGeorge/neu_wordpress/moti/wp-includes/block-supports/background.php&path=/homepages/31/d696029188/htdocs/Neu_EditionsGeorge/neu_wordpress/moti/wp-includes/block-supports HTTP/1.1" 200 17154 edition.gerdgeorge.de "-" "Mozilla/5.0 (compatible; MJ12bot/v1.4.8; http://mj12bot.com/)" "-"
52.45.77.0 - - [13/Dec/2025:00:17:20 +0100] "GET /jets/?path=//kunden/proc/self/root/kunden/kunden/proc/thread-self/root/lib/locale/it_IT HTTP/1.1" 200 33350 edition.gerdgeorge.de "-" "Mozilla/5.0 AppleWebKit/537.36 (KHTML, like Gecko; compatible; Amazonbot/0.1; +https://developer.amazon.com/support/amazonbot) Chrome/119.0.6045.214 Safari/537.36" "-"
74.7.227.0 - - [13/Dec/2025:00:17:20 +0100] "GET /data/upload/image/66617162bc9a5.jpg?path=//proc/self/root/usr/lib/systemd/user HTTP/1.1" 200 28335 edition.gerdgeorge.de "-" "Mozilla/5.0 AppleWebKit/537.36 (KHTML, like Gecko; compatible; GPTBot/1.3; +https://openai.com/gptbot)" "-"
74.7.227.0 - - [13/Dec/2025:00:17:20 +0100] "GET /data/upload/image/66617162bc9a5.jpg?path=//proc/self/root/usr/lib/git-core/mergetools HTTP/1.1" 200 48220 edition.gerdgeorge.de "-" "Mozilla/5.0 AppleWebKit/537.36 (KHTML, like Gecko; compatible; GPTBot/1.3; +https://openai.com/gptbot)" "-"
74.7.227.0 - - [13/Dec/2025:00:17:21 +0100] "GET /data/upload/image/66617162bc9a5.jpg?path=//proc/self/root/lib/ruby/2.7.0/bundler/vendor/thor/lib HTTP/1.1" 200 16150 edition.gerdgeorge.de "-" "Mozilla/5.0 AppleWebKit/537.36 (KHTML, like Gecko; compatible; GPTBot/1.3; +https://openai.com/gptbot)" "-"
88.90.248.0 - - [13/Dec/2025:00:17:21 +0100] "GET /?fileloc=/homepages/31/d696029188/htdocs/Neu_EditionsGeorge/neu_wordpress/moti/wp-includes/block-supports/block-style-variations.php&path=/homepages/31/d696029188/htdocs/Neu_EditionsGeorge/neu_wordpress/moti/wp-includes/block-supports HTTP/1.1" 200 22519 edition.gerdgeorge.de "-" "Mozilla/5.0 (compatible; MJ12bot/v1.4.8; http://mj12bot.com/)" "-"
74.7.227.0 - - [13/Dec/2025:00:17:21 +0100] "GET /data/upload/image/66617162bc9a5.jpg?path=//proc/self/root/run/sshd HTTP/1.1" 200 12780 edition.gerdgeorge.de "-" "Mozilla/5.0 AppleWebKit/537.36 (KHTML, like Gecko; compatible; GPTBot/1.3; +https://openai.com/gptbot)" "-"
74.7.227.0 - - [13/Dec/2025:00:17:22 +0100] "GET /data/upload/image/66617162bc9a5.jpg?path=//proc/self/root/lib/ruby/gems/2.7.0/specifications/default HTTP/1.1" 200 93803 edition.gerdgeorge.de "-" "Mozilla/5.0 AppleWebKit/537.36 (KHTML, like Gecko; compatible; GPTBot/1.3; +https://openai.com/gptbot)" "-"
74.7.227.0 - - [13/Dec/2025:00:17:22 +0100] "GET /data/upload/image/66617162bc9a5.jpg?path=//proc/self/root/var/lock HTTP/1.1" 200 12780 edition.gerdgeorge.de "-" "Mozilla/5.0 AppleWebKit/537.36 (KHTML, like Gecko; compatible; GPTBot/1.3; +https://openai.com/gptbot)" "-"
74.7.227.0 - - [13/Dec/2025:00:17:23 +0100] "GET /data/upload/image/66617162bc9a5.jpg?path=//proc/self/root/var/tmp HTTP/1.1" 200 35759 edition.gerdgeorge.de "-" "Mozilla/5.0 AppleWebKit/537.36 (KHTML, like Gecko; compatible; GPTBot/1.3; +https://openai.com/gptbot)" "-"
88.90.248.0 - - [13/Dec/2025:00:17:23 +0100] "GET /?fileloc=/homepages/31/d696029188/htdocs/Neu_EditionsGeorge/neu_wordpress/moti/wp-includes/block-supports/border.php&path=/homepages/31/d696029188/htdocs/Neu_EditionsGeorge/neu_wordpress/moti/wp-includes/block-supports HTTP/1.1" 200 19566 edition.gerdgeorge.de "-" "Mozilla/5.0 (compatible; MJ12bot/v1.4.8; http://mj12bot.com/)" "-"
74.7.227.0 - - [13/Dec/2025:00:17:24 +0100] "GET /data/upload/image/66617162bc9a5.jpg?path=//proc/self/root/lib/mime HTTP/1.1" 200 14140 edition.gerdgeorge.de "-" "Mozilla/5.0 AppleWebKit/537.36 (KHTML, like Gecko; compatible; GPTBot/1.3; +https://openai.com/gptbot)" "-"
44.210.204.0 - - [13/Dec/2025:00:17:24 +0100] "GET /serviette-calamar/?path=//kunden/kunden/proc/self/root/proc/self/root/proc/thread-self/root/kunden/proc/thread-self/root/lib/locale/en_NG HTTP/1.1" 200 35814 edition.gerdgeorge.de "-" "Mozilla/5.0 AppleWebKit/537.36 (KHTML, like Gecko; compatible; Amazonbot/0.1; +https://developer.amazon.com/support/amazonbot) Chrome/119.0.6045.214 Safari/537.36" "-"
74.7.227.0 - - [13/Dec/2025:00:17:24 +0100] "GET /data/upload/image/66617162bc9a5.jpg?path=//proc/self/root/usr/sbin HTTP/1.1" 200 290010 edition.gerdgeorge.de "-" "Mozilla/5.0 AppleWebKit/537.36 (KHTML, like Gecko; compatible; GPTBot/1.3; +https://openai.com/gptbot)" "-"
74.7.227.0 - - [13/Dec/2025:00:17:25 +0100] "GET /data/upload/image/66617162bc9a5.jpg?path=//proc/self/root/lib/ssl HTTP/1.1" 200 18296 edition.gerdgeorge.de "-" "Mozilla/5.0 AppleWebKit/537.36 (KHTML, like Gecko; compatible; GPTBot/1.3; +https://openai.com/gptbot)" "-"
74.7.227.0 - - [13/Dec/2025:00:17:25 +0100] "GET /data/upload/image/66617162bc9a5.jpg?path=//proc/self/root/var/lib HTTP/1.1" 200 39858 edition.gerdgeorge.de "-" "Mozilla/5.0 AppleWebKit/537.36 (KHTML, like Gecko; compatible; GPTBot/1.3; +https://openai.com/gptbot)" "-"
88.90.248.0 - - [13/Dec/2025:00:17:25 +0100] "GET /?fileloc=/homepages/31/d696029188/htdocs/Neu_EditionsGeorge/neu_wordpress/moti/wp-includes/block-supports/custom-classname.php&path=/homepages/31/d696029188/htdocs/Neu_EditionsGeorge/neu_wordpress/moti/wp-includes/block-supports HTTP/1.1" 200 14686 edition.gerdgeorge.de "-" "Mozilla/5.0 (compatible; MJ12bot/v1.4.8; http://mj12bot.com/)" "-"
74.7.227.0 - - [13/Dec/2025:00:17:26 +0100] "GET /data/upload/image/66617162bc9a5.jpg?path=//proc/self/root/mnt/rid HTTP/1.1" 200 12778 edition.gerdgeorge.de "-" "Mozilla/5.0 AppleWebKit/537.36 (KHTML, like Gecko; compatible; GPTBot/1.3; +https://openai.com/gptbot)" "-"
74.7.227.0 - - [13/Dec/2025:00:17:26 +0100] "GET /data/upload/image/66617162bc9a5.jpg?path=//proc/self/root/var/log HTTP/1.1" 200 14143 edition.gerdgeorge.de "-" "Mozilla/5.0 AppleWebKit/537.36 (KHTML, like Gecko; compatible; GPTBot/1.3; +https://openai.com/gptbot)" "-"
74.7.227.0 - - [13/Dec/2025:00:17:27 +0100] "GET /data/upload/image/66617162bc9a5.jpg?path=//proc/self/root/lib/ruby/2.7.0/bundler/vendor/thor/lib/thor HTTP/1.1" 200 43094 edition.gerdgeorge.de "-" "Mozilla/5.0 AppleWebKit/537.36 (KHTML, like Gecko; compatible; GPTBot/1.3; +https://openai.com/gptbot)" "-"
88.90.248.0 - - [13/Dec/2025:00:17:27 +0100] "GET /?fileloc=/homepages/31/d696029188/htdocs/Neu_EditionsGeorge/neu_wordpress/moti/wp-includes/block-supports/dimensions.php&path=/homepages/31/d696029188/htdocs/Neu_EditionsGeorge/neu_wordpress/moti/wp-includes/block-supports HTTP/1.1" 200 18470 edition.gerdgeorge.de "-" "Mozilla/5.0 (compatible; MJ12bot/v1.4.8; http://mj12bot.com/)" "-"
74.7.227.0 - - [13/Dec/2025:00:17:27 +0100] "GET /data/upload/image/66617162bc9a5.jpg?path=//proc/self/root/lib/diet HTTP/1.1" 200 14120 edition.gerdgeorge.de "-" "Mozilla/5.0 AppleWebKit/537.36 (KHTML, like Gecko; compatible; GPTBot/1.3; +https://openai.com/gptbot)" "-"
18.205.91.0 - - [13/Dec/2025:00:17:28 +0100] "GET /entrecote-chassee/?path=//kunden/kunden/kunden/proc/self/root/lib/locale/bo_CN HTTP/1.1" 200 32020 edition.gerdgeorge.de "-" "Mozilla/5.0 AppleWebKit/537.36 (KHTML, like Gecko; compatible; Amazonbot/0.1; +https://developer.amazon.com/support/amazonbot) Chrome/119.0.6045.214 Safari/537.36" "-"
74.7.227.0 - - [13/Dec/2025:00:17:28 +0100] "GET /data/upload/image/66617162bc9a5.jpg?path=//proc/self/root/lib/init HTTP/1.1" 200 15720 edition.gerdgeorge.de "-" "Mozilla/5.0 AppleWebKit/537.36 (KHTML, like Gecko; compatible; GPTBot/1.3; +https://openai.com/gptbot)" "-"
74.7.227.0 - - [13/Dec/2025:00:17:28 +0100] "GET /data/upload/image/66617162bc9a5.jpg?path=//proc/self/root/lib/lsb HTTP/1.1" 200 15650 edition.gerdgeorge.de "-" "Mozilla/5.0 AppleWebKit/537.36 (KHTML, like Gecko; compatible; GPTBot/1.3; +https://openai.com/gptbot)" "-"
74.7.227.0 - - [13/Dec/2025:00:17:29 +0100] "GET /data/upload/image/66617162bc9a5.jpg?path=//proc/self/root/var/tmp/breakdance-3209cdf3 HTTP/1.1" 200 12863 edition.gerdgeorge.de "-" "Mozilla/5.0 AppleWebKit/537.36 (KHTML, like Gecko; compatible; GPTBot/1.3; +https://openai.com/gptbot)" "-"
88.90.248.0 - - [13/Dec/2025:00:17:29 +0100] "GET /?fileloc=/homepages/31/d696029188/htdocs/Neu_EditionsGeorge/neu_wordpress/moti/wp-includes/block-supports/duotone.php&path=/homepages/31/d696029188/htdocs/Neu_EditionsGeorge/neu_wordpress/moti/wp-includes/block-supports HTTP/1.1" 200 15735 edition.gerdgeorge.de "-" "Mozilla/5.0 (compatible; MJ12bot/v1.4.8; http://mj12bot.com/)" "-"
74.7.227.0 - - [13/Dec/2025:00:17:30 +0100] "GET /data/upload/image/66617162bc9a5.jpg?path=//proc/self/root/var/tmp/abuse HTTP/1.1" 200 12835 edition.gerdgeorge.de "-" "Mozilla/5.0 AppleWebKit/537.36 (KHTML, like Gecko; compatible; GPTBot/1.3; +https://openai.com/gptbot)" "-"
74.7.227.0 - - [13/Dec/2025:00:17:30 +0100] "GET /data/upload/image/66617162bc9a5.jpg?path=//proc/self/root/var/tmp/rz_cache HTTP/1.1" 200 12841 edition.gerdgeorge.de "-" "Mozilla/5.0 AppleWebKit/537.36 (KHTML, like Gecko; compatible; GPTBot/1.3; +https://openai.com/gptbot)" "-"
74.7.227.0 - - [13/Dec/2025:00:17:31 +0100] "GET /data/upload/image/66617162bc9a5.jpg?path=//proc/self/root/lib/ssl/certs HTTP/1.1" 200 473713 edition.gerdgeorge.de "-" "Mozilla/5.0 AppleWebKit/537.36 (KHTML, like Gecko; compatible; GPTBot/1.3; +https://openai.com/gptbot)" "-"
74.7.227.0 - - [13/Dec/2025:00:17:31 +0100] "GET /data/upload/image/66617162bc9a5.jpg?path=//proc/self/root/var/lib/python HTTP/1.1" 200 14363 edition.gerdgeorge.de "-" "Mozilla/5.0 AppleWebKit/537.36 (KHTML, like Gecko; compatible; GPTBot/1.3; +https://openai.com/gptbot)" "-"
88.90.248.0 - - [13/Dec/2025:00:17:31 +0100] "GET /?fileloc=/homepages/31/d696029188/htdocs/Neu_EditionsGeorge/neu_wordpress/moti/wp-includes/block-supports/elements.php&path=/homepages/31/d696029188/htdocs/Neu_EditionsGeorge/neu_wordpress/moti/wp-includes/block-supports HTTP/1.1" 200 21830 edition.gerdgeorge.de "-" "Mozilla/5.0 (compatible; MJ12bot/v1.4.8; http://mj12bot.com/)" "-"
