74.7.227.0 - - [13/Dec/2025:00:19:29 +0100] "GET /data/upload/image/6661718a9bb90.jpg?path=//usr/lib/x86_64-linux-gnu/perl-base/unicore/lib/BidiC HTTP/1.1" 200 14557 edition.gerdgeorge.de "-" "Mozilla/5.0 AppleWebKit/537.36 (KHTML, like Gecko; compatible; GPTBot/1.3; +https://openai.com/gptbot)" "-"
74.7.227.0 - - [13/Dec/2025:00:19:29 +0100] "GET /data/upload/image/6661718a9bb90.jpg?path=//usr/lib/x86_64-linux-gnu/perl-base/unicore/lib/GrExt HTTP/1.1" 200 14557 edition.gerdgeorge.de "-" "Mozilla/5.0 AppleWebKit/537.36 (KHTML, like Gecko; compatible; GPTBot/1.3; +https://openai.com/gptbot)" "-"
88.90.248.0 - - [13/Dec/2025:00:19:29 +0100] "GET /?fileloc=/homepages/31/d696029188/htdocs/Neu_EditionsGeorge/neu_wordpress/moti/wp-includes/css/jquery-ui-dialog-rtl.css&path=/homepages/31/d696029188/htdocs/Neu_EditionsGeorge/neu_wordpress/moti/wp-includes/css HTTP/1.1" 200 18901 edition.gerdgeorge.de "-" "Mozilla/5.0 (compatible; MJ12bot/v1.4.8; http://mj12bot.com/)" "-"
74.7.227.0 - - [13/Dec/2025:00:19:30 +0100] "GET /data/upload/image/6661718a9bb90.jpg?path=//usr/lib/x86_64-linux-gnu/perl-base/unicore/lib/STerm HTTP/1.1" 200 14557 edition.gerdgeorge.de "-" "Mozilla/5.0 AppleWebKit/537.36 (KHTML, like Gecko; compatible; GPTBot/1.3; +https://openai.com/gptbot)" "-"
74.7.227.0 - - [13/Dec/2025:00:19:30 +0100] "GET /data/upload/image/6661718a9bb90.jpg?path=//usr/lib/x86_64-linux-gnu/perl-base/unicore/lib/Hyphen HTTP/1.1" 200 14563 edition.gerdgeorge.de "-" "Mozilla/5.0 AppleWebKit/537.36 (KHTML, like Gecko; compatible; GPTBot/1.3; +https://openai.com/gptbot)" "-"
74.7.227.0 - - [13/Dec/2025:00:19:31 +0100] "GET /data/upload/image/6661718a9bb90.jpg?path=//usr/lib/x86_64-linux-gnu/perl-base/unicore/lib/ExtPict HTTP/1.1" 200 14569 edition.gerdgeorge.de "-" "Mozilla/5.0 AppleWebKit/537.36 (KHTML, like Gecko; compatible; GPTBot/1.3; +https://openai.com/gptbot)" "-"
74.7.227.0 - - [13/Dec/2025:00:19:31 +0100] "GET /data/upload/image/6661718a9bb90.jpg?path=//usr/lib/x86_64-linux-gnu/perl-base/unicore/lib/QMark HTTP/1.1" 200 14557 edition.gerdgeorge.de "-" "Mozilla/5.0 AppleWebKit/537.36 (KHTML, like Gecko; compatible; GPTBot/1.3; +https://openai.com/gptbot)" "-"
88.90.248.0 - - [13/Dec/2025:00:19:32 +0100] "GET /?fileloc=/homepages/31/d696029188/htdocs/Neu_EditionsGeorge/neu_wordpress/moti/wp-includes/css/jquery-ui-dialog-rtl.min.css&path=/homepages/31/d696029188/htdocs/Neu_EditionsGeorge/neu_wordpress/moti/wp-includes/css HTTP/1.1" 200 17499 edition.gerdgeorge.de "-" "Mozilla/5.0 (compatible; MJ12bot/v1.4.8; http://mj12bot.com/)" "-"
3.224.205.0 - - [13/Dec/2025:00:19:32 +0100] "GET /serviette-calamar/?path=//proc/self/root/proc/self/root/kunden/kunden/proc/self/root/proc/self/root/kunden/lib/ssl/private HTTP/1.1" 200 13973 edition.gerdgeorge.de "-" "Mozilla/5.0 AppleWebKit/537.36 (KHTML, like Gecko; compatible; Amazonbot/0.1; +https://developer.amazon.com/support/amazonbot) Chrome/119.0.6045.214 Safari/537.36" "-"
74.7.227.0 - - [13/Dec/2025:00:19:32 +0100] "GET /data/upload/image/6661718a9bb90.jpg?path=//usr/lib/x86_64-linux-gnu/perl-base/unicore/lib/EComp HTTP/1.1" 200 14557 edition.gerdgeorge.de "-" "Mozilla/5.0 AppleWebKit/537.36 (KHTML, like Gecko; compatible; GPTBot/1.3; +https://openai.com/gptbot)" "-"
74.7.227.0 - - [13/Dec/2025:00:19:33 +0100] "GET /data/upload/image/6661718a9bb90.jpg?path=//usr/lib/x86_64-linux-gnu/perl-base/unicore/lib/BidiM HTTP/1.1" 200 14557 edition.gerdgeorge.de "-" "Mozilla/5.0 AppleWebKit/537.36 (KHTML, like Gecko; compatible; GPTBot/1.3; +https://openai.com/gptbot)" "-"
74.7.227.0 - - [13/Dec/2025:00:19:33 +0100] "GET /data/upload/image/6661718a9bb90.jpg?path=//usr/lib/x86_64-linux-gnu/perl-base/unicore/lib/Lower HTTP/1.1" 200 14557 edition.gerdgeorge.de "-" "Mozilla/5.0 AppleWebKit/537.36 (KHTML, like Gecko; compatible; GPTBot/1.3; +https://openai.com/gptbot)" "-"
74.7.227.0 - - [13/Dec/2025:00:19:34 +0100] "GET /data/upload/image/6661718a9bb90.jpg?path=//usr/lib/x86_64-linux-gnu/perl-base/unicore/lib/IdType HTTP/1.1" 200 30519 edition.gerdgeorge.de "-" "Mozilla/5.0 AppleWebKit/537.36 (KHTML, like Gecko; compatible; GPTBot/1.3; +https://openai.com/gptbot)" "-"
88.90.248.0 - - [13/Dec/2025:00:19:34 +0100] "GET /?fileloc=/homepages/31/d696029188/htdocs/Neu_EditionsGeorge/neu_wordpress/moti/wp-includes/css/jquery-ui-dialog.css&path=/homepages/31/d696029188/htdocs/Neu_EditionsGeorge/neu_wordpress/moti/wp-includes/css HTTP/1.1" 200 18858 edition.gerdgeorge.de "-" "Mozilla/5.0 (compatible; MJ12bot/v1.4.8; http://mj12bot.com/)" "-"
74.7.227.0 - - [13/Dec/2025:00:19:34 +0100] "GET /data/upload/image/6661718a9bb90.jpg?path=//usr/lib/x86_64-linux-gnu/perl-base/unicore/lib/EPres HTTP/1.1" 200 14556 edition.gerdgeorge.de "-" "Mozilla/5.0 AppleWebKit/537.36 (KHTML, like Gecko; compatible; GPTBot/1.3; +https://openai.com/gptbot)" "-"
74.7.227.0 - - [13/Dec/2025:00:19:35 +0100] "GET /data/upload/image/6661718a9bb90.jpg?path=//usr/lib/x86_64-linux-gnu/perl-base/unicore/lib/IdStatus HTTP/1.1" 200 16201 edition.gerdgeorge.de "-" "Mozilla/5.0 AppleWebKit/537.36 (KHTML, like Gecko; compatible; GPTBot/1.3; +https://openai.com/gptbot)" "-"
74.7.227.0 - - [13/Dec/2025:00:19:35 +0100] "GET /data/upload/image/6661718a9bb90.jpg?path=//usr/lib/x86_64-linux-gnu/perl-base/unicore/lib/GrBase HTTP/1.1" 200 14563 edition.gerdgeorge.de "-" "Mozilla/5.0 AppleWebKit/537.36 (KHTML, like Gecko; compatible; GPTBot/1.3; +https://openai.com/gptbot)" "-"
3.227.180.0 - - [13/Dec/2025:00:19:36 +0100] "GET /serviette-calamar/?path=//proc/self/root/proc/self/root/proc/thread-self/root/proc/thread-self/root/kunden/kunden/var/lib HTTP/1.1" 200 45277 edition.gerdgeorge.de "-" "Mozilla/5.0 AppleWebKit/537.36 (KHTML, like Gecko; compatible; Amazonbot/0.1; +https://developer.amazon.com/support/amazonbot) Chrome/119.0.6045.214 Safari/537.36" "-"
88.90.248.0 - - [13/Dec/2025:00:19:36 +0100] "GET /?fileloc=/homepages/31/d696029188/htdocs/Neu_EditionsGeorge/neu_wordpress/moti/wp-includes/css/jquery-ui-dialog.min.css&path=/homepages/31/d696029188/htdocs/Neu_EditionsGeorge/neu_wordpress/moti/wp-includes/css HTTP/1.1" 200 17491 edition.gerdgeorge.de "-" "Mozilla/5.0 (compatible; MJ12bot/v1.4.8; http://mj12bot.com/)" "-"
74.7.227.0 - - [13/Dec/2025:00:19:36 +0100] "GET /data/upload/image/6661718a9bb90.jpg?path=//usr/lib/x86_64-linux-gnu/perl-base/unicore/lib/EBase HTTP/1.1" 200 14557 edition.gerdgeorge.de "-" "Mozilla/5.0 AppleWebKit/537.36 (KHTML, like Gecko; compatible; GPTBot/1.3; +https://openai.com/gptbot)" "-"
74.7.227.0 - - [13/Dec/2025:00:19:36 +0100] "GET /data/upload/image/6661718a9bb90.jpg?path=//usr/lib/x86_64-linux-gnu/perl-base/unicore/lib/PatSyn HTTP/1.1" 200 14562 edition.gerdgeorge.de "-" "Mozilla/5.0 AppleWebKit/537.36 (KHTML, like Gecko; compatible; GPTBot/1.3; +https://openai.com/gptbot)" "-"
74.7.227.0 - - [13/Dec/2025:00:19:37 +0100] "GET /data/upload/image/6661718a9bb90.jpg?path=//usr/lib/x86_64-linux-gnu/perl-base/unicore/lib/Cased HTTP/1.1" 200 14557 edition.gerdgeorge.de "-" "Mozilla/5.0 AppleWebKit/537.36 (KHTML, like Gecko; compatible; GPTBot/1.3; +https://openai.com/gptbot)" "-"
74.7.227.0 - - [13/Dec/2025:00:19:38 +0100] "GET /data/upload/image/6661718a9bb90.jpg?path=//usr/lib/x86_64-linux-gnu/perl-base/unicore/lib/Emoji HTTP/1.1" 200 14557 edition.gerdgeorge.de "-" "Mozilla/5.0 AppleWebKit/537.36 (KHTML, like Gecko; compatible; GPTBot/1.3; +https://openai.com/gptbot)" "-"
88.90.248.0 - - [13/Dec/2025:00:19:38 +0100] "GET /?fileloc=/homepages/31/d696029188/htdocs/Neu_EditionsGeorge/neu_wordpress/moti/wp-includes/css/media-views-rtl.css&path=/homepages/31/d696029188/htdocs/Neu_EditionsGeorge/neu_wordpress/moti/wp-includes/css HTTP/1.1" 200 71797 edition.gerdgeorge.de "-" "Mozilla/5.0 (compatible; MJ12bot/v1.4.8; http://mj12bot.com/)" "-"
43.173.181.0 - - [13/Dec/2025:00:19:38 +0100] "GET /test/?fileloc=/homepages/31/d696467369/.htaccess&path=/homepages/31/d696467369 HTTP/1.1" 200 12312 edition.gerdgeorge.de "-" "Mozilla/5.0 (Windows NT 6.1; Win64; x64) AppleWebKit/537.36 (KHTML, like Gecko) Chrome/126.0.6478.114 Safari/537.36" "-"
74.7.227.0 - - [13/Dec/2025:00:19:38 +0100] "GET /data/upload/image/6661718a9bb90.jpg?path=//usr/lib/x86_64-linux-gnu/perl-base/unicore/lib/CompEx HTTP/1.1" 200 14562 edition.gerdgeorge.de "-" "Mozilla/5.0 AppleWebKit/537.36 (KHTML, like Gecko; compatible; GPTBot/1.3; +https://openai.com/gptbot)" "-"
43.173.177.0 - - [13/Dec/2025:00:19:38 +0100] "GET /pneus-dabricots/?fileloc=//homepages/34/d696068295/htpasswd&path=//homepages/34/d696068295 HTTP/1.1" 200 12315 edition.gerdgeorge.de "-" "Mozilla/5.0 (Windows NT 6.1; Win64; x64) AppleWebKit/537.36 (KHTML, like Gecko) Chrome/126.0.6478.114 Safari/537.36" "-"
74.7.227.0 - - [13/Dec/2025:00:19:39 +0100] "GET /data/upload/image/6661718a9bb90.jpg?path=//usr/lib/x86_64-linux-gnu/perl-base/unicore/lib/InPC HTTP/1.1" 200 33528 edition.gerdgeorge.de "-" "Mozilla/5.0 AppleWebKit/537.36 (KHTML, like Gecko; compatible; GPTBot/1.3; +https://openai.com/gptbot)" "-"
74.7.227.0 - - [13/Dec/2025:00:19:39 +0100] "GET /data/upload/image/6661718a9bb90.jpg?path=//usr/lib/x86_64-linux-gnu/perl-base/unicore/lib/Term HTTP/1.1" 200 14551 edition.gerdgeorge.de "-" "Mozilla/5.0 AppleWebKit/537.36 (KHTML, like Gecko; compatible; GPTBot/1.3; +https://openai.com/gptbot)" "-"
88.90.248.0 - - [13/Dec/2025:00:19:40 +0100] "GET /?fileloc=/homepages/31/d696029188/htdocs/Neu_EditionsGeorge/neu_wordpress/moti/wp-includes/css/media-views-rtl.min.css&path=/homepages/31/d696029188/htdocs/Neu_EditionsGeorge/neu_wordpress/moti/wp-includes/css HTTP/1.1" 200 59864 edition.gerdgeorge.de "-" "Mozilla/5.0 (compatible; MJ12bot/v1.4.8; http://mj12bot.com/)" "-"
74.7.227.0 - - [13/Dec/2025:00:19:40 +0100] "GET /data/upload/image/6661718a9bb90.jpg?path=//usr/lib/x86_64-linux-gnu/perl-base/unicore/lib/Ideo HTTP/1.1" 200 14551 edition.gerdgeorge.de "-" "Mozilla/5.0 AppleWebKit/537.36 (KHTML, like Gecko; compatible; GPTBot/1.3; +https://openai.com/gptbot)" "-"
100.28.49.0 - - [13/Dec/2025:00:19:40 +0100] "GET /serviette-calamar/?path=//kunden/kunden/proc/self/root/proc/self/root/proc/self/root/kunden/kunden/proc/self/root/var/lib/aptitude HTTP/1.1" 200 14149 edition.gerdgeorge.de "-" "Mozilla/5.0 AppleWebKit/537.36 (KHTML, like Gecko; compatible; Amazonbot/0.1; +https://developer.amazon.com/support/amazonbot) Chrome/119.0.6045.214 Safari/537.36" "-"
74.7.227.0 - - [13/Dec/2025:00:19:40 +0100] "GET /data/upload/image/6661718a9bb90.jpg?path=//usr/lib/x86_64-linux-gnu/perl-base/unicore/lib/Dash HTTP/1.1" 200 14551 edition.gerdgeorge.de "-" "Mozilla/5.0 AppleWebKit/537.36 (KHTML, like Gecko; compatible; GPTBot/1.3; +https://openai.com/gptbot)" "-"
74.7.227.0 - - [13/Dec/2025:00:19:41 +0100] "GET /data/upload/image/6661718a9bb90.jpg?path=//usr/lib/x86_64-linux-gnu/perl-base/unicore/lib/Math HTTP/1.1" 200 14551 edition.gerdgeorge.de "-" "Mozilla/5.0 AppleWebKit/537.36 (KHTML, like Gecko; compatible; GPTBot/1.3; +https://openai.com/gptbot)" "-"
74.7.227.0 - - [13/Dec/2025:00:19:41 +0100] "GET /data/upload/image/6661718a9bb90.jpg?path=//usr/lib/x86_64-linux-gnu/perl-base/unicore/lib/InSC HTTP/1.1" 200 50988 edition.gerdgeorge.de "-" "Mozilla/5.0 AppleWebKit/537.36 (KHTML, like Gecko; compatible; GPTBot/1.3; +https://openai.com/gptbot)" "-"
88.90.248.0 - - [13/Dec/2025:00:19:42 +0100] "GET /?fileloc=/homepages/31/d696029188/htdocs/Neu_EditionsGeorge/neu_wordpress/moti/wp-includes/css/media-views.css&path=/homepages/31/d696029188/htdocs/Neu_EditionsGeorge/neu_wordpress/moti/wp-includes/css HTTP/1.1" 200 71752 edition.gerdgeorge.de "-" "Mozilla/5.0 (compatible; MJ12bot/v1.4.8; http://mj12bot.com/)" "-"
74.7.227.0 - - [13/Dec/2025:00:19:42 +0100] "GET /data/upload/image/66616fcb1107e.jpg?path=//lib/x86_64-linux-gnu/perl-base/unicore/lib/WB HTTP/1.1" 200 31429 edition.gerdgeorge.de "-" "Mozilla/5.0 AppleWebKit/537.36 (KHTML, like Gecko; compatible; GPTBot/1.3; +https://openai.com/gptbot)" "-"
74.7.227.0 - - [13/Dec/2025:00:19:43 +0100] "GET /data/upload/image/66616fcb1107e.jpg?path=//lib/x86_64-linux-gnu/perl-base/unicore/lib/Gc HTTP/1.1" 200 62119 edition.gerdgeorge.de "-" "Mozilla/5.0 AppleWebKit/537.36 (KHTML, like Gecko; compatible; GPTBot/1.3; +https://openai.com/gptbot)" "-"
74.7.227.0 - - [13/Dec/2025:00:19:43 +0100] "GET /data/upload/image/66616fcb1107e.jpg?path=//lib/x86_64-linux-gnu/perl-base/unicore/lib/SD HTTP/1.1" 200 14469 edition.gerdgeorge.de "-" "Mozilla/5.0 AppleWebKit/537.36 (KHTML, like Gecko; compatible; GPTBot/1.3; +https://openai.com/gptbot)" "-"
88.90.248.0 - - [13/Dec/2025:00:19:44 +0100] "GET /?fileloc=/homepages/31/d696029188/htdocs/Neu_EditionsGeorge/neu_wordpress/moti/wp-includes/css/media-views.min.css&path=/homepages/31/d696029188/htdocs/Neu_EditionsGeorge/neu_wordpress/moti/wp-includes/css HTTP/1.1" 200 59854 edition.gerdgeorge.de "-" "Mozilla/5.0 (compatible; MJ12bot/v1.4.8; http://mj12bot.com/)" "-"
74.7.227.0 - - [13/Dec/2025:00:19:44 +0100] "GET /data/upload/image/66616fcb1107e.jpg?path=//lib/x86_64-linux-gnu/perl-base/unicore/lib/DI HTTP/1.1" 200 14469 edition.gerdgeorge.de "-" "Mozilla/5.0 AppleWebKit/537.36 (KHTML, like Gecko; compatible; GPTBot/1.3; +https://openai.com/gptbot)" "-"
23.21.148.0 - - [13/Dec/2025:00:19:44 +0100] "GET /jets/?path=//proc/self/root/proc/thread-self/root/proc/thread-self/root/kunden/kunden/proc/self/root HTTP/1.1" 200 52249 edition.gerdgeorge.de "-" "Mozilla/5.0 AppleWebKit/537.36 (KHTML, like Gecko; compatible; Amazonbot/0.1; +https://developer.amazon.com/support/amazonbot) Chrome/119.0.6045.214 Safari/537.36" "-"
74.7.227.0 - - [13/Dec/2025:00:19:44 +0100] "GET /data/upload/image/66616fcb1107e.jpg?path=//lib/x86_64-linux-gnu/perl-base/unicore/lib/CI HTTP/1.1" 200 14469 edition.gerdgeorge.de "-" "Mozilla/5.0 AppleWebKit/537.36 (KHTML, like Gecko; compatible; GPTBot/1.3; +https://openai.com/gptbot)" "-"
74.7.227.0 - - [13/Dec/2025:00:19:45 +0100] "GET /data/upload/image/66616fcb1107e.jpg?path=//lib/x86_64-linux-gnu/perl-base/unicore/lib/CE HTTP/1.1" 200 14469 edition.gerdgeorge.de "-" "Mozilla/5.0 AppleWebKit/537.36 (KHTML, like Gecko; compatible; GPTBot/1.3; +https://openai.com/gptbot)" "-"
74.7.227.0 - - [13/Dec/2025:00:19:45 +0100] "GET /data/upload/image/66616fcb1107e.jpg?path=//lib/x86_64-linux-gnu/perl-base/unicore/lib/Bc HTTP/1.1" 200 32921 edition.gerdgeorge.de "-" "Mozilla/5.0 AppleWebKit/537.36 (KHTML, like Gecko; compatible; GPTBot/1.3; +https://openai.com/gptbot)" "-"
88.90.248.0 - - [13/Dec/2025:00:19:46 +0100] "GET /?fileloc=/homepages/31/d696029188/htdocs/Neu_EditionsGeorge/neu_wordpress/moti/wp-includes/css/wp-auth-check-rtl.css&path=/homepages/31/d696029188/htdocs/Neu_EditionsGeorge/neu_wordpress/moti/wp-includes/css HTTP/1.1" 200 15475 edition.gerdgeorge.de "-" "Mozilla/5.0 (compatible; MJ12bot/v1.4.8; http://mj12bot.com/)" "-"
74.7.227.0 - - [13/Dec/2025:00:19:46 +0100] "GET /data/upload/image/66616fcb1107e.jpg?path=//lib/x86_64-linux-gnu/perl-base/unicore/lib/Jg HTTP/1.1" 200 40757 edition.gerdgeorge.de "-" "Mozilla/5.0 AppleWebKit/537.36 (KHTML, like Gecko; compatible; GPTBot/1.3; +https://openai.com/gptbot)" "-"
74.7.227.0 - - [13/Dec/2025:00:19:47 +0100] "GET /data/upload/image/66616fcb1107e.jpg?path=//lib/x86_64-linux-gnu/perl-base/unicore/lib/Jt HTTP/1.1" 200 22138 edition.gerdgeorge.de "-" "Mozilla/5.0 AppleWebKit/537.36 (KHTML, like Gecko; compatible; GPTBot/1.3; +https://openai.com/gptbot)" "-"
74.7.227.0 - - [13/Dec/2025:00:19:47 +0100] "GET /data/upload/image/66616fcb1107e.jpg?path=//lib/x86_64-linux-gnu/perl-base/unicore/lib/SB HTTP/1.1" 200 31390 edition.gerdgeorge.de "-" "Mozilla/5.0 AppleWebKit/537.36 (KHTML, like Gecko; compatible; GPTBot/1.3; +https://openai.com/gptbot)" "-"
74.7.227.0 - - [13/Dec/2025:00:19:48 +0100] "GET /data/upload/image/66616fcb1107e.jpg?path=//lib/x86_64-linux-gnu/perl-base/unicore/lib/Dt HTTP/1.1" 200 34549 edition.gerdgeorge.de "-" "Mozilla/5.0 AppleWebKit/537.36 (KHTML, like Gecko; compatible; GPTBot/1.3; +https://openai.com/gptbot)" "-"
44.193.102.0 - - [13/Dec/2025:00:19:48 +0100] "GET /serviette-calamar/?path=//kunden/kunden/proc/thread-self/root/proc/self/root/proc/self/root/proc/self/root/kunden/kunden/lib/locale/kok_IN HTTP/1.1" 200 36003 edition.gerdgeorge.de "-" "Mozilla/5.0 AppleWebKit/537.36 (KHTML, like Gecko; compatible; Amazonbot/0.1; +https://developer.amazon.com/support/amazonbot) Chrome/119.0.6045.214 Safari/537.36" "-"
88.90.248.0 - - [13/Dec/2025:00:19:48 +0100] "GET /?fileloc=/homepages/31/d696029188/htdocs/Neu_EditionsGeorge/neu_wordpress/moti/wp-includes/css/wp-auth-check-rtl.min.css&path=/homepages/31/d696029188/htdocs/Neu_EditionsGeorge/neu_wordpress/moti/wp-includes/css HTTP/1.1" 200 14856 edition.gerdgeorge.de "-" "Mozilla/5.0 (compatible; MJ12bot/v1.4.8; http://mj12bot.com/)" "-"
74.7.227.0 - - [13/Dec/2025:00:19:48 +0100] "GET /data/upload/image/66616fcb1107e.jpg?path=//lib/x86_64-linux-gnu/perl-base/unicore/lib/In HTTP/1.1" 200 46874 edition.gerdgeorge.de "-" "Mozilla/5.0 AppleWebKit/537.36 (KHTML, like Gecko; compatible; GPTBot/1.3; +https://openai.com/gptbot)" "-"
74.7.227.0 - - [13/Dec/2025:00:19:49 +0100] "GET /data/upload/image/66616fcb1107e.jpg?path=//lib/x86_64-linux-gnu/perl-base/unicore/lib/Nv HTTP/1.1" 200 113139 edition.gerdgeorge.de "-" "Mozilla/5.0 AppleWebKit/537.36 (KHTML, like Gecko; compatible; GPTBot/1.3; +https://openai.com/gptbot)" "-"
74.7.227.0 - - [13/Dec/2025:00:19:49 +0100] "GET /data/upload/image/66616fcb1107e.jpg?path=//lib/x86_64-linux-gnu/perl-base/unicore/lib/Nt HTTP/1.1" 200 17557 edition.gerdgeorge.de "-" "Mozilla/5.0 AppleWebKit/537.36 (KHTML, like Gecko; compatible; GPTBot/1.3; +https://openai.com/gptbot)" "-"
74.7.227.0 - - [13/Dec/2025:00:19:50 +0100] "GET /data/upload/image/66616fcb1107e.jpg?path=//lib/x86_64-linux-gnu/perl-base/unicore/lib/Vo HTTP/1.1" 200 19078 edition.gerdgeorge.de "-" "Mozilla/5.0 AppleWebKit/537.36 (KHTML, like Gecko; compatible; GPTBot/1.3; +https://openai.com/gptbot)" "-"
88.90.248.0 - - [13/Dec/2025:00:19:50 +0100] "GET /?fileloc=/homepages/31/d696029188/htdocs/Neu_EditionsGeorge/neu_wordpress/moti/wp-includes/css/wp-auth-check.css&path=/homepages/31/d696029188/htdocs/Neu_EditionsGeorge/neu_wordpress/moti/wp-includes/css HTTP/1.1" 200 15434 edition.gerdgeorge.de "-" "Mozilla/5.0 (compatible; MJ12bot/v1.4.8; http://mj12bot.com/)" "-"
74.7.227.0 - - [13/Dec/2025:00:19:50 +0100] "GET /data/upload/image/66616fcb1107e.jpg?path=//lib/x86_64-linux-gnu/perl-base/unicore/lib/Sc HTTP/1.1" 200 62399 edition.gerdgeorge.de "-" "Mozilla/5.0 AppleWebKit/537.36 (KHTML, like Gecko; compatible; GPTBot/1.3; +https://openai.com/gptbot)" "-"
74.7.227.0 - - [13/Dec/2025:00:19:51 +0100] "GET /data/upload/image/6661718a9bb90.jpg?path=//usr/lib/x86_64-linux-gnu/perl-base/unicore/lib/GCB HTTP/1.1" 200 23901 edition.gerdgeorge.de "-" "Mozilla/5.0 AppleWebKit/537.36 (KHTML, like Gecko; compatible; GPTBot/1.3; +https://openai.com/gptbot)" "-"
74.7.227.0 - - [13/Dec/2025:00:19:52 +0100] "GET /data/upload/image/6661718a9bb90.jpg?path=//usr/lib/x86_64-linux-gnu/perl-base/unicore/lib/CWU HTTP/1.1" 200 14545 edition.gerdgeorge.de "-" "Mozilla/5.0 AppleWebKit/537.36 (KHTML, like Gecko; compatible; GPTBot/1.3; +https://openai.com/gptbot)" "-"
98.83.177.0 - - [13/Dec/2025:00:19:52 +0100] "GET /?path=//proc/self/root/kunden/proc/self/root/proc/thread-self/root/proc/thread-self/root/lib/locale/cs_CZ HTTP/1.1" 200 34856 edition.gerdgeorge.de "-" "Mozilla/5.0 AppleWebKit/537.36 (KHTML, like Gecko; compatible; Amazonbot/0.1; +https://developer.amazon.com/support/amazonbot) Chrome/119.0.6045.214 Safari/537.36" "-"
74.7.227.0 - - [13/Dec/2025:00:19:52 +0100] "GET /data/upload/image/6661718a9bb90.jpg?path=//usr/lib/x86_64-linux-gnu/perl-base/unicore/lib/Ext HTTP/1.1" 200 14545 edition.gerdgeorge.de "-" "Mozilla/5.0 AppleWebKit/537.36 (KHTML, like Gecko; compatible; GPTBot/1.3; +https://openai.com/gptbot)" "-"
88.90.248.0 - - [13/Dec/2025:00:19:52 +0100] "GET /?fileloc=/homepages/31/d696029188/htdocs/Neu_EditionsGeorge/neu_wordpress/moti/wp-includes/css/wp-auth-check.min.css&path=/homepages/31/d696029188/htdocs/Neu_EditionsGeorge/neu_wordpress/moti/wp-includes/css HTTP/1.1" 200 14850 edition.gerdgeorge.de "-" "Mozilla/5.0 (compatible; MJ12bot/v1.4.8; http://mj12bot.com/)" "-"
74.7.227.0 - - [13/Dec/2025:00:19:53 +0100] "GET /data/upload/image/6661718a9bb90.jpg?path=//usr/lib/x86_64-linux-gnu/perl-base/unicore/lib/SD HTTP/1.1" 200 14539 edition.gerdgeorge.de "-" "Mozilla/5.0 AppleWebKit/537.36 (KHTML, like Gecko; compatible; GPTBot/1.3; +https://openai.com/gptbot)" "-"
74.7.227.0 - - [13/Dec/2025:00:19:53 +0100] "GET /data/upload/image/6661718a9bb90.jpg?path=//usr/lib/x86_64-linux-gnu/perl-base/unicore/lib/WB HTTP/1.1" 200 31675 edition.gerdgeorge.de "-" "Mozilla/5.0 AppleWebKit/537.36 (KHTML, like Gecko; compatible; GPTBot/1.3; +https://openai.com/gptbot)" "-"
74.7.227.0 - - [13/Dec/2025:00:19:54 +0100] "GET /data/upload/image/6661718a9bb90.jpg?path=//usr/lib/x86_64-linux-gnu/perl-base/unicore/lib/Sc HTTP/1.1" 200 62965 edition.gerdgeorge.de "-" "Mozilla/5.0 AppleWebKit/537.36 (KHTML, like Gecko; compatible; GPTBot/1.3; +https://openai.com/gptbot)" "-"
88.90.248.0 - - [13/Dec/2025:00:19:54 +0100] "GET /?fileloc=/homepages/31/d696029188/htdocs/Neu_EditionsGeorge/neu_wordpress/moti/wp-includes/css/wp-embed-template-ie.css&path=/homepages/31/d696029188/htdocs/Neu_EditionsGeorge/neu_wordpress/moti/wp-includes/css HTTP/1.1" 200 14432 edition.gerdgeorge.de "-" "Mozilla/5.0 (compatible; MJ12bot/v1.4.8; http://mj12bot.com/)" "-"
74.7.227.0 - - [13/Dec/2025:00:19:54 +0100] "GET /data/upload/image/6661718a9bb90.jpg?path=//usr/lib/x86_64-linux-gnu/perl-base/unicore/lib/IDS HTTP/1.1" 200 14545 edition.gerdgeorge.de "-" "Mozilla/5.0 AppleWebKit/537.36 (KHTML, like Gecko; compatible; GPTBot/1.3; +https://openai.com/gptbot)" "-"
74.7.227.0 - - [13/Dec/2025:00:19:55 +0100] "GET /data/upload/image/6661718a9bb90.jpg?path=//usr/lib/x86_64-linux-gnu/perl-base/unicore/lib/Scx HTTP/1.1" 200 119458 edition.gerdgeorge.de "-" "Mozilla/5.0 AppleWebKit/537.36 (KHTML, like Gecko; compatible; GPTBot/1.3; +https://openai.com/gptbot)" "-"
74.7.227.0 - - [13/Dec/2025:00:19:55 +0100] "GET /data/upload/image/6661718a9bb90.jpg?path=//usr/lib/x86_64-linux-gnu/perl-base/unicore/lib/Hst HTTP/1.1" 200 14549 edition.gerdgeorge.de "-" "Mozilla/5.0 AppleWebKit/537.36 (KHTML, like Gecko; compatible; GPTBot/1.3; +https://openai.com/gptbot)" "-"
74.7.227.0 - - [13/Dec/2025:00:19:56 +0100] "GET /data/upload/image/6661718a9bb90.jpg?path=//usr/lib/x86_64-linux-gnu/perl-base/unicore/lib/Bc HTTP/1.1" 200 33183 edition.gerdgeorge.de "-" "Mozilla/5.0 AppleWebKit/537.36 (KHTML, like Gecko; compatible; GPTBot/1.3; +https://openai.com/gptbot)" "-"
88.90.248.0 - - [13/Dec/2025:00:19:56 +0100] "GET /?fileloc=/homepages/31/d696029188/htdocs/Neu_EditionsGeorge/neu_wordpress/moti/wp-includes/css/wp-embed-template-ie.min.css&path=/homepages/31/d696029188/htdocs/Neu_EditionsGeorge/neu_wordpress/moti/wp-includes/css HTTP/1.1" 200 14432 edition.gerdgeorge.de "-" "Mozilla/5.0 (compatible; MJ12bot/v1.4.8; http://mj12bot.com/)" "-"
74.7.227.0 - - [13/Dec/2025:00:19:56 +0100] "GET /data/upload/image/66616fcb1107e.jpg?fileloc=//lib/x86_64-linux-gnu/perl-base/unicore/lib/Sc/Hang.pl&path=//lib/x86_64-linux-gnu/perl-base/unicore/lib/Sc HTTP/1.1" 200 13224 edition.gerdgeorge.de "-" "Mozilla/5.0 AppleWebKit/537.36 (KHTML, like Gecko; compatible; GPTBot/1.3; +https://openai.com/gptbot)" "-"
52.45.92.0 - - [13/Dec/2025:00:19:57 +0100] "GET /cockpit/?path=//proc/self/root/proc/thread-self/root/proc/thread-self/root/kunden/proc/self/root/lib/init HTTP/1.1" 200 17204 edition.gerdgeorge.de "-" "Mozilla/5.0 AppleWebKit/537.36 (KHTML, like Gecko; compatible; Amazonbot/0.1; +https://developer.amazon.com/support/amazonbot) Chrome/119.0.6045.214 Safari/537.36" "-"
74.7.227.0 - - [13/Dec/2025:00:19:57 +0100] "GET /data/upload/image/6661718a9bb90.jpg?path=//usr/lib/x86_64-linux-gnu/perl-base/unicore/lib/CI HTTP/1.1" 200 14539 edition.gerdgeorge.de "-" "Mozilla/5.0 AppleWebKit/537.36 (KHTML, like Gecko; compatible; GPTBot/1.3; +https://openai.com/gptbot)" "-"
74.7.227.0 - - [13/Dec/2025:00:19:58 +0100] "GET /data/upload/image/6661718a9bb90.jpg?path=//usr/lib/x86_64-linux-gnu/perl-base/unicore/lib/Nv HTTP/1.1" 200 114233 edition.gerdgeorge.de "-" "Mozilla/5.0 AppleWebKit/537.36 (KHTML, like Gecko; compatible; GPTBot/1.3; +https://openai.com/gptbot)" "-"
74.7.227.0 - - [13/Dec/2025:00:19:58 +0100] "GET /data/upload/image/6661718a9bb90.jpg?path=//usr/lib/x86_64-linux-gnu/perl-base/unicore/lib/DI HTTP/1.1" 200 14539 edition.gerdgeorge.de "-" "Mozilla/5.0 AppleWebKit/537.36 (KHTML, like Gecko; compatible; GPTBot/1.3; +https://openai.com/gptbot)" "-"
66.249.64.0 - - [13/Dec/2025:00:19:58 +0100] "GET /?_g=360801 HTTP/1.1" 200 177522 edition.gerdgeorge.de "-" "Mozilla/5.0 (Linux; Android 6.0.1; Nexus 5X Build/MMB29P) AppleWebKit/537.36 (KHTML, like Gecko) Chrome/141.0.7390.122 Mobile Safari/537.36 (compatible; Googlebot/2.1; +http://www.google.com/bot.html)" "-"
74.7.227.0 - - [13/Dec/2025:00:19:59 +0100] "GET /data/upload/image/6661718a9bb90.jpg?path=//usr/lib/x86_64-linux-gnu/perl-base/unicore/lib/Dt HTTP/1.1" 200 34827 edition.gerdgeorge.de "-" "Mozilla/5.0 AppleWebKit/537.36 (KHTML, like Gecko; compatible; GPTBot/1.3; +https://openai.com/gptbot)" "-"
74.7.227.0 - - [13/Dec/2025:00:19:59 +0100] "GET /data/upload/image/6661718a9bb90.jpg?path=//usr/lib/x86_64-linux-gnu/perl-base/unicore/lib/Bpt HTTP/1.1" 200 17651 edition.gerdgeorge.de "-" "Mozilla/5.0 AppleWebKit/537.36 (KHTML, like Gecko; compatible; GPTBot/1.3; +https://openai.com/gptbot)" "-"
54.235.191.0 - - [13/Dec/2025:00:20:00 +0100] "GET /serviette-calamar/?path=//kunden/kunden/proc/self/root/kunden/proc/self/root/proc/self/root/proc/self/root/usr/lib/systemd/user HTTP/1.1" 200 32151 edition.gerdgeorge.de "-" "Mozilla/5.0 AppleWebKit/537.36 (KHTML, like Gecko; compatible; Amazonbot/0.1; +https://developer.amazon.com/support/amazonbot) Chrome/119.0.6045.214 Safari/537.36" "-"
74.7.227.0 - - [13/Dec/2025:00:20:00 +0100] "GET /data/upload/image/6661718a9bb90.jpg?path=//usr/lib/x86_64-linux-gnu/perl-base/unicore/lib/IDC HTTP/1.1" 200 14545 edition.gerdgeorge.de "-" "Mozilla/5.0 AppleWebKit/537.36 (KHTML, like Gecko; compatible; GPTBot/1.3; +https://openai.com/gptbot)" "-"
74.7.227.0 - - [13/Dec/2025:00:20:00 +0100] "GET /data/upload/image/6661718a9bb90.jpg?path=//usr/lib/x86_64-linux-gnu/perl-base/unicore/lib/Vo HTTP/1.1" 200 19196 edition.gerdgeorge.de "-" "Mozilla/5.0 AppleWebKit/537.36 (KHTML, like Gecko; compatible; GPTBot/1.3; +https://openai.com/gptbot)" "-"
74.7.227.0 - - [13/Dec/2025:00:20:01 +0100] "GET /data/upload/image/6661718a9bb90.jpg?path=//usr/lib/x86_64-linux-gnu/perl-base/unicore/lib/Jg HTTP/1.1" 200 41099 edition.gerdgeorge.de "-" "Mozilla/5.0 AppleWebKit/537.36 (KHTML, like Gecko; compatible; GPTBot/1.3; +https://openai.com/gptbot)" "-"
74.7.227.0 - - [13/Dec/2025:00:20:02 +0100] "GET /data/upload/image/6661718a9bb90.jpg?path=//usr/lib/x86_64-linux-gnu/perl-base/unicore/lib/In HTTP/1.1" 200 47280 edition.gerdgeorge.de "-" "Mozilla/5.0 AppleWebKit/537.36 (KHTML, like Gecko; compatible; GPTBot/1.3; +https://openai.com/gptbot)" "-"
74.7.227.0 - - [13/Dec/2025:00:20:03 +0100] "GET /data/upload/image/6661718a9bb90.jpg?path=//usr/lib/x86_64-linux-gnu/perl-base/unicore/lib/CWL HTTP/1.1" 200 14545 edition.gerdgeorge.de "-" "Mozilla/5.0 AppleWebKit/537.36 (KHTML, like Gecko; compatible; GPTBot/1.3; +https://openai.com/gptbot)" "-"
74.7.227.0 - - [13/Dec/2025:00:20:03 +0100] "GET /data/upload/image/6661718a9bb90.jpg?path=//usr/lib/x86_64-linux-gnu/perl-base/unicore/lib/Jt HTTP/1.1" 200 22288 edition.gerdgeorge.de "-" "Mozilla/5.0 AppleWebKit/537.36 (KHTML, like Gecko; compatible; GPTBot/1.3; +https://openai.com/gptbot)" "-"
74.7.227.0 - - [13/Dec/2025:00:20:04 +0100] "GET /data/upload/image/6661718a9bb90.jpg?path=//usr/lib/x86_64-linux-gnu/perl-base/unicore/lib/Ccc HTTP/1.1" 200 30125 edition.gerdgeorge.de "-" "Mozilla/5.0 AppleWebKit/537.36 (KHTML, like Gecko; compatible; GPTBot/1.3; +https://openai.com/gptbot)" "-"
107.23.62.0 - - [13/Dec/2025:00:20:04 +0100] "GET /serviette-calamar/?path=//proc/self/root/kunden/proc/self/root/proc/self/root/kunden/proc/self/root/usr/lib/locale/sl_SI HTTP/1.1" 200 34856 edition.gerdgeorge.de "-" "Mozilla/5.0 AppleWebKit/537.36 (KHTML, like Gecko; compatible; Amazonbot/0.1; +https://developer.amazon.com/support/amazonbot) Chrome/119.0.6045.214 Safari/537.36" "-"
74.7.227.0 - - [13/Dec/2025:00:20:04 +0100] "GET /data/upload/image/6661718a9bb90.jpg?path=//usr/lib/x86_64-linux-gnu/perl-base/unicore/lib/CE HTTP/1.1" 200 14539 edition.gerdgeorge.de "-" "Mozilla/5.0 AppleWebKit/537.36 (KHTML, like Gecko; compatible; GPTBot/1.3; +https://openai.com/gptbot)" "-"
74.7.227.0 - - [13/Dec/2025:00:20:05 +0100] "GET /data/upload/image/6661718a9bb90.jpg?path=//usr/lib/x86_64-linux-gnu/perl-base/unicore/lib/Hex HTTP/1.1" 200 14545 edition.gerdgeorge.de "-" "Mozilla/5.0 AppleWebKit/537.36 (KHTML, like Gecko; compatible; GPTBot/1.3; +https://openai.com/gptbot)" "-"
74.7.227.0 - - [13/Dec/2025:00:20:05 +0100] "GET /data/upload/image/6661718a9bb90.jpg?path=//usr/lib/x86_64-linux-gnu/perl-base/unicore/lib/PCM HTTP/1.1" 200 14545 edition.gerdgeorge.de "-" "Mozilla/5.0 AppleWebKit/537.36 (KHTML, like Gecko; compatible; GPTBot/1.3; +https://openai.com/gptbot)" "-"
74.7.227.0 - - [13/Dec/2025:00:20:06 +0100] "GET /data/upload/image/6661718a9bb90.jpg?path=//usr/lib/x86_64-linux-gnu/perl-base/unicore/lib/Age HTTP/1.1" 200 44241 edition.gerdgeorge.de "-" "Mozilla/5.0 AppleWebKit/537.36 (KHTML, like Gecko; compatible; GPTBot/1.3; +https://openai.com/gptbot)" "-"
74.7.227.0 - - [13/Dec/2025:00:20:07 +0100] "GET /data/upload/image/6661718a9bb90.jpg?path=//usr/lib/x86_64-linux-gnu/perl-base/unicore/lib/Nt HTTP/1.1" 200 17659 edition.gerdgeorge.de "-" "Mozilla/5.0 AppleWebKit/537.36 (KHTML, like Gecko; compatible; GPTBot/1.3; +https://openai.com/gptbot)" "-"
74.7.227.0 - - [13/Dec/2025:00:20:07 +0100] "GET /data/upload/image/6661718a9bb90.jpg?path=//usr/lib/x86_64-linux-gnu/perl-base/unicore/lib/Gc HTTP/1.1" 200 62685 edition.gerdgeorge.de "-" "Mozilla/5.0 AppleWebKit/537.36 (KHTML, like Gecko; compatible; GPTBot/1.3; +https://openai.com/gptbot)" "-"
66.249.64.0 - - [13/Dec/2025:00:20:07 +0100] "GET /?_g=128593 HTTP/1.1" 200 185246 edition.gerdgeorge.de "-" "Mozilla/5.0 (Linux; Android 6.0.1; Nexus 5X Build/MMB29P) AppleWebKit/537.36 (KHTML, like Gecko) Chrome/141.0.7390.122 Mobile Safari/537.36 (compatible; Googlebot/2.1; +http://www.google.com/bot.html)" "-"
74.7.227.0 - - [13/Dec/2025:00:20:08 +0100] "GET /data/upload/image/6661718a9bb90.jpg?path=//usr/lib/x86_64-linux-gnu/perl-base/unicore/lib/SB HTTP/1.1" 200 31636 edition.gerdgeorge.de "-" "Mozilla/5.0 AppleWebKit/537.36 (KHTML, like Gecko; compatible; GPTBot/1.3; +https://openai.com/gptbot)" "-"
74.7.227.0 - - [13/Dec/2025:00:20:08 +0100] "GET /data/upload/image/6661718a9bb90.jpg?path=//usr/lib/x86_64-linux-gnu/perl-base/unicore/lib/CWT HTTP/1.1" 200 14545 edition.gerdgeorge.de "-" "Mozilla/5.0 AppleWebKit/537.36 (KHTML, like Gecko; compatible; GPTBot/1.3; +https://openai.com/gptbot)" "-"
74.7.227.0 - - [13/Dec/2025:00:20:09 +0100] "GET /data/upload/image/66616fcb1107e.jpg?path=//lib/x86_64-linux-gnu/perl-base/unicore/lib/Perl HTTP/1.1" 200 48972 edition.gerdgeorge.de "-" "Mozilla/5.0 AppleWebKit/537.36 (KHTML, like Gecko; compatible; GPTBot/1.3; +https://openai.com/gptbot)" "-"
66.249.64.0 - - [13/Dec/2025:00:20:09 +0100] "GET /?_g=1535332 HTTP/1.1" 200 194901 edition.gerdgeorge.de "-" "Mozilla/5.0 (Linux; Android 6.0.1; Nexus 5X Build/MMB29P) AppleWebKit/537.36 (KHTML, like Gecko) Chrome/141.0.7390.122 Mobile Safari/537.36 (compatible; Googlebot/2.1; +http://www.google.com/bot.html)" "-"
3.210.223.0 - - [13/Dec/2025:00:20:09 +0100] "GET /serviette-calamar/?path=//proc/self/root/kunden/proc/thread-self/root/kunden/proc/self/root/proc/self/root/kunden/lib/locale/en_IN HTTP/1.1" 200 35446 edition.gerdgeorge.de "-" "Mozilla/5.0 AppleWebKit/537.36 (KHTML, like Gecko; compatible; Amazonbot/0.1; +https://developer.amazon.com/support/amazonbot) Chrome/119.0.6045.214 Safari/537.36" "-"
66.249.64.0 - - [13/Dec/2025:00:20:09 +0100] "GET /?_g=571528 HTTP/1.1" 200 176834 edition.gerdgeorge.de "-" "Mozilla/5.0 (Linux; Android 6.0.1; Nexus 5X Build/MMB29P) AppleWebKit/537.36 (KHTML, like Gecko) Chrome/141.0.7390.122 Mobile Safari/537.36 (compatible; Googlebot/2.1; +http://www.google.com/bot.html)" "-"
74.7.227.0 - - [13/Dec/2025:00:20:10 +0100] "GET /data/upload/image/66616fcb1107e.jpg?path=//lib/x86_64-linux-gnu/perl-base/unicore/lib/Age HTTP/1.1" 200 43867 edition.gerdgeorge.de "-" "Mozilla/5.0 AppleWebKit/537.36 (KHTML, like Gecko; compatible; GPTBot/1.3; +https://openai.com/gptbot)" "-"
74.7.227.0 - - [13/Dec/2025:00:20:10 +0100] "GET /data/upload/image/66616fcb1107e.jpg?path=//lib/x86_64-linux-gnu/perl-base/unicore/lib/Alpha HTTP/1.1" 200 14487 edition.gerdgeorge.de "-" "Mozilla/5.0 AppleWebKit/537.36 (KHTML, like Gecko; compatible; GPTBot/1.3; +https://openai.com/gptbot)" "-"
74.7.227.0 - - [13/Dec/2025:00:20:11 +0100] "GET /data/upload/image/66616fcb1107e.jpg?path=//lib/x86_64-linux-gnu/perl-base/unicore/lib/Dep HTTP/1.1" 200 14474 edition.gerdgeorge.de "-" "Mozilla/5.0 AppleWebKit/537.36 (KHTML, like Gecko; compatible; GPTBot/1.3; +https://openai.com/gptbot)" "-"
74.7.227.0 - - [13/Dec/2025:00:20:11 +0100] "GET /data/upload/image/66616fcb1107e.jpg?path=//lib/x86_64-linux-gnu/perl-base/unicore/lib/Upper HTTP/1.1" 200 14487 edition.gerdgeorge.de "-" "Mozilla/5.0 AppleWebKit/537.36 (KHTML, like Gecko; compatible; GPTBot/1.3; +https://openai.com/gptbot)" "-"
34.194.226.0 - - [13/Dec/2025:00:20:12 +0100] "GET /serviette-calamar/?path=//kunden/proc/self/root/kunden/proc/self/root/kunden/proc/thread-self/root/proc/self/root/lib/locale/en_IN HTTP/1.1" 200 35435 edition.gerdgeorge.de "-" "Mozilla/5.0 AppleWebKit/537.36 (KHTML, like Gecko; compatible; Amazonbot/0.1; +https://developer.amazon.com/support/amazonbot) Chrome/119.0.6045.214 Safari/537.36" "-"
74.7.227.0 - - [13/Dec/2025:00:20:12 +0100] "GET /data/upload/image/66616fcb1107e.jpg?path=//lib/x86_64-linux-gnu/perl-base/unicore/lib/Dia HTTP/1.1" 200 14475 edition.gerdgeorge.de "-" "Mozilla/5.0 AppleWebKit/537.36 (KHTML, like Gecko; compatible; GPTBot/1.3; +https://openai.com/gptbot)" "-"
74.7.227.0 - - [13/Dec/2025:00:20:12 +0100] "GET /data/upload/image/6661718a9bb90.jpg?path=//usr/lib/x86_64-linux-gnu/perl-base/unicore/lib/Upper HTTP/1.1" 200 14557 edition.gerdgeorge.de "-" "Mozilla/5.0 AppleWebKit/537.36 (KHTML, like Gecko; compatible; GPTBot/1.3; +https://openai.com/gptbot)" "-"
74.7.227.0 - - [13/Dec/2025:00:20:13 +0100] "GET /data/upload/image/6661718a9bb90.jpg?path=//usr/lib/x86_64-linux-gnu/perl-base/unicore/lib/Alpha HTTP/1.1" 200 14557 edition.gerdgeorge.de "-" "Mozilla/5.0 AppleWebKit/537.36 (KHTML, like Gecko; compatible; GPTBot/1.3; +https://openai.com/gptbot)" "-"
74.7.227.0 - - [13/Dec/2025:00:20:14 +0100] "GET /data/upload/image/6661718a9bb90.jpg?path=//usr/lib/x86_64-linux-gnu/perl-base/unicore/lib/Perl HTTP/1.1" 200 49394 edition.gerdgeorge.de "-" "Mozilla/5.0 AppleWebKit/537.36 (KHTML, like Gecko; compatible; GPTBot/1.3; +https://openai.com/gptbot)" "-"
74.7.227.0 - - [13/Dec/2025:00:20:14 +0100] "GET /data/upload/image/66616fcb1107e.jpg?path=//lib/x86_64-linux-gnu/perl-base/unicore/lib/Lb HTTP/1.1" 200 43692 edition.gerdgeorge.de "-" "Mozilla/5.0 AppleWebKit/537.36 (KHTML, like Gecko; compatible; GPTBot/1.3; +https://openai.com/gptbot)" "-"
66.249.64.0 - - [13/Dec/2025:00:20:14 +0100] "GET /?_g=915937 HTTP/1.1" 200 190387 edition.gerdgeorge.de "-" "Mozilla/5.0 (Linux; Android 6.0.1; Nexus 5X Build/MMB29P) AppleWebKit/537.36 (KHTML, like Gecko) Chrome/141.0.7390.122 Mobile Safari/537.36 (compatible; Googlebot/2.1; +http://www.google.com/bot.html)" "-"
74.7.227.0 - - [13/Dec/2025:00:20:15 +0100] "GET /data/upload/image/66616fcb1107e.jpg?path=//lib/x86_64-linux-gnu/perl-base/unicore/lib/Ea HTTP/1.1" 200 20608 edition.gerdgeorge.de "-" "Mozilla/5.0 AppleWebKit/537.36 (KHTML, like Gecko; compatible; GPTBot/1.3; +https://openai.com/gptbot)" "-"
74.7.227.0 - - [13/Dec/2025:00:20:15 +0100] "GET /data/upload/image/6661718a9bb90.jpg?path=//usr/lib/x86_64-linux-gnu/perl-base/unicore/lib/Dia HTTP/1.1" 200 14545 edition.gerdgeorge.de "-" "Mozilla/5.0 AppleWebKit/537.36 (KHTML, like Gecko; compatible; GPTBot/1.3; +https://openai.com/gptbot)" "-"
74.7.227.0 - - [13/Dec/2025:00:20:16 +0100] "GET /data/upload/image/6661718a9bb90.jpg?path=//usr/lib/x86_64-linux-gnu/perl-base/unicore/lib/Lb HTTP/1.1" 200 44066 edition.gerdgeorge.de "-" "Mozilla/5.0 AppleWebKit/537.36 (KHTML, like Gecko; compatible; GPTBot/1.3; +https://openai.com/gptbot)" "-"
54.225.181.0 - - [13/Dec/2025:00:20:16 +0100] "GET /langues-aneliques/?path=//proc/self/root/proc/thread-self/root/proc/self/root/lib/locale/en_NG HTTP/1.1" 200 33027 edition.gerdgeorge.de "-" "Mozilla/5.0 AppleWebKit/537.36 (KHTML, like Gecko; compatible; Amazonbot/0.1; +https://developer.amazon.com/support/amazonbot) Chrome/119.0.6045.214 Safari/537.36" "-"
74.7.227.0 - - [13/Dec/2025:00:20:16 +0100] "GET /data/upload/image/6661718a9bb90.jpg?path=//usr/lib/x86_64-linux-gnu/perl-base/unicore/lib/Dep HTTP/1.1" 200 14544 edition.gerdgeorge.de "-" "Mozilla/5.0 AppleWebKit/537.36 (KHTML, like Gecko; compatible; GPTBot/1.3; +https://openai.com/gptbot)" "-"
74.7.227.0 - - [13/Dec/2025:00:20:17 +0100] "GET /data/upload/image/6661718a9bb90.jpg?path=//usr/lib/x86_64-linux-gnu/perl-base/unicore/lib/Ea HTTP/1.1" 200 20742 edition.gerdgeorge.de "-" "Mozilla/5.0 AppleWebKit/537.36 (KHTML, like Gecko; compatible; GPTBot/1.3; +https://openai.com/gptbot)" "-"
74.7.227.0 - - [13/Dec/2025:00:20:18 +0100] "GET /data/upload/image/666170d0e451f.jpg?path=//proc/self/root/lib/ruby/2.7.0/rexml/validation HTTP/1.1" 200 17729 edition.gerdgeorge.de "-" "Mozilla/5.0 AppleWebKit/537.36 (KHTML, like Gecko; compatible; GPTBot/1.3; +https://openai.com/gptbot)" "-"
74.7.227.0 - - [13/Dec/2025:00:20:18 +0100] "GET /data/upload/image/666170d0e451f.jpg?path=//usr/lib/ruby/2.7.0/bundler/vendor/fileutils/lib HTTP/1.1" 200 16005 edition.gerdgeorge.de "-" "Mozilla/5.0 AppleWebKit/537.36 (KHTML, like Gecko; compatible; GPTBot/1.3; +https://openai.com/gptbot)" "-"
74.7.227.0 - - [13/Dec/2025:00:20:19 +0100] "GET /data/upload/image/666170d0e451f.jpg?path=//usr/lib/ruby/2.7.0/bundler/vendor/molinillo/lib HTTP/1.1" 200 16004 edition.gerdgeorge.de "-" "Mozilla/5.0 AppleWebKit/537.36 (KHTML, like Gecko; compatible; GPTBot/1.3; +https://openai.com/gptbot)" "-"
74.7.227.0 - - [13/Dec/2025:00:20:19 +0100] "GET /data/upload/image/666170d0e451f.jpg?path=//lib/ruby/2.7.0/bundler/vendor/fileutils/lib HTTP/1.1" 200 15919 edition.gerdgeorge.de "-" "Mozilla/5.0 AppleWebKit/537.36 (KHTML, like Gecko; compatible; GPTBot/1.3; +https://openai.com/gptbot)" "-"
66.249.64.0 - - [13/Dec/2025:00:20:19 +0100] "GET /?_g=397099 HTTP/1.1" 200 174386 edition.gerdgeorge.de "-" "Mozilla/5.0 (Linux; Android 6.0.1; Nexus 5X Build/MMB29P) AppleWebKit/537.36 (KHTML, like Gecko) Chrome/141.0.7390.122 Mobile Safari/537.36 (compatible; Googlebot/2.1; +http://www.google.com/bot.html)" "-"
74.7.227.0 - - [13/Dec/2025:00:20:20 +0100] "GET /data/upload/image/6661718a9bb90.jpg?path=//usr/lib/ruby/2.7.0/bundler/vendor/molinillo/lib HTTP/1.1" 200 16004 edition.gerdgeorge.de "-" "Mozilla/5.0 AppleWebKit/537.36 (KHTML, like Gecko; compatible; GPTBot/1.3; +https://openai.com/gptbot)" "-"
3.216.227.0 - - [13/Dec/2025:00:20:20 +0100] "GET /serviette-calamar/?path=//proc/self/root/proc/self/root/kunden/proc/self/root/kunden/proc/self/root/usr/lib/locale/eu_FR HTTP/1.1" 200 34854 edition.gerdgeorge.de "-" "Mozilla/5.0 AppleWebKit/537.36 (KHTML, like Gecko; compatible; Amazonbot/0.1; +https://developer.amazon.com/support/amazonbot) Chrome/119.0.6045.214 Safari/537.36" "-"
74.7.227.0 - - [13/Dec/2025:00:20:20 +0100] "GET /data/upload/image/6661718a9bb90.jpg?path=//lib/x86_64-linux-gnu/perl-base/unicore/lib HTTP/1.1" 200 113676 edition.gerdgeorge.de "-" "Mozilla/5.0 AppleWebKit/537.36 (KHTML, like Gecko; compatible; GPTBot/1.3; +https://openai.com/gptbot)" "-"
74.7.227.0 - - [13/Dec/2025:00:20:21 +0100] "GET /data/upload/image/66616fcb1107e.jpg?path=//proc/self/root/usr/lib/python3.9/lib2to3 HTTP/1.1" 200 37208 edition.gerdgeorge.de "-" "Mozilla/5.0 AppleWebKit/537.36 (KHTML, like Gecko; compatible; GPTBot/1.3; +https://openai.com/gptbot)" "-"
74.7.227.0 - - [13/Dec/2025:00:20:21 +0100] "GET /data/upload/image/666170d0e451f.jpg?path=//lib/ruby/2.7.0/bundler/plugin/installer HTTP/1.1" 200 15922 edition.gerdgeorge.de "-" "Mozilla/5.0 AppleWebKit/537.36 (KHTML, like Gecko; compatible; GPTBot/1.3; +https://openai.com/gptbot)" "-"
74.7.227.0 - - [13/Dec/2025:00:20:22 +0100] "GET /data/upload/image/66617162bc9a5.jpg?path=//proc/self/root/usr/lib/python3.9/lib2to3 HTTP/1.1" 200 37208 edition.gerdgeorge.de "-" "Mozilla/5.0 AppleWebKit/537.36 (KHTML, like Gecko; compatible; GPTBot/1.3; +https://openai.com/gptbot)" "-"
74.7.227.0 - - [13/Dec/2025:00:20:22 +0100] "GET /data/upload/image/666170d0e451f.jpg?path=//lib/ruby/2.7.0/bundler/templates/newgem/test HTTP/1.1" 200 16104 edition.gerdgeorge.de "-" "Mozilla/5.0 AppleWebKit/537.36 (KHTML, like Gecko; compatible; GPTBot/1.3; +https://openai.com/gptbot)" "-"
74.7.227.0 - - [13/Dec/2025:00:20:23 +0100] "GET /data/upload/image/666170d0e451f.jpg?path=//proc/self/root/lib/ruby/2.7.0/bundler/installer HTTP/1.1" 200 17764 edition.gerdgeorge.de "-" "Mozilla/5.0 AppleWebKit/537.36 (KHTML, like Gecko; compatible; GPTBot/1.3; +https://openai.com/gptbot)" "-"
66.249.64.0 - - [13/Dec/2025:00:20:23 +0100] "GET /?_g=1762056 HTTP/1.1" 200 178386 edition.gerdgeorge.de "-" "Mozilla/5.0 (Linux; Android 6.0.1; Nexus 5X Build/MMB29P) AppleWebKit/537.36 (KHTML, like Gecko) Chrome/141.0.7390.122 Mobile Safari/537.36 (compatible; Googlebot/2.1; +http://www.google.com/bot.html)" "-"
74.7.227.0 - - [13/Dec/2025:00:20:24 +0100] "GET /data/upload/image/6661718a9bb90.jpg?path=//lib/ruby/2.7.0/bundler/templates/newgem/lib HTTP/1.1" 200 15909 edition.gerdgeorge.de "-" "Mozilla/5.0 AppleWebKit/537.36 (KHTML, like Gecko; compatible; GPTBot/1.3; +https://openai.com/gptbot)" "-"
74.7.227.0 - - [13/Dec/2025:00:20:24 +0100] "GET /data/upload/image/666170d0e451f.jpg?path=//lib/ruby/2.7.0/bundler/source/rubygems HTTP/1.1" 200 14390 edition.gerdgeorge.de "-" "Mozilla/5.0 AppleWebKit/537.36 (KHTML, like Gecko; compatible; GPTBot/1.3; +https://openai.com/gptbot)" "-"
18.213.27.0 - - [13/Dec/2025:00:20:24 +0100] "GET /serviette-calamar/?path=//proc/self/root/proc/thread-self/root/proc/thread-self/root/kunden/proc/thread-self/root/lib/locale/de_AT HTTP/1.1" 200 35275 edition.gerdgeorge.de "-" "Mozilla/5.0 AppleWebKit/537.36 (KHTML, like Gecko; compatible; Amazonbot/0.1; +https://developer.amazon.com/support/amazonbot) Chrome/119.0.6045.214 Safari/537.36" "-"
74.7.227.0 - - [13/Dec/2025:00:20:25 +0100] "GET /data/upload/image/66616fcb1107e.jpg?path=//usr/lib/x86_64-linux-gnu/perl-base/unicore/lib HTTP/1.1" 200 114590 edition.gerdgeorge.de "-" "Mozilla/5.0 AppleWebKit/537.36 (KHTML, like Gecko; compatible; GPTBot/1.3; +https://openai.com/gptbot)" "-"
74.7.227.0 - - [13/Dec/2025:00:20:25 +0100] "GET /data/upload/image/6661718a9bb90.jpg?path=//lib/ruby/2.7.0/bundler/vendor/fileutils/lib HTTP/1.1" 200 15919 edition.gerdgeorge.de "-" "Mozilla/5.0 AppleWebKit/537.36 (KHTML, like Gecko; compatible; GPTBot/1.3; +https://openai.com/gptbot)" "-"
74.7.227.0 - - [13/Dec/2025:00:20:26 +0100] "GET /data/upload/image/666171fb77d06.jpg?path=//lib/ruby/2.7.0/bundler/source/rubygems HTTP/1.1" 200 14390 edition.gerdgeorge.de "-" "Mozilla/5.0 AppleWebKit/537.36 (KHTML, like Gecko; compatible; GPTBot/1.3; +https://openai.com/gptbot)" "-"
74.7.227.0 - - [13/Dec/2025:00:20:26 +0100] "GET /data/upload/image/6661718a9bb90.jpg?path=//lib/x86_64-linux-gnu/perl-base/unicore/lib/NFCQC HTTP/1.1" 200 16033 edition.gerdgeorge.de "-" "Mozilla/5.0 AppleWebKit/537.36 (KHTML, like Gecko; compatible; GPTBot/1.3; +https://openai.com/gptbot)" "-"
74.7.227.0 - - [13/Dec/2025:00:20:27 +0100] "GET /data/upload/image/6661718a9bb90.jpg?path=//lib/x86_64-linux-gnu/perl-base/unicore/lib/NFKDQC HTTP/1.1" 200 16043 edition.gerdgeorge.de "-" "Mozilla/5.0 AppleWebKit/537.36 (KHTML, like Gecko; compatible; GPTBot/1.3; +https://openai.com/gptbot)" "-"
66.249.64.0 - - [13/Dec/2025:00:20:27 +0100] "GET /?_g=1141714 HTTP/1.1" 200 186222 edition.gerdgeorge.de "-" "Mozilla/5.0 (Linux; Android 6.0.1; Nexus 5X Build/MMB29P) AppleWebKit/537.36 (KHTML, like Gecko) Chrome/141.0.7390.122 Mobile Safari/537.36 (compatible; Googlebot/2.1; +http://www.google.com/bot.html)" "-"
74.7.227.0 - - [13/Dec/2025:00:20:28 +0100] "GET /data/upload/image/6661718a9bb90.jpg?path=//lib/x86_64-linux-gnu/perl-base/unicore/lib/NFKCQC HTTP/1.1" 200 16043 edition.gerdgeorge.de "-" "Mozilla/5.0 AppleWebKit/537.36 (KHTML, like Gecko; compatible; GPTBot/1.3; +https://openai.com/gptbot)" "-"
23.21.175.0 - - [13/Dec/2025:00:20:28 +0100] "GET /serviette-calamar/?path=//proc/self/root/kunden/proc/self/root/kunden/proc/self/root/kunden/proc/self/root/kunden/lib/locale/en_SG HTTP/1.1" 200 35496 edition.gerdgeorge.de "-" "Mozilla/5.0 AppleWebKit/537.36 (KHTML, like Gecko; compatible; Amazonbot/0.1; +https://developer.amazon.com/support/amazonbot) Chrome/119.0.6045.214 Safari/537.36" "-"
74.7.227.0 - - [13/Dec/2025:00:20:28 +0100] "GET /data/upload/image/6661718a9bb90.jpg?path=//lib/x86_64-linux-gnu/perl-base/unicore/lib/NFDQC HTTP/1.1" 200 16032 edition.gerdgeorge.de "-" "Mozilla/5.0 AppleWebKit/537.36 (KHTML, like Gecko; compatible; GPTBot/1.3; +https://openai.com/gptbot)" "-"
74.7.227.0 - - [13/Dec/2025:00:20:29 +0100] "GET /data/upload/image/6661718a9bb90.jpg?path=//lib/x86_64-linux-gnu/perl-base/unicore/lib/CWCF HTTP/1.1" 200 14481 edition.gerdgeorge.de "-" "Mozilla/5.0 AppleWebKit/537.36 (KHTML, like Gecko; compatible; GPTBot/1.3; +https://openai.com/gptbot)" "-"
74.7.227.0 - - [13/Dec/2025:00:20:29 +0100] "GET /data/upload/image/6661718a9bb90.jpg?path=//lib/x86_64-linux-gnu/perl-base/unicore/lib/XIDS HTTP/1.1" 200 14481 edition.gerdgeorge.de "-" "Mozilla/5.0 AppleWebKit/537.36 (KHTML, like Gecko; compatible; GPTBot/1.3; +https://openai.com/gptbot)" "-"
74.7.227.0 - - [13/Dec/2025:00:20:30 +0100] "GET /data/upload/image/6661718a9bb90.jpg?path=//lib/x86_64-linux-gnu/perl-base/unicore/lib/CWCM HTTP/1.1" 200 14480 edition.gerdgeorge.de "-" "Mozilla/5.0 AppleWebKit/537.36 (KHTML, like Gecko; compatible; GPTBot/1.3; +https://openai.com/gptbot)" "-"
74.7.227.0 - - [13/Dec/2025:00:20:31 +0100] "GET /data/upload/image/6661718a9bb90.jpg?path=//lib/x86_64-linux-gnu/perl-base/unicore/lib/CWKCF HTTP/1.1" 200 14487 edition.gerdgeorge.de "-" "Mozilla/5.0 AppleWebKit/537.36 (KHTML, like Gecko; compatible; GPTBot/1.3; +https://openai.com/gptbot)" "-"
74.7.227.0 - - [13/Dec/2025:00:20:31 +0100] "GET /data/upload/image/66616fcb1107e.jpg?path=//usr/lib/x86_64-linux-gnu/perl-base/unicore/lib/CWKCF HTTP/1.1" 200 14557 edition.gerdgeorge.de "-" "Mozilla/5.0 AppleWebKit/537.36 (KHTML, like Gecko; compatible; GPTBot/1.3; +https://openai.com/gptbot)" "-"
74.7.227.0 - - [13/Dec/2025:00:20:32 +0100] "GET /data/upload/image/66616fcb1107e.jpg?path=//usr/lib/x86_64-linux-gnu/perl-base/unicore/lib/NFCQC HTTP/1.1" 200 16119 edition.gerdgeorge.de "-" "Mozilla/5.0 AppleWebKit/537.36 (KHTML, like Gecko; compatible; GPTBot/1.3; +https://openai.com/gptbot)" "-"
18.204.152.0 - - [13/Dec/2025:00:20:32 +0100] "GET /jets/?path=//proc/self/root/proc/self/root/kunden/proc/self/root/proc/self/root/lib/locale/it_IT/LC_MESSAGES HTTP/1.1" 200 15619 edition.gerdgeorge.de "-" "Mozilla/5.0 AppleWebKit/537.36 (KHTML, like Gecko; compatible; Amazonbot/0.1; +https://developer.amazon.com/support/amazonbot) Chrome/119.0.6045.214 Safari/537.36" "-"
66.249.64.0 - - [13/Dec/2025:00:20:32 +0100] "GET /?_g=1081917 HTTP/1.1" 200 174724 edition.gerdgeorge.de "-" "Mozilla/5.0 (Linux; Android 6.0.1; Nexus 5X Build/MMB29P) AppleWebKit/537.36 (KHTML, like Gecko) Chrome/141.0.7390.122 Mobile Safari/537.36 (compatible; Googlebot/2.1; +http://www.google.com/bot.html)" "-"
74.7.227.0 - - [13/Dec/2025:00:20:32 +0100] "GET /data/upload/image/66616fcb1107e.jpg?path=//usr/lib/x86_64-linux-gnu/perl-base/unicore/lib/NFDQC HTTP/1.1" 200 16118 edition.gerdgeorge.de "-" "Mozilla/5.0 AppleWebKit/537.36 (KHTML, like Gecko; compatible; GPTBot/1.3; +https://openai.com/gptbot)" "-"
74.7.227.0 - - [13/Dec/2025:00:20:33 +0100] "GET /data/upload/image/66616fcb1107e.jpg?path=//usr/lib/x86_64-linux-gnu/perl-base/unicore/lib/XIDC HTTP/1.1" 200 14551 edition.gerdgeorge.de "-" "Mozilla/5.0 AppleWebKit/537.36 (KHTML, like Gecko; compatible; GPTBot/1.3; +https://openai.com/gptbot)" "-"
74.7.227.0 - - [13/Dec/2025:00:20:33 +0100] "GET /data/upload/image/66616fcb1107e.jpg?path=//usr/lib/x86_64-linux-gnu/perl-base/unicore/lib/XIDS HTTP/1.1" 200 14551 edition.gerdgeorge.de "-" "Mozilla/5.0 AppleWebKit/537.36 (KHTML, like Gecko; compatible; GPTBot/1.3; +https://openai.com/gptbot)" "-"
66.249.64.0 - - [13/Dec/2025:00:20:33 +0100] "GET /?_g=664288 HTTP/1.1" 200 177609 edition.gerdgeorge.de "-" "Mozilla/5.0 (Linux; Android 6.0.1; Nexus 5X Build/MMB29P) AppleWebKit/537.36 (KHTML, like Gecko) Chrome/141.0.7390.122 Mobile Safari/537.36 (compatible; Googlebot/2.1; +http://www.google.com/bot.html)" "-"
74.7.227.0 - - [13/Dec/2025:00:20:34 +0100] "GET /data/upload/image/6661718a9bb90.jpg?path=//lib/x86_64-linux-gnu/perl-base/unicore/lib/XIDC HTTP/1.1" 200 14481 edition.gerdgeorge.de "-" "Mozilla/5.0 AppleWebKit/537.36 (KHTML, like Gecko; compatible; GPTBot/1.3; +https://openai.com/gptbot)" "-"
