74.7.227.0 - - [13/Dec/2025:00:17:32 +0100] "GET /data/upload/image/66617162bc9a5.jpg?path=//proc/self/root/var/lib/systemd HTTP/1.1" 200 15765 edition.gerdgeorge.de "-" "Mozilla/5.0 AppleWebKit/537.36 (KHTML, like Gecko; compatible; GPTBot/1.3; +https://openai.com/gptbot)" "-"
74.7.227.0 - - [13/Dec/2025:00:17:32 +0100] "GET /data/upload/image/66617162bc9a5.jpg?path=//proc/self/root/var/lib/man-db HTTP/1.1" 200 14331 edition.gerdgeorge.de "-" "Mozilla/5.0 AppleWebKit/537.36 (KHTML, like Gecko; compatible; GPTBot/1.3; +https://openai.com/gptbot)" "-"
3.226.34.0 - - [13/Dec/2025:00:17:32 +0100] "GET /?path=//proc/self/root/kunden/kunden/proc/self/root/proc/thread-self/root/usr/lib/locale/en_IL HTTP/1.1" 200 34194 edition.gerdgeorge.de "-" "Mozilla/5.0 AppleWebKit/537.36 (KHTML, like Gecko; compatible; Amazonbot/0.1; +https://developer.amazon.com/support/amazonbot) Chrome/119.0.6045.214 Safari/537.36" "-"
74.7.227.0 - - [13/Dec/2025:00:17:33 +0100] "GET /data/upload/image/66617162bc9a5.jpg?path=//proc/self/root/var/lib/apt HTTP/1.1" 200 12831 edition.gerdgeorge.de "-" "Mozilla/5.0 AppleWebKit/537.36 (KHTML, like Gecko; compatible; GPTBot/1.3; +https://openai.com/gptbot)" "-"
88.90.248.0 - - [13/Dec/2025:00:17:33 +0100] "GET /?fileloc=/homepages/31/d696029188/htdocs/Neu_EditionsGeorge/neu_wordpress/moti/wp-includes/block-supports/generated-classname.php&path=/homepages/31/d696029188/htdocs/Neu_EditionsGeorge/neu_wordpress/moti/wp-includes/block-supports HTTP/1.1" 200 14744 edition.gerdgeorge.de "-" "Mozilla/5.0 (compatible; MJ12bot/v1.4.8; http://mj12bot.com/)" "-"
74.7.227.0 - - [13/Dec/2025:00:17:33 +0100] "GET /data/upload/image/66617162bc9a5.jpg?path=//proc/self/root/var/lib/git HTTP/1.1" 200 12831 edition.gerdgeorge.de "-" "Mozilla/5.0 AppleWebKit/537.36 (KHTML, like Gecko; compatible; GPTBot/1.3; +https://openai.com/gptbot)" "-"
74.7.227.0 - - [13/Dec/2025:00:17:34 +0100] "GET /data/upload/image/66617162bc9a5.jpg?path=//proc/self/root/var/lib/vim HTTP/1.1" 200 14192 edition.gerdgeorge.de "-" "Mozilla/5.0 AppleWebKit/537.36 (KHTML, like Gecko; compatible; GPTBot/1.3; +https://openai.com/gptbot)" "-"
74.7.227.0 - - [13/Dec/2025:00:17:34 +0100] "GET /data/upload/image/66617162bc9a5.jpg?path=//proc/self/root/lib/lsb/init-functions.d HTTP/1.1" 200 14391 edition.gerdgeorge.de "-" "Mozilla/5.0 AppleWebKit/537.36 (KHTML, like Gecko; compatible; GPTBot/1.3; +https://openai.com/gptbot)" "-"
74.7.227.0 - - [13/Dec/2025:00:17:35 +0100] "GET /data/upload/image/66617162bc9a5.jpg?path=//proc/self/root/var/lib/pam HTTP/1.1" 200 21690 edition.gerdgeorge.de "-" "Mozilla/5.0 AppleWebKit/537.36 (KHTML, like Gecko; compatible; GPTBot/1.3; +https://openai.com/gptbot)" "-"
88.90.248.0 - - [13/Dec/2025:00:17:35 +0100] "GET /?fileloc=/homepages/31/d696029188/htdocs/Neu_EditionsGeorge/neu_wordpress/moti/wp-includes/block-supports/layout.php&path=/homepages/31/d696029188/htdocs/Neu_EditionsGeorge/neu_wordpress/moti/wp-includes/block-supports HTTP/1.1" 200 53932 edition.gerdgeorge.de "-" "Mozilla/5.0 (compatible; MJ12bot/v1.4.8; http://mj12bot.com/)" "-"
74.7.227.0 - - [13/Dec/2025:00:17:36 +0100] "GET /data/upload/image/66617162bc9a5.jpg?path=//proc/self/root/var/lib/ucf HTTP/1.1" 200 27501 edition.gerdgeorge.de "-" "Mozilla/5.0 AppleWebKit/537.36 (KHTML, like Gecko; compatible; GPTBot/1.3; +https://openai.com/gptbot)" "-"
44.220.2.0 - - [13/Dec/2025:00:17:36 +0100] "GET /serviette-calamar/?path=//kunden/proc/self/root/proc/self/root/kunden/kunden/proc/self/root/proc/thread-self/root/kunden/lib/locale/eu_ES HTTP/1.1" 200 35886 edition.gerdgeorge.de "-" "Mozilla/5.0 AppleWebKit/537.36 (KHTML, like Gecko; compatible; Amazonbot/0.1; +https://developer.amazon.com/support/amazonbot) Chrome/119.0.6045.214 Safari/537.36" "-"
74.7.227.0 - - [13/Dec/2025:00:17:36 +0100] "GET /data/upload/image/66617162bc9a5.jpg?path=//proc/self/root/var/lib/aspell HTTP/1.1" 200 51221 edition.gerdgeorge.de "-" "Mozilla/5.0 AppleWebKit/537.36 (KHTML, like Gecko; compatible; GPTBot/1.3; +https://openai.com/gptbot)" "-"
74.7.227.0 - - [13/Dec/2025:00:17:37 +0100] "GET /data/upload/image/66617162bc9a5.jpg?path=//proc/self/root/var/lib/quota HTTP/1.1" 200 14293 edition.gerdgeorge.de "-" "Mozilla/5.0 AppleWebKit/537.36 (KHTML, like Gecko; compatible; GPTBot/1.3; +https://openai.com/gptbot)" "-"
88.90.248.0 - - [13/Dec/2025:00:17:37 +0100] "GET /?fileloc=/homepages/31/d696029188/htdocs/Neu_EditionsGeorge/neu_wordpress/moti/wp-includes/block-supports/position.php&path=/homepages/31/d696029188/htdocs/Neu_EditionsGeorge/neu_wordpress/moti/wp-includes/block-supports HTTP/1.1" 200 17409 edition.gerdgeorge.de "-" "Mozilla/5.0 (compatible; MJ12bot/v1.4.8; http://mj12bot.com/)" "-"
74.7.227.0 - - [13/Dec/2025:00:17:37 +0100] "GET /data/upload/image/66617162bc9a5.jpg?path=//proc/self/root/var/log/oneclick HTTP/1.1" 200 12841 edition.gerdgeorge.de "-" "Mozilla/5.0 AppleWebKit/537.36 (KHTML, like Gecko; compatible; GPTBot/1.3; +https://openai.com/gptbot)" "-"
74.7.227.0 - - [13/Dec/2025:00:17:38 +0100] "GET /data/upload/image/66617162bc9a5.jpg?path=//proc/self/root/var/lib/ispell HTTP/1.1" 200 14315 edition.gerdgeorge.de "-" "Mozilla/5.0 AppleWebKit/537.36 (KHTML, like Gecko; compatible; GPTBot/1.3; +https://openai.com/gptbot)" "-"
74.7.227.0 - - [13/Dec/2025:00:17:38 +0100] "GET /data/upload/image/66617162bc9a5.jpg?path=//proc/self/root/var/lib/aptitude HTTP/1.1" 200 12841 edition.gerdgeorge.de "-" "Mozilla/5.0 AppleWebKit/537.36 (KHTML, like Gecko; compatible; GPTBot/1.3; +https://openai.com/gptbot)" "-"
74.7.227.0 - - [13/Dec/2025:00:17:39 +0100] "GET /data/upload/image/66617162bc9a5.jpg?path=//proc/self/root/etc/vim HTTP/1.1" 200 14224 edition.gerdgeorge.de "-" "Mozilla/5.0 AppleWebKit/537.36 (KHTML, like Gecko; compatible; GPTBot/1.3; +https://openai.com/gptbot)" "-"
88.90.248.0 - - [13/Dec/2025:00:17:39 +0100] "GET /?fileloc=/homepages/31/d696029188/htdocs/Neu_EditionsGeorge/neu_wordpress/moti/wp-includes/block-supports/settings.php&path=/homepages/31/d696029188/htdocs/Neu_EditionsGeorge/neu_wordpress/moti/wp-includes/block-supports HTTP/1.1" 200 17694 edition.gerdgeorge.de "-" "Mozilla/5.0 (compatible; MJ12bot/v1.4.8; http://mj12bot.com/)" "-"
74.7.227.0 - - [13/Dec/2025:00:17:40 +0100] "GET /data/upload/image/66617162bc9a5.jpg?path=//proc/self/root/run/lock HTTP/1.1" 200 12780 edition.gerdgeorge.de "-" "Mozilla/5.0 AppleWebKit/537.36 (KHTML, like Gecko; compatible; GPTBot/1.3; +https://openai.com/gptbot)" "-"
74.7.227.0 - - [13/Dec/2025:00:17:40 +0100] "GET /data/upload/image/66617162bc9a5.jpg?path=//proc/self/root/usr/src HTTP/1.1" 200 12778 edition.gerdgeorge.de "-" "Mozilla/5.0 AppleWebKit/537.36 (KHTML, like Gecko; compatible; GPTBot/1.3; +https://openai.com/gptbot)" "-"
34.226.89.0 - - [13/Dec/2025:00:17:40 +0100] "GET /jets/?path=//kunden/kunden/proc/self/root/proc/self/root/kunden/lib/locale/pa_IN HTTP/1.1" 200 32978 edition.gerdgeorge.de "-" "Mozilla/5.0 AppleWebKit/537.36 (KHTML, like Gecko; compatible; Amazonbot/0.1; +https://developer.amazon.com/support/amazonbot) Chrome/119.0.6045.214 Safari/537.36" "-"
74.7.227.0 - - [13/Dec/2025:00:17:41 +0100] "GET /data/upload/image/66617162bc9a5.jpg?path=//proc/self/root/etc/zsh HTTP/1.1" 200 21562 edition.gerdgeorge.de "-" "Mozilla/5.0 AppleWebKit/537.36 (KHTML, like Gecko; compatible; GPTBot/1.3; +https://openai.com/gptbot)" "-"
74.7.227.0 - - [13/Dec/2025:00:17:41 +0100] "GET /data/upload/image/66617162bc9a5.jpg?path=//proc/self/root/lib/php7.4/PEAR/PackageFile/Parser HTTP/1.1" 200 16114 edition.gerdgeorge.de "-" "Mozilla/5.0 AppleWebKit/537.36 (KHTML, like Gecko; compatible; GPTBot/1.3; +https://openai.com/gptbot)" "-"
88.90.248.0 - - [13/Dec/2025:00:17:41 +0100] "GET /?fileloc=/homepages/31/d696029188/htdocs/Neu_EditionsGeorge/neu_wordpress/moti/wp-includes/block-supports/shadow.php&path=/homepages/31/d696029188/htdocs/Neu_EditionsGeorge/neu_wordpress/moti/wp-includes/block-supports HTTP/1.1" 200 15103 edition.gerdgeorge.de "-" "Mozilla/5.0 (compatible; MJ12bot/v1.4.8; http://mj12bot.com/)" "-"
74.7.227.0 - - [13/Dec/2025:00:17:42 +0100] "GET /data/upload/image/66617162bc9a5.jpg?path=//proc/self/root/usr/lib/emacs/27.1 HTTP/1.1" 200 14318 edition.gerdgeorge.de "-" "Mozilla/5.0 AppleWebKit/537.36 (KHTML, like Gecko; compatible; GPTBot/1.3; +https://openai.com/gptbot)" "-"
74.7.227.0 - - [13/Dec/2025:00:17:42 +0100] "GET /data/upload/image/66617162bc9a5.jpg?path=//proc/self/root/usr/lib/mc/fish HTTP/1.1" 200 36535 edition.gerdgeorge.de "-" "Mozilla/5.0 AppleWebKit/537.36 (KHTML, like Gecko; compatible; GPTBot/1.3; +https://openai.com/gptbot)" "-"
74.7.227.0 - - [13/Dec/2025:00:17:43 +0100] "GET /data/upload/image/66617162bc9a5.jpg?path=//proc/self/root/etc/gss/mech.d HTTP/1.1" 200 12837 edition.gerdgeorge.de "-" "Mozilla/5.0 AppleWebKit/537.36 (KHTML, like Gecko; compatible; GPTBot/1.3; +https://openai.com/gptbot)" "-"
88.90.248.0 - - [13/Dec/2025:00:17:43 +0100] "GET /?fileloc=/homepages/31/d696029188/htdocs/Neu_EditionsGeorge/neu_wordpress/moti/wp-includes/block-supports/spacing.php&path=/homepages/31/d696029188/htdocs/Neu_EditionsGeorge/neu_wordpress/moti/wp-includes/block-supports HTTP/1.1" 200 15911 edition.gerdgeorge.de "-" "Mozilla/5.0 (compatible; MJ12bot/v1.4.8; http://mj12bot.com/)" "-"
74.7.227.0 - - [13/Dec/2025:00:17:43 +0100] "GET /data/upload/image/66617162bc9a5.jpg?path=//proc/self/root/usr/lib/gold-ld HTTP/1.1" 200 14304 edition.gerdgeorge.de "-" "Mozilla/5.0 AppleWebKit/537.36 (KHTML, like Gecko; compatible; GPTBot/1.3; +https://openai.com/gptbot)" "-"
54.91.122.0 - - [13/Dec/2025:00:17:44 +0100] "GET /serviette-calamar/?path=//proc/self/root/kunden/kunden/kunden/proc/self/root/proc/thread-self/root/proc/thread-self/root/lib/locale/cmn_TW HTTP/1.1" 200 35857 edition.gerdgeorge.de "-" "Mozilla/5.0 AppleWebKit/537.36 (KHTML, like Gecko; compatible; Amazonbot/0.1; +https://developer.amazon.com/support/amazonbot) Chrome/119.0.6045.214 Safari/537.36" "-"
74.7.227.0 - - [13/Dec/2025:00:17:44 +0100] "GET /data/upload/image/649aa6fb209d3.jpg?path=//lib/x86_64-linux-gnu/perl-base/unicore/lib/GrBase HTTP/1.1" 200 14493 edition.gerdgeorge.de "-" "Mozilla/5.0 AppleWebKit/537.36 (KHTML, like Gecko; compatible; GPTBot/1.3; +https://openai.com/gptbot)" "-"
74.7.227.0 - - [13/Dec/2025:00:17:45 +0100] "GET /data/upload/image/649aa492639b6.jpg?path=//proc/self/root/lib/php7.4/data/Mail_mimeDecode HTTP/1.1" 200 16043 edition.gerdgeorge.de "-" "Mozilla/5.0 AppleWebKit/537.36 (KHTML, like Gecko; compatible; GPTBot/1.3; +https://openai.com/gptbot)" "-"
74.7.227.0 - - [13/Dec/2025:00:17:45 +0100] "GET /data/upload/image/649aa6fb209d3.jpg?path=//lib/x86_64-linux-gnu/perl-base/unicore/lib/EComp HTTP/1.1" 200 14487 edition.gerdgeorge.de "-" "Mozilla/5.0 AppleWebKit/537.36 (KHTML, like Gecko; compatible; GPTBot/1.3; +https://openai.com/gptbot)" "-"
88.90.248.0 - - [13/Dec/2025:00:17:45 +0100] "GET /?fileloc=/homepages/31/d696029188/htdocs/Neu_EditionsGeorge/neu_wordpress/moti/wp-includes/block-supports/typography.php&path=/homepages/31/d696029188/htdocs/Neu_EditionsGeorge/neu_wordpress/moti/wp-includes/block-supports HTTP/1.1" 200 42282 edition.gerdgeorge.de "-" "Mozilla/5.0 (compatible; MJ12bot/v1.4.8; http://mj12bot.com/)" "-"
74.7.227.0 - - [13/Dec/2025:00:17:46 +0100] "GET /data/upload/image/649aa6fb209d3.jpg?path=//lib/x86_64-linux-gnu/perl-base/unicore/lib/Age HTTP/1.1" 200 43867 edition.gerdgeorge.de "-" "Mozilla/5.0 AppleWebKit/537.36 (KHTML, like Gecko; compatible; GPTBot/1.3; +https://openai.com/gptbot)" "-"
74.7.227.0 - - [13/Dec/2025:00:17:46 +0100] "GET /data/upload/image/68ba87bd2857d.jpg?path=//lib/php7.4/test/MDB2_Driver_mysql/tests HTTP/1.1" 200 14426 edition.gerdgeorge.de "-" "Mozilla/5.0 AppleWebKit/537.36 (KHTML, like Gecko; compatible; GPTBot/1.3; +https://openai.com/gptbot)" "-"
74.7.227.0 - - [13/Dec/2025:00:17:47 +0100] "GET /data/upload/image/649aa6fb209d3.jpg?path=//lib/x86_64-linux-gnu/perl-base/unicore/lib/ExtPict HTTP/1.1" 200 14499 edition.gerdgeorge.de "-" "Mozilla/5.0 AppleWebKit/537.36 (KHTML, like Gecko; compatible; GPTBot/1.3; +https://openai.com/gptbot)" "-"
43.173.181.0 - - [13/Dec/2025:00:17:47 +0100] "GET /mare-sette/?path=//usr/lib64 HTTP/1.1" 200 14097 edition.gerdgeorge.de "-" "Mozilla/5.0 (Windows NT 6.1; Win64; x64) AppleWebKit/537.36 (KHTML, like Gecko) Chrome/126.0.6478.114 Safari/537.36" "-"
43.173.176.0 - - [13/Dec/2025:00:17:47 +0100] "GET /mare-sette/?path=/homepages/31/d696029188/htdocs/Neu_EditionsGeorge/neu_wordpress/moti/wp-content/uploads/reformer HTTP/1.1" 200 15164 edition.gerdgeorge.de "-" "Mozilla/5.0 (Windows NT 6.1; Win64; x64) AppleWebKit/537.36 (KHTML, like Gecko) Chrome/126.0.6478.114 Safari/537.36" "-"
88.90.248.0 - - [13/Dec/2025:00:17:47 +0100] "GET /?fileloc=/homepages/31/d696029188/htdocs/Neu_EditionsGeorge/neu_wordpress/moti/wp-includes/block-supports/utils.php&path=/homepages/31/d696029188/htdocs/Neu_EditionsGeorge/neu_wordpress/moti/wp-includes/block-supports HTTP/1.1" 200 13994 edition.gerdgeorge.de "-" "Mozilla/5.0 (compatible; MJ12bot/v1.4.8; http://mj12bot.com/)" "-"
43.173.173.0 - - [13/Dec/2025:00:17:47 +0100] "GET /balade-en-mer/?fileloc=/homepages/27/d695690079/htpasswd&path=/homepages/27/d695690079 HTTP/1.1" 200 12311 edition.gerdgeorge.de "-" "Mozilla/5.0 (Windows NT 6.1; Win64; x64) AppleWebKit/537.36 (KHTML, like Gecko) Chrome/126.0.6478.114 Safari/537.36" "-"
43.173.175.0 - - [13/Dec/2025:00:17:47 +0100] "GET /cockpit/?path=/homepages/31/d696029188/htdocs/Neu_EditionsGeorge/neu_wordpress/moti/well-known/acme-challenge/g/f/a HTTP/1.1" 200 26203 edition.gerdgeorge.de "-" "Mozilla/5.0 (Windows NT 6.1; Win64; x64) AppleWebKit/537.36 (KHTML, like Gecko) Chrome/126.0.6478.114 Safari/537.36" "-"
74.7.227.0 - - [13/Dec/2025:00:17:47 +0100] "GET /data/upload/image/649aa6fb209d3.jpg?path=//lib/x86_64-linux-gnu/perl-base/unicore/lib/Math HTTP/1.1" 200 14481 edition.gerdgeorge.de "-" "Mozilla/5.0 AppleWebKit/537.36 (KHTML, like Gecko; compatible; GPTBot/1.3; +https://openai.com/gptbot)" "-"
43.173.178.0 - - [13/Dec/2025:00:17:48 +0100] "GET /cockpit/?fileloc=/homepages/31/d696029188/htdocs/.ssh/authorized_keys&path=/homepages/31/d696029188/htdocs/.ssh HTTP/1.1" 200 14362 edition.gerdgeorge.de "-" "Mozilla/5.0 (Windows NT 6.1; Win64; x64) AppleWebKit/537.36 (KHTML, like Gecko) Chrome/126.0.6478.114 Safari/537.36" "-"
3.211.181.0 - - [13/Dec/2025:00:17:48 +0100] "GET /jets/?path=//kunden/proc/self/root/proc/self/root/proc/self/root/proc/self/root/usr/lib/locale/es_PA HTTP/1.1" 200 34401 edition.gerdgeorge.de "-" "Mozilla/5.0 AppleWebKit/537.36 (KHTML, like Gecko; compatible; Amazonbot/0.1; +https://developer.amazon.com/support/amazonbot) Chrome/119.0.6045.214 Safari/537.36" "-"
74.7.227.0 - - [13/Dec/2025:00:17:48 +0100] "GET /data/upload/image/66617162bc9a5.jpg?path=//proc/self/root/usr/lib/emacs/27.1/x86_64-linux-gnu HTTP/1.1" 200 17684 edition.gerdgeorge.de "-" "Mozilla/5.0 AppleWebKit/537.36 (KHTML, like Gecko; compatible; GPTBot/1.3; +https://openai.com/gptbot)" "-"
74.7.227.0 - - [13/Dec/2025:00:17:48 +0100] "GET /data/upload/image/649aa6fb209d3.jpg?path=//lib/x86_64-linux-gnu/perl-base/unicore/lib/Perl HTTP/1.1" 200 48972 edition.gerdgeorge.de "-" "Mozilla/5.0 AppleWebKit/537.36 (KHTML, like Gecko; compatible; GPTBot/1.3; +https://openai.com/gptbot)" "-"
74.7.227.0 - - [13/Dec/2025:00:17:49 +0100] "GET /data/upload/image/6464917a754bd.jpg?path=//proc/self/root/lib/php7.4/test/XML_Parser/tests HTTP/1.1" 200 31789 edition.gerdgeorge.de "-" "Mozilla/5.0 AppleWebKit/537.36 (KHTML, like Gecko; compatible; GPTBot/1.3; +https://openai.com/gptbot)" "-"
88.90.248.0 - - [13/Dec/2025:00:17:49 +0100] "GET /?fileloc=/homepages/31/d696029188/htdocs/Neu_EditionsGeorge/neu_wordpress/moti/wp-includes/blocks/.htaccess&path=/homepages/31/d696029188/htdocs/Neu_EditionsGeorge/neu_wordpress/moti/wp-includes/blocks HTTP/1.1" 200 12949 edition.gerdgeorge.de "-" "Mozilla/5.0 (compatible; MJ12bot/v1.4.8; http://mj12bot.com/)" "-"
74.7.227.0 - - [13/Dec/2025:00:17:50 +0100] "GET /data/upload/image/649aa6fb209d3.jpg?path=//lib/x86_64-linux-gnu/perl-base/unicore/lib/Dia HTTP/1.1" 200 14475 edition.gerdgeorge.de "-" "Mozilla/5.0 AppleWebKit/537.36 (KHTML, like Gecko; compatible; GPTBot/1.3; +https://openai.com/gptbot)" "-"
74.7.227.0 - - [13/Dec/2025:00:17:50 +0100] "GET /data/upload/image/649aa6fb209d3.jpg?path=//lib/x86_64-linux-gnu/perl-base/unicore/lib/Upper HTTP/1.1" 200 14487 edition.gerdgeorge.de "-" "Mozilla/5.0 AppleWebKit/537.36 (KHTML, like Gecko; compatible; GPTBot/1.3; +https://openai.com/gptbot)" "-"
74.7.227.0 - - [13/Dec/2025:00:17:51 +0100] "GET /data/upload/image/649aa6fb209d3.jpg?path=//lib/x86_64-linux-gnu/perl-base/unicore/lib/Ccc HTTP/1.1" 200 29895 edition.gerdgeorge.de "-" "Mozilla/5.0 AppleWebKit/537.36 (KHTML, like Gecko; compatible; GPTBot/1.3; +https://openai.com/gptbot)" "-"
88.90.248.0 - - [13/Dec/2025:00:17:51 +0100] "GET /?fileloc=/homepages/31/d696029188/htdocs/Neu_EditionsGeorge/neu_wordpress/moti/wp-includes/blocks/archives.php&path=/homepages/31/d696029188/htdocs/Neu_EditionsGeorge/neu_wordpress/moti/wp-includes/blocks HTTP/1.1" 200 16105 edition.gerdgeorge.de "-" "Mozilla/5.0 (compatible; MJ12bot/v1.4.8; http://mj12bot.com/)" "-"
74.7.227.0 - - [13/Dec/2025:00:17:51 +0100] "GET /data/upload/image/649aa6fb209d3.jpg?path=//lib/x86_64-linux-gnu/perl-base/unicore/lib/Hyphen HTTP/1.1" 200 14493 edition.gerdgeorge.de "-" "Mozilla/5.0 AppleWebKit/537.36 (KHTML, like Gecko; compatible; GPTBot/1.3; +https://openai.com/gptbot)" "-"
74.7.227.0 - - [13/Dec/2025:00:17:52 +0100] "GET /data/upload/image/649aa6fb209d3.jpg?path=//lib/x86_64-linux-gnu/perl-base/unicore/lib/Term HTTP/1.1" 200 14481 edition.gerdgeorge.de "-" "Mozilla/5.0 AppleWebKit/537.36 (KHTML, like Gecko; compatible; GPTBot/1.3; +https://openai.com/gptbot)" "-"
74.7.227.0 - - [13/Dec/2025:00:17:52 +0100] "GET /data/upload/image/6459b7d8b7f67.jpg?path=//proc/self/root/usr/lib/php7.4/test/HTTP2/tests HTTP/1.1" 200 43548 edition.gerdgeorge.de "-" "Mozilla/5.0 AppleWebKit/537.36 (KHTML, like Gecko; compatible; GPTBot/1.3; +https://openai.com/gptbot)" "-"
43.173.172.0 - - [13/Dec/2025:00:17:52 +0100] "GET /balade-en-mer/?path=/homepages/31/d696029188/htdocs/Neu_EditionsGeorge/neu_wordpress/moti/well-known/pki-validation/c/c/g HTTP/1.1" 200 26139 edition.gerdgeorge.de "-" "Mozilla/5.0 (Windows NT 6.1; Win64; x64) AppleWebKit/537.36 (KHTML, like Gecko) Chrome/126.0.6478.114 Safari/537.36" "-"
43.173.173.0 - - [13/Dec/2025:00:17:52 +0100] "GET /la-cote-gris?fileloc=/homepages/31/d696029188/htdocs/qtranslate-x/screenshot-6.png&path=/homepages/31/d696029188/htdocs/qtranslate-x HTTP/1.1" 200 12476 edition.gerdgeorge.de "-" "Mozilla/5.0 (Windows NT 6.1; Win64; x64) AppleWebKit/537.36 (KHTML, like Gecko) Chrome/126.0.6478.114 Safari/537.36" "-"
43.173.182.0 - - [13/Dec/2025:00:17:52 +0100] "GET /mare-sette/?fileloc=/homepages/31/d696029188/htdocs/web/stats/awstats.cp395.xsadmin.de.errors404.html&path=/homepages/31/d696029188/htdocs/web/stats HTTP/1.1" 200 22011 edition.gerdgeorge.de "-" "Mozilla/5.0 (Windows NT 6.1; Win64; x64) AppleWebKit/537.36 (KHTML, like Gecko) Chrome/126.0.6478.114 Safari/537.36" "-"
3.221.50.0 - - [13/Dec/2025:00:17:53 +0100] "GET /serviette-calamar/?path=//kunden/proc/self/root/proc/self/root/kunden/kunden/proc/thread-self/root/kunden/proc/sys/kernel HTTP/1.1" 200 163635 edition.gerdgeorge.de "-" "Mozilla/5.0 AppleWebKit/537.36 (KHTML, like Gecko; compatible; Amazonbot/0.1; +https://developer.amazon.com/support/amazonbot) Chrome/119.0.6045.214 Safari/537.36" "-"
74.7.227.0 - - [13/Dec/2025:00:17:53 +0100] "GET /data/upload/image/68ba87bd2857d.jpg?path=//usr/lib/php7.4/test/MDB2_Driver_mysql/tests HTTP/1.1" 200 14492 edition.gerdgeorge.de "-" "Mozilla/5.0 AppleWebKit/537.36 (KHTML, like Gecko; compatible; GPTBot/1.3; +https://openai.com/gptbot)" "-"
88.90.248.0 - - [13/Dec/2025:00:17:53 +0100] "GET /?fileloc=/homepages/31/d696029188/htdocs/Neu_EditionsGeorge/neu_wordpress/moti/wp-includes/blocks/avatar.php&path=/homepages/31/d696029188/htdocs/Neu_EditionsGeorge/neu_wordpress/moti/wp-includes/blocks HTTP/1.1" 200 18942 edition.gerdgeorge.de "-" "Mozilla/5.0 (compatible; MJ12bot/v1.4.8; http://mj12bot.com/)" "-"
43.173.182.0 - - [13/Dec/2025:00:17:53 +0100] "GET /books/?path=//kunden/var/cache/dictionaries-common HTTP/1.1" 200 26659 edition.gerdgeorge.de "-" "Mozilla/5.0 (Windows NT 6.1; Win64; x64) AppleWebKit/537.36 (KHTML, like Gecko) Chrome/126.0.6478.114 Safari/537.36" "-"
43.173.180.0 - - [13/Dec/2025:00:17:53 +0100] "GET /la-cote-gris/?fileloc=//kunden/bin/mkfifo&path=//kunden/bin HTTP/1.1" 200 12236 edition.gerdgeorge.de "-" "Mozilla/5.0 (Windows NT 6.1; Win64; x64) AppleWebKit/537.36 (KHTML, like Gecko) Chrome/126.0.6478.114 Safari/537.36" "-"
74.7.227.0 - - [13/Dec/2025:00:17:53 +0100] "GET /data/upload/image/649aa6fb209d3.jpg?path=//lib/x86_64-linux-gnu/perl-base/unicore/lib/Dep HTTP/1.1" 200 14474 edition.gerdgeorge.de "-" "Mozilla/5.0 AppleWebKit/537.36 (KHTML, like Gecko; compatible; GPTBot/1.3; +https://openai.com/gptbot)" "-"
74.7.227.0 - - [13/Dec/2025:00:17:54 +0100] "GET /data/upload/image/649aa492639b6.jpg?path=//proc/self/root/lib/php7.4/test/XML_Parser/tests HTTP/1.1" 200 31789 edition.gerdgeorge.de "-" "Mozilla/5.0 AppleWebKit/537.36 (KHTML, like Gecko; compatible; GPTBot/1.3; +https://openai.com/gptbot)" "-"
74.7.227.0 - - [13/Dec/2025:00:17:54 +0100] "GET /data/upload/image/649aa5426fd4a.jpg?path=//lib/php7.4/test/MDB2_Driver_mysqli/tests HTTP/1.1" 200 14437 edition.gerdgeorge.de "-" "Mozilla/5.0 AppleWebKit/537.36 (KHTML, like Gecko; compatible; GPTBot/1.3; +https://openai.com/gptbot)" "-"
88.90.248.0 - - [13/Dec/2025:00:17:55 +0100] "GET /?fileloc=/homepages/31/d696029188/htdocs/Neu_EditionsGeorge/neu_wordpress/moti/wp-includes/blocks/block.php&path=/homepages/31/d696029188/htdocs/Neu_EditionsGeorge/neu_wordpress/moti/wp-includes/blocks HTTP/1.1" 200 16323 edition.gerdgeorge.de "-" "Mozilla/5.0 (compatible; MJ12bot/v1.4.8; http://mj12bot.com/)" "-"
74.7.227.0 - - [13/Dec/2025:00:17:55 +0100] "GET /data/upload/image/649aa6fb209d3.jpg?path=//lib/x86_64-linux-gnu/perl-base/unicore/lib/Dash HTTP/1.1" 200 14481 edition.gerdgeorge.de "-" "Mozilla/5.0 AppleWebKit/537.36 (KHTML, like Gecko; compatible; GPTBot/1.3; +https://openai.com/gptbot)" "-"
74.7.227.0 - - [13/Dec/2025:00:17:56 +0100] "GET /data/upload/image/64583bc31076f.jpg?path=//proc/self/root/lib/php7.4/test/Mail_Mime/tests HTTP/1.1" 200 80356 edition.gerdgeorge.de "-" "Mozilla/5.0 AppleWebKit/537.36 (KHTML, like Gecko; compatible; GPTBot/1.3; +https://openai.com/gptbot)" "-"
74.7.227.0 - - [13/Dec/2025:00:17:56 +0100] "GET /data/upload/image/64583bc31076f.jpg?path=//proc/self/root/lib/php7.4/test/Cache_Lite/tests HTTP/1.1" 200 69282 edition.gerdgeorge.de "-" "Mozilla/5.0 AppleWebKit/537.36 (KHTML, like Gecko; compatible; GPTBot/1.3; +https://openai.com/gptbot)" "-"
74.7.227.0 - - [13/Dec/2025:00:17:57 +0100] "GET /data/upload/image/649aa6fb209d3.jpg?path=//lib/x86_64-linux-gnu/perl-base/unicore/lib/Hst HTTP/1.1" 200 14479 edition.gerdgeorge.de "-" "Mozilla/5.0 AppleWebKit/537.36 (KHTML, like Gecko; compatible; GPTBot/1.3; +https://openai.com/gptbot)" "-"
88.90.248.0 - - [13/Dec/2025:00:17:57 +0100] "GET /?fileloc=/homepages/31/d696029188/htdocs/Neu_EditionsGeorge/neu_wordpress/moti/wp-includes/blocks/blocks-json.php&path=/homepages/31/d696029188/htdocs/Neu_EditionsGeorge/neu_wordpress/moti/wp-includes/blocks HTTP/1.1" 200 222557 edition.gerdgeorge.de "-" "Mozilla/5.0 (compatible; MJ12bot/v1.4.8; http://mj12bot.com/)" "-"
34.197.28.0 - - [13/Dec/2025:00:17:57 +0100] "GET /jets/?path=//proc/self/root/proc/self/root/proc/self/root/kunden/proc/self/root/kunden/lib/locale/es_PE HTTP/1.1" 200 34539 edition.gerdgeorge.de "-" "Mozilla/5.0 AppleWebKit/537.36 (KHTML, like Gecko; compatible; Amazonbot/0.1; +https://developer.amazon.com/support/amazonbot) Chrome/119.0.6045.214 Safari/537.36" "-"
74.7.227.0 - - [13/Dec/2025:00:17:57 +0100] "GET /data/upload/image/64583bc31076f.jpg?path=//proc/self/root/lib/php7.4/test/XML_Parser/tests HTTP/1.1" 200 31789 edition.gerdgeorge.de "-" "Mozilla/5.0 AppleWebKit/537.36 (KHTML, like Gecko; compatible; GPTBot/1.3; +https://openai.com/gptbot)" "-"
74.7.227.0 - - [13/Dec/2025:00:17:58 +0100] "GET /data/upload/image/649aa6fb209d3.jpg?path=//lib/x86_64-linux-gnu/perl-base/unicore/lib/EBase HTTP/1.1" 200 14487 edition.gerdgeorge.de "-" "Mozilla/5.0 AppleWebKit/537.36 (KHTML, like Gecko; compatible; GPTBot/1.3; +https://openai.com/gptbot)" "-"
74.7.227.0 - - [13/Dec/2025:00:17:58 +0100] "GET /data/upload/image/649aa6fb209d3.jpg?path=//lib/x86_64-linux-gnu/perl-base/unicore/lib/Ideo HTTP/1.1" 200 14481 edition.gerdgeorge.de "-" "Mozilla/5.0 AppleWebKit/537.36 (KHTML, like Gecko; compatible; GPTBot/1.3; +https://openai.com/gptbot)" "-"
74.7.227.0 - - [13/Dec/2025:00:17:59 +0100] "GET /data/upload/image/649aa6fb209d3.jpg?path=//lib/x86_64-linux-gnu/perl-base/unicore/lib/Blk HTTP/1.1" 200 14478 edition.gerdgeorge.de "-" "Mozilla/5.0 AppleWebKit/537.36 (KHTML, like Gecko; compatible; GPTBot/1.3; +https://openai.com/gptbot)" "-"
88.90.248.0 - - [13/Dec/2025:00:17:59 +0100] "GET /?fileloc=/homepages/31/d696029188/htdocs/Neu_EditionsGeorge/neu_wordpress/moti/wp-includes/blocks/button.php&path=/homepages/31/d696029188/htdocs/Neu_EditionsGeorge/neu_wordpress/moti/wp-includes/blocks HTTP/1.1" 200 14810 edition.gerdgeorge.de "-" "Mozilla/5.0 (compatible; MJ12bot/v1.4.8; http://mj12bot.com/)" "-"
74.7.227.0 - - [13/Dec/2025:00:17:59 +0100] "GET /data/upload/image/649aa6fb209d3.jpg?path=//lib/x86_64-linux-gnu/perl-base/unicore/lib/Ext HTTP/1.1" 200 14475 edition.gerdgeorge.de "-" "Mozilla/5.0 AppleWebKit/537.36 (KHTML, like Gecko; compatible; GPTBot/1.3; +https://openai.com/gptbot)" "-"
43.173.181.0 - - [13/Dec/2025:00:18:00 +0100] "GET /cygnes-gourmands/?path=/homepages/31/d696029188/htdocs/Neu_EditionsGeorge/neu_wordpress/moti/well-known/acme-challenge/f/c HTTP/1.1" 200 26031 edition.gerdgeorge.de "-" "Mozilla/5.0 (Windows NT 6.1; Win64; x64) AppleWebKit/537.36 (KHTML, like Gecko) Chrome/126.0.6478.114 Safari/537.36" "-"
43.173.181.0 - - [13/Dec/2025:00:18:00 +0100] "GET /lievre-hupf/?path=/homepages/31/d696029188/htdocs/Neu_EditionsGeorge/neu_wordpress/moti/wp-content/well-known/acme-challenge/f/a HTTP/1.1" 200 26451 edition.gerdgeorge.de "-" "Mozilla/5.0 (Windows NT 6.1; Win64; x64) AppleWebKit/537.36 (KHTML, like Gecko) Chrome/126.0.6478.114 Safari/537.36" "-"
43.173.179.0 - - [13/Dec/2025:00:18:00 +0100] "GET /cygnes-gourmands?fileloc=/homepages/31/d696029188/htdocs/Neu_EditionsGeorge/neu_wordpress/moti/wp-settings.php&path=/homepages/31/d696029188/htdocs/Neu_EditionsGeorge/neu_wordpress/moti HTTP/1.1" 200 42861 edition.gerdgeorge.de "-" "Mozilla/5.0 (Windows NT 6.1; Win64; x64) AppleWebKit/537.36 (KHTML, like Gecko) Chrome/126.0.6478.114 Safari/537.36" "-"
52.54.249.0 - - [13/Dec/2025:00:18:00 +0100] "GET /serviette-calamar/?path=//kunden/kunden/proc/thread-self/root/kunden/proc/self/root/proc/self/root/kunden/proc/self/task HTTP/1.1" 200 15452 edition.gerdgeorge.de "-" "Mozilla/5.0 AppleWebKit/537.36 (KHTML, like Gecko; compatible; Amazonbot/0.1; +https://developer.amazon.com/support/amazonbot) Chrome/119.0.6045.214 Safari/537.36" "-"
74.7.227.0 - - [13/Dec/2025:00:18:00 +0100] "GET /data/upload/image/649aa6fb209d3.jpg?path=//lib/x86_64-linux-gnu/perl-base/unicore/lib/Scx HTTP/1.1" 200 118316 edition.gerdgeorge.de "-" "Mozilla/5.0 AppleWebKit/537.36 (KHTML, like Gecko; compatible; GPTBot/1.3; +https://openai.com/gptbot)" "-"
43.173.177.0 - - [13/Dec/2025:00:18:00 +0100] "GET /balade-en-mer/?path=/homepages/31/d696029188/htdocs/Neu_EditionsGeorge/neu_wordpress/moti/wp-content/themes/twentytwentyfive/assets/fonts HTTP/1.1" 200 30162 edition.gerdgeorge.de "-" "Mozilla/5.0 (Windows NT 6.1; Win64; x64) AppleWebKit/537.36 (KHTML, like Gecko) Chrome/126.0.6478.114 Safari/537.36" "-"
74.7.227.0 - - [13/Dec/2025:00:18:01 +0100] "GET /data/upload/image/649aa6fb209d3.jpg?path=//lib/x86_64-linux-gnu/perl-base/unicore/lib/STerm HTTP/1.1" 200 14487 edition.gerdgeorge.de "-" "Mozilla/5.0 AppleWebKit/537.36 (KHTML, like Gecko; compatible; GPTBot/1.3; +https://openai.com/gptbot)" "-"
88.90.248.0 - - [13/Dec/2025:00:18:01 +0100] "GET /?fileloc=/homepages/31/d696029188/htdocs/Neu_EditionsGeorge/neu_wordpress/moti/wp-includes/blocks/calendar.php&path=/homepages/31/d696029188/htdocs/Neu_EditionsGeorge/neu_wordpress/moti/wp-includes/blocks HTTP/1.1" 200 19158 edition.gerdgeorge.de "-" "Mozilla/5.0 (compatible; MJ12bot/v1.4.8; http://mj12bot.com/)" "-"
74.7.227.0 - - [13/Dec/2025:00:18:01 +0100] "GET /data/upload/image/6459b7d8b7f67.jpg?path=//usr/lib/php7.4/test/Console_Getopt/tests HTTP/1.1" 200 19077 edition.gerdgeorge.de "-" "Mozilla/5.0 AppleWebKit/537.36 (KHTML, like Gecko; compatible; GPTBot/1.3; +https://openai.com/gptbot)" "-"
43.173.178.0 - - [13/Dec/2025:00:18:01 +0100] "GET /langues-aneliques/?fileloc=/homepages/31/d696029188/htdocs/Neu_EditionsGeorge/neu_wordpress/moti/wp-content/themes/twentytwentythree/.htaccess&path=/homepages/31/d696029188/htdocs/Neu_EditionsGeorge/neu_wordpress/moti/wp-content/themes/twentytwentythree HTTP/1.1" 200 13107 edition.gerdgeorge.de "-" "Mozilla/5.0 (Windows NT 6.1; Win64; x64) AppleWebKit/537.36 (KHTML, like Gecko) Chrome/126.0.6478.114 Safari/537.36" "-"
74.7.227.0 - - [13/Dec/2025:00:18:02 +0100] "GET /data/upload/image/6459b7d8b7f67.jpg?path=//usr/lib/php7.4/test/Mail_mimeDecode/tests HTTP/1.1" 200 16108 edition.gerdgeorge.de "-" "Mozilla/5.0 AppleWebKit/537.36 (KHTML, like Gecko; compatible; GPTBot/1.3; +https://openai.com/gptbot)" "-"
74.7.227.0 - - [13/Dec/2025:00:18:02 +0100] "GET /data/upload/image/649aa6fb209d3.jpg?path=//lib/x86_64-linux-gnu/perl-base/unicore/lib/Alpha HTTP/1.1" 200 14487 edition.gerdgeorge.de "-" "Mozilla/5.0 AppleWebKit/537.36 (KHTML, like Gecko; compatible; GPTBot/1.3; +https://openai.com/gptbot)" "-"
74.7.227.0 - - [13/Dec/2025:00:18:03 +0100] "GET /data/upload/image/649aa5964e22b.jpg?path=//usr/lib/php7.4/test/Mail_mimeDecode/tests HTTP/1.1" 200 16108 edition.gerdgeorge.de "-" "Mozilla/5.0 AppleWebKit/537.36 (KHTML, like Gecko; compatible; GPTBot/1.3; +https://openai.com/gptbot)" "-"
88.90.248.0 - - [13/Dec/2025:00:18:03 +0100] "GET /?fileloc=/homepages/31/d696029188/htdocs/Neu_EditionsGeorge/neu_wordpress/moti/wp-includes/blocks/categories.php&path=/homepages/31/d696029188/htdocs/Neu_EditionsGeorge/neu_wordpress/moti/wp-includes/blocks HTTP/1.1" 200 17159 edition.gerdgeorge.de "-" "Mozilla/5.0 (compatible; MJ12bot/v1.4.8; http://mj12bot.com/)" "-"
74.7.227.0 - - [13/Dec/2025:00:18:03 +0100] "GET /data/upload/image/649aa6fb209d3.jpg?path=//lib/x86_64-linux-gnu/perl-base/unicore/lib/Emoji HTTP/1.1" 200 14487 edition.gerdgeorge.de "-" "Mozilla/5.0 AppleWebKit/537.36 (KHTML, like Gecko; compatible; GPTBot/1.3; +https://openai.com/gptbot)" "-"
74.7.227.0 - - [13/Dec/2025:00:18:04 +0100] "GET /data/upload/image/649aa6fb209d3.jpg?path=//lib/x86_64-linux-gnu/perl-base/unicore/lib/EPres HTTP/1.1" 200 14486 edition.gerdgeorge.de "-" "Mozilla/5.0 AppleWebKit/537.36 (KHTML, like Gecko; compatible; GPTBot/1.3; +https://openai.com/gptbot)" "-"
3.224.215.0 - - [13/Dec/2025:00:18:04 +0100] "GET /?path=//proc/self/root/proc/thread-self/root/kunden/proc/self/root/kunden/proc/self/task HTTP/1.1" 200 15108 edition.gerdgeorge.de "-" "Mozilla/5.0 AppleWebKit/537.36 (KHTML, like Gecko; compatible; Amazonbot/0.1; +https://developer.amazon.com/support/amazonbot) Chrome/119.0.6045.214 Safari/537.36" "-"
74.7.227.0 - - [13/Dec/2025:00:18:04 +0100] "GET /data/upload/image/68ba87bd2857d.jpg?path=//lib/php7.4/test/MDB2_Driver_mysqli/tests HTTP/1.1" 200 14437 edition.gerdgeorge.de "-" "Mozilla/5.0 AppleWebKit/537.36 (KHTML, like Gecko; compatible; GPTBot/1.3; +https://openai.com/gptbot)" "-"
74.7.227.0 - - [13/Dec/2025:00:18:05 +0100] "GET /data/upload/image/649aa5426fd4a.jpg?path=//lib/php7.4/test/MDB2_Driver_mysql/tests HTTP/1.1" 200 14426 edition.gerdgeorge.de "-" "Mozilla/5.0 AppleWebKit/537.36 (KHTML, like Gecko; compatible; GPTBot/1.3; +https://openai.com/gptbot)" "-"
88.90.248.0 - - [13/Dec/2025:00:18:05 +0100] "GET /?fileloc=/homepages/31/d696029188/htdocs/Neu_EditionsGeorge/neu_wordpress/moti/wp-includes/blocks/comment-author-name.php&path=/homepages/31/d696029188/htdocs/Neu_EditionsGeorge/neu_wordpress/moti/wp-includes/blocks HTTP/1.1" 200 15200 edition.gerdgeorge.de "-" "Mozilla/5.0 (compatible; MJ12bot/v1.4.8; http://mj12bot.com/)" "-"
74.7.227.0 - - [13/Dec/2025:00:18:06 +0100] "GET /data/upload/image/649aa6fb209d3.jpg?path=//lib/x86_64-linux-gnu/perl-base/unicore/lib/UIdeo HTTP/1.1" 200 14487 edition.gerdgeorge.de "-" "Mozilla/5.0 AppleWebKit/537.36 (KHTML, like Gecko; compatible; GPTBot/1.3; +https://openai.com/gptbot)" "-"
74.7.227.0 - - [13/Dec/2025:00:18:06 +0100] "GET /sites/default/files/styles/main_menu/public/generic_image/htplap-45-baby-led_weaning.jpg?path=/homepages/31/d696029188/htdocs/xml HTTP/1.1" 200 15868 edition.gerdgeorge.de "-" "Mozilla/5.0 AppleWebKit/537.36 (KHTML, like Gecko; compatible; GPTBot/1.3; +https://openai.com/gptbot)" "-"
74.7.227.0 - - [13/Dec/2025:00:18:07 +0100] "GET /data/upload/image/64583bc31076f.jpg?path=//proc/self/root/lib/ruby/gems/2.7.0/gems/cgi-0.1.0 HTTP/1.1" 200 13048 edition.gerdgeorge.de "-" "Mozilla/5.0 AppleWebKit/537.36 (KHTML, like Gecko; compatible; GPTBot/1.3; +https://openai.com/gptbot)" "-"
88.90.248.0 - - [13/Dec/2025:00:18:07 +0100] "GET /?fileloc=/homepages/31/d696029188/htdocs/Neu_EditionsGeorge/neu_wordpress/moti/wp-includes/blocks/comment-content.php&path=/homepages/31/d696029188/htdocs/Neu_EditionsGeorge/neu_wordpress/moti/wp-includes/blocks HTTP/1.1" 200 15490 edition.gerdgeorge.de "-" "Mozilla/5.0 (compatible; MJ12bot/v1.4.8; http://mj12bot.com/)" "-"
74.7.227.0 - - [13/Dec/2025:00:18:07 +0100] "GET /data/upload/image/64583bc31076f.jpg?path=//proc/self/root/lib/ruby/gems/2.7.0/gems/rss-0.2.8 HTTP/1.1" 200 13048 edition.gerdgeorge.de "-" "Mozilla/5.0 AppleWebKit/537.36 (KHTML, like Gecko; compatible; GPTBot/1.3; +https://openai.com/gptbot)" "-"
74.7.227.0 - - [13/Dec/2025:00:18:08 +0100] "GET /data/upload/image/64583bc31076f.jpg?path=//proc/self/root/lib/ruby/gems/2.7.0/gems/gdbm-2.1.0 HTTP/1.1" 200 13050 edition.gerdgeorge.de "-" "Mozilla/5.0 AppleWebKit/537.36 (KHTML, like Gecko; compatible; GPTBot/1.3; +https://openai.com/gptbot)" "-"
23.21.228.0 - - [13/Dec/2025:00:18:08 +0100] "GET /serviette-calamar/?path=//kunden/kunden/proc/self/root/proc/self/root/proc/self/root/kunden/proc/self/root/usr/lib/locale/en_CA HTTP/1.1" 200 35358 edition.gerdgeorge.de "-" "Mozilla/5.0 AppleWebKit/537.36 (KHTML, like Gecko; compatible; Amazonbot/0.1; +https://developer.amazon.com/support/amazonbot) Chrome/119.0.6045.214 Safari/537.36" "-"
74.7.227.0 - - [13/Dec/2025:00:18:08 +0100] "GET /data/upload/image/64583bc31076f.jpg?path=//proc/self/root/lib/ruby/gems/2.7.0/gems/sdbm-1.0.0 HTTP/1.1" 200 13050 edition.gerdgeorge.de "-" "Mozilla/5.0 AppleWebKit/537.36 (KHTML, like Gecko; compatible; GPTBot/1.3; +https://openai.com/gptbot)" "-"
74.7.227.0 - - [13/Dec/2025:00:18:09 +0100] "GET /data/upload/image/64583bc31076f.jpg?path=//proc/self/root/lib/ruby/gems/2.7.0/gems/yaml-0.1.0 HTTP/1.1" 200 13050 edition.gerdgeorge.de "-" "Mozilla/5.0 AppleWebKit/537.36 (KHTML, like Gecko; compatible; GPTBot/1.3; +https://openai.com/gptbot)" "-"
88.90.248.0 - - [13/Dec/2025:00:18:09 +0100] "GET /?fileloc=/homepages/31/d696029188/htdocs/Neu_EditionsGeorge/neu_wordpress/moti/wp-includes/blocks/comment-date.php&path=/homepages/31/d696029188/htdocs/Neu_EditionsGeorge/neu_wordpress/moti/wp-includes/blocks HTTP/1.1" 200 14898 edition.gerdgeorge.de "-" "Mozilla/5.0 (compatible; MJ12bot/v1.4.8; http://mj12bot.com/)" "-"
74.7.227.0 - - [13/Dec/2025:00:18:09 +0100] "GET /data/upload/image/64583bc31076f.jpg?path=//proc/self/root/lib/ruby/gems/2.7.0/gems/uri-0.10.0 HTTP/1.1" 200 13050 edition.gerdgeorge.de "-" "Mozilla/5.0 AppleWebKit/537.36 (KHTML, like Gecko; compatible; GPTBot/1.3; +https://openai.com/gptbot)" "-"
74.7.227.0 - - [13/Dec/2025:00:18:10 +0100] "GET /data/upload/image/66616fcb1107e.jpg?path=//proc/self/root/lib32 HTTP/1.1" 200 12733 edition.gerdgeorge.de "-" "Mozilla/5.0 AppleWebKit/537.36 (KHTML, like Gecko; compatible; GPTBot/1.3; +https://openai.com/gptbot)" "-"
74.7.227.0 - - [13/Dec/2025:00:18:11 +0100] "GET /data/upload/image/666171fb77d06.jpg?path=//proc/self/root/lib32 HTTP/1.1" 200 12733 edition.gerdgeorge.de "-" "Mozilla/5.0 AppleWebKit/537.36 (KHTML, like Gecko; compatible; GPTBot/1.3; +https://openai.com/gptbot)" "-"
88.90.248.0 - - [13/Dec/2025:00:18:11 +0100] "GET /?fileloc=/homepages/31/d696029188/htdocs/Neu_EditionsGeorge/neu_wordpress/moti/wp-includes/blocks/query.php&path=/homepages/31/d696029188/htdocs/Neu_EditionsGeorge/neu_wordpress/moti/wp-includes/blocks HTTP/1.1" 200 18815 edition.gerdgeorge.de "-" "Mozilla/5.0 (compatible; MJ12bot/v1.4.8; http://mj12bot.com/)" "-"
74.7.227.0 - - [13/Dec/2025:00:18:11 +0100] "GET /data/upload/image/666170d0e451f.jpg?path=//proc/self/root/usr/lib64 HTTP/1.1" 200 14298 edition.gerdgeorge.de "-" "Mozilla/5.0 AppleWebKit/537.36 (KHTML, like Gecko; compatible; GPTBot/1.3; +https://openai.com/gptbot)" "-"
74.7.227.0 - - [13/Dec/2025:00:18:12 +0100] "GET /data/upload/image/666170d0e451f.jpg?path=//proc/self/root/lib64 HTTP/1.1" 200 14233 edition.gerdgeorge.de "-" "Mozilla/5.0 AppleWebKit/537.36 (KHTML, like Gecko; compatible; GPTBot/1.3; +https://openai.com/gptbot)" "-"
34.194.233.0 - - [13/Dec/2025:00:18:12 +0100] "GET /lievre-hupf/?path=//proc/self/root/kunden/proc/self/root/proc/self/root/proc/thread-self/root/lib/locale/zh_TW HTTP/1.1" 200 34470 edition.gerdgeorge.de "-" "Mozilla/5.0 AppleWebKit/537.36 (KHTML, like Gecko; compatible; Amazonbot/0.1; +https://developer.amazon.com/support/amazonbot) Chrome/119.0.6045.214 Safari/537.36" "-"
74.7.227.0 - - [13/Dec/2025:00:18:12 +0100] "GET /data/upload/image/66617162bc9a5.jpg?path=//proc/self/root/usr/lib64 HTTP/1.1" 200 14298 edition.gerdgeorge.de "-" "Mozilla/5.0 AppleWebKit/537.36 (KHTML, like Gecko; compatible; GPTBot/1.3; +https://openai.com/gptbot)" "-"
74.7.227.0 - - [13/Dec/2025:00:18:13 +0100] "GET /data/upload/image/666171fb77d06.jpg?path=//proc/self/root/usr/lib/gnupg2 HTTP/1.1" 200 15896 edition.gerdgeorge.de "-" "Mozilla/5.0 AppleWebKit/537.36 (KHTML, like Gecko; compatible; GPTBot/1.3; +https://openai.com/gptbot)" "-"
88.90.248.0 - - [13/Dec/2025:00:18:13 +0100] "GET /?fileloc=/homepages/31/d696029188/htdocs/Neu_EditionsGeorge/neu_wordpress/moti/wp-includes/blocks/read-more.php&path=/homepages/31/d696029188/htdocs/Neu_EditionsGeorge/neu_wordpress/moti/wp-includes/blocks HTTP/1.1" 200 14862 edition.gerdgeorge.de "-" "Mozilla/5.0 (compatible; MJ12bot/v1.4.8; http://mj12bot.com/)" "-"
74.7.227.0 - - [13/Dec/2025:00:18:13 +0100] "GET /data/upload/image/666175ed27e9a.jpg?path=//proc/self/root/lib32 HTTP/1.1" 200 12733 edition.gerdgeorge.de "-" "Mozilla/5.0 AppleWebKit/537.36 (KHTML, like Gecko; compatible; GPTBot/1.3; +https://openai.com/gptbot)" "-"
74.7.227.0 - - [13/Dec/2025:00:18:14 +0100] "GET /data/upload/image/666175ed27e9a.jpg?path=//proc/self/root/usr/lib32 HTTP/1.1" 200 12782 edition.gerdgeorge.de "-" "Mozilla/5.0 AppleWebKit/537.36 (KHTML, like Gecko; compatible; GPTBot/1.3; +https://openai.com/gptbot)" "-"
74.7.227.0 - - [13/Dec/2025:00:18:15 +0100] "GET /data/upload/image/6661718a9bb90.jpg?path=//proc/self/root/usr/lib64 HTTP/1.1" 200 14298 edition.gerdgeorge.de "-" "Mozilla/5.0 AppleWebKit/537.36 (KHTML, like Gecko; compatible; GPTBot/1.3; +https://openai.com/gptbot)" "-"
74.7.227.0 - - [13/Dec/2025:00:18:15 +0100] "GET /data/upload/image/666175ed27e9a.jpg?path=//proc/self/root/usr/lib64 HTTP/1.1" 200 14298 edition.gerdgeorge.de "-" "Mozilla/5.0 AppleWebKit/537.36 (KHTML, like Gecko; compatible; GPTBot/1.3; +https://openai.com/gptbot)" "-"
88.90.248.0 - - [13/Dec/2025:00:18:15 +0100] "GET /?fileloc=/homepages/31/d696029188/htdocs/Neu_EditionsGeorge/neu_wordpress/moti/wp-includes/blocks/require-dynamic-blocks.php&path=/homepages/31/d696029188/htdocs/Neu_EditionsGeorge/neu_wordpress/moti/wp-includes/blocks HTTP/1.1" 200 17132 edition.gerdgeorge.de "-" "Mozilla/5.0 (compatible; MJ12bot/v1.4.8; http://mj12bot.com/)" "-"
74.7.227.0 - - [13/Dec/2025:00:18:16 +0100] "GET /data/upload/image/666171fb77d06.jpg?path=//proc/self/root/lib/python3 HTTP/1.1" 200 14175 edition.gerdgeorge.de "-" "Mozilla/5.0 AppleWebKit/537.36 (KHTML, like Gecko; compatible; GPTBot/1.3; +https://openai.com/gptbot)" "-"
74.7.227.0 - - [13/Dec/2025:00:18:16 +0100] "GET /data/upload/image/66617162bc9a5.jpg?path=//proc/self/root/usr/lib/gnupg2 HTTP/1.1" 200 15896 edition.gerdgeorge.de "-" "Mozilla/5.0 AppleWebKit/537.36 (KHTML, like Gecko; compatible; GPTBot/1.3; +https://openai.com/gptbot)" "-"
52.203.152.0 - - [13/Dec/2025:00:18:16 +0100] "GET /entrecote-chassee/?path=//kunden/proc/self/root/proc/self/root/lib/locale/es_PE HTTP/1.1" 200 32115 edition.gerdgeorge.de "-" "Mozilla/5.0 AppleWebKit/537.36 (KHTML, like Gecko; compatible; Amazonbot/0.1; +https://developer.amazon.com/support/amazonbot) Chrome/119.0.6045.214 Safari/537.36" "-"
74.7.227.0 - - [13/Dec/2025:00:18:17 +0100] "GET /data/upload/image/66617162bc9a5.jpg?path=//proc/self/root/lib/sasl2 HTTP/1.1" 200 12782 edition.gerdgeorge.de "-" "Mozilla/5.0 AppleWebKit/537.36 (KHTML, like Gecko; compatible; GPTBot/1.3; +https://openai.com/gptbot)" "-"
74.7.227.0 - - [13/Dec/2025:00:18:17 +0100] "GET /data/upload/image/666171fb77d06.jpg?path=//proc/self/root/usr/lib64 HTTP/1.1" 200 14298 edition.gerdgeorge.de "-" "Mozilla/5.0 AppleWebKit/537.36 (KHTML, like Gecko; compatible; GPTBot/1.3; +https://openai.com/gptbot)" "-"
88.90.248.0 - - [13/Dec/2025:00:18:17 +0100] "GET /?fileloc=/homepages/31/d696029188/htdocs/Neu_EditionsGeorge/neu_wordpress/moti/wp-includes/blocks/require-static-blocks.php&path=/homepages/31/d696029188/htdocs/Neu_EditionsGeorge/neu_wordpress/moti/wp-includes/blocks HTTP/1.1" 200 13469 edition.gerdgeorge.de "-" "Mozilla/5.0 (compatible; MJ12bot/v1.4.8; http://mj12bot.com/)" "-"
74.7.227.0 - - [13/Dec/2025:00:18:18 +0100] "GET /data/upload/image/666171fb77d06.jpg?path=//proc/self/root/lib/gnupg2 HTTP/1.1" 200 15811 edition.gerdgeorge.de "-" "Mozilla/5.0 AppleWebKit/537.36 (KHTML, like Gecko; compatible; GPTBot/1.3; +https://openai.com/gptbot)" "-"
74.7.227.0 - - [13/Dec/2025:00:18:18 +0100] "GET /data/upload/image/66616fcb1107e.jpg?path=//proc/self/root/lib64 HTTP/1.1" 200 14233 edition.gerdgeorge.de "-" "Mozilla/5.0 AppleWebKit/537.36 (KHTML, like Gecko; compatible; GPTBot/1.3; +https://openai.com/gptbot)" "-"
74.7.227.0 - - [13/Dec/2025:00:18:19 +0100] "GET /data/upload/image/666171fb77d06.jpg?path=//proc/self/root/usr/lib32 HTTP/1.1" 200 12782 edition.gerdgeorge.de "-" "Mozilla/5.0 AppleWebKit/537.36 (KHTML, like Gecko; compatible; GPTBot/1.3; +https://openai.com/gptbot)" "-"
88.90.248.0 - - [13/Dec/2025:00:18:19 +0100] "GET /?fileloc=/homepages/31/d696029188/htdocs/Neu_EditionsGeorge/neu_wordpress/moti/wp-includes/blocks/rss.php&path=/homepages/31/d696029188/htdocs/Neu_EditionsGeorge/neu_wordpress/moti/wp-includes/blocks HTTP/1.1" 200 17402 edition.gerdgeorge.de "-" "Mozilla/5.0 (compatible; MJ12bot/v1.4.8; http://mj12bot.com/)" "-"
74.7.227.0 - - [13/Dec/2025:00:18:19 +0100] "GET /data/upload/image/66617162bc9a5.jpg?path=//lib/python3.9/email HTTP/1.1" 200 46157 edition.gerdgeorge.de "-" "Mozilla/5.0 AppleWebKit/537.36 (KHTML, like Gecko; compatible; GPTBot/1.3; +https://openai.com/gptbot)" "-"
52.202.52.0 - - [13/Dec/2025:00:18:20 +0100] "GET /serviette-calamar/?path=//kunden/kunden/proc/self/root/proc/self/root/proc/self/root/kunden/proc/thread-self/root/kunden/lib/locale/de_AT HTTP/1.1" 200 35891 edition.gerdgeorge.de "-" "Mozilla/5.0 AppleWebKit/537.36 (KHTML, like Gecko; compatible; Amazonbot/0.1; +https://developer.amazon.com/support/amazonbot) Chrome/119.0.6045.214 Safari/537.36" "-"
74.7.227.0 - - [13/Dec/2025:00:18:20 +0100] "GET /data/upload/image/666171fb77d06.jpg?path=//proc/self/root/etc/python3 HTTP/1.1" 200 14280 edition.gerdgeorge.de "-" "Mozilla/5.0 AppleWebKit/537.36 (KHTML, like Gecko; compatible; GPTBot/1.3; +https://openai.com/gptbot)" "-"
74.7.227.0 - - [13/Dec/2025:00:18:20 +0100] "GET /data/upload/image/66616fcb1107e.jpg?path=//proc/self/root/usr/lib64 HTTP/1.1" 200 14298 edition.gerdgeorge.de "-" "Mozilla/5.0 AppleWebKit/537.36 (KHTML, like Gecko; compatible; GPTBot/1.3; +https://openai.com/gptbot)" "-"
74.7.227.0 - - [13/Dec/2025:00:18:21 +0100] "GET /data/upload/image/6661718a9bb90.jpg?path=//proc/self/root/lib/sasl2 HTTP/1.1" 200 12782 edition.gerdgeorge.de "-" "Mozilla/5.0 AppleWebKit/537.36 (KHTML, like Gecko; compatible; GPTBot/1.3; +https://openai.com/gptbot)" "-"
88.90.248.0 - - [13/Dec/2025:00:18:21 +0100] "GET /?fileloc=/homepages/31/d696029188/htdocs/Neu_EditionsGeorge/neu_wordpress/moti/wp-includes/blocks/search.php&path=/homepages/31/d696029188/htdocs/Neu_EditionsGeorge/neu_wordpress/moti/wp-includes/blocks HTTP/1.1" 200 36570 edition.gerdgeorge.de "-" "Mozilla/5.0 (compatible; MJ12bot/v1.4.8; http://mj12bot.com/)" "-"
74.7.227.0 - - [13/Dec/2025:00:18:21 +0100] "GET /data/upload/image/6661718a9bb90.jpg?path=//lib/python3.9/email HTTP/1.1" 200 46157 edition.gerdgeorge.de "-" "Mozilla/5.0 AppleWebKit/537.36 (KHTML, like Gecko; compatible; GPTBot/1.3; +https://openai.com/gptbot)" "-"
74.7.227.0 - - [13/Dec/2025:00:18:22 +0100] "GET /data/upload/image/66616fcb1107e.jpg?path=//proc/self/root/usr/lib32 HTTP/1.1" 200 12782 edition.gerdgeorge.de "-" "Mozilla/5.0 AppleWebKit/537.36 (KHTML, like Gecko; compatible; GPTBot/1.3; +https://openai.com/gptbot)" "-"
74.7.227.0 - - [13/Dec/2025:00:18:23 +0100] "GET /data/upload/image/666171fb77d06.jpg?path=//proc/self/root/lib64 HTTP/1.1" 200 14233 edition.gerdgeorge.de "-" "Mozilla/5.0 AppleWebKit/537.36 (KHTML, like Gecko; compatible; GPTBot/1.3; +https://openai.com/gptbot)" "-"
74.7.227.0 - - [13/Dec/2025:00:18:23 +0100] "GET /data/upload/image/666175ed27e9a.jpg?path=//proc/self/root/lib64 HTTP/1.1" 200 14233 edition.gerdgeorge.de "-" "Mozilla/5.0 AppleWebKit/537.36 (KHTML, like Gecko; compatible; GPTBot/1.3; +https://openai.com/gptbot)" "-"
88.90.248.0 - - [13/Dec/2025:00:18:23 +0100] "GET /?fileloc=/homepages/31/d696029188/htdocs/Neu_EditionsGeorge/neu_wordpress/moti/wp-includes/blocks/shortcode.php&path=/homepages/31/d696029188/htdocs/Neu_EditionsGeorge/neu_wordpress/moti/wp-includes/blocks HTTP/1.1" 200 13694 edition.gerdgeorge.de "-" "Mozilla/5.0 (compatible; MJ12bot/v1.4.8; http://mj12bot.com/)" "-"
74.7.227.0 - - [13/Dec/2025:00:18:24 +0100] "GET /data/upload/image/66617162bc9a5.jpg?path=//proc/self/root/lib64 HTTP/1.1" 200 14233 edition.gerdgeorge.de "-" "Mozilla/5.0 AppleWebKit/537.36 (KHTML, like Gecko; compatible; GPTBot/1.3; +https://openai.com/gptbot)" "-"
54.144.185.0 - - [13/Dec/2025:00:18:24 +0100] "GET /contact/?path=//kunden/proc/self/root/proc/self/root/proc/thread-self/root/proc/self/root/lib/systemd/user HTTP/1.1" 200 31365 edition.gerdgeorge.de "-" "Mozilla/5.0 AppleWebKit/537.36 (KHTML, like Gecko; compatible; Amazonbot/0.1; +https://developer.amazon.com/support/amazonbot) Chrome/119.0.6045.214 Safari/537.36" "-"
74.7.227.0 - - [13/Dec/2025:00:18:24 +0100] "GET /data/upload/image/666175ed27e9a.jpg?path=//lib/python3.9/email HTTP/1.1" 200 46157 edition.gerdgeorge.de "-" "Mozilla/5.0 AppleWebKit/537.36 (KHTML, like Gecko; compatible; GPTBot/1.3; +https://openai.com/gptbot)" "-"
74.7.227.0 - - [13/Dec/2025:00:18:25 +0100] "GET /data/upload/image/666170d0e451f.jpg?path=//proc/self/root/lib/sasl2 HTTP/1.1" 200 12782 edition.gerdgeorge.de "-" "Mozilla/5.0 AppleWebKit/537.36 (KHTML, like Gecko; compatible; GPTBot/1.3; +https://openai.com/gptbot)" "-"
88.90.248.0 - - [13/Dec/2025:00:18:25 +0100] "GET /?fileloc=/homepages/31/d696029188/htdocs/Neu_EditionsGeorge/neu_wordpress/moti/wp-includes/blocks/site-logo.php&path=/homepages/31/d696029188/htdocs/Neu_EditionsGeorge/neu_wordpress/moti/wp-includes/blocks HTTP/1.1" 200 19408 edition.gerdgeorge.de "-" "Mozilla/5.0 (compatible; MJ12bot/v1.4.8; http://mj12bot.com/)" "-"
74.7.227.0 - - [13/Dec/2025:00:18:25 +0100] "GET /data/upload/image/66617162bc9a5.jpg?path=//lib/python3.9/email/__pycache__ HTTP/1.1" 200 43972 edition.gerdgeorge.de "-" "Mozilla/5.0 AppleWebKit/537.36 (KHTML, like Gecko; compatible; GPTBot/1.3; +https://openai.com/gptbot)" "-"
74.7.227.0 - - [13/Dec/2025:00:18:26 +0100] "GET /data/upload/image/66617162bc9a5.jpg?path=//lib/python3.9/email/mime HTTP/1.1" 200 27393 edition.gerdgeorge.de "-" "Mozilla/5.0 AppleWebKit/537.36 (KHTML, like Gecko; compatible; GPTBot/1.3; +https://openai.com/gptbot)" "-"
66.249.64.0 - - [13/Dec/2025:00:18:26 +0100] "GET /?_g=1035563 HTTP/1.1" 200 174957 edition.gerdgeorge.de "-" "Mozilla/5.0 (Linux; Android 6.0.1; Nexus 5X Build/MMB29P) AppleWebKit/537.36 (KHTML, like Gecko) Chrome/141.0.7390.122 Mobile Safari/537.36 (compatible; Googlebot/2.1; +http://www.google.com/bot.html)" "-"
74.7.227.0 - - [13/Dec/2025:00:18:27 +0100] "GET /data/upload/image/666171fb77d06.jpg?path=//lib/python3.9/email HTTP/1.1" 200 46157 edition.gerdgeorge.de "-" "Mozilla/5.0 AppleWebKit/537.36 (KHTML, like Gecko; compatible; GPTBot/1.3; +https://openai.com/gptbot)" "-"
74.7.227.0 - - [13/Dec/2025:00:18:27 +0100] "GET /data/upload/image/66616fcb1107e.jpg?path=//lib/python3.9/email HTTP/1.1" 200 46157 edition.gerdgeorge.de "-" "Mozilla/5.0 AppleWebKit/537.36 (KHTML, like Gecko; compatible; GPTBot/1.3; +https://openai.com/gptbot)" "-"
88.90.248.0 - - [13/Dec/2025:00:18:27 +0100] "GET /?fileloc=/homepages/31/d696029188/htdocs/Neu_EditionsGeorge/neu_wordpress/moti/wp-includes/blocks/site-tagline.php&path=/homepages/31/d696029188/htdocs/Neu_EditionsGeorge/neu_wordpress/moti/wp-includes/blocks HTTP/1.1" 200 14198 edition.gerdgeorge.de "-" "Mozilla/5.0 (compatible; MJ12bot/v1.4.8; http://mj12bot.com/)" "-"
