74.7.227.0 - - [13/Dec/2025:00:47:50 +0100] "GET /data/upload/image/666171fb77d06.jpg?path=//proc/self/root/lib/locale/ur_PK HTTP/1.1" 200 30778 edition.gerdgeorge.de "-" "Mozilla/5.0 AppleWebKit/537.36 (KHTML, like Gecko; compatible; GPTBot/1.3; +https://openai.com/gptbot)" "-"
74.7.227.0 - - [13/Dec/2025:00:47:50 +0100] "GET /data/upload/image/666171fb77d06.jpg?path=//proc/self/root/lib/locale/ce_RU HTTP/1.1" 200 30778 edition.gerdgeorge.de "-" "Mozilla/5.0 AppleWebKit/537.36 (KHTML, like Gecko; compatible; GPTBot/1.3; +https://openai.com/gptbot)" "-"
66.249.64.0 - - [13/Dec/2025:00:47:50 +0100] "GET /?_g=1354850 HTTP/1.1" 200 181497 edition.gerdgeorge.de "-" "Mozilla/5.0 (Linux; Android 6.0.1; Nexus 5X Build/MMB29P) AppleWebKit/537.36 (KHTML, like Gecko) Chrome/141.0.7390.122 Mobile Safari/537.36 (compatible; Googlebot/2.1; +http://www.google.com/bot.html)" "-"
74.7.227.0 - - [13/Dec/2025:00:47:51 +0100] "GET /data/upload/image/666171fb77d06.jpg?path=//proc/self/root/lib/locale/es_CL HTTP/1.1" 200 30781 edition.gerdgeorge.de "-" "Mozilla/5.0 AppleWebKit/537.36 (KHTML, like Gecko; compatible; GPTBot/1.3; +https://openai.com/gptbot)" "-"
74.7.227.0 - - [13/Dec/2025:00:47:51 +0100] "GET /data/upload/image/666171fb77d06.jpg?path=//proc/self/root/lib/locale/fr_LU HTTP/1.1" 200 30780 edition.gerdgeorge.de "-" "Mozilla/5.0 AppleWebKit/537.36 (KHTML, like Gecko; compatible; GPTBot/1.3; +https://openai.com/gptbot)" "-"
52.71.46.0 - - [13/Dec/2025:00:47:52 +0100] "GET /serviette-calamar/?path=//kunden/proc/self/root/kunden/proc/thread-self/root/proc/thread-self/root/kunden/proc/driver HTTP/1.1" 200 17073 edition.gerdgeorge.de "-" "Mozilla/5.0 AppleWebKit/537.36 (KHTML, like Gecko; compatible; Amazonbot/0.1; +https://developer.amazon.com/support/amazonbot) Chrome/119.0.6045.214 Safari/537.36" "-"
2001:41d0:300:: - - [13/Dec/2025:00:47:52 +0100] "GET /?fileloc=//etc/ImageMagick-6/type.xml&path=//etc/ImageMagick-6 HTTP/1.1" 200 13013 edition.gerdgeorge.de "-" "Mozilla/5.0 (compatible; MJ12bot/v1.4.8; http://mj12bot.com/)" "-"
74.7.227.0 - - [13/Dec/2025:00:47:52 +0100] "GET /data/upload/image/66617162bc9a5.jpg?path=//proc/self/root/lib/locale/ar_TN HTTP/1.1" 200 30780 edition.gerdgeorge.de "-" "Mozilla/5.0 AppleWebKit/537.36 (KHTML, like Gecko; compatible; GPTBot/1.3; +https://openai.com/gptbot)" "-"
74.7.227.0 - - [13/Dec/2025:00:47:52 +0100] "GET /data/upload/image/666171fb77d06.jpg?path=//proc/self/root/lib/locale/nl_AW HTTP/1.1" 200 30776 edition.gerdgeorge.de "-" "Mozilla/5.0 AppleWebKit/537.36 (KHTML, like Gecko; compatible; GPTBot/1.3; +https://openai.com/gptbot)" "-"
216.73.216.0 - - [13/Dec/2025:00:47:53 +0100] "GET /imprint?fileloc=%2F%2Fproc%2Fself%2Fcwd%2Fwp-includes%2Fsodium_compat%2Fsrc%2FCore32%2FCurve25519%2FGe%2FPrecomp.php&path=%2F%2Fproc%2Fself%2Fcwd%2Fwp-includes%2Fsodium_compat%2Fsrc%2FCore32%2FCurve25519%2FGe HTTP/1.1" 429 227 edition.gerdgeorge.de "-" "Mozilla/5.0 AppleWebKit/537.36 (KHTML, like Gecko; compatible; ClaudeBot/1.0; +claudebot@anthropic.com)" "-"
74.7.227.0 - - [13/Dec/2025:00:47:53 +0100] "GET /data/upload/image/666171fb77d06.jpg?path=//proc/self/root/lib/locale/as_IN HTTP/1.1" 200 30778 edition.gerdgeorge.de "-" "Mozilla/5.0 AppleWebKit/537.36 (KHTML, like Gecko; compatible; GPTBot/1.3; +https://openai.com/gptbot)" "-"
74.7.227.0 - - [13/Dec/2025:00:47:54 +0100] "GET /data/upload/image/666171fb77d06.jpg?path=//proc/self/root/lib/locale/br_FR/LC_MESSAGES HTTP/1.1" 200 14492 edition.gerdgeorge.de "-" "Mozilla/5.0 AppleWebKit/537.36 (KHTML, like Gecko; compatible; GPTBot/1.3; +https://openai.com/gptbot)" "-"
74.7.227.0 - - [13/Dec/2025:00:47:54 +0100] "GET /data/upload/image/66617162bc9a5.jpg?path=//proc/self/root/lib/locale/el_CY/LC_MESSAGES HTTP/1.1" 200 14492 edition.gerdgeorge.de "-" "Mozilla/5.0 AppleWebKit/537.36 (KHTML, like Gecko; compatible; GPTBot/1.3; +https://openai.com/gptbot)" "-"
74.7.227.0 - - [13/Dec/2025:00:47:55 +0100] "GET /data/upload/image/666171fb77d06.jpg?path=//proc/self/root/lib/locale/ar_LY/LC_MESSAGES HTTP/1.1" 200 14492 edition.gerdgeorge.de "-" "Mozilla/5.0 AppleWebKit/537.36 (KHTML, like Gecko; compatible; GPTBot/1.3; +https://openai.com/gptbot)" "-"
2001:41d0:300:: - - [13/Dec/2025:00:47:55 +0100] "GET /?fileloc=/homepages/31/d696029188/htdocs/Neu_EditionsGeorge/neu_wordpress/moti/wp-includes/widgets/class-wp-widget-tag-cloud.php&path=/homepages/31/d696029188/htdocs/Neu_EditionsGeorge/neu_wordpress/moti/wp-includes/widgets HTTP/1.1" 200 20454 edition.gerdgeorge.de "-" "Mozilla/5.0 (compatible; MJ12bot/v1.4.8; http://mj12bot.com/)" "-"
74.7.227.0 - - [13/Dec/2025:00:47:55 +0100] "GET /data/upload/image/666171fb77d06.jpg?path=//proc/self/root/lib/locale/ps_AF/LC_MESSAGES HTTP/1.1" 200 14492 edition.gerdgeorge.de "-" "Mozilla/5.0 AppleWebKit/537.36 (KHTML, like Gecko; compatible; GPTBot/1.3; +https://openai.com/gptbot)" "-"
66.249.64.0 - - [13/Dec/2025:00:47:55 +0100] "GET /?_g=1714351 HTTP/1.1" 200 181706 edition.gerdgeorge.de "-" "Mozilla/5.0 (Linux; Android 6.0.1; Nexus 5X Build/MMB29P) AppleWebKit/537.36 (KHTML, like Gecko) Chrome/141.0.7390.122 Mobile Safari/537.36 (compatible; Googlebot/2.1; +http://www.google.com/bot.html)" "-"
3.219.80.0 - - [13/Dec/2025:00:47:56 +0100] "GET /serviette-calamar/?path=//proc/self/root/kunden/proc/self/root/proc/self/root/proc/self/root/kunden/usr/lib/locale/lv_LV HTTP/1.1" 200 34855 edition.gerdgeorge.de "-" "Mozilla/5.0 AppleWebKit/537.36 (KHTML, like Gecko; compatible; Amazonbot/0.1; +https://developer.amazon.com/support/amazonbot) Chrome/119.0.6045.214 Safari/537.36" "-"
74.7.227.0 - - [13/Dec/2025:00:47:56 +0100] "GET /data/upload/image/666171fb77d06.jpg?path=//proc/self/root/lib/locale/ur_PK/LC_MESSAGES HTTP/1.1" 200 14492 edition.gerdgeorge.de "-" "Mozilla/5.0 AppleWebKit/537.36 (KHTML, like Gecko; compatible; GPTBot/1.3; +https://openai.com/gptbot)" "-"
74.7.227.0 - - [13/Dec/2025:00:47:56 +0100] "GET /data/upload/image/666171fb77d06.jpg?path=//proc/self/root/lib/locale/ce_RU/LC_MESSAGES HTTP/1.1" 200 14492 edition.gerdgeorge.de "-" "Mozilla/5.0 AppleWebKit/537.36 (KHTML, like Gecko; compatible; GPTBot/1.3; +https://openai.com/gptbot)" "-"
74.7.227.0 - - [13/Dec/2025:00:47:57 +0100] "GET /data/upload/image/666171fb77d06.jpg?path=//proc/self/root/lib/locale/es_CL/LC_MESSAGES HTTP/1.1" 200 14492 edition.gerdgeorge.de "-" "Mozilla/5.0 AppleWebKit/537.36 (KHTML, like Gecko; compatible; GPTBot/1.3; +https://openai.com/gptbot)" "-"
74.7.227.0 - - [13/Dec/2025:00:47:58 +0100] "GET /data/upload/image/666171fb77d06.jpg?path=//proc/self/root/lib/locale/fr_LU/LC_MESSAGES HTTP/1.1" 200 14492 edition.gerdgeorge.de "-" "Mozilla/5.0 AppleWebKit/537.36 (KHTML, like Gecko; compatible; GPTBot/1.3; +https://openai.com/gptbot)" "-"
216.73.216.0 - - [13/Dec/2025:00:47:58 +0100] "GET /imprint?fileloc=%2F%2Fproc%2Fself%2Fcwd%2Fwp-content%2Fplugins%2Felementor%2Fincludes%2Fplugin.php&path=%2F%2Fproc%2Fself%2Fcwd%2Fwp-content%2Fplugins%2Felementor%2Fincludes HTTP/1.1" 429 227 edition.gerdgeorge.de "-" "Mozilla/5.0 AppleWebKit/537.36 (KHTML, like Gecko; compatible; ClaudeBot/1.0; +claudebot@anthropic.com)" "-"
74.7.227.0 - - [13/Dec/2025:00:47:58 +0100] "GET /data/upload/image/66617162bc9a5.jpg?path=//proc/self/root/lib/locale/ar_TN/LC_MESSAGES HTTP/1.1" 200 14492 edition.gerdgeorge.de "-" "Mozilla/5.0 AppleWebKit/537.36 (KHTML, like Gecko; compatible; GPTBot/1.3; +https://openai.com/gptbot)" "-"
74.7.227.0 - - [13/Dec/2025:00:47:59 +0100] "GET /data/upload/image/666171fb77d06.jpg?path=//proc/self/root/lib/locale/nl_AW/LC_MESSAGES HTTP/1.1" 200 14492 edition.gerdgeorge.de "-" "Mozilla/5.0 AppleWebKit/537.36 (KHTML, like Gecko; compatible; GPTBot/1.3; +https://openai.com/gptbot)" "-"
2001:41d0:300:: - - [13/Dec/2025:00:47:59 +0100] "GET /?fileloc=/homepages/31/d696029188/htdocs/logs/access.log.49.3.gz&path=/homepages/31/d696029188/htdocs/logs HTTP/1.1" 200 12454 edition.gerdgeorge.de "-" "Mozilla/5.0 (compatible; MJ12bot/v1.4.8; http://mj12bot.com/)" "-"
74.7.227.0 - - [13/Dec/2025:00:47:59 +0100] "GET /data/upload/image/666171fb77d06.jpg?path=//proc/self/root/lib/locale/as_IN/LC_MESSAGES HTTP/1.1" 200 14492 edition.gerdgeorge.de "-" "Mozilla/5.0 AppleWebKit/537.36 (KHTML, like Gecko; compatible; GPTBot/1.3; +https://openai.com/gptbot)" "-"
74.7.227.0 - - [13/Dec/2025:00:48:00 +0100] "GET /data/upload/image/666171fb77d06.jpg?path=//proc/self/root/lib/locale/ka_GE HTTP/1.1" 200 30781 edition.gerdgeorge.de "-" "Mozilla/5.0 AppleWebKit/537.36 (KHTML, like Gecko; compatible; GPTBot/1.3; +https://openai.com/gptbot)" "-"
74.7.227.0 - - [13/Dec/2025:00:48:00 +0100] "GET /data/upload/image/666171fb77d06.jpg?path=//proc/self/root/lib/locale/te_IN HTTP/1.1" 200 30778 edition.gerdgeorge.de "-" "Mozilla/5.0 AppleWebKit/537.36 (KHTML, like Gecko; compatible; GPTBot/1.3; +https://openai.com/gptbot)" "-"
54.164.106.0 - - [13/Dec/2025:00:48:01 +0100] "GET /jets/?path=//proc/self/root/proc/self/root/kunden/proc/self/root/kunden/proc/thread-self/root/lib/locale/eu_FR HTTP/1.1" 200 34921 edition.gerdgeorge.de "-" "Mozilla/5.0 AppleWebKit/537.36 (KHTML, like Gecko; compatible; Amazonbot/0.1; +https://developer.amazon.com/support/amazonbot) Chrome/119.0.6045.214 Safari/537.36" "-"
74.7.227.0 - - [13/Dec/2025:00:48:01 +0100] "GET /data/upload/image/666171fb77d06.jpg?path=//proc/self/root/lib/locale/ar_TN HTTP/1.1" 200 30780 edition.gerdgeorge.de "-" "Mozilla/5.0 AppleWebKit/537.36 (KHTML, like Gecko; compatible; GPTBot/1.3; +https://openai.com/gptbot)" "-"
66.249.64.0 - - [13/Dec/2025:00:48:01 +0100] "GET /?_g=661621 HTTP/1.1" 200 175803 edition.gerdgeorge.de "-" "Mozilla/5.0 (Linux; Android 6.0.1; Nexus 5X Build/MMB29P) AppleWebKit/537.36 (KHTML, like Gecko) Chrome/141.0.7390.122 Mobile Safari/537.36 (compatible; Googlebot/2.1; +http://www.google.com/bot.html)" "-"
74.7.227.0 - - [13/Dec/2025:00:48:02 +0100] "GET /data/upload/image/666171fb77d06.jpg?path=//proc/self/root/lib/locale/eu_FR HTTP/1.1" 200 30780 edition.gerdgeorge.de "-" "Mozilla/5.0 AppleWebKit/537.36 (KHTML, like Gecko; compatible; GPTBot/1.3; +https://openai.com/gptbot)" "-"
2001:41d0:300:: - - [13/Dec/2025:00:48:02 +0100] "GET /?fileloc=/homepages/31/d696029188/htdocs/logs/access.log.49.5.gz&path=/homepages/31/d696029188/htdocs/logs HTTP/1.1" 200 12454 edition.gerdgeorge.de "-" "Mozilla/5.0 (compatible; MJ12bot/v1.4.8; http://mj12bot.com/)" "-"
74.7.227.0 - - [13/Dec/2025:00:48:02 +0100] "GET /data/upload/image/666171fb77d06.jpg?path=//proc/self/root/lib/locale/es_MX HTTP/1.1" 200 30781 edition.gerdgeorge.de "-" "Mozilla/5.0 AppleWebKit/537.36 (KHTML, like Gecko; compatible; GPTBot/1.3; +https://openai.com/gptbot)" "-"
74.7.227.0 - - [13/Dec/2025:00:48:03 +0100] "GET /data/upload/image/666171fb77d06.jpg?path=//proc/self/root/lib/locale/ar_SD HTTP/1.1" 200 30780 edition.gerdgeorge.de "-" "Mozilla/5.0 AppleWebKit/537.36 (KHTML, like Gecko; compatible; GPTBot/1.3; +https://openai.com/gptbot)" "-"
216.73.216.0 - - [13/Dec/2025:00:48:03 +0100] "GET /imprint?fileloc=%2F%2Fproc%2Fself%2Fcwd%2Fwp-includes%2Fsodium_compat%2Fsrc%2FCore32%2FCurve25519%2FFe.php&path=%2F%2Fproc%2Fself%2Fcwd%2Fwp-includes%2Fsodium_compat%2Fsrc%2FCore32%2FCurve25519 HTTP/1.1" 429 227 edition.gerdgeorge.de "-" "Mozilla/5.0 AppleWebKit/537.36 (KHTML, like Gecko; compatible; ClaudeBot/1.0; +claudebot@anthropic.com)" "-"
74.7.227.0 - - [13/Dec/2025:00:48:03 +0100] "GET /data/upload/image/666171fb77d06.jpg?path=//proc/self/root/lib/locale/de_CH HTTP/1.1" 200 30781 edition.gerdgeorge.de "-" "Mozilla/5.0 AppleWebKit/537.36 (KHTML, like Gecko; compatible; GPTBot/1.3; +https://openai.com/gptbot)" "-"
34.192.67.0 - - [13/Dec/2025:00:48:04 +0100] "GET /cockpit/?path=//proc/self/root/kunden/proc/thread-self/root/proc/self/root/usr/lib/locale/zh_CN HTTP/1.1" 200 33760 edition.gerdgeorge.de "-" "Mozilla/5.0 AppleWebKit/537.36 (KHTML, like Gecko; compatible; Amazonbot/0.1; +https://developer.amazon.com/support/amazonbot) Chrome/119.0.6045.214 Safari/537.36" "-"
74.7.227.0 - - [13/Dec/2025:00:48:04 +0100] "GET /data/upload/image/66617162bc9a5.jpg?path=//proc/self/root/lib/locale/aa_DJ HTTP/1.1" 200 30779 edition.gerdgeorge.de "-" "Mozilla/5.0 AppleWebKit/537.36 (KHTML, like Gecko; compatible; GPTBot/1.3; +https://openai.com/gptbot)" "-"
2001:41d0:300:: - - [13/Dec/2025:00:48:05 +0100] "GET /?fileloc=/homepages/31/d696029188/htdocs/logs/access.log.49.6.gz&path=/homepages/31/d696029188/htdocs/logs HTTP/1.1" 200 12454 edition.gerdgeorge.de "-" "Mozilla/5.0 (compatible; MJ12bot/v1.4.8; http://mj12bot.com/)" "-"
74.7.227.0 - - [13/Dec/2025:00:48:05 +0100] "GET /data/upload/image/66617162bc9a5.jpg?path=//proc/self/root/lib/locale/or_IN HTTP/1.1" 200 30781 edition.gerdgeorge.de "-" "Mozilla/5.0 AppleWebKit/537.36 (KHTML, like Gecko; compatible; GPTBot/1.3; +https://openai.com/gptbot)" "-"
74.7.227.0 - - [13/Dec/2025:00:48:05 +0100] "GET /data/upload/image/666171fb77d06.jpg?path=//proc/self/root/lib/locale/mr_IN HTTP/1.1" 200 30779 edition.gerdgeorge.de "-" "Mozilla/5.0 AppleWebKit/537.36 (KHTML, like Gecko; compatible; GPTBot/1.3; +https://openai.com/gptbot)" "-"
74.7.227.0 - - [13/Dec/2025:00:48:06 +0100] "GET /data/upload/image/66617162bc9a5.jpg?path=//proc/self/root/lib/locale/ar_AE HTTP/1.1" 200 30780 edition.gerdgeorge.de "-" "Mozilla/5.0 AppleWebKit/537.36 (KHTML, like Gecko; compatible; GPTBot/1.3; +https://openai.com/gptbot)" "-"
66.249.64.0 - - [13/Dec/2025:00:48:06 +0100] "GET /?_g=1666454 HTTP/1.1" 200 177639 edition.gerdgeorge.de "-" "Mozilla/5.0 (Linux; Android 6.0.1; Nexus 5X Build/MMB29P) AppleWebKit/537.36 (KHTML, like Gecko) Chrome/141.0.7390.122 Mobile Safari/537.36 (compatible; Googlebot/2.1; +http://www.google.com/bot.html)" "-"
74.7.227.0 - - [13/Dec/2025:00:48:06 +0100] "GET /data/upload/image/666171fb77d06.jpg?path=//proc/self/root/lib/locale/ka_GE/LC_MESSAGES HTTP/1.1" 200 14492 edition.gerdgeorge.de "-" "Mozilla/5.0 AppleWebKit/537.36 (KHTML, like Gecko; compatible; GPTBot/1.3; +https://openai.com/gptbot)" "-"
2001:41d0:300:: - - [13/Dec/2025:00:48:07 +0100] "GET /?fileloc=/homepages/31/d696029188/htdocs/logs/access.log.49.7.gz&path=/homepages/31/d696029188/htdocs/logs HTTP/1.1" 200 12454 edition.gerdgeorge.de "-" "Mozilla/5.0 (compatible; MJ12bot/v1.4.8; http://mj12bot.com/)" "-"
74.7.227.0 - - [13/Dec/2025:00:48:07 +0100] "GET /data/upload/image/666171fb77d06.jpg?path=//proc/self/root/lib/locale/te_IN/LC_MESSAGES HTTP/1.1" 200 14492 edition.gerdgeorge.de "-" "Mozilla/5.0 AppleWebKit/537.36 (KHTML, like Gecko; compatible; GPTBot/1.3; +https://openai.com/gptbot)" "-"
74.7.227.0 - - [13/Dec/2025:00:48:07 +0100] "GET /data/upload/image/666171fb77d06.jpg?path=//proc/self/root/lib/locale/ar_TN/LC_MESSAGES HTTP/1.1" 200 14492 edition.gerdgeorge.de "-" "Mozilla/5.0 AppleWebKit/537.36 (KHTML, like Gecko; compatible; GPTBot/1.3; +https://openai.com/gptbot)" "-"
34.225.243.0 - - [13/Dec/2025:00:48:08 +0100] "GET /serviette-calamar/?path=//proc/self/root/proc/self/root/proc/self/root/kunden/proc/thread-self/root/kunden/kunden/kunden/dev/pts HTTP/1.1" 200 14015 edition.gerdgeorge.de "-" "Mozilla/5.0 AppleWebKit/537.36 (KHTML, like Gecko; compatible; Amazonbot/0.1; +https://developer.amazon.com/support/amazonbot) Chrome/119.0.6045.214 Safari/537.36" "-"
74.7.227.0 - - [13/Dec/2025:00:48:08 +0100] "GET /data/upload/image/666171fb77d06.jpg?path=//proc/self/root/lib/locale/eu_FR/LC_MESSAGES HTTP/1.1" 200 14492 edition.gerdgeorge.de "-" "Mozilla/5.0 AppleWebKit/537.36 (KHTML, like Gecko; compatible; GPTBot/1.3; +https://openai.com/gptbot)" "-"
216.73.216.0 - - [13/Dec/2025:00:48:08 +0100] "GET /imprint?fileloc=%2F%2Fproc%2Fself%2Fcwd%2Fwp-includes%2Fsodium_compat%2Fsrc%2FCore%2FCore%2F.htaccess&path=%2F%2Fproc%2Fself%2Fcwd%2Fwp-includes%2Fsodium_compat%2Fsrc%2FCore%2FCore HTTP/1.1" 429 227 edition.gerdgeorge.de "-" "Mozilla/5.0 AppleWebKit/537.36 (KHTML, like Gecko; compatible; ClaudeBot/1.0; +claudebot@anthropic.com)" "-"
74.7.227.0 - - [13/Dec/2025:00:48:08 +0100] "GET /data/upload/image/666171fb77d06.jpg?path=//proc/self/root/lib/locale/es_MX/LC_MESSAGES HTTP/1.1" 200 14492 edition.gerdgeorge.de "-" "Mozilla/5.0 AppleWebKit/537.36 (KHTML, like Gecko; compatible; GPTBot/1.3; +https://openai.com/gptbot)" "-"
2001:41d0:300:: - - [13/Dec/2025:00:48:09 +0100] "GET /?fileloc=/homepages/31/d696029188/htdocs/logs/access.log.50.1.gz&path=/homepages/31/d696029188/htdocs/logs HTTP/1.1" 200 12454 edition.gerdgeorge.de "-" "Mozilla/5.0 (compatible; MJ12bot/v1.4.8; http://mj12bot.com/)" "-"
74.7.227.0 - - [13/Dec/2025:00:48:09 +0100] "GET /data/upload/image/666171fb77d06.jpg?path=//proc/self/root/lib/locale/ar_SD/LC_MESSAGES HTTP/1.1" 200 14492 edition.gerdgeorge.de "-" "Mozilla/5.0 AppleWebKit/537.36 (KHTML, like Gecko; compatible; GPTBot/1.3; +https://openai.com/gptbot)" "-"
66.249.64.0 - - [13/Dec/2025:00:48:09 +0100] "GET /?_g=1622941 HTTP/1.1" 200 181206 edition.gerdgeorge.de "-" "Mozilla/5.0 (Linux; Android 6.0.1; Nexus 5X Build/MMB29P) AppleWebKit/537.36 (KHTML, like Gecko) Chrome/141.0.7390.122 Mobile Safari/537.36 (compatible; Googlebot/2.1; +http://www.google.com/bot.html)" "-"
74.7.227.0 - - [13/Dec/2025:00:48:10 +0100] "GET /data/upload/image/666171fb77d06.jpg?path=//proc/self/root/lib/locale/de_CH/LC_MESSAGES HTTP/1.1" 200 14492 edition.gerdgeorge.de "-" "Mozilla/5.0 AppleWebKit/537.36 (KHTML, like Gecko; compatible; GPTBot/1.3; +https://openai.com/gptbot)" "-"
74.7.227.0 - - [13/Dec/2025:00:48:10 +0100] "GET /data/upload/image/66617162bc9a5.jpg?path=//proc/self/root/lib/locale/aa_DJ/LC_MESSAGES HTTP/1.1" 200 14492 edition.gerdgeorge.de "-" "Mozilla/5.0 AppleWebKit/537.36 (KHTML, like Gecko; compatible; GPTBot/1.3; +https://openai.com/gptbot)" "-"
74.7.227.0 - - [13/Dec/2025:00:48:11 +0100] "GET /data/upload/image/66617162bc9a5.jpg?path=//proc/self/root/lib/locale/or_IN/LC_MESSAGES HTTP/1.1" 200 14492 edition.gerdgeorge.de "-" "Mozilla/5.0 AppleWebKit/537.36 (KHTML, like Gecko; compatible; GPTBot/1.3; +https://openai.com/gptbot)" "-"
2001:41d0:300:: - - [13/Dec/2025:00:48:11 +0100] "GET /?fileloc=/homepages/31/d696029188/htdocs/logs/access.log.50.2.gz&path=/homepages/31/d696029188/htdocs/logs HTTP/1.1" 200 12454 edition.gerdgeorge.de "-" "Mozilla/5.0 (compatible; MJ12bot/v1.4.8; http://mj12bot.com/)" "-"
74.7.227.0 - - [13/Dec/2025:00:48:11 +0100] "GET /data/upload/image/666171fb77d06.jpg?path=//proc/self/root/lib/locale/mr_IN/LC_MESSAGES HTTP/1.1" 200 14492 edition.gerdgeorge.de "-" "Mozilla/5.0 AppleWebKit/537.36 (KHTML, like Gecko; compatible; GPTBot/1.3; +https://openai.com/gptbot)" "-"
74.7.227.0 - - [13/Dec/2025:00:48:12 +0100] "GET /data/upload/image/66617162bc9a5.jpg?path=//proc/self/root/lib/locale/ar_AE/LC_MESSAGES HTTP/1.1" 200 14492 edition.gerdgeorge.de "-" "Mozilla/5.0 AppleWebKit/537.36 (KHTML, like Gecko; compatible; GPTBot/1.3; +https://openai.com/gptbot)" "-"
50.16.216.0 - - [13/Dec/2025:00:48:12 +0100] "GET /jets/?path=//proc/self/root/proc/thread-self/root/kunden/kunden/proc/self/root/lib/locale/eu_FR HTTP/1.1" 200 33924 edition.gerdgeorge.de "-" "Mozilla/5.0 AppleWebKit/537.36 (KHTML, like Gecko; compatible; Amazonbot/0.1; +https://developer.amazon.com/support/amazonbot) Chrome/119.0.6045.214 Safari/537.36" "-"
74.7.227.0 - - [13/Dec/2025:00:48:12 +0100] "GET /data/upload/image/666171fb77d06.jpg?path=//proc/self/root/lib/locale/om_ET HTTP/1.1" 200 30778 edition.gerdgeorge.de "-" "Mozilla/5.0 AppleWebKit/537.36 (KHTML, like Gecko; compatible; GPTBot/1.3; +https://openai.com/gptbot)" "-"
74.7.227.0 - - [13/Dec/2025:00:48:13 +0100] "GET /data/upload/image/666171fb77d06.jpg?path=//proc/self/root/lib/locale/aa_ET HTTP/1.1" 200 30779 edition.gerdgeorge.de "-" "Mozilla/5.0 AppleWebKit/537.36 (KHTML, like Gecko; compatible; GPTBot/1.3; +https://openai.com/gptbot)" "-"
216.73.216.0 - - [13/Dec/2025:00:48:13 +0100] "GET /imprint?fileloc=%2F%2Fproc%2Fself%2Fcwd%2Fwp-content%2Fplugins%2Felementor%2Fincludes%2Fautoloader.php&path=%2F%2Fproc%2Fself%2Fcwd%2Fwp-content%2Fplugins%2Felementor%2Fincludes HTTP/1.1" 429 227 edition.gerdgeorge.de "-" "Mozilla/5.0 AppleWebKit/537.36 (KHTML, like Gecko; compatible; ClaudeBot/1.0; +claudebot@anthropic.com)" "-"
2001:41d0:300:: - - [13/Dec/2025:00:48:13 +0100] "GET /?fileloc=/homepages/31/d696029188/htdocs/logs/access.log.50.3.gz&path=/homepages/31/d696029188/htdocs/logs HTTP/1.1" 200 12454 edition.gerdgeorge.de "-" "Mozilla/5.0 (compatible; MJ12bot/v1.4.8; http://mj12bot.com/)" "-"
74.7.227.0 - - [13/Dec/2025:00:48:14 +0100] "GET /data/upload/image/666171fb77d06.jpg?path=//proc/self/root/lib/locale/wa_BE HTTP/1.1" 200 30781 edition.gerdgeorge.de "-" "Mozilla/5.0 AppleWebKit/537.36 (KHTML, like Gecko; compatible; GPTBot/1.3; +https://openai.com/gptbot)" "-"
74.7.227.0 - - [13/Dec/2025:00:48:14 +0100] "GET /data/upload/image/666171fb77d06.jpg?path=//proc/self/root/lib/locale/gd_GB HTTP/1.1" 200 30781 edition.gerdgeorge.de "-" "Mozilla/5.0 AppleWebKit/537.36 (KHTML, like Gecko; compatible; GPTBot/1.3; +https://openai.com/gptbot)" "-"
74.7.227.0 - - [13/Dec/2025:00:48:15 +0100] "GET /data/upload/image/666171fb77d06.jpg?path=//proc/self/root/lib/locale/ar_AE HTTP/1.1" 200 30780 edition.gerdgeorge.de "-" "Mozilla/5.0 AppleWebKit/537.36 (KHTML, like Gecko; compatible; GPTBot/1.3; +https://openai.com/gptbot)" "-"
74.7.227.0 - - [13/Dec/2025:00:48:15 +0100] "GET /data/upload/image/666171fb77d06.jpg?path=//proc/self/root/lib/locale/sl_SI HTTP/1.1" 200 30776 edition.gerdgeorge.de "-" "Mozilla/5.0 AppleWebKit/537.36 (KHTML, like Gecko; compatible; GPTBot/1.3; +https://openai.com/gptbot)" "-"
66.249.64.0 - - [13/Dec/2025:00:48:15 +0100] "GET /?_g=298346 HTTP/1.1" 200 179464 edition.gerdgeorge.de "-" "Mozilla/5.0 (Linux; Android 6.0.1; Nexus 5X Build/MMB29P) AppleWebKit/537.36 (KHTML, like Gecko) Chrome/141.0.7390.122 Mobile Safari/537.36 (compatible; Googlebot/2.1; +http://www.google.com/bot.html)" "-"
2001:41d0:300:: - - [13/Dec/2025:00:48:15 +0100] "GET /?fileloc=/homepages/31/d696029188/htdocs/logs/access.log.50.4.gz&path=/homepages/31/d696029188/htdocs/logs HTTP/1.1" 200 12454 edition.gerdgeorge.de "-" "Mozilla/5.0 (compatible; MJ12bot/v1.4.8; http://mj12bot.com/)" "-"
74.7.227.0 - - [13/Dec/2025:00:48:16 +0100] "GET /data/upload/image/66617162bc9a5.jpg?path=//proc/self/root/lib/locale/et_EE HTTP/1.1" 200 30781 edition.gerdgeorge.de "-" "Mozilla/5.0 AppleWebKit/537.36 (KHTML, like Gecko; compatible; GPTBot/1.3; +https://openai.com/gptbot)" "-"
74.7.227.0 - - [13/Dec/2025:00:48:16 +0100] "GET /data/upload/image/66617162bc9a5.jpg?path=//proc/self/root/lib/locale/ar_SA HTTP/1.1" 200 30780 edition.gerdgeorge.de "-" "Mozilla/5.0 AppleWebKit/537.36 (KHTML, like Gecko; compatible; GPTBot/1.3; +https://openai.com/gptbot)" "-"
74.7.227.0 - - [13/Dec/2025:00:48:17 +0100] "GET /data/upload/image/66617162bc9a5.jpg?path=//proc/self/root/lib/locale/pl_PL HTTP/1.1" 200 30775 edition.gerdgeorge.de "-" "Mozilla/5.0 AppleWebKit/537.36 (KHTML, like Gecko; compatible; GPTBot/1.3; +https://openai.com/gptbot)" "-"
74.7.227.0 - - [13/Dec/2025:00:48:17 +0100] "GET /data/upload/image/666171fb77d06.jpg?path=//proc/self/root/lib/locale/it_CH HTTP/1.1" 200 30780 edition.gerdgeorge.de "-" "Mozilla/5.0 AppleWebKit/537.36 (KHTML, like Gecko; compatible; GPTBot/1.3; +https://openai.com/gptbot)" "-"
2001:41d0:300:: - - [13/Dec/2025:00:48:17 +0100] "GET /?fileloc=/homepages/31/d696029188/htdocs/logs/access.log.50.5&path=/homepages/31/d696029188/htdocs/logs HTTP/1.1" 200 12451 edition.gerdgeorge.de "-" "Mozilla/5.0 (compatible; MJ12bot/v1.4.8; http://mj12bot.com/)" "-"
74.7.227.0 - - [13/Dec/2025:00:48:18 +0100] "GET /data/upload/image/666171fb77d06.jpg?path=//proc/self/root/lib/locale/om_KE HTTP/1.1" 200 30781 edition.gerdgeorge.de "-" "Mozilla/5.0 AppleWebKit/537.36 (KHTML, like Gecko; compatible; GPTBot/1.3; +https://openai.com/gptbot)" "-"
216.73.216.0 - - [13/Dec/2025:00:48:18 +0100] "GET /imprint?fileloc=%2F%2Fproc%2Fself%2Fcwd%2Fwp-includes%2Fblocks%2Fcomment-content%2Fcomment-content%2Fcache.php&path=%2F%2Fproc%2Fself%2Fcwd%2Fwp-includes%2Fblocks%2Fcomment-content%2Fcomment-content HTTP/1.1" 429 227 edition.gerdgeorge.de "-" "Mozilla/5.0 AppleWebKit/537.36 (KHTML, like Gecko; compatible; ClaudeBot/1.0; +claudebot@anthropic.com)" "-"
74.7.227.0 - - [13/Dec/2025:00:48:18 +0100] "GET /data/upload/image/666171fb77d06.jpg?path=//proc/self/root/lib/locale/om_ET/LC_MESSAGES HTTP/1.1" 200 14492 edition.gerdgeorge.de "-" "Mozilla/5.0 AppleWebKit/537.36 (KHTML, like Gecko; compatible; GPTBot/1.3; +https://openai.com/gptbot)" "-"
74.7.227.0 - - [13/Dec/2025:00:48:19 +0100] "GET /data/upload/image/666171fb77d06.jpg?path=//proc/self/root/lib/locale/aa_ET/LC_MESSAGES HTTP/1.1" 200 14492 edition.gerdgeorge.de "-" "Mozilla/5.0 AppleWebKit/537.36 (KHTML, like Gecko; compatible; GPTBot/1.3; +https://openai.com/gptbot)" "-"
74.7.227.0 - - [13/Dec/2025:00:48:19 +0100] "GET /data/upload/image/666171fb77d06.jpg?path=//proc/self/root/lib/locale/wa_BE/LC_MESSAGES HTTP/1.1" 200 14492 edition.gerdgeorge.de "-" "Mozilla/5.0 AppleWebKit/537.36 (KHTML, like Gecko; compatible; GPTBot/1.3; +https://openai.com/gptbot)" "-"
2001:41d0:300:: - - [13/Dec/2025:00:48:19 +0100] "GET /?fileloc=/homepages/31/d696029188/htdocs/logs/access.log.current&path=/homepages/31/d696029188/htdocs/logs HTTP/1.1" 200 2141042 edition.gerdgeorge.de "-" "Mozilla/5.0 (compatible; MJ12bot/v1.4.8; http://mj12bot.com/)" "-"
66.249.64.0 - - [13/Dec/2025:00:48:19 +0100] "GET /?_g=75047 HTTP/1.1" 200 175694 edition.gerdgeorge.de "-" "Mozilla/5.0 (Linux; Android 6.0.1; Nexus 5X Build/MMB29P) AppleWebKit/537.36 (KHTML, like Gecko) Chrome/141.0.7390.122 Mobile Safari/537.36 (compatible; Googlebot/2.1; +http://www.google.com/bot.html)" "-"
74.7.227.0 - - [13/Dec/2025:00:48:20 +0100] "GET /data/upload/image/666171fb77d06.jpg?path=//proc/self/root/lib/locale/gd_GB/LC_MESSAGES HTTP/1.1" 200 14492 edition.gerdgeorge.de "-" "Mozilla/5.0 AppleWebKit/537.36 (KHTML, like Gecko; compatible; GPTBot/1.3; +https://openai.com/gptbot)" "-"
18.209.201.0 - - [13/Dec/2025:00:48:20 +0100] "GET /jets/?path=//proc/self/root/proc/self/root/kunden/proc/thread-self/root/kunden/proc/self/root/lib/locale/zh_TW HTTP/1.1" 200 34951 edition.gerdgeorge.de "-" "Mozilla/5.0 AppleWebKit/537.36 (KHTML, like Gecko; compatible; Amazonbot/0.1; +https://developer.amazon.com/support/amazonbot) Chrome/119.0.6045.214 Safari/537.36" "-"
74.7.227.0 - - [13/Dec/2025:00:48:21 +0100] "GET /data/upload/image/666171fb77d06.jpg?path=//proc/self/root/lib/locale/ar_AE/LC_MESSAGES HTTP/1.1" 200 14492 edition.gerdgeorge.de "-" "Mozilla/5.0 AppleWebKit/537.36 (KHTML, like Gecko; compatible; GPTBot/1.3; +https://openai.com/gptbot)" "-"
74.7.227.0 - - [13/Dec/2025:00:48:21 +0100] "GET /data/upload/image/666171fb77d06.jpg?path=//proc/self/root/lib/locale/sl_SI/LC_MESSAGES HTTP/1.1" 200 14492 edition.gerdgeorge.de "-" "Mozilla/5.0 AppleWebKit/537.36 (KHTML, like Gecko; compatible; GPTBot/1.3; +https://openai.com/gptbot)" "-"
2001:41d0:300:: - - [13/Dec/2025:00:48:22 +0100] "GET /?fileloc=/homepages/31/d696029188/htdocs/logs/info.php5&path=/homepages/31/d696029188/htdocs/logs HTTP/1.1" 200 12472 edition.gerdgeorge.de "-" "Mozilla/5.0 (compatible; MJ12bot/v1.4.8; http://mj12bot.com/)" "-"
74.7.227.0 - - [13/Dec/2025:00:48:22 +0100] "GET /data/upload/image/66617162bc9a5.jpg?path=//proc/self/root/lib/locale/et_EE/LC_MESSAGES HTTP/1.1" 200 14492 edition.gerdgeorge.de "-" "Mozilla/5.0 AppleWebKit/537.36 (KHTML, like Gecko; compatible; GPTBot/1.3; +https://openai.com/gptbot)" "-"
74.7.227.0 - - [13/Dec/2025:00:48:22 +0100] "GET /data/upload/image/66617162bc9a5.jpg?path=//proc/self/root/lib/locale/ar_SA/LC_MESSAGES HTTP/1.1" 200 14492 edition.gerdgeorge.de "-" "Mozilla/5.0 AppleWebKit/537.36 (KHTML, like Gecko; compatible; GPTBot/1.3; +https://openai.com/gptbot)" "-"
74.7.227.0 - - [13/Dec/2025:00:48:23 +0100] "GET /data/upload/image/66617162bc9a5.jpg?path=//proc/self/root/lib/locale/pl_PL/LC_MESSAGES HTTP/1.1" 200 14492 edition.gerdgeorge.de "-" "Mozilla/5.0 AppleWebKit/537.36 (KHTML, like Gecko; compatible; GPTBot/1.3; +https://openai.com/gptbot)" "-"
216.73.216.0 - - [13/Dec/2025:00:48:23 +0100] "GET /imprint?fileloc=%2F%2Fproc%2Fself%2Fcwd%2Fwp-includes%2Fsodium_compat%2Fsrc%2FCore32%2FChaCha20%2FCtx.php&path=%2F%2Fproc%2Fself%2Fcwd%2Fwp-includes%2Fsodium_compat%2Fsrc%2FCore32%2FChaCha20 HTTP/1.1" 429 227 edition.gerdgeorge.de "-" "Mozilla/5.0 AppleWebKit/537.36 (KHTML, like Gecko; compatible; ClaudeBot/1.0; +claudebot@anthropic.com)" "-"
74.7.227.0 - - [13/Dec/2025:00:48:23 +0100] "GET /data/upload/image/666171fb77d06.jpg?path=//proc/self/root/lib/locale/it_CH/LC_MESSAGES HTTP/1.1" 200 14492 edition.gerdgeorge.de "-" "Mozilla/5.0 AppleWebKit/537.36 (KHTML, like Gecko; compatible; GPTBot/1.3; +https://openai.com/gptbot)" "-"
2001:41d0:300:: - - [13/Dec/2025:00:48:24 +0100] "GET /?fileloc=/homepages/31/d696029188/htdocs/logs/info.pl&path=/homepages/31/d696029188/htdocs/logs HTTP/1.1" 200 17927 edition.gerdgeorge.de "-" "Mozilla/5.0 (compatible; MJ12bot/v1.4.8; http://mj12bot.com/)" "-"
74.7.227.0 - - [13/Dec/2025:00:48:24 +0100] "GET /data/upload/image/666171fb77d06.jpg?path=//proc/self/root/lib/locale/om_KE/LC_MESSAGES HTTP/1.1" 200 14492 edition.gerdgeorge.de "-" "Mozilla/5.0 AppleWebKit/537.36 (KHTML, like Gecko; compatible; GPTBot/1.3; +https://openai.com/gptbot)" "-"
54.235.172.0 - - [13/Dec/2025:00:48:24 +0100] "GET /jets/?path=//proc/self/root/proc/thread-self/root/proc/self/root/proc/self/root/usr/lib/locale/es_PA HTTP/1.1" 200 34344 edition.gerdgeorge.de "-" "Mozilla/5.0 AppleWebKit/537.36 (KHTML, like Gecko; compatible; Amazonbot/0.1; +https://developer.amazon.com/support/amazonbot) Chrome/119.0.6045.214 Safari/537.36" "-"
66.249.64.0 - - [13/Dec/2025:00:48:24 +0100] "GET /?_g=916791 HTTP/1.1" 200 175471 edition.gerdgeorge.de "-" "Mozilla/5.0 (Linux; Android 6.0.1; Nexus 5X Build/MMB29P) AppleWebKit/537.36 (KHTML, like Gecko) Chrome/141.0.7390.122 Mobile Safari/537.36 (compatible; Googlebot/2.1; +http://www.google.com/bot.html)" "-"
74.7.227.0 - - [13/Dec/2025:00:48:24 +0100] "GET /data/upload/image/66617162bc9a5.jpg?path=//proc/self/root/lib/locale/ar_DZ HTTP/1.1" 200 30780 edition.gerdgeorge.de "-" "Mozilla/5.0 AppleWebKit/537.36 (KHTML, like Gecko; compatible; GPTBot/1.3; +https://openai.com/gptbot)" "-"
74.7.227.0 - - [13/Dec/2025:00:48:25 +0100] "GET /data/upload/image/666171fb77d06.jpg?path=//proc/self/root/lib/locale/tl_PH HTTP/1.1" 200 30780 edition.gerdgeorge.de "-" "Mozilla/5.0 AppleWebKit/537.36 (KHTML, like Gecko; compatible; GPTBot/1.3; +https://openai.com/gptbot)" "-"
74.7.227.0 - - [13/Dec/2025:00:48:26 +0100] "GET /data/upload/image/66617162bc9a5.jpg?path=//proc/self/root/lib/locale/el_GR HTTP/1.1" 200 30781 edition.gerdgeorge.de "-" "Mozilla/5.0 AppleWebKit/537.36 (KHTML, like Gecko; compatible; GPTBot/1.3; +https://openai.com/gptbot)" "-"
74.7.227.0 - - [13/Dec/2025:00:48:26 +0100] "GET /data/upload/image/666171fb77d06.jpg?path=//proc/self/root/lib/locale/bo_IN HTTP/1.1" 200 30778 edition.gerdgeorge.de "-" "Mozilla/5.0 AppleWebKit/537.36 (KHTML, like Gecko; compatible; GPTBot/1.3; +https://openai.com/gptbot)" "-"
74.7.227.0 - - [13/Dec/2025:00:48:27 +0100] "GET /data/upload/image/66617162bc9a5.jpg?path=//proc/self/root/lib/locale/ar_KW HTTP/1.1" 200 30779 edition.gerdgeorge.de "-" "Mozilla/5.0 AppleWebKit/537.36 (KHTML, like Gecko; compatible; GPTBot/1.3; +https://openai.com/gptbot)" "-"
74.7.227.0 - - [13/Dec/2025:00:48:27 +0100] "GET /data/upload/image/666171fb77d06.jpg?path=//proc/self/root/lib/locale/az_AZ HTTP/1.1" 200 30778 edition.gerdgeorge.de "-" "Mozilla/5.0 AppleWebKit/537.36 (KHTML, like Gecko; compatible; GPTBot/1.3; +https://openai.com/gptbot)" "-"
74.7.227.0 - - [13/Dec/2025:00:48:28 +0100] "GET /data/upload/image/666171fb77d06.jpg?path=//proc/self/root/lib/locale/es_PA HTTP/1.1" 200 30781 edition.gerdgeorge.de "-" "Mozilla/5.0 AppleWebKit/537.36 (KHTML, like Gecko; compatible; GPTBot/1.3; +https://openai.com/gptbot)" "-"
216.73.216.0 - - [13/Dec/2025:00:48:28 +0100] "GET /imprint?fileloc=%2F%2Fproc%2Fthread-self%2Fcwd%2Fwp-content%2Fplugins%2Fwp-file-manager%2Fcss%2Ffm-backup.css&path=%2F%2Fproc%2Fthread-self%2Fcwd%2Fwp-content%2Fplugins%2Fwp-file-manager%2Fcss HTTP/1.1" 429 227 edition.gerdgeorge.de "-" "Mozilla/5.0 AppleWebKit/537.36 (KHTML, like Gecko; compatible; ClaudeBot/1.0; +claudebot@anthropic.com)" "-"
74.7.227.0 - - [13/Dec/2025:00:48:28 +0100] "GET /data/upload/image/66617162bc9a5.jpg?path=//proc/self/root/lib/locale/ar_EG HTTP/1.1" 200 30780 edition.gerdgeorge.de "-" "Mozilla/5.0 AppleWebKit/537.36 (KHTML, like Gecko; compatible; GPTBot/1.3; +https://openai.com/gptbot)" "-"
74.7.227.0 - - [13/Dec/2025:00:48:29 +0100] "GET /data/upload/image/666171fb77d06.jpg?path=//proc/self/root/lib/locale/es_UY HTTP/1.1" 200 30780 edition.gerdgeorge.de "-" "Mozilla/5.0 AppleWebKit/537.36 (KHTML, like Gecko; compatible; GPTBot/1.3; +https://openai.com/gptbot)" "-"
23.23.214.0 - - [13/Dec/2025:00:48:29 +0100] "GET /serviette-calamar/?path=//proc/self/root/kunden/kunden/kunden/proc/thread-self/root/proc/self/root/proc/self/root/usr/lib/emacs HTTP/1.1" 200 15661 edition.gerdgeorge.de "-" "Mozilla/5.0 AppleWebKit/537.36 (KHTML, like Gecko; compatible; Amazonbot/0.1; +https://developer.amazon.com/support/amazonbot) Chrome/119.0.6045.214 Safari/537.36" "-"
74.7.227.0 - - [13/Dec/2025:00:48:29 +0100] "GET /data/upload/image/666171fb77d06.jpg?path=//proc/self/root/lib/locale/fr_FR HTTP/1.1" 200 30780 edition.gerdgeorge.de "-" "Mozilla/5.0 AppleWebKit/537.36 (KHTML, like Gecko; compatible; GPTBot/1.3; +https://openai.com/gptbot)" "-"
66.249.64.0 - - [13/Dec/2025:00:48:29 +0100] "GET /?_g=754100 HTTP/1.1" 200 176728 edition.gerdgeorge.de "-" "Mozilla/5.0 (Linux; Android 6.0.1; Nexus 5X Build/MMB29P) AppleWebKit/537.36 (KHTML, like Gecko) Chrome/141.0.7390.122 Mobile Safari/537.36 (compatible; Googlebot/2.1; +http://www.google.com/bot.html)" "-"
74.7.227.0 - - [13/Dec/2025:00:48:30 +0100] "GET /data/upload/image/666171fb77d06.jpg?path=//proc/self/root/lib/locale/tt_RU HTTP/1.1" 200 30777 edition.gerdgeorge.de "-" "Mozilla/5.0 AppleWebKit/537.36 (KHTML, like Gecko; compatible; GPTBot/1.3; +https://openai.com/gptbot)" "-"
74.7.227.0 - - [13/Dec/2025:00:48:30 +0100] "GET /data/upload/image/66617162bc9a5.jpg?path=//proc/self/root/lib/locale/ar_DZ/LC_MESSAGES HTTP/1.1" 200 14492 edition.gerdgeorge.de "-" "Mozilla/5.0 AppleWebKit/537.36 (KHTML, like Gecko; compatible; GPTBot/1.3; +https://openai.com/gptbot)" "-"
66.249.64.0 - - [13/Dec/2025:00:48:30 +0100] "GET /?_g=496870 HTTP/1.1" 200 177220 edition.gerdgeorge.de "-" "Mozilla/5.0 (Linux; Android 6.0.1; Nexus 5X Build/MMB29P) AppleWebKit/537.36 (KHTML, like Gecko) Chrome/141.0.7390.122 Mobile Safari/537.36 (compatible; Googlebot/2.1; +http://www.google.com/bot.html)" "-"
74.7.227.0 - - [13/Dec/2025:00:48:31 +0100] "GET /data/upload/image/666171fb77d06.jpg?path=//proc/self/root/lib/locale/tl_PH/LC_MESSAGES HTTP/1.1" 200 14492 edition.gerdgeorge.de "-" "Mozilla/5.0 AppleWebKit/537.36 (KHTML, like Gecko; compatible; GPTBot/1.3; +https://openai.com/gptbot)" "-"
74.7.227.0 - - [13/Dec/2025:00:48:32 +0100] "GET /data/upload/image/66617162bc9a5.jpg?path=//proc/self/root/lib/locale/el_GR/LC_MESSAGES HTTP/1.1" 200 14492 edition.gerdgeorge.de "-" "Mozilla/5.0 AppleWebKit/537.36 (KHTML, like Gecko; compatible; GPTBot/1.3; +https://openai.com/gptbot)" "-"
3.221.222.0 - - [13/Dec/2025:00:48:32 +0100] "GET /jets/?path=//proc/self/root/proc/thread-self/root/proc/thread-self/root/proc/thread-self/root/lib/locale/lv_LV HTTP/1.1" 200 34810 edition.gerdgeorge.de "-" "Mozilla/5.0 AppleWebKit/537.36 (KHTML, like Gecko; compatible; Amazonbot/0.1; +https://developer.amazon.com/support/amazonbot) Chrome/119.0.6045.214 Safari/537.36" "-"
74.7.227.0 - - [13/Dec/2025:00:48:32 +0100] "GET /data/upload/image/666171fb77d06.jpg?path=//proc/self/root/lib/locale/bo_IN/LC_MESSAGES HTTP/1.1" 200 14491 edition.gerdgeorge.de "-" "Mozilla/5.0 AppleWebKit/537.36 (KHTML, like Gecko; compatible; GPTBot/1.3; +https://openai.com/gptbot)" "-"
74.7.227.0 - - [13/Dec/2025:00:48:33 +0100] "GET /data/upload/image/66617162bc9a5.jpg?path=//proc/self/root/lib/locale/ar_KW/LC_MESSAGES HTTP/1.1" 200 14492 edition.gerdgeorge.de "-" "Mozilla/5.0 AppleWebKit/537.36 (KHTML, like Gecko; compatible; GPTBot/1.3; +https://openai.com/gptbot)" "-"
216.73.216.0 - - [13/Dec/2025:00:48:33 +0100] "GET /imprint?fileloc=%2F%2Fproc%2Fself%2Fcwd%2Fwp-content%2Fplugins%2Felementor%2Fincludes%2Ffrontend.php&path=%2F%2Fproc%2Fself%2Fcwd%2Fwp-content%2Fplugins%2Felementor%2Fincludes HTTP/1.1" 429 227 edition.gerdgeorge.de "-" "Mozilla/5.0 AppleWebKit/537.36 (KHTML, like Gecko; compatible; ClaudeBot/1.0; +claudebot@anthropic.com)" "-"
74.7.227.0 - - [13/Dec/2025:00:48:33 +0100] "GET /data/upload/image/666171fb77d06.jpg?path=//proc/self/root/lib/locale/az_AZ/LC_MESSAGES HTTP/1.1" 200 14492 edition.gerdgeorge.de "-" "Mozilla/5.0 AppleWebKit/537.36 (KHTML, like Gecko; compatible; GPTBot/1.3; +https://openai.com/gptbot)" "-"
74.7.227.0 - - [13/Dec/2025:00:48:34 +0100] "GET /data/upload/image/666171fb77d06.jpg?path=//proc/self/root/lib/locale/es_PA/LC_MESSAGES HTTP/1.1" 200 14492 edition.gerdgeorge.de "-" "Mozilla/5.0 AppleWebKit/537.36 (KHTML, like Gecko; compatible; GPTBot/1.3; +https://openai.com/gptbot)" "-"
74.7.227.0 - - [13/Dec/2025:00:48:34 +0100] "GET /data/upload/image/66617162bc9a5.jpg?path=//proc/self/root/lib/locale/ar_EG/LC_MESSAGES HTTP/1.1" 200 14492 edition.gerdgeorge.de "-" "Mozilla/5.0 AppleWebKit/537.36 (KHTML, like Gecko; compatible; GPTBot/1.3; +https://openai.com/gptbot)" "-"
66.249.64.0 - - [13/Dec/2025:00:48:35 +0100] "GET /?_g=1202289 HTTP/1.1" 200 185788 edition.gerdgeorge.de "-" "Mozilla/5.0 (Linux; Android 6.0.1; Nexus 5X Build/MMB29P) AppleWebKit/537.36 (KHTML, like Gecko) Chrome/141.0.7390.122 Mobile Safari/537.36 (compatible; Googlebot/2.1; +http://www.google.com/bot.html)" "-"
74.7.227.0 - - [13/Dec/2025:00:48:35 +0100] "GET /data/upload/image/666171fb77d06.jpg?path=//proc/self/root/lib/locale/es_UY/LC_MESSAGES HTTP/1.1" 200 14492 edition.gerdgeorge.de "-" "Mozilla/5.0 AppleWebKit/537.36 (KHTML, like Gecko; compatible; GPTBot/1.3; +https://openai.com/gptbot)" "-"
74.7.227.0 - - [13/Dec/2025:00:48:36 +0100] "GET /data/upload/image/666171fb77d06.jpg?path=//proc/self/root/lib/locale/fr_FR/LC_MESSAGES HTTP/1.1" 200 14492 edition.gerdgeorge.de "-" "Mozilla/5.0 AppleWebKit/537.36 (KHTML, like Gecko; compatible; GPTBot/1.3; +https://openai.com/gptbot)" "-"
52.70.123.0 - - [13/Dec/2025:00:48:36 +0100] "GET /jets/?path=//proc/self/root/proc/self/root/kunden/proc/self/root/proc/self/root/lib/locale/es_AR/LC_MESSAGES HTTP/1.1" 200 15619 edition.gerdgeorge.de "-" "Mozilla/5.0 AppleWebKit/537.36 (KHTML, like Gecko; compatible; Amazonbot/0.1; +https://developer.amazon.com/support/amazonbot) Chrome/119.0.6045.214 Safari/537.36" "-"
74.7.227.0 - - [13/Dec/2025:00:48:36 +0100] "GET /data/upload/image/666171fb77d06.jpg?path=//proc/self/root/lib/locale/tt_RU/LC_MESSAGES HTTP/1.1" 200 14492 edition.gerdgeorge.de "-" "Mozilla/5.0 AppleWebKit/537.36 (KHTML, like Gecko; compatible; GPTBot/1.3; +https://openai.com/gptbot)" "-"
74.7.227.0 - - [13/Dec/2025:00:48:37 +0100] "GET /data/upload/image/666171fb77d06.jpg?path=//proc/self/root/lib/locale/fa_IR HTTP/1.1" 200 30779 edition.gerdgeorge.de "-" "Mozilla/5.0 AppleWebKit/537.36 (KHTML, like Gecko; compatible; GPTBot/1.3; +https://openai.com/gptbot)" "-"
74.7.227.0 - - [13/Dec/2025:00:48:37 +0100] "GET /data/upload/image/666171fb77d06.jpg?path=//proc/self/root/lib/locale/fr_CH HTTP/1.1" 200 30781 edition.gerdgeorge.de "-" "Mozilla/5.0 AppleWebKit/537.36 (KHTML, like Gecko; compatible; GPTBot/1.3; +https://openai.com/gptbot)" "-"
74.7.227.0 - - [13/Dec/2025:00:48:38 +0100] "GET /data/upload/image/666171fb77d06.jpg?path=//proc/self/root/lib/locale/de_AT HTTP/1.1" 200 30780 edition.gerdgeorge.de "-" "Mozilla/5.0 AppleWebKit/537.36 (KHTML, like Gecko; compatible; GPTBot/1.3; +https://openai.com/gptbot)" "-"
216.73.216.0 - - [13/Dec/2025:00:48:38 +0100] "GET /imprint?path=%2F%2Fproc%2Fself%2Fcwd%2Fwp-content%2Fplugins%2Felementor%2Fincludes%2Fsettings HTTP/1.1" 429 227 edition.gerdgeorge.de "-" "Mozilla/5.0 AppleWebKit/537.36 (KHTML, like Gecko; compatible; ClaudeBot/1.0; +claudebot@anthropic.com)" "-"
74.7.227.0 - - [13/Dec/2025:00:48:38 +0100] "GET /data/upload/image/666171fb77d06.jpg?path=//proc/self/root/lib/locale/ta_IN HTTP/1.1" 200 30779 edition.gerdgeorge.de "-" "Mozilla/5.0 AppleWebKit/537.36 (KHTML, like Gecko; compatible; GPTBot/1.3; +https://openai.com/gptbot)" "-"
74.7.227.0 - - [13/Dec/2025:00:48:39 +0100] "GET /data/upload/image/66617162bc9a5.jpg?path=//proc/self/root/lib/locale/aa_ET HTTP/1.1" 200 30779 edition.gerdgeorge.de "-" "Mozilla/5.0 AppleWebKit/537.36 (KHTML, like Gecko; compatible; GPTBot/1.3; +https://openai.com/gptbot)" "-"
74.7.227.0 - - [13/Dec/2025:00:48:39 +0100] "GET /data/upload/image/666171fb77d06.jpg?path=//proc/self/root/lib/locale/fi_FI HTTP/1.1" 200 30780 edition.gerdgeorge.de "-" "Mozilla/5.0 AppleWebKit/537.36 (KHTML, like Gecko; compatible; GPTBot/1.3; +https://openai.com/gptbot)" "-"
34.194.14.0 - - [13/Dec/2025:00:48:40 +0100] "GET /serviette-calamar/?path=//kunden/proc/self/root/kunden/proc/self/root/proc/thread-self/root/proc/self/root/kunden/lib/locale/bo_IN HTTP/1.1" 200 35431 edition.gerdgeorge.de "-" "Mozilla/5.0 AppleWebKit/537.36 (KHTML, like Gecko; compatible; Amazonbot/0.1; +https://developer.amazon.com/support/amazonbot) Chrome/119.0.6045.214 Safari/537.36" "-"
74.7.227.0 - - [13/Dec/2025:00:48:40 +0100] "GET /data/upload/image/66617162bc9a5.jpg?path=//proc/self/root/lib/locale/am_ET HTTP/1.1" 200 30778 edition.gerdgeorge.de "-" "Mozilla/5.0 AppleWebKit/537.36 (KHTML, like Gecko; compatible; GPTBot/1.3; +https://openai.com/gptbot)" "-"
74.7.227.0 - - [13/Dec/2025:00:48:40 +0100] "GET /data/upload/image/66617162bc9a5.jpg?path=//proc/self/root/lib/locale/sa_IN HTTP/1.1" 200 30777 edition.gerdgeorge.de "-" "Mozilla/5.0 AppleWebKit/537.36 (KHTML, like Gecko; compatible; GPTBot/1.3; +https://openai.com/gptbot)" "-"
74.7.227.0 - - [13/Dec/2025:00:48:41 +0100] "GET /data/upload/image/666171fb77d06.jpg?path=//proc/self/root/lib/locale/hi_IN HTTP/1.1" 200 30775 edition.gerdgeorge.de "-" "Mozilla/5.0 AppleWebKit/537.36 (KHTML, like Gecko; compatible; GPTBot/1.3; +https://openai.com/gptbot)" "-"
66.249.64.0 - - [13/Dec/2025:00:48:41 +0100] "GET /?_g=306339 HTTP/1.1" 200 174702 edition.gerdgeorge.de "-" "Mozilla/5.0 (Linux; Android 6.0.1; Nexus 5X Build/MMB29P) AppleWebKit/537.36 (KHTML, like Gecko) Chrome/141.0.7390.122 Mobile Safari/537.36 (compatible; Googlebot/2.1; +http://www.google.com/bot.html)" "-"
74.7.227.0 - - [13/Dec/2025:00:48:42 +0100] "GET /data/upload/image/666171fb77d06.jpg?path=//proc/self/root/lib/locale/ru_RU HTTP/1.1" 200 30781 edition.gerdgeorge.de "-" "Mozilla/5.0 AppleWebKit/537.36 (KHTML, like Gecko; compatible; GPTBot/1.3; +https://openai.com/gptbot)" "-"
74.7.227.0 - - [13/Dec/2025:00:48:42 +0100] "GET /data/upload/image/666171fb77d06.jpg?path=//proc/self/root/lib/locale/pl_PL HTTP/1.1" 200 30775 edition.gerdgeorge.de "-" "Mozilla/5.0 AppleWebKit/537.36 (KHTML, like Gecko; compatible; GPTBot/1.3; +https://openai.com/gptbot)" "-"
74.7.227.0 - - [13/Dec/2025:00:48:43 +0100] "GET /data/upload/image/666171fb77d06.jpg?path=//proc/self/root/lib/locale/fa_IR/LC_MESSAGES HTTP/1.1" 200 14492 edition.gerdgeorge.de "-" "Mozilla/5.0 AppleWebKit/537.36 (KHTML, like Gecko; compatible; GPTBot/1.3; +https://openai.com/gptbot)" "-"
74.7.227.0 - - [13/Dec/2025:00:48:43 +0100] "GET /data/upload/image/666171fb77d06.jpg?path=//proc/self/root/lib/locale/fr_CH/LC_MESSAGES HTTP/1.1" 200 14492 edition.gerdgeorge.de "-" "Mozilla/5.0 AppleWebKit/537.36 (KHTML, like Gecko; compatible; GPTBot/1.3; +https://openai.com/gptbot)" "-"
74.7.227.0 - - [13/Dec/2025:00:48:44 +0100] "GET /data/upload/image/666171fb77d06.jpg?path=//proc/self/root/lib/locale/de_AT/LC_MESSAGES HTTP/1.1" 200 14492 edition.gerdgeorge.de "-" "Mozilla/5.0 AppleWebKit/537.36 (KHTML, like Gecko; compatible; GPTBot/1.3; +https://openai.com/gptbot)" "-"
98.82.38.0 - - [13/Dec/2025:00:48:44 +0100] "GET /serviette-calamar/?path=//proc/self/root/proc/self/root/kunden/proc/self/root/kunden/proc/self/root/usr/lib/locale/es_PE HTTP/1.1" 200 34855 edition.gerdgeorge.de "-" "Mozilla/5.0 AppleWebKit/537.36 (KHTML, like Gecko; compatible; Amazonbot/0.1; +https://developer.amazon.com/support/amazonbot) Chrome/119.0.6045.214 Safari/537.36" "-"
74.7.227.0 - - [13/Dec/2025:00:48:44 +0100] "GET /data/upload/image/666171fb77d06.jpg?path=//proc/self/root/lib/locale/ta_IN/LC_MESSAGES HTTP/1.1" 200 14491 edition.gerdgeorge.de "-" "Mozilla/5.0 AppleWebKit/537.36 (KHTML, like Gecko; compatible; GPTBot/1.3; +https://openai.com/gptbot)" "-"
216.73.216.0 - - [13/Dec/2025:00:48:45 +0100] "GET /comments/feed?fileloc=%2Fhomepages%2F31%2Fd696029188%2Fhtdocs%2FAlt_GerdGeorge%2F2024_GerdGeorge%2Fwp-includes%2Fblocks%2Fsearch%2Ftheme.css&path=%2Fhomepages%2F31%2Fd696029188%2Fhtdocs%2FAlt_GerdGeorge%2F2024_GerdGeorge%2Fwp-includes%2Fblocks%2Fsearch HTTP/1.1" 429 227 edition.gerdgeorge.de "-" "Mozilla/5.0 AppleWebKit/537.36 (KHTML, like Gecko; compatible; ClaudeBot/1.0; +claudebot@anthropic.com)" "-"
74.7.227.0 - - [13/Dec/2025:00:48:45 +0100] "GET /data/upload/image/66617162bc9a5.jpg?path=//proc/self/root/lib/locale/aa_ET/LC_MESSAGES HTTP/1.1" 200 14492 edition.gerdgeorge.de "-" "Mozilla/5.0 AppleWebKit/537.36 (KHTML, like Gecko; compatible; GPTBot/1.3; +https://openai.com/gptbot)" "-"
66.249.64.0 - - [13/Dec/2025:00:48:45 +0100] "GET /?_g=1194166 HTTP/1.1" 200 174004 edition.gerdgeorge.de "-" "Mozilla/5.0 (Linux; Android 6.0.1; Nexus 5X Build/MMB29P) AppleWebKit/537.36 (KHTML, like Gecko) Chrome/141.0.7390.122 Mobile Safari/537.36 (compatible; Googlebot/2.1; +http://www.google.com/bot.html)" "-"
74.7.227.0 - - [13/Dec/2025:00:48:45 +0100] "GET /data/upload/image/666171fb77d06.jpg?path=//proc/self/root/lib/locale/fi_FI/LC_MESSAGES HTTP/1.1" 200 14492 edition.gerdgeorge.de "-" "Mozilla/5.0 AppleWebKit/537.36 (KHTML, like Gecko; compatible; GPTBot/1.3; +https://openai.com/gptbot)" "-"
74.7.227.0 - - [13/Dec/2025:00:48:46 +0100] "GET /data/upload/image/66617162bc9a5.jpg?path=//proc/self/root/lib/locale/am_ET/LC_MESSAGES HTTP/1.1" 200 14492 edition.gerdgeorge.de "-" "Mozilla/5.0 AppleWebKit/537.36 (KHTML, like Gecko; compatible; GPTBot/1.3; +https://openai.com/gptbot)" "-"
74.7.227.0 - - [13/Dec/2025:00:48:46 +0100] "GET /data/upload/image/66617162bc9a5.jpg?path=//proc/self/root/lib/locale/sa_IN/LC_MESSAGES HTTP/1.1" 200 14491 edition.gerdgeorge.de "-" "Mozilla/5.0 AppleWebKit/537.36 (KHTML, like Gecko; compatible; GPTBot/1.3; +https://openai.com/gptbot)" "-"
74.7.227.0 - - [13/Dec/2025:00:48:47 +0100] "GET /data/upload/image/666171fb77d06.jpg?path=//proc/self/root/lib/locale/hi_IN/LC_MESSAGES HTTP/1.1" 200 14492 edition.gerdgeorge.de "-" "Mozilla/5.0 AppleWebKit/537.36 (KHTML, like Gecko; compatible; GPTBot/1.3; +https://openai.com/gptbot)" "-"
74.7.227.0 - - [13/Dec/2025:00:48:48 +0100] "GET /data/upload/image/666171fb77d06.jpg?path=//proc/self/root/lib/locale/ru_RU/LC_MESSAGES HTTP/1.1" 200 14492 edition.gerdgeorge.de "-" "Mozilla/5.0 AppleWebKit/537.36 (KHTML, like Gecko; compatible; GPTBot/1.3; +https://openai.com/gptbot)" "-"
3.81.253.0 - - [13/Dec/2025:00:48:48 +0100] "GET /serviette-calamar/?path=//kunden/kunden/proc/self/root/kunden/proc/self/root/proc/thread-self/root/proc/thread-self/root/kunden/lib/locale/es_CO HTTP/1.1" 200 36303 edition.gerdgeorge.de "-" "Mozilla/5.0 AppleWebKit/537.36 (KHTML, like Gecko; compatible; Amazonbot/0.1; +https://developer.amazon.com/support/amazonbot) Chrome/119.0.6045.214 Safari/537.36" "-"
74.7.227.0 - - [13/Dec/2025:00:48:48 +0100] "GET /data/upload/image/666171fb77d06.jpg?path=//proc/self/root/lib/locale/pl_PL/LC_MESSAGES HTTP/1.1" 200 14492 edition.gerdgeorge.de "-" "Mozilla/5.0 AppleWebKit/537.36 (KHTML, like Gecko; compatible; GPTBot/1.3; +https://openai.com/gptbot)" "-"
74.7.227.0 - - [13/Dec/2025:00:48:49 +0100] "GET /data/upload/image/66617162bc9a5.jpg?fileloc=//proc/self/root/lib/locale/sa_IN/LC_PAPER&path=//proc/self/root/lib/locale/sa_IN HTTP/1.1" 200 12457 edition.gerdgeorge.de "-" "Mozilla/5.0 AppleWebKit/537.36 (KHTML, like Gecko; compatible; GPTBot/1.3; +https://openai.com/gptbot)" "-"
216.73.216.0 - - [13/Dec/2025:00:48:49 +0100] "GET /mare-sette?path=%2F%2Fhomepages%2F21%2Fd679855115%2Fhtdocs HTTP/1.1" 429 227 edition.gerdgeorge.de "-" "Mozilla/5.0 AppleWebKit/537.36 (KHTML, like Gecko; compatible; ClaudeBot/1.0; +claudebot@anthropic.com)" "-"
74.7.227.0 - - [13/Dec/2025:00:48:49 +0100] "GET /data/upload/image/666171fb77d06.jpg?path=//proc/self/root/lib/locale/aa_ER HTTP/1.1" 200 30779 edition.gerdgeorge.de "-" "Mozilla/5.0 AppleWebKit/537.36 (KHTML, like Gecko; compatible; GPTBot/1.3; +https://openai.com/gptbot)" "-"
74.7.227.0 - - [13/Dec/2025:00:48:50 +0100] "GET /data/upload/image/666171fb77d06.jpg?path=//proc/self/root/lib/locale/bs_BA HTTP/1.1" 200 30777 edition.gerdgeorge.de "-" "Mozilla/5.0 AppleWebKit/537.36 (KHTML, like Gecko; compatible; GPTBot/1.3; +https://openai.com/gptbot)" "-"
74.7.227.0 - - [13/Dec/2025:00:48:50 +0100] "GET /data/upload/image/66617162bc9a5.jpg?path=//proc/self/root/lib/locale/ar_LY HTTP/1.1" 200 30780 edition.gerdgeorge.de "-" "Mozilla/5.0 AppleWebKit/537.36 (KHTML, like Gecko; compatible; GPTBot/1.3; +https://openai.com/gptbot)" "-"
74.7.227.0 - - [13/Dec/2025:00:48:51 +0100] "GET /data/upload/image/666171fb77d06.jpg?path=//proc/self/root/lib/locale/ar_SY HTTP/1.1" 200 30779 edition.gerdgeorge.de "-" "Mozilla/5.0 AppleWebKit/537.36 (KHTML, like Gecko; compatible; GPTBot/1.3; +https://openai.com/gptbot)" "-"
