74.7.227.0 - - [13/Dec/2025:00:23:01 +0100] "GET /data/upload/image/6836b18ddfdc9.jpg?fileloc=//lib/ruby/2.7.0/psych/json/stream.rb&path=//lib/ruby/2.7.0/psych/json HTTP/1.1" 200 12804 edition.gerdgeorge.de "-" "Mozilla/5.0 AppleWebKit/537.36 (KHTML, like Gecko; compatible; GPTBot/1.3; +https://openai.com/gptbot)" "-"
74.7.227.0 - - [13/Dec/2025:00:23:01 +0100] "GET /data/upload/image/649aa5964e22b.jpg?fileloc=//usr/lib/x86_64-linux-gnu/libcrypt.so&path=//usr/lib/x86_64-linux-gnu HTTP/1.1" 200 12310 edition.gerdgeorge.de "-" "Mozilla/5.0 AppleWebKit/537.36 (KHTML, like Gecko; compatible; GPTBot/1.3; +https://openai.com/gptbot)" "-"
74.7.227.0 - - [13/Dec/2025:00:23:02 +0100] "GET /data/upload/image/649aa6fb209d3.jpg?fileloc=//usr/lib/x86_64-linux-gnu/libmd.so.0&path=//usr/lib/x86_64-linux-gnu HTTP/1.1" 200 12309 edition.gerdgeorge.de "-" "Mozilla/5.0 AppleWebKit/537.36 (KHTML, like Gecko; compatible; GPTBot/1.3; +https://openai.com/gptbot)" "-"
74.7.227.0 - - [13/Dec/2025:00:23:02 +0100] "GET /data/upload/image/64bb2abde136c.jpg?fileloc=//usr/lib/x86_64-linux-gnu/libform.so.6.2&path=//usr/lib/x86_64-linux-gnu HTTP/1.1" 200 12313 edition.gerdgeorge.de "-" "Mozilla/5.0 AppleWebKit/537.36 (KHTML, like Gecko; compatible; GPTBot/1.3; +https://openai.com/gptbot)" "-"
74.7.227.0 - - [13/Dec/2025:00:23:03 +0100] "GET /data/upload/image/6462e3e29d23e.jpg?fileloc=//usr/lib/x86_64-linux-gnu/libpamc.so.0&path=//usr/lib/x86_64-linux-gnu HTTP/1.1" 200 12311 edition.gerdgeorge.de "-" "Mozilla/5.0 AppleWebKit/537.36 (KHTML, like Gecko; compatible; GPTBot/1.3; +https://openai.com/gptbot)" "-"
74.7.227.0 - - [13/Dec/2025:00:23:03 +0100] "GET /data/upload/image/649aa6fb209d3.jpg?fileloc=//usr/lib/x86_64-linux-gnu/libnss_dns.so&path=//usr/lib/x86_64-linux-gnu HTTP/1.1" 200 12312 edition.gerdgeorge.de "-" "Mozilla/5.0 AppleWebKit/537.36 (KHTML, like Gecko; compatible; GPTBot/1.3; +https://openai.com/gptbot)" "-"
74.7.227.0 - - [13/Dec/2025:00:23:04 +0100] "GET /data/upload/image/64583bc31076f.jpg?fileloc=//usr/lib/x86_64-linux-musl/bin/mksh&path=//usr/lib/x86_64-linux-musl/bin HTTP/1.1" 200 12366 edition.gerdgeorge.de "-" "Mozilla/5.0 AppleWebKit/537.36 (KHTML, like Gecko; compatible; GPTBot/1.3; +https://openai.com/gptbot)" "-"
74.7.227.0 - - [13/Dec/2025:00:23:04 +0100] "GET /data/upload/image/649aa492639b6.jpg?path=//proc/self/root/usr/lib/diet HTTP/1.1" 200 14185 edition.gerdgeorge.de "-" "Mozilla/5.0 AppleWebKit/537.36 (KHTML, like Gecko; compatible; GPTBot/1.3; +https://openai.com/gptbot)" "-"
54.83.180.0 - - [13/Dec/2025:00:23:04 +0100] "GET /jets/?path=//proc/self/root/proc/self/root/kunden/proc/thread-self/root/proc/self/root/kunden/lib/locale/en_US HTTP/1.1" 200 34943 edition.gerdgeorge.de "-" "Mozilla/5.0 AppleWebKit/537.36 (KHTML, like Gecko; compatible; Amazonbot/0.1; +https://developer.amazon.com/support/amazonbot) Chrome/119.0.6045.214 Safari/537.36" "-"
74.7.227.0 - - [13/Dec/2025:00:23:05 +0100] "GET /data/upload/image/649aa492639b6.jpg?path=//proc/self/root/lib/ssl/misc HTTP/1.1" 200 17243 edition.gerdgeorge.de "-" "Mozilla/5.0 AppleWebKit/537.36 (KHTML, like Gecko; compatible; GPTBot/1.3; +https://openai.com/gptbot)" "-"
74.7.227.0 - - [13/Dec/2025:00:23:05 +0100] "GET /data/upload/image/649aa492639b6.jpg?path=//proc/self/root/usr/lib/file HTTP/1.1" 200 14314 edition.gerdgeorge.de "-" "Mozilla/5.0 AppleWebKit/537.36 (KHTML, like Gecko; compatible; GPTBot/1.3; +https://openai.com/gptbot)" "-"
74.7.227.0 - - [13/Dec/2025:00:23:06 +0100] "GET /data/upload/image/649aa492639b6.jpg?path=//proc/self/root/lib/diet/bin HTTP/1.1" 200 14298 edition.gerdgeorge.de "-" "Mozilla/5.0 AppleWebKit/537.36 (KHTML, like Gecko; compatible; GPTBot/1.3; +https://openai.com/gptbot)" "-"
74.7.227.0 - - [13/Dec/2025:00:23:07 +0100] "GET /data/upload/image/6836b18ddfdc9.jpg?path=//kunden/usr/lib/systemd HTTP/1.1" 200 16863 edition.gerdgeorge.de "-" "Mozilla/5.0 AppleWebKit/537.36 (KHTML, like Gecko; compatible; GPTBot/1.3; +https://openai.com/gptbot)" "-"
74.7.227.0 - - [13/Dec/2025:00:23:07 +0100] "GET /data/upload/image/6836b18ddfdc9.jpg?path=//kunden/lib/apt/solvers HTTP/1.1" 200 14183 edition.gerdgeorge.de "-" "Mozilla/5.0 AppleWebKit/537.36 (KHTML, like Gecko; compatible; GPTBot/1.3; +https://openai.com/gptbot)" "-"
74.7.227.0 - - [13/Dec/2025:00:23:08 +0100] "GET /data/upload/image/6836b18ddfdc9.jpg?path=//usr/lib/pkgconfig HTTP/1.1" 200 12687 edition.gerdgeorge.de "-" "Mozilla/5.0 AppleWebKit/537.36 (KHTML, like Gecko; compatible; GPTBot/1.3; +https://openai.com/gptbot)" "-"
74.7.227.0 - - [13/Dec/2025:00:23:08 +0100] "GET /data/upload/image/6836b18ddfdc9.jpg?path=//kunden/usr/lib/terminfo HTTP/1.1" 200 31390 edition.gerdgeorge.de "-" "Mozilla/5.0 AppleWebKit/537.36 (KHTML, like Gecko; compatible; GPTBot/1.3; +https://openai.com/gptbot)" "-"
74.7.227.0 - - [13/Dec/2025:00:23:09 +0100] "GET /data/upload/image/6836b18ddfdc9.jpg?path=//kunden/usr/lib/openssh HTTP/1.1" 200 18661 edition.gerdgeorge.de "-" "Mozilla/5.0 AppleWebKit/537.36 (KHTML, like Gecko; compatible; GPTBot/1.3; +https://openai.com/gptbot)" "-"
3.211.105.0 - - [13/Dec/2025:00:23:09 +0100] "GET /jets/?path=//proc/self/root/kunden/proc/self/root/proc/self/root/proc/thread-self/root/lib/locale/es_DO.utf8 HTTP/1.1" 200 34710 edition.gerdgeorge.de "-" "Mozilla/5.0 AppleWebKit/537.36 (KHTML, like Gecko; compatible; Amazonbot/0.1; +https://developer.amazon.com/support/amazonbot) Chrome/119.0.6045.214 Safari/537.36" "-"
74.7.227.0 - - [13/Dec/2025:00:23:09 +0100] "GET /data/upload/image/6836b18ddfdc9.jpg?path=//usr/lib/terminfo HTTP/1.1" 200 31039 edition.gerdgeorge.de "-" "Mozilla/5.0 AppleWebKit/537.36 (KHTML, like Gecko; compatible; GPTBot/1.3; +https://openai.com/gptbot)" "-"
74.7.227.0 - - [13/Dec/2025:00:23:10 +0100] "GET /data/upload/image/6836b18ddfdc9.jpg?path=//etc/ui-sqlmapper HTTP/1.1" 200 12655 edition.gerdgeorge.de "-" "Mozilla/5.0 AppleWebKit/537.36 (KHTML, like Gecko; compatible; GPTBot/1.3; +https://openai.com/gptbot)" "-"
89.58.36.0 - - [13/Dec/2025:00:23:10 +0100] "GET /userfuns.php HTTP/1.1" 200 60349 edition.gerdgeorge.de "www.google.com" "Mozlila/5.0 (Linux; Android 7.0; SM-G892A Bulid/NRD90M; wv) AppleWebKit/537.36 (KHTML, like Gecko) Version/4.0 Chrome/60.0.3112.107 Moblie Safari/537.36" "-"
74.7.227.0 - - [13/Dec/2025:00:23:10 +0100] "GET /data/upload/image/649aa492639b6.jpg?path=//proc/self/root/usr/lib/diet/bin HTTP/1.1" 200 14371 edition.gerdgeorge.de "-" "Mozilla/5.0 AppleWebKit/537.36 (KHTML, like Gecko; compatible; GPTBot/1.3; +https://openai.com/gptbot)" "-"
74.7.227.0 - - [13/Dec/2025:00:23:11 +0100] "GET /data/upload/image/6836b18ddfdc9.jpg?path=//proc/sys/kernel/random HTTP/1.1" 200 23083 edition.gerdgeorge.de "-" "Mozilla/5.0 AppleWebKit/537.36 (KHTML, like Gecko; compatible; GPTBot/1.3; +https://openai.com/gptbot)" "-"
74.7.227.0 - - [13/Dec/2025:00:23:11 +0100] "GET /data/upload/image/6836b18ddfdc9.jpg?path=//kunden/var/lib/emacsen-common HTTP/1.1" 200 14120 edition.gerdgeorge.de "-" "Mozilla/5.0 AppleWebKit/537.36 (KHTML, like Gecko; compatible; GPTBot/1.3; +https://openai.com/gptbot)" "-"
89.58.36.0 - - [13/Dec/2025:00:23:11 +0100] "GET /userfuns.php HTTP/1.1" 200 60349 edition.gerdgeorge.de "www.google.com" "Mozlila/5.0 (Linux; Android 7.0; SM-G892A Bulid/NRD90M; wv) AppleWebKit/537.36 (KHTML, like Gecko) Version/4.0 Chrome/60.0.3112.107 Moblie Safari/537.36" "-"
23.21.250.0 - - [13/Dec/2025:00:23:12 +0100] "GET /cockpit/?path=//kunden/proc/self/root/proc/self/root/proc/thread-self/root/kunden/kunden/lib/locale/tr_TR HTTP/1.1" 200 34355 edition.gerdgeorge.de "-" "Mozilla/5.0 AppleWebKit/537.36 (KHTML, like Gecko; compatible; Amazonbot/0.1; +https://developer.amazon.com/support/amazonbot) Chrome/119.0.6045.214 Safari/537.36" "-"
74.7.227.0 - - [13/Dec/2025:00:23:12 +0100] "GET /data/upload/image/6836b18ddfdc9.jpg?path=//var/lib/emacsen-common HTTP/1.1" 200 14042 edition.gerdgeorge.de "-" "Mozilla/5.0 AppleWebKit/537.36 (KHTML, like Gecko; compatible; GPTBot/1.3; +https://openai.com/gptbot)" "-"
74.7.227.0 - - [13/Dec/2025:00:23:13 +0100] "GET /data/upload/image/6836b18ddfdc9.jpg?path=//kunden/usr/lib/systemd/user HTTP/1.1" 200 27916 edition.gerdgeorge.de "-" "Mozilla/5.0 AppleWebKit/537.36 (KHTML, like Gecko; compatible; GPTBot/1.3; +https://openai.com/gptbot)" "-"
74.7.227.0 - - [13/Dec/2025:00:23:13 +0100] "GET /data/upload/image/6836b18ddfdc9.jpg?path=//kunden/usr/lib/systemd/user-environment-generators HTTP/1.1" 200 14423 edition.gerdgeorge.de "-" "Mozilla/5.0 AppleWebKit/537.36 (KHTML, like Gecko; compatible; GPTBot/1.3; +https://openai.com/gptbot)" "-"
74.7.227.0 - - [13/Dec/2025:00:23:14 +0100] "GET /data/upload/image/6836b18ddfdc9.jpg?path=//kunden/etc/ui-sqlmapper HTTP/1.1" 200 12705 edition.gerdgeorge.de "-" "Mozilla/5.0 AppleWebKit/537.36 (KHTML, like Gecko; compatible; GPTBot/1.3; +https://openai.com/gptbot)" "-"
74.7.227.0 - - [13/Dec/2025:00:23:14 +0100] "GET /data/upload/image/6836b18ddfdc9.jpg?path=//kunden/usr/lib/terminfo/E HTTP/1.1" 200 15732 edition.gerdgeorge.de "-" "Mozilla/5.0 AppleWebKit/537.36 (KHTML, like Gecko; compatible; GPTBot/1.3; +https://openai.com/gptbot)" "-"
74.7.227.0 - - [13/Dec/2025:00:23:15 +0100] "GET /data/upload/image/6836b18ddfdc9.jpg?path=//kunden/usr/lib/terminfo/w HTTP/1.1" 200 15719 edition.gerdgeorge.de "-" "Mozilla/5.0 AppleWebKit/537.36 (KHTML, like Gecko; compatible; GPTBot/1.3; +https://openai.com/gptbot)" "-"
74.7.227.0 - - [13/Dec/2025:00:23:15 +0100] "GET /data/upload/image/6836b18ddfdc9.jpg?path=//usr/lib/terminfo/h HTTP/1.1" 200 14154 edition.gerdgeorge.de "-" "Mozilla/5.0 AppleWebKit/537.36 (KHTML, like Gecko; compatible; GPTBot/1.3; +https://openai.com/gptbot)" "-"
52.45.29.0 - - [13/Dec/2025:00:23:16 +0100] "GET /jets/?path=//proc/self/root/proc/self/root/kunden/proc/self/root/proc/self/root/usr/lib/locale/it_IT HTTP/1.1" 200 34388 edition.gerdgeorge.de "-" "Mozilla/5.0 AppleWebKit/537.36 (KHTML, like Gecko; compatible; Amazonbot/0.1; +https://developer.amazon.com/support/amazonbot) Chrome/119.0.6045.214 Safari/537.36" "-"
74.7.227.0 - - [13/Dec/2025:00:23:16 +0100] "GET /data/upload/image/6836b18ddfdc9.jpg?path=//usr/lib/terminfo/E HTTP/1.1" 200 15612 edition.gerdgeorge.de "-" "Mozilla/5.0 AppleWebKit/537.36 (KHTML, like Gecko; compatible; GPTBot/1.3; +https://openai.com/gptbot)" "-"
74.7.227.0 - - [13/Dec/2025:00:23:16 +0100] "GET /data/upload/image/6836b18ddfdc9.jpg?path=//kunden/usr/lib/terminfo/v HTTP/1.1" 200 18620 edition.gerdgeorge.de "-" "Mozilla/5.0 AppleWebKit/537.36 (KHTML, like Gecko; compatible; GPTBot/1.3; +https://openai.com/gptbot)" "-"
74.7.227.0 - - [13/Dec/2025:00:23:17 +0100] "GET /data/upload/image/6836b18ddfdc9.jpg?path=//kunden/usr/lib/terminfo/c HTTP/1.1" 200 17206 edition.gerdgeorge.de "-" "Mozilla/5.0 AppleWebKit/537.36 (KHTML, like Gecko; compatible; GPTBot/1.3; +https://openai.com/gptbot)" "-"
74.7.227.0 - - [13/Dec/2025:00:23:17 +0100] "GET /data/upload/image/6836b18ddfdc9.jpg?path=//kunden/usr/lib/terminfo/m HTTP/1.1" 200 20162 edition.gerdgeorge.de "-" "Mozilla/5.0 AppleWebKit/537.36 (KHTML, like Gecko; compatible; GPTBot/1.3; +https://openai.com/gptbot)" "-"
74.7.227.0 - - [13/Dec/2025:00:23:18 +0100] "GET /data/upload/image/6836b18ddfdc9.jpg?path=//usr/lib/terminfo/v HTTP/1.1" 200 18444 edition.gerdgeorge.de "-" "Mozilla/5.0 AppleWebKit/537.36 (KHTML, like Gecko; compatible; GPTBot/1.3; +https://openai.com/gptbot)" "-"
74.7.227.0 - - [13/Dec/2025:00:23:19 +0100] "GET /data/upload/image/6836b18ddfdc9.jpg?path=//kunden/usr/lib/terminfo/p HTTP/1.1" 200 14253 edition.gerdgeorge.de "-" "Mozilla/5.0 AppleWebKit/537.36 (KHTML, like Gecko; compatible; GPTBot/1.3; +https://openai.com/gptbot)" "-"
74.7.227.0 - - [13/Dec/2025:00:23:19 +0100] "GET /data/upload/image/6836b18ddfdc9.jpg?path=//kunden/usr/lib/terminfo/t HTTP/1.1" 200 15736 edition.gerdgeorge.de "-" "Mozilla/5.0 AppleWebKit/537.36 (KHTML, like Gecko; compatible; GPTBot/1.3; +https://openai.com/gptbot)" "-"
184.73.68.0 - - [13/Dec/2025:00:23:20 +0100] "GET /serviette-calamar/?path=//proc/self/root/proc/self/root/kunden/proc/thread-self/root/kunden/kunden/kunden/bin HTTP/1.1" 200 2185682 edition.gerdgeorge.de "-" "Mozilla/5.0 AppleWebKit/537.36 (KHTML, like Gecko; compatible; Amazonbot/0.1; +https://developer.amazon.com/support/amazonbot) Chrome/119.0.6045.214 Safari/537.36" "-"
74.7.227.0 - - [13/Dec/2025:00:23:20 +0100] "GET /data/upload/image/6836b18ddfdc9.jpg?path=//kunden/usr/lib/terminfo/r HTTP/1.1" 200 20194 edition.gerdgeorge.de "-" "Mozilla/5.0 AppleWebKit/537.36 (KHTML, like Gecko; compatible; GPTBot/1.3; +https://openai.com/gptbot)" "-"
74.7.227.0 - - [13/Dec/2025:00:23:20 +0100] "GET /data/upload/image/6836b18ddfdc9.jpg?path=//kunden/usr/lib/terminfo/l HTTP/1.1" 200 14250 edition.gerdgeorge.de "-" "Mozilla/5.0 AppleWebKit/537.36 (KHTML, like Gecko; compatible; GPTBot/1.3; +https://openai.com/gptbot)" "-"
74.7.227.0 - - [13/Dec/2025:00:23:21 +0100] "GET /data/upload/image/6836b18ddfdc9.jpg?path=//kunden/usr/lib/terminfo/s HTTP/1.1" 200 24655 edition.gerdgeorge.de "-" "Mozilla/5.0 AppleWebKit/537.36 (KHTML, like Gecko; compatible; GPTBot/1.3; +https://openai.com/gptbot)" "-"
74.7.227.0 - - [13/Dec/2025:00:23:22 +0100] "GET /data/upload/image/6836b18ddfdc9.jpg?path=//kunden/usr/lib/terminfo/x HTTP/1.1" 200 26102 edition.gerdgeorge.de "-" "Mozilla/5.0 AppleWebKit/537.36 (KHTML, like Gecko; compatible; GPTBot/1.3; +https://openai.com/gptbot)" "-"
74.7.227.0 - - [13/Dec/2025:00:23:22 +0100] "GET /data/upload/image/6836b18ddfdc9.jpg?path=//usr/lib/terminfo/x HTTP/1.1" 200 25786 edition.gerdgeorge.de "-" "Mozilla/5.0 AppleWebKit/537.36 (KHTML, like Gecko; compatible; GPTBot/1.3; +https://openai.com/gptbot)" "-"
74.7.227.0 - - [13/Dec/2025:00:23:23 +0100] "GET /data/upload/image/6836b18ddfdc9.jpg?path=//usr/lib/terminfo/w HTTP/1.1" 200 15599 edition.gerdgeorge.de "-" "Mozilla/5.0 AppleWebKit/537.36 (KHTML, like Gecko; compatible; GPTBot/1.3; +https://openai.com/gptbot)" "-"
74.7.227.0 - - [13/Dec/2025:00:23:23 +0100] "GET /data/upload/image/6836b18ddfdc9.jpg?path=//kunden/usr/lib/terminfo/h HTTP/1.1" 200 14246 edition.gerdgeorge.de "-" "Mozilla/5.0 AppleWebKit/537.36 (KHTML, like Gecko; compatible; GPTBot/1.3; +https://openai.com/gptbot)" "-"
74.7.227.0 - - [13/Dec/2025:00:23:24 +0100] "GET /data/upload/image/6836b18ddfdc9.jpg?path=//kunden/usr/lib/terminfo/d HTTP/1.1" 200 14246 edition.gerdgeorge.de "-" "Mozilla/5.0 AppleWebKit/537.36 (KHTML, like Gecko; compatible; GPTBot/1.3; +https://openai.com/gptbot)" "-"
52.4.238.0 - - [13/Dec/2025:00:23:24 +0100] "GET /serviette-calamar/?path=//proc/self/root/kunden/kunden/proc/self/root/proc/self/root/kunden/proc/thread-self/root/lib/locale/st_ZA HTTP/1.1" 200 35406 edition.gerdgeorge.de "-" "Mozilla/5.0 AppleWebKit/537.36 (KHTML, like Gecko; compatible; Amazonbot/0.1; +https://developer.amazon.com/support/amazonbot) Chrome/119.0.6045.214 Safari/537.36" "-"
74.7.227.0 - - [13/Dec/2025:00:23:24 +0100] "GET /data/upload/image/6836b18ddfdc9.jpg?path=//usr/lib/terminfo/r HTTP/1.1" 200 19990 edition.gerdgeorge.de "-" "Mozilla/5.0 AppleWebKit/537.36 (KHTML, like Gecko; compatible; GPTBot/1.3; +https://openai.com/gptbot)" "-"
74.7.227.0 - - [13/Dec/2025:00:23:25 +0100] "GET /data/upload/image/6836b18ddfdc9.jpg?path=//usr/lib/terminfo/p HTTP/1.1" 200 14161 edition.gerdgeorge.de "-" "Mozilla/5.0 AppleWebKit/537.36 (KHTML, like Gecko; compatible; GPTBot/1.3; +https://openai.com/gptbot)" "-"
66.249.64.0 - - [13/Dec/2025:00:23:25 +0100] "GET /?_g=674363 HTTP/1.1" 200 178562 edition.gerdgeorge.de "-" "Mozilla/5.0 (compatible; Googlebot/2.1; +http://www.google.com/bot.html)" "-"
74.7.227.0 - - [13/Dec/2025:00:23:26 +0100] "GET /data/upload/image/6836b18ddfdc9.jpg?path=//usr/lib/terminfo/t HTTP/1.1" 200 15616 edition.gerdgeorge.de "-" "Mozilla/5.0 AppleWebKit/537.36 (KHTML, like Gecko; compatible; GPTBot/1.3; +https://openai.com/gptbot)" "-"
74.7.227.0 - - [13/Dec/2025:00:23:26 +0100] "GET /data/upload/image/6836b18ddfdc9.jpg?path=//usr/lib/terminfo/m HTTP/1.1" 200 19958 edition.gerdgeorge.de "-" "Mozilla/5.0 AppleWebKit/537.36 (KHTML, like Gecko; compatible; GPTBot/1.3; +https://openai.com/gptbot)" "-"
74.7.227.0 - - [13/Dec/2025:00:23:27 +0100] "GET /data/upload/image/6836b18ddfdc9.jpg?path=//kunden/usr/lib/terminfo/a HTTP/1.1" 200 14246 edition.gerdgeorge.de "-" "Mozilla/5.0 AppleWebKit/537.36 (KHTML, like Gecko; compatible; GPTBot/1.3; +https://openai.com/gptbot)" "-"
74.7.227.0 - - [13/Dec/2025:00:23:27 +0100] "GET /data/upload/image/6836b18ddfdc9.jpg?path=//usr/lib/terminfo/d HTTP/1.1" 200 14154 edition.gerdgeorge.de "-" "Mozilla/5.0 AppleWebKit/537.36 (KHTML, like Gecko; compatible; GPTBot/1.3; +https://openai.com/gptbot)" "-"
74.7.227.0 - - [13/Dec/2025:00:23:28 +0100] "GET /data/upload/image/6836b18ddfdc9.jpg?path=//usr/lib/terminfo/l HTTP/1.1" 200 14158 edition.gerdgeorge.de "-" "Mozilla/5.0 AppleWebKit/537.36 (KHTML, like Gecko; compatible; GPTBot/1.3; +https://openai.com/gptbot)" "-"
54.163.169.0 - - [13/Dec/2025:00:23:28 +0100] "GET /cockpit/?path=//kunden/kunden/kunden/proc/thread-self/root/proc/thread-self/root/proc/self/root/lib/cgi-bin HTTP/1.1" 200 29260 edition.gerdgeorge.de "-" "Mozilla/5.0 AppleWebKit/537.36 (KHTML, like Gecko; compatible; Amazonbot/0.1; +https://developer.amazon.com/support/amazonbot) Chrome/119.0.6045.214 Safari/537.36" "-"
186.138.160.0 - - [13/Dec/2025:00:23:28 +0100] "GET /cygnes-gourmands/?fileloc=/homepages/31/d696029188/htdocs/Alt_GerdGeorge/GerdGeorge2025/wp-cron.php&path=/homepages/31/d696029188/htdocs/Alt_GerdGeorge/GerdGeorge2025 HTTP/1.1" 200 18276 edition.gerdgeorge.de "-" "Mozilla/5.0 (Windows NT 6.1; Win64; x64) AppleWebKit/537.36 (KHTML, like Gecko) Chrome/126.0.6478.114 Safari/537.36" "-"
74.7.227.0 - - [13/Dec/2025:00:23:28 +0100] "GET /data/upload/image/6836b18ddfdc9.jpg?path=//usr/lib/terminfo/s HTTP/1.1" 200 24367 edition.gerdgeorge.de "-" "Mozilla/5.0 AppleWebKit/537.36 (KHTML, like Gecko; compatible; GPTBot/1.3; +https://openai.com/gptbot)" "-"
74.7.227.0 - - [13/Dec/2025:00:23:29 +0100] "GET /data/upload/image/6836b18ddfdc9.jpg?path=//usr/lib/terminfo/a HTTP/1.1" 200 14154 edition.gerdgeorge.de "-" "Mozilla/5.0 AppleWebKit/537.36 (KHTML, like Gecko; compatible; GPTBot/1.3; +https://openai.com/gptbot)" "-"
74.7.227.0 - - [13/Dec/2025:00:23:29 +0100] "GET /data/upload/image/6836b18ddfdc9.jpg?path=//usr/lib/terminfo/c HTTP/1.1" 200 17058 edition.gerdgeorge.de "-" "Mozilla/5.0 AppleWebKit/537.36 (KHTML, like Gecko; compatible; GPTBot/1.3; +https://openai.com/gptbot)" "-"
74.7.227.0 - - [13/Dec/2025:00:23:30 +0100] "GET /data/upload/image/6836b18ddfdc9.jpg?path=//var/lib/emacsen-common/state HTTP/1.1" 200 15492 edition.gerdgeorge.de "-" "Mozilla/5.0 AppleWebKit/537.36 (KHTML, like Gecko; compatible; GPTBot/1.3; +https://openai.com/gptbot)" "-"
74.7.227.0 - - [13/Dec/2025:00:23:30 +0100] "GET /data/upload/image/6836b18ddfdc9.jpg?path=//kunden/var/lib/systemd HTTP/1.1" 200 15618 edition.gerdgeorge.de "-" "Mozilla/5.0 AppleWebKit/537.36 (KHTML, like Gecko; compatible; GPTBot/1.3; +https://openai.com/gptbot)" "-"
74.7.227.0 - - [13/Dec/2025:00:23:31 +0100] "GET /data/upload/image/6836b18ddfdc9.jpg?path=//kunden/etc/bash_completion.d HTTP/1.1" 200 14205 edition.gerdgeorge.de "-" "Mozilla/5.0 AppleWebKit/537.36 (KHTML, like Gecko; compatible; GPTBot/1.3; +https://openai.com/gptbot)" "-"
74.7.227.0 - - [13/Dec/2025:00:23:32 +0100] "GET /data/upload/image/6836b18ddfdc9.jpg?path=//lib/ui-infong-disable-utils HTTP/1.1" 200 12677 edition.gerdgeorge.de "-" "Mozilla/5.0 AppleWebKit/537.36 (KHTML, like Gecko; compatible; GPTBot/1.3; +https://openai.com/gptbot)" "-"
74.7.227.0 - - [13/Dec/2025:00:23:32 +0100] "GET /data/upload/image/6836b18ddfdc9.jpg?path=//usr/lib/emacsen-common HTTP/1.1" 200 21472 edition.gerdgeorge.de "-" "Mozilla/5.0 AppleWebKit/537.36 (KHTML, like Gecko; compatible; GPTBot/1.3; +https://openai.com/gptbot)" "-"
54.87.62.0 - - [13/Dec/2025:00:23:33 +0100] "GET /jets/?path=//proc/self/root/kunden/kunden/proc/self/root/proc/self/root/proc/self/root/lib/locale/es_EC HTTP/1.1" 200 34568 edition.gerdgeorge.de "-" "Mozilla/5.0 AppleWebKit/537.36 (KHTML, like Gecko; compatible; Amazonbot/0.1; +https://developer.amazon.com/support/amazonbot) Chrome/119.0.6045.214 Safari/537.36" "-"
74.7.227.0 - - [13/Dec/2025:00:23:33 +0100] "GET /data/upload/image/6836b18ddfdc9.jpg?path=//kunden/usr/lib/emacsen-common HTTP/1.1" 200 21690 edition.gerdgeorge.de "-" "Mozilla/5.0 AppleWebKit/537.36 (KHTML, like Gecko; compatible; GPTBot/1.3; +https://openai.com/gptbot)" "-"
74.7.227.0 - - [13/Dec/2025:00:23:33 +0100] "GET /data/upload/image/6836b18ddfdc9.jpg?path=//kunden/var/lib/python HTTP/1.1" 200 14232 edition.gerdgeorge.de "-" "Mozilla/5.0 AppleWebKit/537.36 (KHTML, like Gecko; compatible; GPTBot/1.3; +https://openai.com/gptbot)" "-"
74.7.227.0 - - [13/Dec/2025:00:23:34 +0100] "GET /data/upload/image/6836b18ddfdc9.jpg?path=//etc/kernel/postinst.d HTTP/1.1" 200 14182 edition.gerdgeorge.de "-" "Mozilla/5.0 AppleWebKit/537.36 (KHTML, like Gecko; compatible; GPTBot/1.3; +https://openai.com/gptbot)" "-"
74.7.227.0 - - [13/Dec/2025:00:23:34 +0100] "GET /data/upload/image/6836b18ddfdc9.jpg?fileloc=//usr/lib/terminfo/s/screen.xterm-256color&path=//usr/lib/terminfo/s HTTP/1.1" 200 12341 edition.gerdgeorge.de "-" "Mozilla/5.0 AppleWebKit/537.36 (KHTML, like Gecko; compatible; GPTBot/1.3; +https://openai.com/gptbot)" "-"
74.7.227.0 - - [13/Dec/2025:00:23:35 +0100] "GET /data/upload/image/6836b18ddfdc9.jpg?path=//kunden/etc/cbi/security HTTP/1.1" 200 14110 edition.gerdgeorge.de "-" "Mozilla/5.0 AppleWebKit/537.36 (KHTML, like Gecko; compatible; GPTBot/1.3; +https://openai.com/gptbot)" "-"
74.7.227.0 - - [13/Dec/2025:00:23:35 +0100] "GET /data/upload/image/6836b18ddfdc9.jpg?path=//kunden/usr/lib/valgrind HTTP/1.1" 200 14220 edition.gerdgeorge.de "-" "Mozilla/5.0 AppleWebKit/537.36 (KHTML, like Gecko; compatible; GPTBot/1.3; +https://openai.com/gptbot)" "-"
74.7.227.0 - - [13/Dec/2025:00:23:36 +0100] "GET /data/upload/image/6836b18ddfdc9.jpg?path=//proc/sys/mars/traffic_tuning HTTP/1.1" 200 41095 edition.gerdgeorge.de "-" "Mozilla/5.0 AppleWebKit/537.36 (KHTML, like Gecko; compatible; GPTBot/1.3; +https://openai.com/gptbot)" "-"
3.218.35.0 - - [13/Dec/2025:00:23:36 +0100] "GET /lievre-hupf/?path=//proc/self/root/proc/self/root/kunden/proc/self/root/usr/lib/locale/es_ES HTTP/1.1" 200 33357 edition.gerdgeorge.de "-" "Mozilla/5.0 AppleWebKit/537.36 (KHTML, like Gecko; compatible; Amazonbot/0.1; +https://developer.amazon.com/support/amazonbot) Chrome/119.0.6045.214 Safari/537.36" "-"
74.7.227.0 - - [13/Dec/2025:00:23:37 +0100] "GET /data/upload/image/6836b18ddfdc9.jpg?path=//usr/lib/git-core/mergetools HTTP/1.1" 200 46669 edition.gerdgeorge.de "-" "Mozilla/5.0 AppleWebKit/537.36 (KHTML, like Gecko; compatible; GPTBot/1.3; +https://openai.com/gptbot)" "-"
74.7.227.0 - - [13/Dec/2025:00:23:37 +0100] "GET /data/upload/image/6836b18ddfdc9.jpg?path=//kunden/var/spool HTTP/1.1" 200 14022 edition.gerdgeorge.de "-" "Mozilla/5.0 AppleWebKit/537.36 (KHTML, like Gecko; compatible; GPTBot/1.3; +https://openai.com/gptbot)" "-"
74.7.227.0 - - [13/Dec/2025:00:23:38 +0100] "GET /data/upload/image/6459b7d8b7f67.jpg?path=//proc/self/root/usr/include/ruby-2.7.0/ruby HTTP/1.1" 200 46621 edition.gerdgeorge.de "-" "Mozilla/5.0 AppleWebKit/537.36 (KHTML, like Gecko; compatible; GPTBot/1.3; +https://openai.com/gptbot)" "-"
74.7.227.0 - - [13/Dec/2025:00:23:38 +0100] "GET /data/upload/image/64583bc31076f.jpg?path=//proc/self/root/lib/python3.9/urllib/__pycache__ HTTP/1.1" 200 22631 edition.gerdgeorge.de "-" "Mozilla/5.0 AppleWebKit/537.36 (KHTML, like Gecko; compatible; GPTBot/1.3; +https://openai.com/gptbot)" "-"
74.7.227.0 - - [13/Dec/2025:00:23:39 +0100] "GET /data/upload/image/646606dda40a4.jpg?path=//usr/lib/php7.4/doc/Archive_Tar/docs HTTP/1.1" 200 14393 edition.gerdgeorge.de "-" "Mozilla/5.0 AppleWebKit/537.36 (KHTML, like Gecko; compatible; GPTBot/1.3; +https://openai.com/gptbot)" "-"
74.7.227.0 - - [13/Dec/2025:00:23:39 +0100] "GET /data/upload/image/64583bc31076f.jpg?path=//proc/self/root/usr/lib/ruby/2.7.0/rubygems/source HTTP/1.1" 200 22482 edition.gerdgeorge.de "-" "Mozilla/5.0 AppleWebKit/537.36 (KHTML, like Gecko; compatible; GPTBot/1.3; +https://openai.com/gptbot)" "-"
44.195.145.0 - - [13/Dec/2025:00:23:40 +0100] "GET /serviette-calamar/?path=//proc/self/root/kunden/proc/thread-self/root/proc/thread-self/root/proc/thread-self/root/lib/locale/pt_BR HTTP/1.1" 200 35274 edition.gerdgeorge.de "-" "Mozilla/5.0 AppleWebKit/537.36 (KHTML, like Gecko; compatible; Amazonbot/0.1; +https://developer.amazon.com/support/amazonbot) Chrome/119.0.6045.214 Safari/537.36" "-"
74.7.227.0 - - [13/Dec/2025:00:23:40 +0100] "GET /data/upload/image/64583bc31076f.jpg?path=//usr/lib/python3.9/xml/__pycache__ HTTP/1.1" 200 14365 edition.gerdgeorge.de "-" "Mozilla/5.0 AppleWebKit/537.36 (KHTML, like Gecko; compatible; GPTBot/1.3; +https://openai.com/gptbot)" "-"
74.7.227.0 - - [13/Dec/2025:00:23:40 +0100] "GET /data/upload/image/6661718a9bb90.jpg?path=//proc/self/root/usr/include/php7.4/ext/xml HTTP/1.1" 200 16077 edition.gerdgeorge.de "-" "Mozilla/5.0 AppleWebKit/537.36 (KHTML, like Gecko; compatible; GPTBot/1.3; +https://openai.com/gptbot)" "-"
74.7.227.0 - - [13/Dec/2025:00:23:41 +0100] "GET /data/upload/image/666170d0e451f.jpg?path=//proc/self/root/lib/python3.9/xml/parsers HTTP/1.1" 200 17415 edition.gerdgeorge.de "-" "Mozilla/5.0 AppleWebKit/537.36 (KHTML, like Gecko; compatible; GPTBot/1.3; +https://openai.com/gptbot)" "-"
66.249.64.0 - - [13/Dec/2025:00:23:41 +0100] "GET /?_g=550236 HTTP/1.1" 200 178019 edition.gerdgeorge.de "-" "Mozilla/5.0 (Linux; Android 6.0.1; Nexus 5X Build/MMB29P) AppleWebKit/537.36 (KHTML, like Gecko) Chrome/141.0.7390.122 Mobile Safari/537.36 (compatible; Googlebot/2.1; +http://www.google.com/bot.html)" "-"
74.7.227.0 - - [13/Dec/2025:00:23:42 +0100] "GET /data/upload/image/666170d0e451f.jpg?path=//proc/self/root/usr/lib/python3.9/xml/etree HTTP/1.1" 200 22220 edition.gerdgeorge.de "-" "Mozilla/5.0 AppleWebKit/537.36 (KHTML, like Gecko; compatible; GPTBot/1.3; +https://openai.com/gptbot)" "-"
74.7.227.0 - - [13/Dec/2025:00:23:42 +0100] "GET /data/upload/image/666170d0e451f.jpg?path=//proc/self/root/usr/lib/python3.9/xml/parsers HTTP/1.1" 200 17520 edition.gerdgeorge.de "-" "Mozilla/5.0 AppleWebKit/537.36 (KHTML, like Gecko; compatible; GPTBot/1.3; +https://openai.com/gptbot)" "-"
74.7.227.0 - - [13/Dec/2025:00:23:43 +0100] "GET /data/upload/image/666175ed27e9a.jpg?path=//proc/self/root/usr/include/php7.4/ext/gd HTTP/1.1" 200 16051 edition.gerdgeorge.de "-" "Mozilla/5.0 AppleWebKit/537.36 (KHTML, like Gecko; compatible; GPTBot/1.3; +https://openai.com/gptbot)" "-"
74.7.227.0 - - [13/Dec/2025:00:23:43 +0100] "GET /data/upload/image/6836b18ddfdc9.jpg?path=//kunden/var/spool/cron HTTP/1.1" 200 12740 edition.gerdgeorge.de "-" "Mozilla/5.0 AppleWebKit/537.36 (KHTML, like Gecko; compatible; GPTBot/1.3; +https://openai.com/gptbot)" "-"
74.7.227.0 - - [13/Dec/2025:00:23:44 +0100] "GET /data/upload/image/6459b7d8b7f67.jpg?path=//proc/self/root/usr/include/ruby-2.7.0/ruby/backward HTTP/1.1" 200 22467 edition.gerdgeorge.de "-" "Mozilla/5.0 AppleWebKit/537.36 (KHTML, like Gecko; compatible; GPTBot/1.3; +https://openai.com/gptbot)" "-"
74.7.227.0 - - [13/Dec/2025:00:23:44 +0100] "GET /data/upload/image/66616fcb1107e.jpg?path=//proc/self/root/usr/lib/php7.4/.registry HTTP/1.1" 200 49810 edition.gerdgeorge.de "-" "Mozilla/5.0 AppleWebKit/537.36 (KHTML, like Gecko; compatible; GPTBot/1.3; +https://openai.com/gptbot)" "-"
54.225.98.0 - - [13/Dec/2025:00:23:44 +0100] "GET /serviette-calamar/?path=//kunden/kunden/kunden/proc/self/root/proc/self/root/proc/self/root/proc/thread-self/root/kunden/usr/bin HTTP/1.1" 200 2283084 edition.gerdgeorge.de "-" "Mozilla/5.0 AppleWebKit/537.36 (KHTML, like Gecko; compatible; Amazonbot/0.1; +https://developer.amazon.com/support/amazonbot) Chrome/119.0.6045.214 Safari/537.36" "-"
74.7.227.0 - - [13/Dec/2025:00:23:45 +0100] "GET /data/upload/image/6462e3e29d23e.jpg?path=//proc/self/root/usr/include/rdma/hfi HTTP/1.1" 200 15955 edition.gerdgeorge.de "-" "Mozilla/5.0 AppleWebKit/537.36 (KHTML, like Gecko; compatible; GPTBot/1.3; +https://openai.com/gptbot)" "-"
74.7.227.0 - - [13/Dec/2025:00:23:46 +0100] "GET /data/upload/image/6462e3e29d23e.jpg?path=//proc/self/root/usr/lib/terminfo/l HTTP/1.1" 200 14389 edition.gerdgeorge.de "-" "Mozilla/5.0 AppleWebKit/537.36 (KHTML, like Gecko; compatible; GPTBot/1.3; +https://openai.com/gptbot)" "-"
74.7.227.0 - - [13/Dec/2025:00:23:46 +0100] "GET /data/upload/image/6462e3e29d23e.jpg?path=//proc/self/root/usr/lib/terminfo/c HTTP/1.1" 200 17409 edition.gerdgeorge.de "-" "Mozilla/5.0 AppleWebKit/537.36 (KHTML, like Gecko; compatible; GPTBot/1.3; +https://openai.com/gptbot)" "-"
74.7.227.0 - - [13/Dec/2025:00:23:47 +0100] "GET /data/upload/image/649aa5964e22b.jpg?path=//proc/self/root/usr/lib/terminfo/a HTTP/1.1" 200 14385 edition.gerdgeorge.de "-" "Mozilla/5.0 AppleWebKit/537.36 (KHTML, like Gecko; compatible; GPTBot/1.3; +https://openai.com/gptbot)" "-"
74.7.227.0 - - [13/Dec/2025:00:23:47 +0100] "GET /data/upload/image/666170d0e451f.jpg?path=//proc/self/root/lib/python3.9/xml/parsers/__pycache__ HTTP/1.1" 200 16271 edition.gerdgeorge.de "-" "Mozilla/5.0 AppleWebKit/537.36 (KHTML, like Gecko; compatible; GPTBot/1.3; +https://openai.com/gptbot)" "-"
74.7.227.0 - - [13/Dec/2025:00:23:48 +0100] "GET /data/upload/image/666170d0e451f.jpg?path=//proc/self/root/usr/lib/python3.9/xml/etree/__pycache__ HTTP/1.1" 200 21361 edition.gerdgeorge.de "-" "Mozilla/5.0 AppleWebKit/537.36 (KHTML, like Gecko; compatible; GPTBot/1.3; +https://openai.com/gptbot)" "-"
98.82.40.0 - - [13/Dec/2025:00:23:48 +0100] "GET /jets/?path=//kunden/proc/self/root/proc/thread-self/root/proc/self/root/usr/lib/locale/de_IT HTTP/1.1" 200 33768 edition.gerdgeorge.de "-" "Mozilla/5.0 AppleWebKit/537.36 (KHTML, like Gecko; compatible; Amazonbot/0.1; +https://developer.amazon.com/support/amazonbot) Chrome/119.0.6045.214 Safari/537.36" "-"
89.58.36.0 - - [13/Dec/2025:00:23:48 +0100] "GET /postnews.php HTTP/1.1" 200 60349 edition.gerdgeorge.de "www.google.com" "Mozlila/5.0 (Linux; Android 7.0; SM-G892A Bulid/NRD90M; wv) AppleWebKit/537.36 (KHTML, like Gecko) Version/4.0 Chrome/60.0.3112.107 Moblie Safari/537.36" "-"
74.7.227.0 - - [13/Dec/2025:00:23:48 +0100] "GET /data/upload/image/666170d0e451f.jpg?path=//proc/self/root/usr/lib/python3.9/xml/parsers/__pycache__ HTTP/1.1" 200 16368 edition.gerdgeorge.de "-" "Mozilla/5.0 AppleWebKit/537.36 (KHTML, like Gecko; compatible; GPTBot/1.3; +https://openai.com/gptbot)" "-"
89.58.36.0 - - [13/Dec/2025:00:23:49 +0100] "GET /postnews.php HTTP/1.1" 200 60349 edition.gerdgeorge.de "www.google.com" "Mozlila/5.0 (Linux; Android 7.0; SM-G892A Bulid/NRD90M; wv) AppleWebKit/537.36 (KHTML, like Gecko) Version/4.0 Chrome/60.0.3112.107 Moblie Safari/537.36" "-"
74.7.227.0 - - [13/Dec/2025:00:23:49 +0100] "GET /data/upload/image/649aa5964e22b.jpg?path=//proc/self/root/usr/lib/terminfo/t HTTP/1.1" 200 15907 edition.gerdgeorge.de "-" "Mozilla/5.0 AppleWebKit/537.36 (KHTML, like Gecko; compatible; GPTBot/1.3; +https://openai.com/gptbot)" "-"
74.7.227.0 - - [13/Dec/2025:00:23:49 +0100] "GET /data/upload/image/649aa5964e22b.jpg?path=//proc/self/root/var/lib/ucf/cache HTTP/1.1" 200 17606 edition.gerdgeorge.de "-" "Mozilla/5.0 AppleWebKit/537.36 (KHTML, like Gecko; compatible; GPTBot/1.3; +https://openai.com/gptbot)" "-"
74.7.227.0 - - [13/Dec/2025:00:23:50 +0100] "GET /data/upload/image/6462e3e29d23e.jpg?path=//proc/self/root/usr/lib/terminfo/x HTTP/1.1" 200 26497 edition.gerdgeorge.de "-" "Mozilla/5.0 AppleWebKit/537.36 (KHTML, like Gecko; compatible; GPTBot/1.3; +https://openai.com/gptbot)" "-"
74.7.227.0 - - [13/Dec/2025:00:23:50 +0100] "GET /data/upload/image/66616fcb1107e.jpg?path=//proc/self/root/usr/lib/php7.4/.registry/.channel.__uri HTTP/1.1" 200 13001 edition.gerdgeorge.de "-" "Mozilla/5.0 AppleWebKit/537.36 (KHTML, like Gecko; compatible; GPTBot/1.3; +https://openai.com/gptbot)" "-"
74.7.227.0 - - [13/Dec/2025:00:23:51 +0100] "GET /data/upload/image/66616fcb1107e.jpg?path=//proc/self/root/usr/lib/php7.4/.registry/.channel.pecl.php.net HTTP/1.1" 200 13015 edition.gerdgeorge.de "-" "Mozilla/5.0 AppleWebKit/537.36 (KHTML, like Gecko; compatible; GPTBot/1.3; +https://openai.com/gptbot)" "-"
74.7.227.0 - - [13/Dec/2025:00:23:52 +0100] "GET /data/upload/image/66616fcb1107e.jpg?path=//proc/self/root/usr/lib/php7.4/.registry/.channel.doc.php.net HTTP/1.1" 200 13013 edition.gerdgeorge.de "-" "Mozilla/5.0 AppleWebKit/537.36 (KHTML, like Gecko; compatible; GPTBot/1.3; +https://openai.com/gptbot)" "-"
74.7.227.0 - - [13/Dec/2025:00:23:52 +0100] "GET /data/upload/image/6459b7d8b7f67.jpg?path=//proc/self/root/usr/lib/terminfo/s HTTP/1.1" 200 25018 edition.gerdgeorge.de "-" "Mozilla/5.0 AppleWebKit/537.36 (KHTML, like Gecko; compatible; GPTBot/1.3; +https://openai.com/gptbot)" "-"
74.7.227.0 - - [13/Dec/2025:00:23:53 +0100] "GET /data/upload/image/6459b7d8b7f67.jpg?path=//proc/self/root/usr/lib/dpkg/methods HTTP/1.1" 200 14275 edition.gerdgeorge.de "-" "Mozilla/5.0 AppleWebKit/537.36 (KHTML, like Gecko; compatible; GPTBot/1.3; +https://openai.com/gptbot)" "-"
74.7.227.0 - - [13/Dec/2025:00:23:53 +0100] "GET /data/upload/image/6459b7d8b7f67.jpg?path=//proc/self/root/usr/lib/terminfo/d HTTP/1.1" 200 14385 edition.gerdgeorge.de "-" "Mozilla/5.0 AppleWebKit/537.36 (KHTML, like Gecko; compatible; GPTBot/1.3; +https://openai.com/gptbot)" "-"
44.217.255.0 - - [13/Dec/2025:00:23:53 +0100] "GET /jets/?path=//proc/self/root/proc/self/root/kunden/proc/self/root/kunden/proc/self/root/lib/locale/ca_ES HTTP/1.1" 200 34549 edition.gerdgeorge.de "-" "Mozilla/5.0 AppleWebKit/537.36 (KHTML, like Gecko; compatible; Amazonbot/0.1; +https://developer.amazon.com/support/amazonbot) Chrome/119.0.6045.214 Safari/537.36" "-"
74.7.227.0 - - [13/Dec/2025:00:23:54 +0100] "GET /data/upload/image/6459b7d8b7f67.jpg?path=//proc/self/root/usr/lib/terminfo/p HTTP/1.1" 200 14392 edition.gerdgeorge.de "-" "Mozilla/5.0 AppleWebKit/537.36 (KHTML, like Gecko; compatible; GPTBot/1.3; +https://openai.com/gptbot)" "-"
74.7.227.0 - - [13/Dec/2025:00:23:54 +0100] "GET /data/upload/image/6462e3e29d23e.jpg?path=//proc/self/root/usr/lib/tmpfiles.d HTTP/1.1" 200 15873 edition.gerdgeorge.de "-" "Mozilla/5.0 AppleWebKit/537.36 (KHTML, like Gecko; compatible; GPTBot/1.3; +https://openai.com/gptbot)" "-"
74.7.227.0 - - [13/Dec/2025:00:23:55 +0100] "GET /data/upload/image/6464917a754bd.jpg?path=//proc/self/root/usr/include/rdma/hfi HTTP/1.1" 200 15955 edition.gerdgeorge.de "-" "Mozilla/5.0 AppleWebKit/537.36 (KHTML, like Gecko; compatible; GPTBot/1.3; +https://openai.com/gptbot)" "-"
74.7.227.0 - - [13/Dec/2025:00:23:56 +0100] "GET /data/upload/image/6459b7d8b7f67.jpg?path=//proc/self/root/usr/lib/terminfo/r HTTP/1.1" 200 20461 edition.gerdgeorge.de "-" "Mozilla/5.0 AppleWebKit/537.36 (KHTML, like Gecko; compatible; GPTBot/1.3; +https://openai.com/gptbot)" "-"
54.147.80.0 - - [13/Dec/2025:00:23:56 +0100] "GET /serviette-calamar/?path=//kunden/kunden/proc/self/root/kunden/proc/self/root/kunden/proc/self/root/proc/self/root/lib/locale/es_CL HTTP/1.1" 200 35538 edition.gerdgeorge.de "-" "Mozilla/5.0 AppleWebKit/537.36 (KHTML, like Gecko; compatible; Amazonbot/0.1; +https://developer.amazon.com/support/amazonbot) Chrome/119.0.6045.214 Safari/537.36" "-"
74.7.227.0 - - [13/Dec/2025:00:23:56 +0100] "GET /data/upload/image/649aa5964e22b.jpg?path=//proc/self/root/etc/bash_completion.d HTTP/1.1" 200 14328 edition.gerdgeorge.de "-" "Mozilla/5.0 AppleWebKit/537.36 (KHTML, like Gecko; compatible; GPTBot/1.3; +https://openai.com/gptbot)" "-"
74.7.227.0 - - [13/Dec/2025:00:23:57 +0100] "GET /data/upload/image/6459b7d8b7f67.jpg?path=//proc/self/root/var/lib/ucf/cache HTTP/1.1" 200 17606 edition.gerdgeorge.de "-" "Mozilla/5.0 AppleWebKit/537.36 (KHTML, like Gecko; compatible; GPTBot/1.3; +https://openai.com/gptbot)" "-"
74.7.227.0 - - [13/Dec/2025:00:23:57 +0100] "GET /data/upload/image/6462e3e29d23e.jpg?path=//proc/self/root/var/lib/ucf/cache HTTP/1.1" 200 17606 edition.gerdgeorge.de "-" "Mozilla/5.0 AppleWebKit/537.36 (KHTML, like Gecko; compatible; GPTBot/1.3; +https://openai.com/gptbot)" "-"
74.7.227.0 - - [13/Dec/2025:00:23:58 +0100] "GET /data/upload/image/6459b7d8b7f67.jpg?path=//proc/self/root/usr/lib/apt/methods HTTP/1.1" 200 38399 edition.gerdgeorge.de "-" "Mozilla/5.0 AppleWebKit/537.36 (KHTML, like Gecko; compatible; GPTBot/1.3; +https://openai.com/gptbot)" "-"
74.7.227.0 - - [13/Dec/2025:00:23:58 +0100] "GET /data/upload/image/6462e3e29d23e.jpg?path=//proc/self/root/usr/lib/terminfo/w HTTP/1.1" 200 15890 edition.gerdgeorge.de "-" "Mozilla/5.0 AppleWebKit/537.36 (KHTML, like Gecko; compatible; GPTBot/1.3; +https://openai.com/gptbot)" "-"
74.7.227.0 - - [13/Dec/2025:00:23:59 +0100] "GET /data/upload/image/6459b7d8b7f67.jpg?path=//proc/self/root/usr/lib/dpkg/methods/apt HTTP/1.1" 200 20559 edition.gerdgeorge.de "-" "Mozilla/5.0 AppleWebKit/537.36 (KHTML, like Gecko; compatible; GPTBot/1.3; +https://openai.com/gptbot)" "-"
74.7.227.0 - - [13/Dec/2025:00:23:59 +0100] "GET /data/upload/image/649aa492639b6.jpg?path=//proc/self/root/etc/fonts/conf.avail HTTP/1.1" 200 32003 edition.gerdgeorge.de "-" "Mozilla/5.0 AppleWebKit/537.36 (KHTML, like Gecko; compatible; GPTBot/1.3; +https://openai.com/gptbot)" "-"
74.7.227.0 - - [13/Dec/2025:00:24:00 +0100] "GET /data/upload/image/6462e3e29d23e.jpg?path=//proc/self/root/var/lib/vim/addons HTTP/1.1" 200 12894 edition.gerdgeorge.de "-" "Mozilla/5.0 AppleWebKit/537.36 (KHTML, like Gecko; compatible; GPTBot/1.3; +https://openai.com/gptbot)" "-"
74.7.227.0 - - [13/Dec/2025:00:24:00 +0100] "GET /data/upload/image/6459b7d8b7f67.jpg?path=//proc/self/root/usr/lib/terminfo/m HTTP/1.1" 200 20429 edition.gerdgeorge.de "-" "Mozilla/5.0 AppleWebKit/537.36 (KHTML, like Gecko; compatible; GPTBot/1.3; +https://openai.com/gptbot)" "-"
52.4.213.0 - - [13/Dec/2025:00:24:01 +0100] "GET /serviette-calamar/?path=//proc/self/root/kunden/proc/self/root/kunden/kunden/proc/self/root/kunden/proc/self/root/lib/locale/zh_CN HTTP/1.1" 200 35506 edition.gerdgeorge.de "-" "Mozilla/5.0 AppleWebKit/537.36 (KHTML, like Gecko; compatible; Amazonbot/0.1; +https://developer.amazon.com/support/amazonbot) Chrome/119.0.6045.214 Safari/537.36" "-"
74.7.227.0 - - [13/Dec/2025:00:24:01 +0100] "GET /data/upload/image/6462e3e29d23e.jpg?path=//proc/self/root/usr/lib/terminfo/h HTTP/1.1" 200 14385 edition.gerdgeorge.de "-" "Mozilla/5.0 AppleWebKit/537.36 (KHTML, like Gecko; compatible; GPTBot/1.3; +https://openai.com/gptbot)" "-"
74.7.227.0 - - [13/Dec/2025:00:24:02 +0100] "GET /data/upload/image/6462e3e29d23e.jpg?path=//proc/self/root/usr/lib/terminfo/r HTTP/1.1" 200 20461 edition.gerdgeorge.de "-" "Mozilla/5.0 AppleWebKit/537.36 (KHTML, like Gecko; compatible; GPTBot/1.3; +https://openai.com/gptbot)" "-"
74.7.227.0 - - [13/Dec/2025:00:24:02 +0100] "GET /data/upload/image/6462e3e29d23e.jpg?path=//proc/self/root/etc/kernel/postinst.d HTTP/1.1" 200 14398 edition.gerdgeorge.de "-" "Mozilla/5.0 AppleWebKit/537.36 (KHTML, like Gecko; compatible; GPTBot/1.3; +https://openai.com/gptbot)" "-"
74.7.227.0 - - [13/Dec/2025:00:24:03 +0100] "GET /data/upload/image/649aa5964e22b.jpg?path=//proc/self/root/lib/groff/site-tmac HTTP/1.1" 200 12849 edition.gerdgeorge.de "-" "Mozilla/5.0 AppleWebKit/537.36 (KHTML, like Gecko; compatible; GPTBot/1.3; +https://openai.com/gptbot)" "-"
74.7.227.0 - - [13/Dec/2025:00:24:03 +0100] "GET /data/upload/image/649aa5964e22b.jpg?path=//proc/self/root/usr/lib/terminfo/w HTTP/1.1" 200 15890 edition.gerdgeorge.de "-" "Mozilla/5.0 AppleWebKit/537.36 (KHTML, like Gecko; compatible; GPTBot/1.3; +https://openai.com/gptbot)" "-"
52.203.237.0 - - [13/Dec/2025:00:24:04 +0100] "GET /serviette-calamar/?path=//proc/self/root/proc/self/root/proc/self/root/proc/self/root/kunden/kunden/usr/lib/locale/en_PH HTTP/1.1" 200 34837 edition.gerdgeorge.de "-" "Mozilla/5.0 AppleWebKit/537.36 (KHTML, like Gecko; compatible; Amazonbot/0.1; +https://developer.amazon.com/support/amazonbot) Chrome/119.0.6045.214 Safari/537.36" "-"
74.7.227.0 - - [13/Dec/2025:00:24:04 +0100] "GET /data/upload/image/6459b7d8b7f67.jpg?path=//proc/self/root/usr/lib/apt/planners HTTP/1.1" 200 14393 edition.gerdgeorge.de "-" "Mozilla/5.0 AppleWebKit/537.36 (KHTML, like Gecko; compatible; GPTBot/1.3; +https://openai.com/gptbot)" "-"
74.7.227.0 - - [13/Dec/2025:00:24:05 +0100] "GET /data/upload/image/649aa5964e22b.jpg?path=//proc/self/root/usr/lib/terminfo/x HTTP/1.1" 200 26497 edition.gerdgeorge.de "-" "Mozilla/5.0 AppleWebKit/537.36 (KHTML, like Gecko; compatible; GPTBot/1.3; +https://openai.com/gptbot)" "-"
74.7.227.0 - - [13/Dec/2025:00:24:05 +0100] "GET /data/upload/image/649aa492639b6.jpg?path=//proc/self/root/etc/bash_completion.d HTTP/1.1" 200 14328 edition.gerdgeorge.de "-" "Mozilla/5.0 AppleWebKit/537.36 (KHTML, like Gecko; compatible; GPTBot/1.3; +https://openai.com/gptbot)" "-"
74.7.227.0 - - [13/Dec/2025:00:24:06 +0100] "GET /data/upload/image/649aa5964e22b.jpg?path=//proc/self/root/etc/kernel/postinst.d HTTP/1.1" 200 14398 edition.gerdgeorge.de "-" "Mozilla/5.0 AppleWebKit/537.36 (KHTML, like Gecko; compatible; GPTBot/1.3; +https://openai.com/gptbot)" "-"
74.7.227.0 - - [13/Dec/2025:00:24:06 +0100] "GET /data/upload/image/649aa5964e22b.jpg?path=//proc/self/root/usr/lib/terminfo/p HTTP/1.1" 200 14392 edition.gerdgeorge.de "-" "Mozilla/5.0 AppleWebKit/537.36 (KHTML, like Gecko; compatible; GPTBot/1.3; +https://openai.com/gptbot)" "-"
74.7.227.0 - - [13/Dec/2025:00:24:07 +0100] "GET /data/upload/image/6462e3e29d23e.jpg?path=//proc/self/root/etc/fonts/conf.avail HTTP/1.1" 200 32003 edition.gerdgeorge.de "-" "Mozilla/5.0 AppleWebKit/537.36 (KHTML, like Gecko; compatible; GPTBot/1.3; +https://openai.com/gptbot)" "-"
74.7.227.0 - - [13/Dec/2025:00:24:07 +0100] "GET /data/upload/image/6459b7d8b7f67.jpg?path=//proc/self/root/usr/lib/apt/solvers HTTP/1.1" 200 14387 edition.gerdgeorge.de "-" "Mozilla/5.0 AppleWebKit/537.36 (KHTML, like Gecko; compatible; GPTBot/1.3; +https://openai.com/gptbot)" "-"
98.84.131.0 - - [13/Dec/2025:00:24:08 +0100] "GET /serviette-calamar/?path=//kunden/kunden/proc/self/root/proc/thread-self/root/kunden/proc/self/root/proc/self/root/var/lib/vim HTTP/1.1" 200 15672 edition.gerdgeorge.de "-" "Mozilla/5.0 AppleWebKit/537.36 (KHTML, like Gecko; compatible; Amazonbot/0.1; +https://developer.amazon.com/support/amazonbot) Chrome/119.0.6045.214 Safari/537.36" "-"
74.7.227.0 - - [13/Dec/2025:00:24:08 +0100] "GET /data/upload/image/649aa5964e22b.jpg?path=//proc/self/root/usr/lib/terminfo/h HTTP/1.1" 200 14385 edition.gerdgeorge.de "-" "Mozilla/5.0 AppleWebKit/537.36 (KHTML, like Gecko; compatible; GPTBot/1.3; +https://openai.com/gptbot)" "-"
74.7.227.0 - - [13/Dec/2025:00:24:08 +0100] "GET /data/upload/image/6462e3e29d23e.jpg?path=//proc/self/root/usr/lib/terminfo/m HTTP/1.1" 200 20429 edition.gerdgeorge.de "-" "Mozilla/5.0 AppleWebKit/537.36 (KHTML, like Gecko; compatible; GPTBot/1.3; +https://openai.com/gptbot)" "-"
74.7.227.0 - - [13/Dec/2025:00:24:09 +0100] "GET /data/upload/image/6459b7d8b7f67.jpg?path=//proc/self/root/usr/lib/terminfo/a HTTP/1.1" 200 14385 edition.gerdgeorge.de "-" "Mozilla/5.0 AppleWebKit/537.36 (KHTML, like Gecko; compatible; GPTBot/1.3; +https://openai.com/gptbot)" "-"
74.7.227.0 - - [13/Dec/2025:00:24:10 +0100] "GET /data/upload/image/6462e3e29d23e.jpg?path=//proc/self/root/usr/lib/terminfo/t HTTP/1.1" 200 15907 edition.gerdgeorge.de "-" "Mozilla/5.0 AppleWebKit/537.36 (KHTML, like Gecko; compatible; GPTBot/1.3; +https://openai.com/gptbot)" "-"
74.7.227.0 - - [13/Dec/2025:00:24:10 +0100] "GET /data/upload/image/649aa5964e22b.jpg?path=//proc/self/root/usr/lib/ruby/gems HTTP/1.1" 200 14268 edition.gerdgeorge.de "-" "Mozilla/5.0 AppleWebKit/537.36 (KHTML, like Gecko; compatible; GPTBot/1.3; +https://openai.com/gptbot)" "-"
74.7.227.0 - - [13/Dec/2025:00:24:11 +0100] "GET /data/upload/image/6459b7d8b7f67.jpg?path=//proc/self/root/usr/lib/tmpfiles.d HTTP/1.1" 200 15873 edition.gerdgeorge.de "-" "Mozilla/5.0 AppleWebKit/537.36 (KHTML, like Gecko; compatible; GPTBot/1.3; +https://openai.com/gptbot)" "-"
74.7.227.0 - - [13/Dec/2025:00:24:11 +0100] "GET /data/upload/image/6462e3e29d23e.jpg?path=//proc/self/root/lib/groff/site-tmac HTTP/1.1" 200 12849 edition.gerdgeorge.de "-" "Mozilla/5.0 AppleWebKit/537.36 (KHTML, like Gecko; compatible; GPTBot/1.3; +https://openai.com/gptbot)" "-"
3.218.35.0 - - [13/Dec/2025:00:24:12 +0100] "GET /serviette-calamar/?path=//kunden/kunden/proc/self/root/proc/thread-self/root/kunden/proc/thread-self/root/usr/lib HTTP/1.1" 200 107798 edition.gerdgeorge.de "-" "Mozilla/5.0 AppleWebKit/537.36 (KHTML, like Gecko; compatible; Amazonbot/0.1; +https://developer.amazon.com/support/amazonbot) Chrome/119.0.6045.214 Safari/537.36" "-"
74.7.227.0 - - [13/Dec/2025:00:24:12 +0100] "GET /data/upload/image/6462e3e29d23e.jpg?path=//proc/self/root/usr/lib/terminfo/s HTTP/1.1" 200 25018 edition.gerdgeorge.de "-" "Mozilla/5.0 AppleWebKit/537.36 (KHTML, like Gecko; compatible; GPTBot/1.3; +https://openai.com/gptbot)" "-"
74.7.227.0 - - [13/Dec/2025:00:24:13 +0100] "GET /data/upload/image/6462e3e29d23e.jpg?path=//proc/self/root/etc/bash_completion.d HTTP/1.1" 200 14328 edition.gerdgeorge.de "-" "Mozilla/5.0 AppleWebKit/537.36 (KHTML, like Gecko; compatible; GPTBot/1.3; +https://openai.com/gptbot)" "-"
74.7.227.0 - - [13/Dec/2025:00:24:13 +0100] "GET /data/upload/image/6462e3e29d23e.jpg?path=//proc/self/root/usr/lib/susshi/exec HTTP/1.1" 200 33791 edition.gerdgeorge.de "-" "Mozilla/5.0 AppleWebKit/537.36 (KHTML, like Gecko; compatible; GPTBot/1.3; +https://openai.com/gptbot)" "-"
74.7.227.0 - - [13/Dec/2025:00:24:14 +0100] "GET /data/upload/image/649aa5964e22b.jpg?path=//proc/self/root/var/lib/vim/addons HTTP/1.1" 200 12894 edition.gerdgeorge.de "-" "Mozilla/5.0 AppleWebKit/537.36 (KHTML, like Gecko; compatible; GPTBot/1.3; +https://openai.com/gptbot)" "-"
74.7.227.0 - - [13/Dec/2025:00:24:14 +0100] "GET /data/upload/image/6836b18ddfdc9.jpg?path=//proc/self/root/lib/python3.9/http HTTP/1.1" 200 21811 edition.gerdgeorge.de "-" "Mozilla/5.0 AppleWebKit/537.36 (KHTML, like Gecko; compatible; GPTBot/1.3; +https://openai.com/gptbot)" "-"
74.7.227.0 - - [13/Dec/2025:00:24:15 +0100] "GET /data/upload/image/649aa5964e22b.jpg?path=//proc/self/root/usr/lib/terminfo/m HTTP/1.1" 200 20429 edition.gerdgeorge.de "-" "Mozilla/5.0 AppleWebKit/537.36 (KHTML, like Gecko; compatible; GPTBot/1.3; +https://openai.com/gptbot)" "-"
74.7.227.0 - - [13/Dec/2025:00:24:15 +0100] "GET /data/upload/image/6462e3e29d23e.jpg?path=//proc/self/root/usr/lib/terminfo/d HTTP/1.1" 200 14385 edition.gerdgeorge.de "-" "Mozilla/5.0 AppleWebKit/537.36 (KHTML, like Gecko; compatible; GPTBot/1.3; +https://openai.com/gptbot)" "-"
74.7.227.0 - - [13/Dec/2025:00:24:16 +0100] "GET /data/upload/image/6459b7d8b7f67.jpg?path=//proc/self/root/lib/dpkg/methods/apt HTTP/1.1" 200 20418 edition.gerdgeorge.de "-" "Mozilla/5.0 AppleWebKit/537.36 (KHTML, like Gecko; compatible; GPTBot/1.3; +https://openai.com/gptbot)" "-"
52.3.104.0 - - [13/Dec/2025:00:24:16 +0100] "GET /serviette-calamar/?path=//kunden/kunden/proc/self/root/proc/self/root/proc/thread-self/root/kunden/proc/thread-self/root/lib/locale/ar_BH HTTP/1.1" 200 35816 edition.gerdgeorge.de "-" "Mozilla/5.0 AppleWebKit/537.36 (KHTML, like Gecko; compatible; Amazonbot/0.1; +https://developer.amazon.com/support/amazonbot) Chrome/119.0.6045.214 Safari/537.36" "-"
74.7.227.0 - - [13/Dec/2025:00:24:16 +0100] "GET /data/upload/image/649aa5964e22b.jpg?path=//proc/self/root/usr/lib/ruby/gems/2.7.0 HTTP/1.1" 200 21382 edition.gerdgeorge.de "-" "Mozilla/5.0 AppleWebKit/537.36 (KHTML, like Gecko; compatible; GPTBot/1.3; +https://openai.com/gptbot)" "-"
74.7.227.0 - - [13/Dec/2025:00:24:17 +0100] "GET /data/upload/image/6459b7d8b7f67.jpg?path=//proc/self/root/var/lib/vim/addons HTTP/1.1" 200 12894 edition.gerdgeorge.de "-" "Mozilla/5.0 AppleWebKit/537.36 (KHTML, like Gecko; compatible; GPTBot/1.3; +https://openai.com/gptbot)" "-"
74.7.227.0 - - [13/Dec/2025:00:24:18 +0100] "GET /data/upload/image/649aa5964e22b.jpg?path=//proc/self/root/usr/lib/terminfo/d HTTP/1.1" 200 14385 edition.gerdgeorge.de "-" "Mozilla/5.0 AppleWebKit/537.36 (KHTML, like Gecko; compatible; GPTBot/1.3; +https://openai.com/gptbot)" "-"
74.7.227.0 - - [13/Dec/2025:00:24:18 +0100] "GET /data/upload/image/649aa5964e22b.jpg?path=//proc/self/root/usr/lib/susshi/exec HTTP/1.1" 200 33791 edition.gerdgeorge.de "-" "Mozilla/5.0 AppleWebKit/537.36 (KHTML, like Gecko; compatible; GPTBot/1.3; +https://openai.com/gptbot)" "-"
74.7.227.0 - - [13/Dec/2025:00:24:19 +0100] "GET /data/upload/image/649aa492639b6.jpg?path=//proc/self/root/etc/kernel/postinst.d HTTP/1.1" 200 14398 edition.gerdgeorge.de "-" "Mozilla/5.0 AppleWebKit/537.36 (KHTML, like Gecko; compatible; GPTBot/1.3; +https://openai.com/gptbot)" "-"
74.7.227.0 - - [13/Dec/2025:00:24:19 +0100] "GET /data/upload/image/649aa5964e22b.jpg?path=//proc/self/root/usr/lib/terminfo/v HTTP/1.1" 200 18855 edition.gerdgeorge.de "-" "Mozilla/5.0 AppleWebKit/537.36 (KHTML, like Gecko; compatible; GPTBot/1.3; +https://openai.com/gptbot)" "-"
74.7.227.0 - - [13/Dec/2025:00:24:20 +0100] "GET /data/upload/image/6464917a754bd.jpg?path=//proc/self/root/usr/lib/apt/planners HTTP/1.1" 200 14393 edition.gerdgeorge.de "-" "Mozilla/5.0 AppleWebKit/537.36 (KHTML, like Gecko; compatible; GPTBot/1.3; +https://openai.com/gptbot)" "-"
3.230.224.0 - - [13/Dec/2025:00:24:20 +0100] "GET /serviette-calamar/?path=//proc/self/root/proc/self/root/proc/self/root/proc/self/root/kunden/kunden/usr/lib/locale/en_DK HTTP/1.1" 200 34836 edition.gerdgeorge.de "-" "Mozilla/5.0 AppleWebKit/537.36 (KHTML, like Gecko; compatible; Amazonbot/0.1; +https://developer.amazon.com/support/amazonbot) Chrome/119.0.6045.214 Safari/537.36" "-"
