66.249.64.0 - - [09/Dec/2025:00:30:36 +0100] "GET /?_g=1157663 HTTP/1.1" 200 180928 edition.gerdgeorge.de "-" "Mozilla/5.0 (Linux; Android 6.0.1; Nexus 5X Build/MMB29P) AppleWebKit/537.36 (KHTML, like Gecko) Chrome/141.0.7390.122 Mobile Safari/537.36 (compatible; Googlebot/2.1; +http://www.google.com/bot.html)" "-"
74.7.227.0 - - [09/Dec/2025:00:30:37 +0100] "GET /?path=//kunden/kunden/kunden/kunden/kunden/kunden/kunden/proc/thread-self/root/kunden/kunden/kunden/proc/thread-self/root/kunden/proc/self/cwd/well-known/pki-validation/a/c/f/f HTTP/1.1" 200 15760 edition.gerdgeorge.de "-" "Mozilla/5.0 AppleWebKit/537.36 (KHTML, like Gecko; compatible; GPTBot/1.3; +https://openai.com/gptbot)" "-"
35.173.18.0 - - [09/Dec/2025:00:30:38 +0100] "GET /serviette-calamar/?path=//proc/self/root/proc/self/root/proc/thread-self/root/kunden/proc/self/root/kunden/lib/locale/es_EC HTTP/1.1" 200 34944 edition.gerdgeorge.de "-" "Mozilla/5.0 AppleWebKit/537.36 (KHTML, like Gecko; compatible; Amazonbot/0.1; +https://developer.amazon.com/support/amazonbot) Chrome/119.0.6045.214 Safari/537.36" "-"
216.73.216.0 - - [09/Dec/2025:00:30:38 +0100] "GET /imprint?fileloc=%2F%2Fkunden%2Fproc%2Fnet%2Fpsched&path=%2F%2Fkunden%2Fproc%2Fnet HTTP/1.1" 200 12321 edition.gerdgeorge.de "-" "Mozilla/5.0 AppleWebKit/537.36 (KHTML, like Gecko; compatible; ClaudeBot/1.0; +claudebot@anthropic.com)" "-"
74.7.227.0 - - [09/Dec/2025:00:30:39 +0100] "GET /?path=//kunden/kunden/kunden/kunden/kunden/kunden/kunden/proc/thread-self/root/kunden/kunden/kunden/proc/thread-self/root/kunden/proc/self/cwd/well-known/pki-validation/c/b/d/f HTTP/1.1" 200 15760 edition.gerdgeorge.de "-" "Mozilla/5.0 AppleWebKit/537.36 (KHTML, like Gecko; compatible; GPTBot/1.3; +https://openai.com/gptbot)" "-"
74.7.227.0 - - [09/Dec/2025:00:30:40 +0100] "GET /?path=//kunden/kunden/kunden/kunden/kunden/kunden/kunden/proc/thread-self/root/kunden/kunden/kunden/proc/thread-self/root/kunden/proc/self/cwd/well-known/pki-validation/g/d/f/e HTTP/1.1" 200 15760 edition.gerdgeorge.de "-" "Mozilla/5.0 AppleWebKit/537.36 (KHTML, like Gecko; compatible; GPTBot/1.3; +https://openai.com/gptbot)" "-"
34.192.67.0 - - [09/Dec/2025:00:30:41 +0100] "GET /?path=//proc/self/root/kunden/proc/self/root/kunden/proc/thread-self/root/lib/locale/ar_IN HTTP/1.1" 200 33893 edition.gerdgeorge.de "-" "Mozilla/5.0 AppleWebKit/537.36 (KHTML, like Gecko; compatible; Amazonbot/0.1; +https://developer.amazon.com/support/amazonbot) Chrome/119.0.6045.214 Safari/537.36" "-"
74.7.227.0 - - [09/Dec/2025:00:30:41 +0100] "GET /?path=//kunden/kunden/kunden/kunden/kunden/kunden/kunden/proc/thread-self/root/kunden/kunden/kunden/proc/thread-self/root/kunden/proc/self/cwd/well-known/pki-validation/h/b/a/d HTTP/1.1" 200 15760 edition.gerdgeorge.de "-" "Mozilla/5.0 AppleWebKit/537.36 (KHTML, like Gecko; compatible; GPTBot/1.3; +https://openai.com/gptbot)" "-"
74.7.227.0 - - [09/Dec/2025:00:30:42 +0100] "GET /?path=//kunden/kunden/kunden/kunden/kunden/kunden/kunden/proc/thread-self/root/kunden/kunden/kunden/proc/thread-self/root/kunden/proc/self/cwd/well-known/pki-validation/b/e/d/a HTTP/1.1" 200 15760 edition.gerdgeorge.de "-" "Mozilla/5.0 AppleWebKit/537.36 (KHTML, like Gecko; compatible; GPTBot/1.3; +https://openai.com/gptbot)" "-"
216.73.216.0 - - [09/Dec/2025:00:30:43 +0100] "GET /imprint?fileloc=%2F%2Fkunden%2Fproc%2Fself%2Fattr%2Fsockcreate&path=%2F%2Fkunden%2Fproc%2Fself%2Fattr HTTP/1.1" 200 12346 edition.gerdgeorge.de "-" "Mozilla/5.0 AppleWebKit/537.36 (KHTML, like Gecko; compatible; ClaudeBot/1.0; +claudebot@anthropic.com)" "-"
66.249.78.0 - - [09/Dec/2025:00:30:44 +0100] "GET /?_g=1132672 HTTP/1.1" 200 179091 edition.gerdgeorge.de "-" "Mozilla/5.0 (Linux; Android 6.0.1; Nexus 5X Build/MMB29P) AppleWebKit/537.36 (KHTML, like Gecko) Chrome/141.0.7390.122 Mobile Safari/537.36 (compatible; Googlebot/2.1; +http://www.google.com/bot.html)" "-"
3.210.29.0 - - [09/Dec/2025:00:30:45 +0100] "GET /serviette-calamar/?path=//proc/self/root/proc/self/root/proc/self/root/kunden/proc/self/root/usr/lib/locale/es_AR HTTP/1.1" 200 34383 edition.gerdgeorge.de "-" "Mozilla/5.0 AppleWebKit/537.36 (KHTML, like Gecko; compatible; Amazonbot/0.1; +https://developer.amazon.com/support/amazonbot) Chrome/119.0.6045.214 Safari/537.36" "-"
66.249.64.0 - - [09/Dec/2025:00:30:46 +0100] "GET /?_g=1660338 HTTP/1.1" 200 179100 edition.gerdgeorge.de "-" "Mozilla/5.0 (Linux; Android 6.0.1; Nexus 5X Build/MMB29P) AppleWebKit/537.36 (KHTML, like Gecko) Chrome/141.0.7390.122 Mobile Safari/537.36 (compatible; Googlebot/2.1; +http://www.google.com/bot.html)" "-"
74.7.227.0 - - [09/Dec/2025:00:30:48 +0100] "GET /?path=//kunden/kunden/kunden/kunden/kunden/kunden/kunden/proc/thread-self/root/kunden/kunden/kunden/proc/thread-self/root/kunden/proc/self/cwd/well-known/pki-validation/f/f/g/e HTTP/1.1" 200 15760 edition.gerdgeorge.de "-" "Mozilla/5.0 AppleWebKit/537.36 (KHTML, like Gecko; compatible; GPTBot/1.3; +https://openai.com/gptbot)" "-"
52.205.141.0 - - [09/Dec/2025:00:30:48 +0100] "GET /serviette-calamar/?path=//kunden/kunden/proc/thread-self/root/proc/self/root/proc/thread-self/root/proc/self/root/lib/systemd/user HTTP/1.1" 200 32164 edition.gerdgeorge.de "-" "Mozilla/5.0 AppleWebKit/537.36 (KHTML, like Gecko; compatible; Amazonbot/0.1; +https://developer.amazon.com/support/amazonbot) Chrome/119.0.6045.214 Safari/537.36" "-"
74.7.227.0 - - [09/Dec/2025:00:30:49 +0100] "GET /?path=//kunden/kunden/kunden/kunden/kunden/kunden/kunden/proc/thread-self/root/kunden/kunden/kunden/proc/thread-self/root/kunden/proc/self/cwd/well-known/pki-validation/a/c/a/h HTTP/1.1" 200 15760 edition.gerdgeorge.de "-" "Mozilla/5.0 AppleWebKit/537.36 (KHTML, like Gecko; compatible; GPTBot/1.3; +https://openai.com/gptbot)" "-"
66.249.64.0 - - [09/Dec/2025:00:30:49 +0100] "GET /?_g=1372024 HTTP/1.1" 200 172075 edition.gerdgeorge.de "-" "Mozilla/5.0 (Linux; Android 6.0.1; Nexus 5X Build/MMB29P) AppleWebKit/537.36 (KHTML, like Gecko) Chrome/141.0.7390.122 Mobile Safari/537.36 (compatible; Googlebot/2.1; +http://www.google.com/bot.html)" "-"
74.7.227.0 - - [09/Dec/2025:00:30:50 +0100] "GET /?path=//kunden/kunden/kunden/kunden/kunden/kunden/kunden/proc/thread-self/root/kunden/kunden/kunden/proc/thread-self/root/kunden/proc/self/cwd/well-known/pki-validation/b/e/a HTTP/1.1" 200 29655 edition.gerdgeorge.de "-" "Mozilla/5.0 AppleWebKit/537.36 (KHTML, like Gecko; compatible; GPTBot/1.3; +https://openai.com/gptbot)" "-"
74.7.227.0 - - [09/Dec/2025:00:30:51 +0100] "GET /?path=//kunden/kunden/kunden/kunden/kunden/kunden/kunden/proc/thread-self/root/kunden/kunden/kunden/proc/thread-self/root/kunden/proc/self/cwd/well-known/pki-validation/a/c/f/c HTTP/1.1" 200 15760 edition.gerdgeorge.de "-" "Mozilla/5.0 AppleWebKit/537.36 (KHTML, like Gecko; compatible; GPTBot/1.3; +https://openai.com/gptbot)" "-"
74.7.227.0 - - [09/Dec/2025:00:30:53 +0100] "GET /?path=//kunden/kunden/kunden/kunden/kunden/kunden/kunden/proc/thread-self/root/kunden/kunden/kunden/proc/thread-self/root/kunden/proc/self/cwd/well-known/pki-validation/g/d/a HTTP/1.1" 200 29655 edition.gerdgeorge.de "-" "Mozilla/5.0 AppleWebKit/537.36 (KHTML, like Gecko; compatible; GPTBot/1.3; +https://openai.com/gptbot)" "-"
52.203.68.0 - - [09/Dec/2025:00:30:53 +0100] "GET /serviette-calamar/?path=//kunden/kunden/proc/thread-self/root/proc/self/root/proc/self/root/proc/thread-self/root/lib/locale/pt_BR HTTP/1.1" 200 35386 edition.gerdgeorge.de "-" "Mozilla/5.0 AppleWebKit/537.36 (KHTML, like Gecko; compatible; Amazonbot/0.1; +https://developer.amazon.com/support/amazonbot) Chrome/119.0.6045.214 Safari/537.36" "-"
74.7.227.0 - - [09/Dec/2025:00:30:56 +0100] "GET /?path=//kunden/kunden/kunden/kunden/kunden/kunden/kunden/proc/thread-self/root/kunden/kunden/kunden/proc/thread-self/root/kunden/proc/self/cwd/well-known/pki-validation/a/b/e HTTP/1.1" 200 29655 edition.gerdgeorge.de "-" "Mozilla/5.0 AppleWebKit/537.36 (KHTML, like Gecko; compatible; GPTBot/1.3; +https://openai.com/gptbot)" "-"
98.84.184.0 - - [09/Dec/2025:00:30:56 +0100] "GET /serviette-calamar/?path=//proc/self/root/proc/self/root/kunden/kunden/proc/thread-self/root/proc/self/root/lib/locale/es_US HTTP/1.1" 200 34949 edition.gerdgeorge.de "-" "Mozilla/5.0 AppleWebKit/537.36 (KHTML, like Gecko; compatible; Amazonbot/0.1; +https://developer.amazon.com/support/amazonbot) Chrome/119.0.6045.214 Safari/537.36" "-"
74.7.227.0 - - [09/Dec/2025:00:30:57 +0100] "GET /?path=//kunden/kunden/kunden/kunden/kunden/kunden/kunden/proc/thread-self/root/kunden/kunden/kunden/proc/thread-self/root/kunden/proc/self/cwd/well-known/pki-validation/c/h/g/f HTTP/1.1" 200 15760 edition.gerdgeorge.de "-" "Mozilla/5.0 AppleWebKit/537.36 (KHTML, like Gecko; compatible; GPTBot/1.3; +https://openai.com/gptbot)" "-"
66.249.78.0 - - [09/Dec/2025:00:30:57 +0100] "GET /?_g=1180290 HTTP/1.1" 200 171143 edition.gerdgeorge.de "-" "Mozilla/5.0 (Linux; Android 6.0.1; Nexus 5X Build/MMB29P) AppleWebKit/537.36 (KHTML, like Gecko) Chrome/141.0.7390.122 Mobile Safari/537.36 (compatible; Googlebot/2.1; +http://www.google.com/bot.html)" "-"
66.249.64.0 - - [09/Dec/2025:00:30:57 +0100] "GET /?_g=434414 HTTP/1.1" 200 179400 edition.gerdgeorge.de "-" "Mozilla/5.0 (Linux; Android 6.0.1; Nexus 5X Build/MMB29P) AppleWebKit/537.36 (KHTML, like Gecko) Chrome/141.0.7390.122 Mobile Safari/537.36 (compatible; Googlebot/2.1; +http://www.google.com/bot.html)" "-"
74.7.227.0 - - [09/Dec/2025:00:30:58 +0100] "GET /?path=//kunden/kunden/kunden/kunden/kunden/kunden/kunden/proc/thread-self/root/kunden/kunden/kunden/proc/thread-self/root/kunden/proc/self/cwd/well-known/pki-validation/g/b/g/h HTTP/1.1" 200 15760 edition.gerdgeorge.de "-" "Mozilla/5.0 AppleWebKit/537.36 (KHTML, like Gecko; compatible; GPTBot/1.3; +https://openai.com/gptbot)" "-"
216.73.216.0 - - [09/Dec/2025:00:30:59 +0100] "GET /imprint?fileloc=%2F%2Fkunden%2Fetc%2Fzsh%2Fzlogout&path=%2F%2Fkunden%2Fetc%2Fzsh HTTP/1.1" 200 12340 edition.gerdgeorge.de "-" "Mozilla/5.0 AppleWebKit/537.36 (KHTML, like Gecko; compatible; ClaudeBot/1.0; +claudebot@anthropic.com)" "-"
54.156.55.0 - - [09/Dec/2025:00:31:00 +0100] "GET /serviette-calamar/?path=//kunden/proc/self/root/proc/self/root/proc/thread-self/root/proc/self/root/lib/locale/es_NI HTTP/1.1" 200 34496 edition.gerdgeorge.de "-" "Mozilla/5.0 AppleWebKit/537.36 (KHTML, like Gecko; compatible; Amazonbot/0.1; +https://developer.amazon.com/support/amazonbot) Chrome/119.0.6045.214 Safari/537.36" "-"
74.7.227.0 - - [09/Dec/2025:00:31:00 +0100] "GET /?path=//kunden/kunden/kunden/kunden/kunden/kunden/kunden/proc/thread-self/root/kunden/kunden/kunden/proc/thread-self/root/kunden/proc/self/cwd/well-known/pki-validation/b/e/d/h HTTP/1.1" 200 15760 edition.gerdgeorge.de "-" "Mozilla/5.0 AppleWebKit/537.36 (KHTML, like Gecko; compatible; GPTBot/1.3; +https://openai.com/gptbot)" "-"
66.249.64.0 - - [09/Dec/2025:00:31:00 +0100] "GET /?_g=120460 HTTP/1.1" 200 182177 edition.gerdgeorge.de "-" "Mozilla/5.0 (Linux; Android 6.0.1; Nexus 5X Build/MMB29P) AppleWebKit/537.36 (KHTML, like Gecko) Chrome/141.0.7390.122 Mobile Safari/537.36 (compatible; Googlebot/2.1; +http://www.google.com/bot.html)" "-"
74.7.227.0 - - [09/Dec/2025:00:31:01 +0100] "GET /?path=//kunden/kunden/kunden/kunden/kunden/kunden/kunden/proc/thread-self/root/kunden/kunden/kunden/proc/thread-self/root/kunden/proc/self/cwd/well-known/pki-validation/g/d/g/d HTTP/1.1" 200 15760 edition.gerdgeorge.de "-" "Mozilla/5.0 AppleWebKit/537.36 (KHTML, like Gecko; compatible; GPTBot/1.3; +https://openai.com/gptbot)" "-"
74.7.227.0 - - [09/Dec/2025:00:31:01 +0100] "GET /?path=//kunden/kunden/kunden/kunden/kunden/kunden/kunden/proc/thread-self/root/kunden/kunden/kunden/proc/thread-self/root/kunden/proc/self/cwd/well-known/pki-validation/b/e/a/g HTTP/1.1" 200 15760 edition.gerdgeorge.de "-" "Mozilla/5.0 AppleWebKit/537.36 (KHTML, like Gecko; compatible; GPTBot/1.3; +https://openai.com/gptbot)" "-"
74.7.227.0 - - [09/Dec/2025:00:31:02 +0100] "GET /?path=//kunden/kunden/kunden/kunden/kunden/kunden/kunden/proc/thread-self/root/kunden/kunden/kunden/proc/thread-self/root/kunden/proc/self/cwd/well-known/pki-validation/g/d/a/g HTTP/1.1" 200 15760 edition.gerdgeorge.de "-" "Mozilla/5.0 AppleWebKit/537.36 (KHTML, like Gecko; compatible; GPTBot/1.3; +https://openai.com/gptbot)" "-"
216.73.216.0 - - [09/Dec/2025:00:31:03 +0100] "GET /imprint?fileloc=%2F%2Fkunden%2Fproc%2Fsys%2Fmars%2Flogrot_auto_gb&path=%2F%2Fkunden%2Fproc%2Fsys%2Fmars HTTP/1.1" 200 12346 edition.gerdgeorge.de "-" "Mozilla/5.0 AppleWebKit/537.36 (KHTML, like Gecko; compatible; ClaudeBot/1.0; +claudebot@anthropic.com)" "-"
74.7.227.0 - - [09/Dec/2025:00:31:04 +0100] "GET /?path=//kunden/kunden/kunden/kunden/kunden/kunden/kunden/proc/thread-self/root/kunden/kunden/kunden/proc/thread-self/root/kunden/proc/self/cwd/well-known/pki-validation/g/d/h/h HTTP/1.1" 200 15760 edition.gerdgeorge.de "-" "Mozilla/5.0 AppleWebKit/537.36 (KHTML, like Gecko; compatible; GPTBot/1.3; +https://openai.com/gptbot)" "-"
34.194.233.0 - - [09/Dec/2025:00:31:05 +0100] "GET /serviette-calamar/?path=//kunden/proc/self/root/proc/thread-self/root/kunden/proc/self/root/proc/self/root/lib/locale/sr_RS HTTP/1.1" 200 34986 edition.gerdgeorge.de "-" "Mozilla/5.0 AppleWebKit/537.36 (KHTML, like Gecko; compatible; Amazonbot/0.1; +https://developer.amazon.com/support/amazonbot) Chrome/119.0.6045.214 Safari/537.36" "-"
74.7.227.0 - - [09/Dec/2025:00:31:05 +0100] "GET /?path=//kunden/kunden/kunden/kunden/kunden/kunden/kunden/proc/thread-self/root/kunden/kunden/kunden/proc/thread-self/root/kunden/proc/self/cwd/well-known/pki-validation/a/c/h/h HTTP/1.1" 200 15760 edition.gerdgeorge.de "-" "Mozilla/5.0 AppleWebKit/537.36 (KHTML, like Gecko; compatible; GPTBot/1.3; +https://openai.com/gptbot)" "-"
74.7.227.0 - - [09/Dec/2025:00:31:06 +0100] "GET /?path=//kunden/kunden/kunden/kunden/kunden/kunden/kunden/proc/thread-self/root/kunden/kunden/kunden/proc/thread-self/root/kunden/proc/self/cwd/well-known/pki-validation/b/e/a/b HTTP/1.1" 200 15760 edition.gerdgeorge.de "-" "Mozilla/5.0 AppleWebKit/537.36 (KHTML, like Gecko; compatible; GPTBot/1.3; +https://openai.com/gptbot)" "-"
74.7.227.0 - - [09/Dec/2025:00:31:06 +0100] "GET /?path=//kunden/kunden/kunden/kunden/kunden/kunden/kunden/proc/thread-self/root/kunden/kunden/kunden/proc/thread-self/root/kunden/proc/self/cwd/well-known/pki-validation/c/g/c/d HTTP/1.1" 200 15760 edition.gerdgeorge.de "-" "Mozilla/5.0 AppleWebKit/537.36 (KHTML, like Gecko; compatible; GPTBot/1.3; +https://openai.com/gptbot)" "-"
74.7.227.0 - - [09/Dec/2025:00:31:07 +0100] "GET /?path=//kunden/kunden/kunden/kunden/kunden/kunden/kunden/proc/thread-self/root/kunden/kunden/kunden/proc/thread-self/root/kunden/proc/self/cwd/well-known/pki-validation/g/d/a/h HTTP/1.1" 200 15760 edition.gerdgeorge.de "-" "Mozilla/5.0 AppleWebKit/537.36 (KHTML, like Gecko; compatible; GPTBot/1.3; +https://openai.com/gptbot)" "-"
74.7.227.0 - - [09/Dec/2025:00:31:07 +0100] "GET /?path=//kunden/kunden/kunden/kunden/kunden/kunden/kunden/proc/thread-self/root/kunden/kunden/kunden/proc/thread-self/root/kunden/proc/self/cwd/well-known/pki-validation/b/e/a/f HTTP/1.1" 200 15760 edition.gerdgeorge.de "-" "Mozilla/5.0 AppleWebKit/537.36 (KHTML, like Gecko; compatible; GPTBot/1.3; +https://openai.com/gptbot)" "-"
216.73.216.0 - - [09/Dec/2025:00:31:08 +0100] "GET /imprint?fileloc=%2F%2Fkunden%2Fproc%2Fself%2Fnet%2Fudplite&path=%2F%2Fkunden%2Fproc%2Fself%2Fnet HTTP/1.1" 200 12340 edition.gerdgeorge.de "-" "Mozilla/5.0 AppleWebKit/537.36 (KHTML, like Gecko; compatible; ClaudeBot/1.0; +claudebot@anthropic.com)" "-"
52.73.142.0 - - [09/Dec/2025:00:31:08 +0100] "GET /serviette-calamar/?path=//proc/self/root/proc/thread-self/root/proc/self/root/kunden/kunden/proc/self/root/lib/locale/es_US HTTP/1.1" 200 34972 edition.gerdgeorge.de "-" "Mozilla/5.0 AppleWebKit/537.36 (KHTML, like Gecko; compatible; Amazonbot/0.1; +https://developer.amazon.com/support/amazonbot) Chrome/119.0.6045.214 Safari/537.36" "-"
74.7.227.0 - - [09/Dec/2025:00:31:09 +0100] "GET /?path=//kunden/kunden/kunden/kunden/kunden/kunden/kunden/proc/thread-self/root/kunden/kunden/kunden/proc/thread-self/root/kunden/proc/self/cwd/well-known/pki-validation/b/e/a/e HTTP/1.1" 200 15760 edition.gerdgeorge.de "-" "Mozilla/5.0 AppleWebKit/537.36 (KHTML, like Gecko; compatible; GPTBot/1.3; +https://openai.com/gptbot)" "-"
74.7.227.0 - - [09/Dec/2025:00:31:10 +0100] "GET /?path=//kunden/kunden/kunden/kunden/kunden/kunden/kunden/proc/thread-self/root/kunden/kunden/kunden/proc/thread-self/root/kunden/proc/self/cwd/well-known/pki-validation/a/b/e/d HTTP/1.1" 200 15760 edition.gerdgeorge.de "-" "Mozilla/5.0 AppleWebKit/537.36 (KHTML, like Gecko; compatible; GPTBot/1.3; +https://openai.com/gptbot)" "-"
74.7.227.0 - - [09/Dec/2025:00:31:11 +0100] "GET /?path=//kunden/kunden/kunden/kunden/kunden/kunden/kunden/proc/thread-self/root/kunden/kunden/kunden/proc/thread-self/root/kunden/proc/self/cwd/well-known/pki-validation/a/b/e/b HTTP/1.1" 200 15760 edition.gerdgeorge.de "-" "Mozilla/5.0 AppleWebKit/537.36 (KHTML, like Gecko; compatible; GPTBot/1.3; +https://openai.com/gptbot)" "-"
74.7.227.0 - - [09/Dec/2025:00:31:12 +0100] "GET /?path=//kunden/kunden/kunden/kunden/kunden/kunden/kunden/proc/thread-self/root/kunden/kunden/kunden/proc/thread-self/root/kunden/proc/self/cwd/well-known/pki-validation/g/d/a/e HTTP/1.1" 200 15760 edition.gerdgeorge.de "-" "Mozilla/5.0 AppleWebKit/537.36 (KHTML, like Gecko; compatible; GPTBot/1.3; +https://openai.com/gptbot)" "-"
34.204.150.0 - - [09/Dec/2025:00:31:12 +0100] "GET /serviette-calamar/?path=//kunden/kunden/proc/self/root/kunden/proc/self/root/proc/self/root/usr/lib/locale/zh_TW HTTP/1.1" 200 34297 edition.gerdgeorge.de "-" "Mozilla/5.0 AppleWebKit/537.36 (KHTML, like Gecko; compatible; Amazonbot/0.1; +https://developer.amazon.com/support/amazonbot) Chrome/119.0.6045.214 Safari/537.36" "-"
66.249.64.0 - - [09/Dec/2025:00:31:13 +0100] "GET /?_g=1662689 HTTP/1.1" 200 176765 edition.gerdgeorge.de "-" "Mozilla/5.0 (Linux; Android 6.0.1; Nexus 5X Build/MMB29P) AppleWebKit/537.36 (KHTML, like Gecko) Chrome/141.0.7390.122 Mobile Safari/537.36 (compatible; Googlebot/2.1; +http://www.google.com/bot.html)" "-"
74.7.227.0 - - [09/Dec/2025:00:31:14 +0100] "GET /?path=//kunden/kunden/kunden/kunden/kunden/kunden/kunden/proc/thread-self/root/kunden/kunden/kunden/proc/thread-self/root/kunden/proc/self/cwd/well-known/pki-validation/a/b/e/e HTTP/1.1" 200 15760 edition.gerdgeorge.de "-" "Mozilla/5.0 AppleWebKit/537.36 (KHTML, like Gecko; compatible; GPTBot/1.3; +https://openai.com/gptbot)" "-"
74.7.227.0 - - [09/Dec/2025:00:31:14 +0100] "GET /?path=//kunden/kunden/kunden/kunden/kunden/kunden/kunden/proc/thread-self/root/kunden/kunden/kunden/proc/thread-self/root/kunden/proc/self/cwd/well-known/pki-validation/a/b/e/g HTTP/1.1" 200 15760 edition.gerdgeorge.de "-" "Mozilla/5.0 AppleWebKit/537.36 (KHTML, like Gecko; compatible; GPTBot/1.3; +https://openai.com/gptbot)" "-"
44.223.232.0 - - [09/Dec/2025:00:31:16 +0100] "GET /serviette-calamar/?path=//proc/self/root/kunden/kunden/kunden/kunden/proc/self/root/proc/self/root/proc/self/root/sys HTTP/1.1" 200 13903 edition.gerdgeorge.de "-" "Mozilla/5.0 AppleWebKit/537.36 (KHTML, like Gecko; compatible; Amazonbot/0.1; +https://developer.amazon.com/support/amazonbot) Chrome/119.0.6045.214 Safari/537.36" "-"
74.7.227.0 - - [09/Dec/2025:00:31:18 +0100] "GET /?path=//kunden/kunden/kunden/kunden/kunden/kunden/kunden/proc/thread-self/root/kunden/kunden/kunden/proc/thread-self/root/kunden/proc/self/cwd/well-known/pki-validation/a/b/e/a HTTP/1.1" 200 15760 edition.gerdgeorge.de "-" "Mozilla/5.0 AppleWebKit/537.36 (KHTML, like Gecko; compatible; GPTBot/1.3; +https://openai.com/gptbot)" "-"
74.7.227.0 - - [09/Dec/2025:00:31:18 +0100] "GET /?path=//kunden/kunden/kunden/kunden/kunden/kunden/kunden/proc/thread-self/root/kunden/kunden/kunden/proc/thread-self/root/kunden/proc/self/cwd/well-known/pki-validation/g/d/a/a HTTP/1.1" 200 15760 edition.gerdgeorge.de "-" "Mozilla/5.0 AppleWebKit/537.36 (KHTML, like Gecko; compatible; GPTBot/1.3; +https://openai.com/gptbot)" "-"
74.7.227.0 - - [09/Dec/2025:00:31:19 +0100] "GET /?path=//kunden/kunden/kunden/kunden/kunden/kunden/kunden/proc/thread-self/root/kunden/kunden/kunden/proc/thread-self/root/kunden/proc/self/cwd/well-known/pki-validation/a/b/e/f HTTP/1.1" 200 15760 edition.gerdgeorge.de "-" "Mozilla/5.0 AppleWebKit/537.36 (KHTML, like Gecko; compatible; GPTBot/1.3; +https://openai.com/gptbot)" "-"
44.206.65.0 - - [09/Dec/2025:00:31:20 +0100] "GET /serviette-calamar/?path=//kunden/kunden/proc/self/root/proc/self/root/proc/thread-self/root/usr/lib/locale/sr_RS HTTP/1.1" 200 34207 edition.gerdgeorge.de "-" "Mozilla/5.0 AppleWebKit/537.36 (KHTML, like Gecko; compatible; Amazonbot/0.1; +https://developer.amazon.com/support/amazonbot) Chrome/119.0.6045.214 Safari/537.36" "-"
66.249.78.0 - - [09/Dec/2025:00:31:22 +0100] "GET /?_g=675217 HTTP/1.1" 200 184821 edition.gerdgeorge.de "-" "Mozilla/5.0 (compatible; Googlebot/2.1; +http://www.google.com/bot.html)" "-"
74.7.227.0 - - [09/Dec/2025:00:31:23 +0100] "GET /?path=//kunden/kunden/kunden/kunden/kunden/kunden/kunden/proc/thread-self/root/kunden/kunden/kunden/proc/thread-self/root/kunden/proc/self/cwd/well-known/pki-validation/b/e/a/h HTTP/1.1" 200 15760 edition.gerdgeorge.de "-" "Mozilla/5.0 AppleWebKit/537.36 (KHTML, like Gecko; compatible; GPTBot/1.3; +https://openai.com/gptbot)" "-"
66.249.64.0 - - [09/Dec/2025:00:31:23 +0100] "GET /?_g=186205 HTTP/1.1" 200 179756 edition.gerdgeorge.de "-" "Mozilla/5.0 (Linux; Android 6.0.1; Nexus 5X Build/MMB29P) AppleWebKit/537.36 (KHTML, like Gecko) Chrome/141.0.7390.122 Mobile Safari/537.36 (compatible; Googlebot/2.1; +http://www.google.com/bot.html)" "-"
74.7.227.0 - - [09/Dec/2025:00:31:23 +0100] "GET /?path=//kunden/kunden/kunden/kunden/kunden/kunden/kunden/proc/thread-self/root/kunden/kunden/kunden/proc/thread-self/root/kunden/proc/self/cwd/well-known/pki-validation/b/e/a/a HTTP/1.1" 200 15760 edition.gerdgeorge.de "-" "Mozilla/5.0 AppleWebKit/537.36 (KHTML, like Gecko; compatible; GPTBot/1.3; +https://openai.com/gptbot)" "-"
54.159.98.0 - - [09/Dec/2025:00:31:24 +0100] "GET /serviette-calamar/?path=//kunden/kunden/proc/self/root/proc/thread-self/root/proc/self/root/proc/thread-self/root/lib/file HTTP/1.1" 200 15617 edition.gerdgeorge.de "-" "Mozilla/5.0 AppleWebKit/537.36 (KHTML, like Gecko; compatible; Amazonbot/0.1; +https://developer.amazon.com/support/amazonbot) Chrome/119.0.6045.214 Safari/537.36" "-"
74.7.227.0 - - [09/Dec/2025:00:31:27 +0100] "GET /?path=//kunden/kunden/kunden/kunden/kunden/kunden/kunden/proc/thread-self/root/kunden/kunden/kunden/proc/thread-self/root/kunden/proc/self/cwd/well-known/pki-validation/a/b/e/h HTTP/1.1" 200 15760 edition.gerdgeorge.de "-" "Mozilla/5.0 AppleWebKit/537.36 (KHTML, like Gecko; compatible; GPTBot/1.3; +https://openai.com/gptbot)" "-"
74.7.227.0 - - [09/Dec/2025:00:31:28 +0100] "GET /?path=//kunden/kunden/kunden/kunden/kunden/kunden/kunden/proc/thread-self/root/kunden/kunden/kunden/proc/thread-self/root/kunden/proc/self/cwd/well-known/pki-validation/g/d/a/b HTTP/1.1" 200 15760 edition.gerdgeorge.de "-" "Mozilla/5.0 AppleWebKit/537.36 (KHTML, like Gecko; compatible; GPTBot/1.3; +https://openai.com/gptbot)" "-"
66.249.78.0 - - [09/Dec/2025:00:31:28 +0100] "GET /?_g=805829 HTTP/1.1" 200 174520 edition.gerdgeorge.de "-" "Mozilla/5.0 (Linux; Android 6.0.1; Nexus 5X Build/MMB29P) AppleWebKit/537.36 (KHTML, like Gecko) Chrome/141.0.7390.122 Mobile Safari/537.36 (compatible; Googlebot/2.1; +http://www.google.com/bot.html)" "-"
54.147.238.0 - - [09/Dec/2025:00:31:29 +0100] "GET /serviette-calamar/?path=//kunden/proc/self/root/kunden/proc/thread-self/root/proc/self/root/proc/thread-self/root/lib/cgi-bin HTTP/1.1" 200 29712 edition.gerdgeorge.de "-" "Mozilla/5.0 AppleWebKit/537.36 (KHTML, like Gecko; compatible; Amazonbot/0.1; +https://developer.amazon.com/support/amazonbot) Chrome/119.0.6045.214 Safari/537.36" "-"
74.7.227.0 - - [09/Dec/2025:00:31:30 +0100] "GET /?path=//kunden/kunden/kunden/kunden/kunden/kunden/kunden/proc/thread-self/root/kunden/kunden/kunden/proc/thread-self/root/kunden/proc/self/cwd/well-known/pki-validation/g/d/a/c HTTP/1.1" 200 15760 edition.gerdgeorge.de "-" "Mozilla/5.0 AppleWebKit/537.36 (KHTML, like Gecko; compatible; GPTBot/1.3; +https://openai.com/gptbot)" "-"
74.7.227.0 - - [09/Dec/2025:00:31:31 +0100] "GET /?path=//kunden/kunden/kunden/kunden/kunden/kunden/kunden/proc/thread-self/root/kunden/kunden/kunden/proc/thread-self/root/kunden/proc/self/cwd/well-known/pki-validation/g/d/a/d HTTP/1.1" 200 15760 edition.gerdgeorge.de "-" "Mozilla/5.0 AppleWebKit/537.36 (KHTML, like Gecko; compatible; GPTBot/1.3; +https://openai.com/gptbot)" "-"
66.249.64.0 - - [09/Dec/2025:00:31:32 +0100] "GET /?_g=485421 HTTP/1.1" 200 180810 edition.gerdgeorge.de "-" "Mozilla/5.0 (Linux; Android 6.0.1; Nexus 5X Build/MMB29P) AppleWebKit/537.36 (KHTML, like Gecko) Chrome/141.0.7390.122 Mobile Safari/537.36 (compatible; Googlebot/2.1; +http://www.google.com/bot.html)" "-"
74.7.227.0 - - [09/Dec/2025:00:31:33 +0100] "GET /?path=//kunden/kunden/kunden/kunden/kunden/kunden/kunden/proc/thread-self/root/kunden/kunden/kunden/proc/thread-self/root/kunden/proc/self/cwd/well-known/pki-validation/g/b/e/c HTTP/1.1" 200 15760 edition.gerdgeorge.de "-" "Mozilla/5.0 AppleWebKit/537.36 (KHTML, like Gecko; compatible; GPTBot/1.3; +https://openai.com/gptbot)" "-"
54.163.169.0 - - [09/Dec/2025:00:31:33 +0100] "GET /serviette-calamar/?path=//proc/self/root/proc/self/root/kunden/kunden/proc/thread-self/root/kunden/proc/self/root/lib/cgi-bin HTTP/1.1" 200 29775 edition.gerdgeorge.de "-" "Mozilla/5.0 AppleWebKit/537.36 (KHTML, like Gecko; compatible; Amazonbot/0.1; +https://developer.amazon.com/support/amazonbot) Chrome/119.0.6045.214 Safari/537.36" "-"
74.7.227.0 - - [09/Dec/2025:00:31:34 +0100] "GET /?path=//kunden/kunden/kunden/kunden/kunden/kunden/kunden/proc/thread-self/root/kunden/kunden/kunden/proc/thread-self/root/kunden/proc/self/cwd/well-known/pki-validation/a/b/e/c HTTP/1.1" 200 15760 edition.gerdgeorge.de "-" "Mozilla/5.0 AppleWebKit/537.36 (KHTML, like Gecko; compatible; GPTBot/1.3; +https://openai.com/gptbot)" "-"
74.7.227.0 - - [09/Dec/2025:00:31:35 +0100] "GET /?path=//kunden/kunden/kunden/kunden/kunden/kunden/kunden/proc/thread-self/root/kunden/kunden/kunden/proc/thread-self/root/kunden/proc/self/cwd/well-known/pki-validation/f/a/c/f HTTP/1.1" 200 15760 edition.gerdgeorge.de "-" "Mozilla/5.0 AppleWebKit/537.36 (KHTML, like Gecko; compatible; GPTBot/1.3; +https://openai.com/gptbot)" "-"
74.7.227.0 - - [09/Dec/2025:00:31:37 +0100] "GET /?path=//kunden/kunden/kunden/kunden/kunden/kunden/kunden/proc/thread-self/root/kunden/kunden/kunden/proc/thread-self/root/kunden/proc/self/cwd/well-known/pki-validation/g/d/a/f HTTP/1.1" 200 15760 edition.gerdgeorge.de "-" "Mozilla/5.0 AppleWebKit/537.36 (KHTML, like Gecko; compatible; GPTBot/1.3; +https://openai.com/gptbot)" "-"
35.171.117.0 - - [09/Dec/2025:00:31:38 +0100] "GET /serviette-calamar/?path=//kunden/proc/self/root/proc/thread-self/root/proc/self/root/kunden/proc/thread-self/root/kunden/home HTTP/1.1" 200 13858 edition.gerdgeorge.de "-" "Mozilla/5.0 AppleWebKit/537.36 (KHTML, like Gecko; compatible; Amazonbot/0.1; +https://developer.amazon.com/support/amazonbot) Chrome/119.0.6045.214 Safari/537.36" "-"
74.7.227.0 - - [09/Dec/2025:00:31:38 +0100] "GET /?path=//kunden/kunden/kunden/kunden/kunden/kunden/kunden/proc/thread-self/root/kunden/kunden/kunden/proc/thread-self/root/kunden/proc/self/cwd/well-known/pki-validation/b/d/b/c HTTP/1.1" 200 15760 edition.gerdgeorge.de "-" "Mozilla/5.0 AppleWebKit/537.36 (KHTML, like Gecko; compatible; GPTBot/1.3; +https://openai.com/gptbot)" "-"
66.249.64.0 - - [09/Dec/2025:00:31:38 +0100] "GET /?_g=1464293 HTTP/1.1" 200 180821 edition.gerdgeorge.de "-" "Mozilla/5.0 (Linux; Android 6.0.1; Nexus 5X Build/MMB29P) AppleWebKit/537.36 (KHTML, like Gecko) Chrome/141.0.7390.122 Mobile Safari/537.36 (compatible; Googlebot/2.1; +http://www.google.com/bot.html)" "-"
74.7.227.0 - - [09/Dec/2025:00:31:39 +0100] "GET /?path=//kunden/kunden/kunden/kunden/kunden/kunden/kunden/proc/thread-self/root/kunden/kunden/kunden/proc/thread-self/root/kunden/proc/self/cwd/well-known/pki-validation/b/e/a/d HTTP/1.1" 200 15760 edition.gerdgeorge.de "-" "Mozilla/5.0 AppleWebKit/537.36 (KHTML, like Gecko; compatible; GPTBot/1.3; +https://openai.com/gptbot)" "-"
74.7.227.0 - - [09/Dec/2025:00:31:39 +0100] "GET /?path=//kunden/kunden/kunden/kunden/kunden/kunden/kunden/proc/thread-self/root/kunden/kunden/kunden/proc/thread-self/root/kunden/proc/self/cwd/well-known/pki-validation/g/a/g/b HTTP/1.1" 200 15760 edition.gerdgeorge.de "-" "Mozilla/5.0 AppleWebKit/537.36 (KHTML, like Gecko; compatible; GPTBot/1.3; +https://openai.com/gptbot)" "-"
216.73.216.0 - - [09/Dec/2025:00:31:40 +0100] "GET /xmlrpc.php?fileloc=%2F%2Fbin%2Fppmdim&path=%2F%2Fbin HTTP/1.1" 200 12186 edition.gerdgeorge.de "-" "Mozilla/5.0 AppleWebKit/537.36 (KHTML, like Gecko; compatible; ClaudeBot/1.0; +claudebot@anthropic.com)" "-"
74.7.227.0 - - [09/Dec/2025:00:31:40 +0100] "GET /?path=//kunden/kunden/kunden/kunden/kunden/kunden/kunden/proc/thread-self/root/kunden/kunden/kunden/proc/thread-self/root/kunden/proc/self/cwd/well-known/pki-validation/b/f/h/g HTTP/1.1" 200 15760 edition.gerdgeorge.de "-" "Mozilla/5.0 AppleWebKit/537.36 (KHTML, like Gecko; compatible; GPTBot/1.3; +https://openai.com/gptbot)" "-"
54.90.8.0 - - [09/Dec/2025:00:31:40 +0100] "GET /serviette-calamar/?path=//proc/self/root/proc/self/root/proc/thread-self/root/kunden/kunden/kunden/lib/locale/es_DO/LC_MESSAGES HTTP/1.1" 200 15619 edition.gerdgeorge.de "-" "Mozilla/5.0 AppleWebKit/537.36 (KHTML, like Gecko; compatible; Amazonbot/0.1; +https://developer.amazon.com/support/amazonbot) Chrome/119.0.6045.214 Safari/537.36" "-"
74.7.227.0 - - [09/Dec/2025:00:31:41 +0100] "GET /?path=//kunden/kunden/kunden/kunden/kunden/kunden/kunden/proc/thread-self/root/kunden/kunden/kunden/proc/thread-self/root/kunden/proc/self/cwd/well-known/pki-validation/h/b/g/f HTTP/1.1" 200 15760 edition.gerdgeorge.de "-" "Mozilla/5.0 AppleWebKit/537.36 (KHTML, like Gecko; compatible; GPTBot/1.3; +https://openai.com/gptbot)" "-"
74.7.227.0 - - [09/Dec/2025:00:31:42 +0100] "GET /?path=//kunden/kunden/kunden/kunden/kunden/kunden/kunden/proc/thread-self/root/kunden/kunden/kunden/proc/thread-self/root/kunden/proc/self/cwd/well-known/pki-validation/h/h/f/d HTTP/1.1" 200 15760 edition.gerdgeorge.de "-" "Mozilla/5.0 AppleWebKit/537.36 (KHTML, like Gecko; compatible; GPTBot/1.3; +https://openai.com/gptbot)" "-"
74.7.227.0 - - [09/Dec/2025:00:31:43 +0100] "GET /?path=//kunden/kunden/kunden/kunden/kunden/kunden/kunden/proc/thread-self/root/kunden/kunden/kunden/proc/thread-self/root/kunden/proc/self/cwd/well-known/pki-validation/c/f/h/a HTTP/1.1" 200 15760 edition.gerdgeorge.de "-" "Mozilla/5.0 AppleWebKit/537.36 (KHTML, like Gecko; compatible; GPTBot/1.3; +https://openai.com/gptbot)" "-"
74.7.227.0 - - [09/Dec/2025:00:31:43 +0100] "GET /?path=//kunden/kunden/kunden/kunden/kunden/kunden/kunden/proc/thread-self/root/kunden/kunden/kunden/proc/thread-self/root/kunden/proc/self/cwd/well-known/pki-validation/a/b/c/f HTTP/1.1" 200 15760 edition.gerdgeorge.de "-" "Mozilla/5.0 AppleWebKit/537.36 (KHTML, like Gecko; compatible; GPTBot/1.3; +https://openai.com/gptbot)" "-"
66.249.78.0 - - [09/Dec/2025:00:31:43 +0100] "GET /?_g=806535 HTTP/1.1" 200 178059 edition.gerdgeorge.de "-" "Mozilla/5.0 (Linux; Android 6.0.1; Nexus 5X Build/MMB29P) AppleWebKit/537.36 (KHTML, like Gecko) Chrome/141.0.7390.122 Mobile Safari/537.36 (compatible; Googlebot/2.1; +http://www.google.com/bot.html)" "-"
74.7.227.0 - - [09/Dec/2025:00:31:44 +0100] "GET /?path=//kunden/kunden/kunden/kunden/kunden/kunden/kunden/proc/thread-self/root/kunden/kunden/kunden/proc/thread-self/root/kunden/proc/self/cwd/well-known/pki-validation/g/c/g/e HTTP/1.1" 200 15760 edition.gerdgeorge.de "-" "Mozilla/5.0 AppleWebKit/537.36 (KHTML, like Gecko; compatible; GPTBot/1.3; +https://openai.com/gptbot)" "-"
216.73.216.0 - - [09/Dec/2025:00:31:44 +0100] "GET /imprint?fileloc=%2F%2Fkunden%2Fetc%2Fcbi%2Fphp5.5%2Fphp.ini&path=%2F%2Fkunden%2Fetc%2Fcbi%2Fphp5.5 HTTP/1.1" 200 12963 edition.gerdgeorge.de "-" "Mozilla/5.0 AppleWebKit/537.36 (KHTML, like Gecko; compatible; ClaudeBot/1.0; +claudebot@anthropic.com)" "-"
44.193.102.0 - - [09/Dec/2025:00:31:44 +0100] "GET /serviette-calamar/?path=//kunden/proc/self/root/proc/self/root/kunden/proc/self/root/kunden/proc/self/net/netfilter HTTP/1.1" 200 13758 edition.gerdgeorge.de "-" "Mozilla/5.0 AppleWebKit/537.36 (KHTML, like Gecko; compatible; Amazonbot/0.1; +https://developer.amazon.com/support/amazonbot) Chrome/119.0.6045.214 Safari/537.36" "-"
74.7.227.0 - - [09/Dec/2025:00:31:45 +0100] "GET /?path=//kunden/kunden/kunden/kunden/kunden/kunden/kunden/proc/thread-self/root/kunden/kunden/kunden/proc/thread-self/root/kunden/proc/self/cwd/well-known/pki-validation/b/b/h/c HTTP/1.1" 200 15760 edition.gerdgeorge.de "-" "Mozilla/5.0 AppleWebKit/537.36 (KHTML, like Gecko; compatible; GPTBot/1.3; +https://openai.com/gptbot)" "-"
74.7.227.0 - - [09/Dec/2025:00:31:46 +0100] "GET /?path=//kunden/kunden/kunden/kunden/kunden/kunden/kunden/proc/thread-self/root/kunden/kunden/kunden/proc/thread-self/root/kunden/proc/self/cwd/well-known/pki-validation/b/d/c/g HTTP/1.1" 200 15760 edition.gerdgeorge.de "-" "Mozilla/5.0 AppleWebKit/537.36 (KHTML, like Gecko; compatible; GPTBot/1.3; +https://openai.com/gptbot)" "-"
74.7.227.0 - - [09/Dec/2025:00:31:47 +0100] "GET /?path=//kunden/kunden/kunden/kunden/kunden/kunden/kunden/proc/thread-self/root/kunden/kunden/kunden/proc/thread-self/root/kunden/proc/self/cwd/well-known/pki-validation/g/e/a/d HTTP/1.1" 200 15760 edition.gerdgeorge.de "-" "Mozilla/5.0 AppleWebKit/537.36 (KHTML, like Gecko; compatible; GPTBot/1.3; +https://openai.com/gptbot)" "-"
74.7.227.0 - - [09/Dec/2025:00:31:48 +0100] "GET /?path=//kunden/kunden/kunden/kunden/kunden/kunden/kunden/proc/thread-self/root/kunden/kunden/kunden/proc/thread-self/root/kunden/proc/self/cwd/well-known/pki-validation/a/h/h/c HTTP/1.1" 200 15760 edition.gerdgeorge.de "-" "Mozilla/5.0 AppleWebKit/537.36 (KHTML, like Gecko; compatible; GPTBot/1.3; +https://openai.com/gptbot)" "-"
74.7.227.0 - - [09/Dec/2025:00:31:48 +0100] "GET /?path=//kunden/kunden/kunden/kunden/kunden/kunden/kunden/proc/thread-self/root/kunden/kunden/kunden/proc/thread-self/root/kunden/proc/self/cwd/well-known/pki-validation/a/f/g/g HTTP/1.1" 200 15760 edition.gerdgeorge.de "-" "Mozilla/5.0 AppleWebKit/537.36 (KHTML, like Gecko; compatible; GPTBot/1.3; +https://openai.com/gptbot)" "-"
44.193.102.0 - - [09/Dec/2025:00:31:48 +0100] "GET /jets/?path=//kunden/proc/self/root/proc/self/root/proc/thread-self/root/lib/locale/es_BO HTTP/1.1" 200 33457 edition.gerdgeorge.de "-" "Mozilla/5.0 AppleWebKit/537.36 (KHTML, like Gecko; compatible; Amazonbot/0.1; +https://developer.amazon.com/support/amazonbot) Chrome/119.0.6045.214 Safari/537.36" "-"
216.73.216.0 - - [09/Dec/2025:00:31:49 +0100] "GET /xmlrpc.php?fileloc=%2F%2Fbin%2Fzforce&path=%2F%2Fbin HTTP/1.1" 200 14433 edition.gerdgeorge.de "-" "Mozilla/5.0 AppleWebKit/537.36 (KHTML, like Gecko; compatible; ClaudeBot/1.0; +claudebot@anthropic.com)" "-"
74.7.227.0 - - [09/Dec/2025:00:31:49 +0100] "GET /?path=//kunden/kunden/kunden/kunden/kunden/kunden/kunden/proc/thread-self/root/kunden/kunden/kunden/proc/thread-self/root/kunden/proc/self/cwd/well-known/pki-validation/b/a/c HTTP/1.1" 200 29655 edition.gerdgeorge.de "-" "Mozilla/5.0 AppleWebKit/537.36 (KHTML, like Gecko; compatible; GPTBot/1.3; +https://openai.com/gptbot)" "-"
74.7.227.0 - - [09/Dec/2025:00:31:50 +0100] "GET /?path=//kunden/kunden/kunden/kunden/kunden/kunden/kunden/proc/thread-self/root/kunden/kunden/kunden/proc/thread-self/root/kunden/proc/self/cwd/well-known/pki-validation/a/f/g/c HTTP/1.1" 200 15760 edition.gerdgeorge.de "-" "Mozilla/5.0 AppleWebKit/537.36 (KHTML, like Gecko; compatible; GPTBot/1.3; +https://openai.com/gptbot)" "-"
74.7.227.0 - - [09/Dec/2025:00:31:51 +0100] "GET /?path=//kunden/kunden/kunden/kunden/kunden/kunden/kunden/proc/thread-self/root/kunden/kunden/kunden/proc/thread-self/root/kunden/proc/self/cwd/well-known/pki-validation/b/a/c/g HTTP/1.1" 200 15760 edition.gerdgeorge.de "-" "Mozilla/5.0 AppleWebKit/537.36 (KHTML, like Gecko; compatible; GPTBot/1.3; +https://openai.com/gptbot)" "-"
74.7.227.0 - - [09/Dec/2025:00:31:52 +0100] "GET /?path=//kunden/kunden/kunden/kunden/kunden/kunden/kunden/proc/thread-self/root/kunden/kunden/kunden/proc/thread-self/root/kunden/proc/self/cwd/well-known/pki-validation/b/c/a/f HTTP/1.1" 200 15760 edition.gerdgeorge.de "-" "Mozilla/5.0 AppleWebKit/537.36 (KHTML, like Gecko; compatible; GPTBot/1.3; +https://openai.com/gptbot)" "-"
216.73.216.0 - - [09/Dec/2025:00:31:52 +0100] "GET /xmlrpc.php?fileloc=%2F%2Fbin%2Fdebconf-communicate&path=%2F%2Fbin HTTP/1.1" 200 12854 edition.gerdgeorge.de "-" "Mozilla/5.0 AppleWebKit/537.36 (KHTML, like Gecko; compatible; ClaudeBot/1.0; +claudebot@anthropic.com)" "-"
74.7.227.0 - - [09/Dec/2025:00:31:52 +0100] "GET /?path=//kunden/kunden/kunden/kunden/kunden/kunden/kunden/proc/thread-self/root/kunden/kunden/kunden/proc/thread-self/root/kunden/proc/self/cwd/well-known/pki-validation/b/a/c/a HTTP/1.1" 200 15760 edition.gerdgeorge.de "-" "Mozilla/5.0 AppleWebKit/537.36 (KHTML, like Gecko; compatible; GPTBot/1.3; +https://openai.com/gptbot)" "-"
34.225.87.0 - - [09/Dec/2025:00:31:52 +0100] "GET /serviette-calamar/?path=//proc/self/root/kunden/proc/self/root/proc/thread-self/root/kunden/proc/thread-self/root/lib/systemd/user HTTP/1.1" 200 32084 edition.gerdgeorge.de "-" "Mozilla/5.0 AppleWebKit/537.36 (KHTML, like Gecko; compatible; Amazonbot/0.1; +https://developer.amazon.com/support/amazonbot) Chrome/119.0.6045.214 Safari/537.36" "-"
74.7.227.0 - - [09/Dec/2025:00:31:53 +0100] "GET /?path=//kunden/kunden/kunden/kunden/kunden/kunden/kunden/proc/thread-self/root/kunden/kunden/kunden/proc/thread-self/root/kunden/proc/self/cwd/well-known/pki-validation/b/a/c/d HTTP/1.1" 200 15760 edition.gerdgeorge.de "-" "Mozilla/5.0 AppleWebKit/537.36 (KHTML, like Gecko; compatible; GPTBot/1.3; +https://openai.com/gptbot)" "-"
74.7.227.0 - - [09/Dec/2025:00:31:53 +0100] "GET /?path=//kunden/kunden/kunden/kunden/kunden/kunden/kunden/proc/thread-self/root/kunden/kunden/kunden/proc/thread-self/root/kunden/proc/self/cwd/well-known/pki-validation/b/a/c/c HTTP/1.1" 200 15760 edition.gerdgeorge.de "-" "Mozilla/5.0 AppleWebKit/537.36 (KHTML, like Gecko; compatible; GPTBot/1.3; +https://openai.com/gptbot)" "-"
216.73.216.0 - - [09/Dec/2025:00:31:54 +0100] "GET /xmlrpc.php?fileloc=%2F%2Fbin%2Fdpkg-buildflags&path=%2F%2Fbin HTTP/1.1" 200 20197 edition.gerdgeorge.de "-" "Mozilla/5.0 AppleWebKit/537.36 (KHTML, like Gecko; compatible; ClaudeBot/1.0; +claudebot@anthropic.com)" "-"
74.7.227.0 - - [09/Dec/2025:00:31:54 +0100] "GET /?path=//kunden/kunden/kunden/kunden/kunden/kunden/kunden/proc/thread-self/root/kunden/kunden/kunden/proc/thread-self/root/kunden/proc/self/cwd/well-known/pki-validation/b/a/c/h HTTP/1.1" 200 15760 edition.gerdgeorge.de "-" "Mozilla/5.0 AppleWebKit/537.36 (KHTML, like Gecko; compatible; GPTBot/1.3; +https://openai.com/gptbot)" "-"
74.7.227.0 - - [09/Dec/2025:00:31:55 +0100] "GET /?path=//kunden/kunden/kunden/kunden/kunden/kunden/kunden/proc/thread-self/root/kunden/kunden/kunden/proc/thread-self/root/kunden/proc/self/cwd/well-known/pki-validation/h/h/a/c HTTP/1.1" 200 15760 edition.gerdgeorge.de "-" "Mozilla/5.0 AppleWebKit/537.36 (KHTML, like Gecko; compatible; GPTBot/1.3; +https://openai.com/gptbot)" "-"
66.249.78.0 - - [09/Dec/2025:00:31:55 +0100] "GET /?_g=382909 HTTP/1.1" 200 176560 edition.gerdgeorge.de "-" "Mozilla/5.0 (Linux; Android 6.0.1; Nexus 5X Build/MMB29P) AppleWebKit/537.36 (KHTML, like Gecko) Chrome/141.0.7390.122 Mobile Safari/537.36 (compatible; Googlebot/2.1; +http://www.google.com/bot.html)" "-"
74.7.227.0 - - [09/Dec/2025:00:31:56 +0100] "GET /?path=//kunden/kunden/kunden/kunden/kunden/kunden/kunden/proc/thread-self/root/kunden/kunden/kunden/proc/thread-self/root/kunden/proc/self/cwd/well-known/pki-validation/b/a/h/d HTTP/1.1" 200 15760 edition.gerdgeorge.de "-" "Mozilla/5.0 AppleWebKit/537.36 (KHTML, like Gecko; compatible; GPTBot/1.3; +https://openai.com/gptbot)" "-"
216.73.216.0 - - [09/Dec/2025:00:31:56 +0100] "GET /xmlrpc.php?fileloc=%2F%2Fbin%2Fchown&path=%2F%2Fbin HTTP/1.1" 200 12185 edition.gerdgeorge.de "-" "Mozilla/5.0 AppleWebKit/537.36 (KHTML, like Gecko; compatible; ClaudeBot/1.0; +claudebot@anthropic.com)" "-"
44.206.93.0 - - [09/Dec/2025:00:31:56 +0100] "GET /serviette-calamar/?path=//proc/self/root/proc/self/root/proc/self/root/proc/self/root/kunden/kunden/lib/locale/de_IT HTTP/1.1" 200 34533 edition.gerdgeorge.de "-" "Mozilla/5.0 AppleWebKit/537.36 (KHTML, like Gecko; compatible; Amazonbot/0.1; +https://developer.amazon.com/support/amazonbot) Chrome/119.0.6045.214 Safari/537.36" "-"
74.7.227.0 - - [09/Dec/2025:00:31:56 +0100] "GET /?path=//kunden/kunden/kunden/kunden/kunden/kunden/kunden/proc/thread-self/root/kunden/kunden/kunden/proc/thread-self/root/kunden/proc/self/cwd/well-known/pki-validation/b/c/b/h HTTP/1.1" 200 15760 edition.gerdgeorge.de "-" "Mozilla/5.0 AppleWebKit/537.36 (KHTML, like Gecko; compatible; GPTBot/1.3; +https://openai.com/gptbot)" "-"
74.7.227.0 - - [09/Dec/2025:00:31:57 +0100] "GET /?path=//kunden/kunden/kunden/kunden/kunden/kunden/kunden/proc/thread-self/root/kunden/kunden/kunden/proc/thread-self/root/kunden/proc/self/cwd/well-known/pki-validation/b/d/h/h HTTP/1.1" 200 15760 edition.gerdgeorge.de "-" "Mozilla/5.0 AppleWebKit/537.36 (KHTML, like Gecko; compatible; GPTBot/1.3; +https://openai.com/gptbot)" "-"
74.7.227.0 - - [09/Dec/2025:00:31:58 +0100] "GET /?path=//kunden/kunden/kunden/kunden/kunden/kunden/kunden/proc/thread-self/root/kunden/kunden/kunden/proc/thread-self/root/kunden/proc/self/cwd/well-known/pki-validation/c/h/f/h HTTP/1.1" 200 15760 edition.gerdgeorge.de "-" "Mozilla/5.0 AppleWebKit/537.36 (KHTML, like Gecko; compatible; GPTBot/1.3; +https://openai.com/gptbot)" "-"
185.220.101.0 - - [09/Dec/2025:00:31:58 +0100] "GET / HTTP/1.1" 301 - gerdgeorge.de "gerdgeorge.de" "Mozilla/5.0 (Linux; Android 9; Z15) AppleWebKit/537.36 (KHTML, like Gecko) Chrome/81.0.4044.117 Mobile Safari/537.36" "-"
74.7.227.0 - - [09/Dec/2025:00:31:59 +0100] "GET /?path=//kunden/kunden/kunden/kunden/kunden/kunden/kunden/proc/thread-self/root/kunden/kunden/kunden/proc/thread-self/root/kunden/proc/self/cwd/well-known/pki-validation/f/b/f/a HTTP/1.1" 200 15760 edition.gerdgeorge.de "-" "Mozilla/5.0 AppleWebKit/537.36 (KHTML, like Gecko; compatible; GPTBot/1.3; +https://openai.com/gptbot)" "-"
82.165.86.0 - - [09/Dec/2025:00:31:59 +0100] "POST /wp-cron.php?doing_wp_cron=1765236719.3721001148223876953125 HTTP/1.1" 200 - gerdgeorge.de "-" "WordPress/6.8.3; https://gerdgeorge.de" "-"
74.7.227.0 - - [09/Dec/2025:00:32:00 +0100] "GET /?path=//kunden/kunden/kunden/kunden/kunden/kunden/kunden/proc/thread-self/root/kunden/kunden/kunden/proc/thread-self/root/kunden/proc/self/cwd/well-known/pki-validation/a/b/d/f HTTP/1.1" 200 15760 edition.gerdgeorge.de "-" "Mozilla/5.0 AppleWebKit/537.36 (KHTML, like Gecko; compatible; GPTBot/1.3; +https://openai.com/gptbot)" "-"
34.235.239.0 - - [09/Dec/2025:00:32:00 +0100] "GET /serviette-calamar/?path=//proc/self/root/kunden/proc/self/root/proc/self/root/kunden/proc/thread-self/root/lib/locale/en_IN HTTP/1.1" 200 34924 edition.gerdgeorge.de "-" "Mozilla/5.0 AppleWebKit/537.36 (KHTML, like Gecko; compatible; Amazonbot/0.1; +https://developer.amazon.com/support/amazonbot) Chrome/119.0.6045.214 Safari/537.36" "-"
74.7.227.0 - - [09/Dec/2025:00:32:00 +0100] "GET /?path=//kunden/kunden/kunden/kunden/kunden/kunden/kunden/proc/thread-self/root/kunden/kunden/kunden/proc/thread-self/root/kunden/proc/self/cwd/well-known/pki-validation/g/h/d/g HTTP/1.1" 200 15760 edition.gerdgeorge.de "-" "Mozilla/5.0 AppleWebKit/537.36 (KHTML, like Gecko; compatible; GPTBot/1.3; +https://openai.com/gptbot)" "-"
66.249.64.0 - - [09/Dec/2025:00:32:00 +0100] "GET /?_g=428633 HTTP/1.1" 200 178704 edition.gerdgeorge.de "-" "Mozilla/5.0 (Linux; Android 6.0.1; Nexus 5X Build/MMB29P) AppleWebKit/537.36 (KHTML, like Gecko) Chrome/141.0.7390.122 Mobile Safari/537.36 (compatible; Googlebot/2.1; +http://www.google.com/bot.html)" "-"
185.220.101.0 - - [09/Dec/2025:00:32:00 +0100] "GET / HTTP/1.1" 200 295053 gerdgeorge.de "gerdgeorge.de" "Mozilla/5.0 (Linux; Android 9; Z15) AppleWebKit/537.36 (KHTML, like Gecko) Chrome/81.0.4044.117 Mobile Safari/537.36" "-"
216.73.216.0 - - [09/Dec/2025:00:32:01 +0100] "GET /xmlrpc.php?fileloc=%2F%2Fbin%2Fpbmtopi3&path=%2F%2Fbin HTTP/1.1" 200 12188 edition.gerdgeorge.de "-" "Mozilla/5.0 AppleWebKit/537.36 (KHTML, like Gecko; compatible; ClaudeBot/1.0; +claudebot@anthropic.com)" "-"
74.7.227.0 - - [09/Dec/2025:00:32:01 +0100] "GET /?path=//kunden/kunden/kunden/kunden/kunden/kunden/kunden/proc/thread-self/root/kunden/kunden/kunden/proc/thread-self/root/kunden/proc/self/cwd/well-known/pki-validation/a/c/b/b HTTP/1.1" 200 15760 edition.gerdgeorge.de "-" "Mozilla/5.0 AppleWebKit/537.36 (KHTML, like Gecko; compatible; GPTBot/1.3; +https://openai.com/gptbot)" "-"
185.220.101.0 - - [09/Dec/2025:00:32:02 +0100] "GET / HTTP/1.1" 200 295053 gerdgeorge.de "https://gerdgeorge.de" "Mozilla/5.0 (Linux; Android 9; Z15) AppleWebKit/537.36 (KHTML, like Gecko) Chrome/81.0.4044.117 Mobile Safari/537.36" "-"
74.7.227.0 - - [09/Dec/2025:00:32:04 +0100] "GET /?path=//kunden/kunden/kunden/kunden/kunden/kunden/kunden/proc/thread-self/root/kunden/kunden/kunden/proc/thread-self/root/kunden/proc/self/cwd/well-known/pki-validation/c/g/g/h HTTP/1.1" 200 15760 edition.gerdgeorge.de "-" "Mozilla/5.0 AppleWebKit/537.36 (KHTML, like Gecko; compatible; GPTBot/1.3; +https://openai.com/gptbot)" "-"
185.220.101.0 - - [09/Dec/2025:00:32:04 +0100] "GET /awards HTTP/1.1" 301 - gerdgeorge.de "https://gerdgeorge.de/awards" "Mozilla/5.0 (Linux; Android 9; Z15) AppleWebKit/537.36 (KHTML, like Gecko) Chrome/81.0.4044.117 Mobile Safari/537.36" "-"
74.7.227.0 - - [09/Dec/2025:00:32:05 +0100] "GET /?path=//kunden/kunden/kunden/kunden/kunden/kunden/kunden/proc/thread-self/root/kunden/kunden/kunden/proc/thread-self/root/kunden/proc/self/cwd/well-known/pki-validation/g/c/f/h HTTP/1.1" 200 15760 edition.gerdgeorge.de "-" "Mozilla/5.0 AppleWebKit/537.36 (KHTML, like Gecko; compatible; GPTBot/1.3; +https://openai.com/gptbot)" "-"
44.215.61.0 - - [09/Dec/2025:00:32:05 +0100] "GET /serviette-calamar/?path=//kunden/kunden/proc/thread-self/root/proc/self/root/kunden/proc/self/root/proc/sys/fs/mqueue HTTP/1.1" 200 22567 edition.gerdgeorge.de "-" "Mozilla/5.0 AppleWebKit/537.36 (KHTML, like Gecko; compatible; Amazonbot/0.1; +https://developer.amazon.com/support/amazonbot) Chrome/119.0.6045.214 Safari/537.36" "-"
74.7.227.0 - - [09/Dec/2025:00:32:05 +0100] "GET /?path=//kunden/kunden/kunden/kunden/kunden/kunden/kunden/proc/thread-self/root/kunden/kunden/kunden/proc/thread-self/root/kunden/proc/self/cwd/well-known/pki-validation/b/e/b/g HTTP/1.1" 200 15760 edition.gerdgeorge.de "-" "Mozilla/5.0 AppleWebKit/537.36 (KHTML, like Gecko; compatible; GPTBot/1.3; +https://openai.com/gptbot)" "-"
66.249.78.0 - - [09/Dec/2025:00:32:05 +0100] "GET /?_g=757212 HTTP/1.1" 200 171600 edition.gerdgeorge.de "-" "Mozilla/5.0 (Linux; Android 6.0.1; Nexus 5X Build/MMB29P) AppleWebKit/537.36 (KHTML, like Gecko) Chrome/141.0.7390.122 Mobile Safari/537.36 (compatible; GoogleOther)" "-"
185.220.101.0 - - [09/Dec/2025:00:32:05 +0100] "GET /awards/ HTTP/1.1" 200 54734 gerdgeorge.de "https://gerdgeorge.de/awards" "Mozilla/5.0 (Linux; Android 9; Z15) AppleWebKit/537.36 (KHTML, like Gecko) Chrome/81.0.4044.117 Mobile Safari/537.36" "-"
216.73.216.0 - - [09/Dec/2025:00:32:06 +0100] "GET /xmlrpc.php?fileloc=%2F%2Fbin%2Fpgmbentley&path=%2F%2Fbin HTTP/1.1" 200 12190 edition.gerdgeorge.de "-" "Mozilla/5.0 AppleWebKit/537.36 (KHTML, like Gecko; compatible; ClaudeBot/1.0; +claudebot@anthropic.com)" "-"
74.7.227.0 - - [09/Dec/2025:00:32:06 +0100] "GET /?path=//kunden/kunden/kunden/kunden/kunden/kunden/kunden/proc/thread-self/root/kunden/kunden/kunden/proc/thread-self/root/kunden/proc/self/cwd/well-known/pki-validation/a/b/h/c HTTP/1.1" 200 15760 edition.gerdgeorge.de "-" "Mozilla/5.0 AppleWebKit/537.36 (KHTML, like Gecko; compatible; GPTBot/1.3; +https://openai.com/gptbot)" "-"
185.220.101.0 - - [09/Dec/2025:00:32:06 +0100] "GET /comments/feed HTTP/1.1" 301 - gerdgeorge.de "https://gerdgeorge.de/comments/feed" "Mozilla/5.0 (Linux; Android 9; Z15) AppleWebKit/537.36 (KHTML, like Gecko) Chrome/81.0.4044.117 Mobile Safari/537.36" "-"
185.220.101.0 - - [09/Dec/2025:00:32:07 +0100] "GET /comments/feed/ HTTP/1.1" 200 1623 gerdgeorge.de "https://gerdgeorge.de/comments/feed" "Mozilla/5.0 (Linux; Android 9; Z15) AppleWebKit/537.36 (KHTML, like Gecko) Chrome/81.0.4044.117 Mobile Safari/537.36" "-"
52.54.157.0 - - [09/Dec/2025:00:32:08 +0100] "GET /?path=//proc/self/root/kunden/proc/thread-self/root/proc/self/root/kunden/kunden/home HTTP/1.1" 200 13478 edition.gerdgeorge.de "-" "Mozilla/5.0 AppleWebKit/537.36 (KHTML, like Gecko; compatible; Amazonbot/0.1; +https://developer.amazon.com/support/amazonbot) Chrome/119.0.6045.214 Safari/537.36" "-"
185.220.101.0 - - [09/Dec/2025:00:32:08 +0100] "GET /contact HTTP/1.1" 301 - gerdgeorge.de "https://gerdgeorge.de/contact" "Mozilla/5.0 (Linux; Android 9; Z15) AppleWebKit/537.36 (KHTML, like Gecko) Chrome/81.0.4044.117 Mobile Safari/537.36" "-"
