74.7.227.0 - - [09/Dec/2025:00:32:09 +0100] "GET /?path=//kunden/kunden/kunden/kunden/kunden/kunden/kunden/proc/thread-self/root/kunden/kunden/kunden/proc/thread-self/root/kunden/proc/self/cwd/well-known/pki-validation/b/a/c/f HTTP/1.1" 200 15760 edition.gerdgeorge.de "-" "Mozilla/5.0 AppleWebKit/537.36 (KHTML, like Gecko; compatible; GPTBot/1.3; +https://openai.com/gptbot)" "-"
216.73.216.0 - - [09/Dec/2025:00:32:09 +0100] "GET /imprint?path=%2F%2Fkunden%2Fproc%2Fself%2Froot%2Fboot HTTP/1.1" 200 12795 edition.gerdgeorge.de "-" "Mozilla/5.0 AppleWebKit/537.36 (KHTML, like Gecko; compatible; ClaudeBot/1.0; +claudebot@anthropic.com)" "-"
185.220.101.0 - - [09/Dec/2025:00:32:09 +0100] "GET /contact/ HTTP/1.1" 200 59494 gerdgeorge.de "https://gerdgeorge.de/contact" "Mozilla/5.0 (Linux; Android 9; Z15) AppleWebKit/537.36 (KHTML, like Gecko) Chrome/81.0.4044.117 Mobile Safari/537.36" "-"
74.7.227.0 - - [09/Dec/2025:00:32:10 +0100] "GET /?path=//kunden/kunden/kunden/kunden/kunden/kunden/kunden/proc/thread-self/root/kunden/kunden/kunden/proc/thread-self/root/kunden/proc/self/cwd/well-known/pki-validation/b/a/c/b HTTP/1.1" 200 15760 edition.gerdgeorge.de "-" "Mozilla/5.0 AppleWebKit/537.36 (KHTML, like Gecko; compatible; GPTBot/1.3; +https://openai.com/gptbot)" "-"
185.220.101.0 - - [09/Dec/2025:00:32:10 +0100] "POST / HTTP/1.1" 200 295053 gerdgeorge.de "https://gerdgeorge.de" "Mozilla/5.0 (Linux; Android 9; Z15) AppleWebKit/537.36 (KHTML, like Gecko) Chrome/81.0.4044.117 Mobile Safari/537.36" "-"
216.73.216.0 - - [09/Dec/2025:00:32:11 +0100] "GET /imprint?path=%2F%2Fkunden%2Fetc%2Fcbi%2Fphp4.4 HTTP/1.1" 200 14188 edition.gerdgeorge.de "-" "Mozilla/5.0 AppleWebKit/537.36 (KHTML, like Gecko; compatible; ClaudeBot/1.0; +claudebot@anthropic.com)" "-"
66.249.78.0 - - [09/Dec/2025:00:32:11 +0100] "GET /?_g=1414407 HTTP/1.1" 200 183378 edition.gerdgeorge.de "-" "Mozilla/5.0 (Linux; Android 6.0.1; Nexus 5X Build/MMB29P) AppleWebKit/537.36 (KHTML, like Gecko) Chrome/141.0.7390.122 Mobile Safari/537.36 (compatible; Googlebot/2.1; +http://www.google.com/bot.html)" "-"
74.7.227.0 - - [09/Dec/2025:00:32:11 +0100] "GET /?path=//kunden/kunden/kunden/kunden/kunden/kunden/kunden/proc/thread-self/root/kunden/kunden/kunden/proc/thread-self/root/kunden/proc/self/cwd/well-known/pki-validation/c/f/b/d HTTP/1.1" 200 15760 edition.gerdgeorge.de "-" "Mozilla/5.0 AppleWebKit/537.36 (KHTML, like Gecko; compatible; GPTBot/1.3; +https://openai.com/gptbot)" "-"
185.220.101.0 - - [09/Dec/2025:00:32:12 +0100] "GET /feed HTTP/1.1" 301 - gerdgeorge.de "https://gerdgeorge.de/feed" "Mozilla/5.0 (Linux; Android 9; Z15) AppleWebKit/537.36 (KHTML, like Gecko) Chrome/81.0.4044.117 Mobile Safari/537.36" "-"
18.204.89.0 - - [09/Dec/2025:00:32:13 +0100] "GET /jets/?path=//proc/self/root/proc/thread-self/root/proc/self/root/proc/self/root/run HTTP/1.1" 200 22884 edition.gerdgeorge.de "-" "Mozilla/5.0 AppleWebKit/537.36 (KHTML, like Gecko; compatible; Amazonbot/0.1; +https://developer.amazon.com/support/amazonbot) Chrome/119.0.6045.214 Safari/537.36" "-"
74.7.227.0 - - [09/Dec/2025:00:32:13 +0100] "GET /?path=//kunden/kunden/kunden/kunden/kunden/kunden/kunden/proc/thread-self/root/kunden/kunden/kunden/proc/thread-self/root/kunden/proc/self/cwd/well-known/pki-validation/g/h/e/b HTTP/1.1" 200 15760 edition.gerdgeorge.de "-" "Mozilla/5.0 AppleWebKit/537.36 (KHTML, like Gecko; compatible; GPTBot/1.3; +https://openai.com/gptbot)" "-"
185.220.101.0 - - [09/Dec/2025:00:32:13 +0100] "GET /feed/ HTTP/1.1" 200 1835 gerdgeorge.de "https://gerdgeorge.de/feed" "Mozilla/5.0 (Linux; Android 9; Z15) AppleWebKit/537.36 (KHTML, like Gecko) Chrome/81.0.4044.117 Mobile Safari/537.36" "-"
216.73.216.0 - - [09/Dec/2025:00:32:14 +0100] "GET /imprint?path=%2F%2Fkunden%2Fproc%2Fself%2Froot%2Ftmp-private HTTP/1.1" 200 12809 edition.gerdgeorge.de "-" "Mozilla/5.0 AppleWebKit/537.36 (KHTML, like Gecko; compatible; ClaudeBot/1.0; +claudebot@anthropic.com)" "-"
74.7.227.0 - - [09/Dec/2025:00:32:14 +0100] "GET /?path=//kunden/kunden/kunden/kunden/kunden/kunden/kunden/proc/thread-self/root/kunden/kunden/kunden/proc/thread-self/root/kunden/proc/self/cwd/well-known/pki-validation/c/c/f/a HTTP/1.1" 200 15760 edition.gerdgeorge.de "-" "Mozilla/5.0 AppleWebKit/537.36 (KHTML, like Gecko; compatible; GPTBot/1.3; +https://openai.com/gptbot)" "-"
185.220.101.0 - - [09/Dec/2025:00:32:14 +0100] "GET /imprint HTTP/1.1" 301 - gerdgeorge.de "https://gerdgeorge.de/imprint" "Mozilla/5.0 (Linux; Android 9; Z15) AppleWebKit/537.36 (KHTML, like Gecko) Chrome/81.0.4044.117 Mobile Safari/537.36" "-"
66.249.64.0 - - [09/Dec/2025:00:32:15 +0100] "GET /?_g=74122 HTTP/1.1" 200 181849 edition.gerdgeorge.de "-" "Mozilla/5.0 (Linux; Android 6.0.1; Nexus 5X Build/MMB29P) AppleWebKit/537.36 (KHTML, like Gecko) Chrome/141.0.7390.122 Mobile Safari/537.36 (compatible; Googlebot/2.1; +http://www.google.com/bot.html)" "-"
185.220.101.0 - - [09/Dec/2025:00:32:15 +0100] "GET /imprint/ HTTP/1.1" 200 92519 gerdgeorge.de "https://gerdgeorge.de/imprint" "Mozilla/5.0 (Linux; Android 9; Z15) AppleWebKit/537.36 (KHTML, like Gecko) Chrome/81.0.4044.117 Mobile Safari/537.36" "-"
216.73.216.0 - - [09/Dec/2025:00:32:16 +0100] "GET /xmlrpc.php?fileloc=%2F%2Fbin%2Fpbmmask&path=%2F%2Fbin HTTP/1.1" 200 12187 edition.gerdgeorge.de "-" "Mozilla/5.0 AppleWebKit/537.36 (KHTML, like Gecko; compatible; ClaudeBot/1.0; +claudebot@anthropic.com)" "-"
74.7.227.0 - - [09/Dec/2025:00:32:16 +0100] "GET /?path=//kunden/kunden/kunden/kunden/kunden/kunden/kunden/proc/thread-self/root/kunden/kunden/kunden/proc/thread-self/root/kunden/proc/self/cwd/well-known/pki-validation/f/a/f/f HTTP/1.1" 200 21948 edition.gerdgeorge.de "-" "Mozilla/5.0 AppleWebKit/537.36 (KHTML, like Gecko; compatible; GPTBot/1.3; +https://openai.com/gptbot)" "-"
74.7.227.0 - - [09/Dec/2025:00:32:17 +0100] "GET /?path=//kunden/kunden/kunden/kunden/kunden/kunden/kunden/proc/thread-self/root/kunden/kunden/kunden/proc/thread-self/root/kunden/proc/self/cwd/well-known/pki-validation/a/b/f/e HTTP/1.1" 200 15760 edition.gerdgeorge.de "-" "Mozilla/5.0 AppleWebKit/537.36 (KHTML, like Gecko; compatible; GPTBot/1.3; +https://openai.com/gptbot)" "-"
100.28.118.0 - - [09/Dec/2025:00:32:17 +0100] "GET /?path=//proc/self/root/proc/thread-self/root/kunden/proc/self/root/proc/self/root/opt HTTP/1.1" 200 13569 edition.gerdgeorge.de "-" "Mozilla/5.0 AppleWebKit/537.36 (KHTML, like Gecko; compatible; Amazonbot/0.1; +https://developer.amazon.com/support/amazonbot) Chrome/119.0.6045.214 Safari/537.36" "-"
74.7.227.0 - - [09/Dec/2025:00:32:17 +0100] "GET /?path=//kunden/kunden/kunden/kunden/kunden/kunden/kunden/proc/thread-self/root/kunden/kunden/kunden/proc/thread-self/root/kunden/proc/self/cwd/well-known/pki-validation/f/h/h/g HTTP/1.1" 200 15760 edition.gerdgeorge.de "-" "Mozilla/5.0 AppleWebKit/537.36 (KHTML, like Gecko; compatible; GPTBot/1.3; +https://openai.com/gptbot)" "-"
185.220.101.0 - - [09/Dec/2025:00:32:17 +0100] "GET /index.php/advertisement HTTP/1.1" 301 - gerdgeorge.de "https://gerdgeorge.de/index.php/advertisement" "Mozilla/5.0 (Linux; Android 9; Z15) AppleWebKit/537.36 (KHTML, like Gecko) Chrome/81.0.4044.117 Mobile Safari/537.36" "-"
74.7.227.0 - - [09/Dec/2025:00:32:18 +0100] "GET /?path=//kunden/kunden/kunden/kunden/kunden/kunden/kunden/proc/thread-self/root/kunden/kunden/kunden/proc/thread-self/root/kunden/proc/self/cwd/well-known/pki-validation/f/a/b/d HTTP/1.1" 200 15760 edition.gerdgeorge.de "-" "Mozilla/5.0 AppleWebKit/537.36 (KHTML, like Gecko; compatible; GPTBot/1.3; +https://openai.com/gptbot)" "-"
185.220.101.0 - - [09/Dec/2025:00:32:18 +0100] "GET /advertisement/ HTTP/1.1" 200 99710 gerdgeorge.de "https://gerdgeorge.de/index.php/advertisement" "Mozilla/5.0 (Linux; Android 9; Z15) AppleWebKit/537.36 (KHTML, like Gecko) Chrome/81.0.4044.117 Mobile Safari/537.36" "-"
216.73.216.0 - - [09/Dec/2025:00:32:19 +0100] "GET /imprint?path=%2F%2Fkunden%2Fvar%2Frun%2Flock HTTP/1.1" 200 12734 edition.gerdgeorge.de "-" "Mozilla/5.0 AppleWebKit/537.36 (KHTML, like Gecko; compatible; ClaudeBot/1.0; +claudebot@anthropic.com)" "-"
74.7.227.0 - - [09/Dec/2025:00:32:19 +0100] "GET /?path=//kunden/kunden/kunden/kunden/kunden/kunden/kunden/proc/thread-self/root/kunden/kunden/kunden/proc/thread-self/root/kunden/proc/self/cwd/well-known/pki-validation/b/e/h HTTP/1.1" 200 29655 edition.gerdgeorge.de "-" "Mozilla/5.0 AppleWebKit/537.36 (KHTML, like Gecko; compatible; GPTBot/1.3; +https://openai.com/gptbot)" "-"
74.7.227.0 - - [09/Dec/2025:00:32:19 +0100] "GET /?path=//kunden/kunden/kunden/kunden/kunden/kunden/kunden/proc/thread-self/root/kunden/kunden/kunden/proc/thread-self/root/kunden/proc/self/cwd/well-known/pki-validation/h/f/d/h HTTP/1.1" 200 15760 edition.gerdgeorge.de "-" "Mozilla/5.0 AppleWebKit/537.36 (KHTML, like Gecko; compatible; GPTBot/1.3; +https://openai.com/gptbot)" "-"
74.7.227.0 - - [09/Dec/2025:00:32:20 +0100] "GET /?path=//kunden/kunden/kunden/kunden/kunden/kunden/kunden/proc/thread-self/root/kunden/kunden/kunden/proc/thread-self/root/kunden/proc/self/cwd/well-known/pki-validation/h/b/g/h HTTP/1.1" 200 15760 edition.gerdgeorge.de "-" "Mozilla/5.0 AppleWebKit/537.36 (KHTML, like Gecko; compatible; GPTBot/1.3; +https://openai.com/gptbot)" "-"
74.7.227.0 - - [09/Dec/2025:00:32:20 +0100] "GET /?path=//kunden/kunden/kunden/kunden/kunden/kunden/kunden/proc/thread-self/root/kunden/kunden/kunden/proc/thread-self/root/kunden/proc/self/cwd/well-known/pki-validation/b/e/h/f HTTP/1.1" 200 15760 edition.gerdgeorge.de "-" "Mozilla/5.0 AppleWebKit/537.36 (KHTML, like Gecko; compatible; GPTBot/1.3; +https://openai.com/gptbot)" "-"
45.84.107.0 - - [09/Dec/2025:00:32:20 +0100] "GET /index.php/campaigns HTTP/1.1" 301 - gerdgeorge.de "https://gerdgeorge.de/index.php/campaigns" "Mozilla/5.0 (Linux; Android 9; Z15) AppleWebKit/537.36 (KHTML, like Gecko) Chrome/81.0.4044.117 Mobile Safari/537.36" "-"
52.7.13.0 - - [09/Dec/2025:00:32:21 +0100] "GET /serviette-calamar/?path=//kunden/kunden/kunden/proc/self/root/proc/self/root/proc/self/root/proc/self/root/kunden/srv HTTP/1.1" 200 13903 edition.gerdgeorge.de "-" "Mozilla/5.0 AppleWebKit/537.36 (KHTML, like Gecko; compatible; Amazonbot/0.1; +https://developer.amazon.com/support/amazonbot) Chrome/119.0.6045.214 Safari/537.36" "-"
216.73.216.0 - - [09/Dec/2025:00:32:21 +0100] "GET /xmlrpc.php?fileloc=%2F%2Fbin%2Fh2xs&path=%2F%2Fbin HTTP/1.1" 200 77596 edition.gerdgeorge.de "-" "Mozilla/5.0 AppleWebKit/537.36 (KHTML, like Gecko; compatible; ClaudeBot/1.0; +claudebot@anthropic.com)" "-"
74.7.227.0 - - [09/Dec/2025:00:32:21 +0100] "GET /?path=//kunden/kunden/kunden/kunden/kunden/kunden/kunden/proc/thread-self/root/kunden/kunden/kunden/proc/thread-self/root/kunden/proc/self/cwd/well-known/pki-validation/f/b/h/g HTTP/1.1" 200 15760 edition.gerdgeorge.de "-" "Mozilla/5.0 AppleWebKit/537.36 (KHTML, like Gecko; compatible; GPTBot/1.3; +https://openai.com/gptbot)" "-"
45.84.107.0 - - [09/Dec/2025:00:32:21 +0100] "GET /campaigns/ HTTP/1.1" 200 114445 gerdgeorge.de "https://gerdgeorge.de/index.php/campaigns" "Mozilla/5.0 (Linux; Android 9; Z15) AppleWebKit/537.36 (KHTML, like Gecko) Chrome/81.0.4044.117 Mobile Safari/537.36" "-"
74.7.227.0 - - [09/Dec/2025:00:32:22 +0100] "GET /?path=//kunden/kunden/kunden/kunden/kunden/kunden/kunden/proc/thread-self/root/kunden/kunden/kunden/proc/thread-self/root/kunden/proc/self/cwd/well-known/pki-validation/b/e/h/c HTTP/1.1" 200 15760 edition.gerdgeorge.de "-" "Mozilla/5.0 AppleWebKit/537.36 (KHTML, like Gecko; compatible; GPTBot/1.3; +https://openai.com/gptbot)" "-"
74.7.227.0 - - [09/Dec/2025:00:32:22 +0100] "GET /?path=//kunden/kunden/kunden/kunden/kunden/kunden/kunden/proc/thread-self/root/kunden/kunden/kunden/proc/thread-self/root/kunden/proc/self/cwd/well-known/pki-validation/h/b/e/c HTTP/1.1" 200 15760 edition.gerdgeorge.de "-" "Mozilla/5.0 AppleWebKit/537.36 (KHTML, like Gecko; compatible; GPTBot/1.3; +https://openai.com/gptbot)" "-"
45.84.107.0 - - [09/Dec/2025:00:32:22 +0100] "GET /index.php/life HTTP/1.1" 301 - gerdgeorge.de "https://gerdgeorge.de/index.php/life" "Mozilla/5.0 (Linux; Android 9; Z15) AppleWebKit/537.36 (KHTML, like Gecko) Chrome/81.0.4044.117 Mobile Safari/537.36" "-"
74.7.227.0 - - [09/Dec/2025:00:32:23 +0100] "GET /?path=//kunden/kunden/kunden/kunden/kunden/kunden/kunden/proc/thread-self/root/kunden/kunden/kunden/proc/thread-self/root/kunden/proc/self/cwd/well-known/pki-validation/b/e/h/d HTTP/1.1" 200 15760 edition.gerdgeorge.de "-" "Mozilla/5.0 AppleWebKit/537.36 (KHTML, like Gecko; compatible; GPTBot/1.3; +https://openai.com/gptbot)" "-"
45.84.107.0 - - [09/Dec/2025:00:32:23 +0100] "GET /life/ HTTP/1.1" 200 109695 gerdgeorge.de "https://gerdgeorge.de/index.php/life" "Mozilla/5.0 (Linux; Android 9; Z15) AppleWebKit/537.36 (KHTML, like Gecko) Chrome/81.0.4044.117 Mobile Safari/537.36" "-"
34.231.181.0 - - [09/Dec/2025:00:32:24 +0100] "GET /serviette-calamar/?path=//kunden/proc/self/root/proc/self/root/proc/thread-self/root/proc/thread-self/root/lib/locale/fr_FR HTTP/1.1" 200 34866 edition.gerdgeorge.de "-" "Mozilla/5.0 AppleWebKit/537.36 (KHTML, like Gecko; compatible; Amazonbot/0.1; +https://developer.amazon.com/support/amazonbot) Chrome/119.0.6045.214 Safari/537.36" "-"
74.7.227.0 - - [09/Dec/2025:00:32:25 +0100] "GET /?path=//kunden/kunden/kunden/kunden/kunden/kunden/kunden/proc/thread-self/root/kunden/kunden/kunden/proc/thread-self/root/kunden/proc/self/cwd/well-known/pki-validation/g/f/c/g HTTP/1.1" 200 15760 edition.gerdgeorge.de "-" "Mozilla/5.0 AppleWebKit/537.36 (KHTML, like Gecko; compatible; GPTBot/1.3; +https://openai.com/gptbot)" "-"
45.84.107.0 - - [09/Dec/2025:00:32:25 +0100] "GET /index.php/projects HTTP/1.1" 301 - gerdgeorge.de "https://gerdgeorge.de/index.php/projects" "Mozilla/5.0 (Linux; Android 9; Z15) AppleWebKit/537.36 (KHTML, like Gecko) Chrome/81.0.4044.117 Mobile Safari/537.36" "-"
216.73.216.0 - - [09/Dec/2025:00:32:26 +0100] "GET /xmlrpc.php?fileloc=%2F%2Fbin%2Fgetent&path=%2F%2Fbin HTTP/1.1" 200 12186 edition.gerdgeorge.de "-" "Mozilla/5.0 AppleWebKit/537.36 (KHTML, like Gecko; compatible; ClaudeBot/1.0; +claudebot@anthropic.com)" "-"
66.249.78.0 - - [09/Dec/2025:00:32:26 +0100] "GET /?_g=1450988 HTTP/1.1" 200 176484 edition.gerdgeorge.de "-" "Mozilla/5.0 (Linux; Android 6.0.1; Nexus 5X Build/MMB29P) AppleWebKit/537.36 (KHTML, like Gecko) Chrome/141.0.7390.122 Mobile Safari/537.36 (compatible; Googlebot/2.1; +http://www.google.com/bot.html)" "-"
45.84.107.0 - - [09/Dec/2025:00:32:26 +0100] "GET /projects/ HTTP/1.1" 200 62465 gerdgeorge.de "https://gerdgeorge.de/index.php/projects" "Mozilla/5.0 (Linux; Android 9; Z15) AppleWebKit/537.36 (KHTML, like Gecko) Chrome/81.0.4044.117 Mobile Safari/537.36" "-"
74.7.227.0 - - [09/Dec/2025:00:32:27 +0100] "GET /?path=//kunden/kunden/kunden/kunden/kunden/kunden/kunden/proc/thread-self/root/kunden/kunden/kunden/proc/thread-self/root/kunden/proc/self/cwd/well-known/pki-validation/h/f/a/a HTTP/1.1" 200 15760 edition.gerdgeorge.de "-" "Mozilla/5.0 AppleWebKit/537.36 (KHTML, like Gecko; compatible; GPTBot/1.3; +https://openai.com/gptbot)" "-"
45.84.107.0 - - [09/Dec/2025:00:32:27 +0100] "GET /motion HTTP/1.1" 301 - gerdgeorge.de "https://gerdgeorge.de/motion" "Mozilla/5.0 (Linux; Android 9; Z15) AppleWebKit/537.36 (KHTML, like Gecko) Chrome/81.0.4044.117 Mobile Safari/537.36" "-"
34.233.114.0 - - [09/Dec/2025:00:32:28 +0100] "GET /serviette-calamar/?path=//kunden/proc/self/root/proc/thread-self/root/proc/thread-self/root/proc/thread-self/root/lib/locale/ms_MY HTTP/1.1" 200 35280 edition.gerdgeorge.de "-" "Mozilla/5.0 AppleWebKit/537.36 (KHTML, like Gecko; compatible; Amazonbot/0.1; +https://developer.amazon.com/support/amazonbot) Chrome/119.0.6045.214 Safari/537.36" "-"
45.84.107.0 - - [09/Dec/2025:00:32:28 +0100] "GET /motion/ HTTP/1.1" 200 62190 gerdgeorge.de "https://gerdgeorge.de/motion" "Mozilla/5.0 (Linux; Android 9; Z15) AppleWebKit/537.36 (KHTML, like Gecko) Chrome/81.0.4044.117 Mobile Safari/537.36" "-"
74.7.227.0 - - [09/Dec/2025:00:32:29 +0100] "GET /?path=//kunden/kunden/kunden/kunden/kunden/kunden/kunden/proc/thread-self/root/kunden/kunden/kunden/proc/thread-self/root/kunden/proc/self/cwd/well-known/pki-validation/a/b/h/h HTTP/1.1" 200 15760 edition.gerdgeorge.de "-" "Mozilla/5.0 AppleWebKit/537.36 (KHTML, like Gecko; compatible; GPTBot/1.3; +https://openai.com/gptbot)" "-"
74.7.227.0 - - [09/Dec/2025:00:32:30 +0100] "GET /?path=//kunden/kunden/kunden/kunden/kunden/kunden/kunden/proc/thread-self/root/kunden/kunden/kunden/proc/thread-self/root/kunden/proc/self/cwd/well-known/acme-challenge/h/b/b/d HTTP/1.1" 200 15760 edition.gerdgeorge.de "-" "Mozilla/5.0 AppleWebKit/537.36 (KHTML, like Gecko; compatible; GPTBot/1.3; +https://openai.com/gptbot)" "-"
66.249.78.0 - - [09/Dec/2025:00:32:30 +0100] "GET /?_g=1901199 HTTP/1.1" 200 182575 edition.gerdgeorge.de "-" "Mozilla/5.0 (Linux; Android 6.0.1; Nexus 5X Build/MMB29P) AppleWebKit/537.36 (KHTML, like Gecko) Chrome/141.0.7390.122 Mobile Safari/537.36 (compatible; Googlebot/2.1; +http://www.google.com/bot.html)" "-"
66.249.64.0 - - [09/Dec/2025:00:32:30 +0100] "GET /?_g=701310 HTTP/1.1" 200 175989 edition.gerdgeorge.de "-" "Mozilla/5.0 (Linux; Android 6.0.1; Nexus 5X Build/MMB29P) AppleWebKit/537.36 (KHTML, like Gecko) Chrome/141.0.7390.122 Mobile Safari/537.36 (compatible; Googlebot/2.1; +http://www.google.com/bot.html)" "-"
192.76.153.0 - - [09/Dec/2025:00:32:30 +0100] "GET /portfolio HTTP/1.1" 301 - gerdgeorge.de "https://gerdgeorge.de/portfolio" "Mozilla/5.0 (Linux; Android 9; Z15) AppleWebKit/537.36 (KHTML, like Gecko) Chrome/81.0.4044.117 Mobile Safari/537.36" "-"
141.94.79.0 - - [09/Dec/2025:00:32:31 +0100] "GET /wp-content/uploads/2025/01/Lufthansa2.jpg HTTP/1.1" 200 69379 gerdgeorge.de "-" "Mozilla/5.0 (Windows NT 10.0; Win64; x64) AppleWebKit/537.36 (KHTML, like Gecko) Chrome/139.0.0.0 Safari/537.36" "-"
192.76.153.0 - - [09/Dec/2025:00:32:31 +0100] "GET /portfolio/ HTTP/1.1" 200 57692 gerdgeorge.de "https://gerdgeorge.de/portfolio" "Mozilla/5.0 (Linux; Android 9; Z15) AppleWebKit/537.36 (KHTML, like Gecko) Chrome/81.0.4044.117 Mobile Safari/537.36" "-"
192.76.153.0 - - [09/Dec/2025:00:32:32 +0100] "GET /wp-json HTTP/1.1" 200 251752 gerdgeorge.de "https://gerdgeorge.de/wp-json" "Mozilla/5.0 (Linux; Android 9; Z15) AppleWebKit/537.36 (KHTML, like Gecko) Chrome/81.0.4044.117 Mobile Safari/537.36" "-"
74.7.227.0 - - [09/Dec/2025:00:32:33 +0100] "GET /?path=//kunden/kunden/kunden/kunden/kunden/kunden/kunden/proc/thread-self/root/kunden/kunden/kunden/proc/thread-self/root/kunden/proc/self/cwd/well-known/pki-validation/c/b/e/a HTTP/1.1" 200 15760 edition.gerdgeorge.de "-" "Mozilla/5.0 AppleWebKit/537.36 (KHTML, like Gecko; compatible; GPTBot/1.3; +https://openai.com/gptbot)" "-"
98.83.94.0 - - [09/Dec/2025:00:32:33 +0100] "GET /serviette-calamar/?path=//kunden/proc/self/root/kunden/kunden/proc/self/root/proc/self/root/proc/thread-self/root/kunden/sys HTTP/1.1" 200 13926 edition.gerdgeorge.de "-" "Mozilla/5.0 AppleWebKit/537.36 (KHTML, like Gecko; compatible; Amazonbot/0.1; +https://developer.amazon.com/support/amazonbot) Chrome/119.0.6045.214 Safari/537.36" "-"
74.7.227.0 - - [09/Dec/2025:00:32:34 +0100] "GET /?path=//kunden/kunden/kunden/kunden/kunden/kunden/kunden/proc/thread-self/root/kunden/kunden/kunden/proc/thread-self/root/kunden/proc/self/cwd/well-known/pki-validation/a/a/g/e HTTP/1.1" 200 15760 edition.gerdgeorge.de "-" "Mozilla/5.0 AppleWebKit/537.36 (KHTML, like Gecko; compatible; GPTBot/1.3; +https://openai.com/gptbot)" "-"
192.76.153.0 - - [09/Dec/2025:00:32:34 +0100] "GET /wp-json/oembed/1.0/embed?url=https%3A%2F%2Fgerdgeorge.de%2F HTTP/1.1" 200 2023 gerdgeorge.de "https://gerdgeorge.de/wp-json/oembed/1.0/embed?url=https%3A%2F%2Fgerdgeorge.de%2F" "Mozilla/5.0 (Linux; Android 9; Z15) AppleWebKit/537.36 (KHTML, like Gecko) Chrome/81.0.4044.117 Mobile Safari/537.36" "-"
192.76.153.0 - - [09/Dec/2025:00:32:35 +0100] "GET /wp-json/oembed/1.0/embed?url=https%3A%2F%2Fgerdgeorge.de%2F&format=xml HTTP/1.1" 200 2185 gerdgeorge.de "https://gerdgeorge.de/wp-json/oembed/1.0/embed?url=https%3A%2F%2Fgerdgeorge.de%2F&format=xml" "Mozilla/5.0 (Linux; Android 9; Z15) AppleWebKit/537.36 (KHTML, like Gecko) Chrome/81.0.4044.117 Mobile Safari/537.36" "-"
18.214.124.0 - - [09/Dec/2025:00:32:36 +0100] "GET /cockpit/?path=//proc/self/root/kunden/proc/self/root/proc/thread-self/root/proc/self/root/lib/locale/ar_BH HTTP/1.1" 200 34489 edition.gerdgeorge.de "-" "Mozilla/5.0 AppleWebKit/537.36 (KHTML, like Gecko; compatible; Amazonbot/0.1; +https://developer.amazon.com/support/amazonbot) Chrome/119.0.6045.214 Safari/537.36" "-"
192.76.153.0 - - [09/Dec/2025:00:32:36 +0100] "GET /wp-json/wp/v2/pages/8 HTTP/1.1" 200 269652 gerdgeorge.de "https://gerdgeorge.de/wp-json/wp/v2/pages/8" "Mozilla/5.0 (Linux; Android 9; Z15) AppleWebKit/537.36 (KHTML, like Gecko) Chrome/81.0.4044.117 Mobile Safari/537.36" "-"
74.7.227.0 - - [09/Dec/2025:00:32:37 +0100] "GET /?path=//kunden/kunden/kunden/kunden/kunden/kunden/kunden/proc/thread-self/root/kunden/kunden/kunden/proc/thread-self/root/kunden/proc/self/cwd/well-known/pki-validation/b/e/h/g HTTP/1.1" 200 15760 edition.gerdgeorge.de "-" "Mozilla/5.0 AppleWebKit/537.36 (KHTML, like Gecko; compatible; GPTBot/1.3; +https://openai.com/gptbot)" "-"
74.7.227.0 - - [09/Dec/2025:00:32:38 +0100] "GET /?path=//kunden/kunden/kunden/kunden/kunden/kunden/kunden/proc/thread-self/root/kunden/kunden/kunden/proc/thread-self/root/kunden/proc/self/cwd/well-known/pki-validation/b/d/c/h HTTP/1.1" 200 15760 edition.gerdgeorge.de "-" "Mozilla/5.0 AppleWebKit/537.36 (KHTML, like Gecko; compatible; GPTBot/1.3; +https://openai.com/gptbot)" "-"
74.7.227.0 - - [09/Dec/2025:00:32:38 +0100] "GET /?path=//kunden/kunden/kunden/kunden/kunden/kunden/kunden/proc/thread-self/root/kunden/kunden/kunden/proc/thread-self/root/kunden/proc/self/cwd/well-known/pki-validation/b/e/h/a HTTP/1.1" 200 15760 edition.gerdgeorge.de "-" "Mozilla/5.0 AppleWebKit/537.36 (KHTML, like Gecko; compatible; GPTBot/1.3; +https://openai.com/gptbot)" "-"
192.76.153.0 - - [09/Dec/2025:00:32:38 +0100] "GET /xmlrpc.php?rsd HTTP/1.1" 200 792 gerdgeorge.de "https://gerdgeorge.de/xmlrpc.php?rsd" "Mozilla/5.0 (Linux; Android 9; Z15) AppleWebKit/537.36 (KHTML, like Gecko) Chrome/81.0.4044.117 Mobile Safari/537.36" "-"
74.7.227.0 - - [09/Dec/2025:00:32:39 +0100] "GET /?path=//kunden/kunden/kunden/kunden/kunden/kunden/kunden/proc/thread-self/root/kunden/kunden/kunden/proc/thread-self/root/kunden/proc/self/cwd/well-known/pki-validation/b/e/h/e HTTP/1.1" 200 15760 edition.gerdgeorge.de "-" "Mozilla/5.0 AppleWebKit/537.36 (KHTML, like Gecko; compatible; GPTBot/1.3; +https://openai.com/gptbot)" "-"
74.7.227.0 - - [09/Dec/2025:00:32:40 +0100] "GET /?path=//kunden/kunden/kunden/kunden/kunden/kunden/kunden/proc/thread-self/root/kunden/kunden/kunden/proc/thread-self/root/kunden/proc/self/cwd/well-known/pki-validation/g/c/g/b HTTP/1.1" 200 15760 edition.gerdgeorge.de "-" "Mozilla/5.0 AppleWebKit/537.36 (KHTML, like Gecko; compatible; GPTBot/1.3; +https://openai.com/gptbot)" "-"
74.7.227.0 - - [09/Dec/2025:00:32:41 +0100] "GET /?path=//kunden/kunden/kunden/kunden/kunden/kunden/kunden/proc/thread-self/root/kunden/kunden/kunden/proc/thread-self/root/kunden/proc/self/cwd/well-known/pki-validation/b/e/h/b HTTP/1.1" 200 15760 edition.gerdgeorge.de "-" "Mozilla/5.0 AppleWebKit/537.36 (KHTML, like Gecko; compatible; GPTBot/1.3; +https://openai.com/gptbot)" "-"
50.16.72.0 - - [09/Dec/2025:00:32:41 +0100] "GET /serviette-calamar/?path=//proc/self/root/kunden/proc/self/root/kunden/proc/self/root/proc/self/root/lib/locale/en_NZ HTTP/1.1" 200 34563 edition.gerdgeorge.de "-" "Mozilla/5.0 AppleWebKit/537.36 (KHTML, like Gecko; compatible; Amazonbot/0.1; +https://developer.amazon.com/support/amazonbot) Chrome/119.0.6045.214 Safari/537.36" "-"
74.7.227.0 - - [09/Dec/2025:00:32:41 +0100] "GET /?path=//kunden/kunden/kunden/kunden/kunden/kunden/kunden/proc/thread-self/root/kunden/kunden/kunden/proc/thread-self/root/kunden/proc/self/cwd/well-known/pki-validation/f/g/a/h HTTP/1.1" 200 15760 edition.gerdgeorge.de "-" "Mozilla/5.0 AppleWebKit/537.36 (KHTML, like Gecko; compatible; GPTBot/1.3; +https://openai.com/gptbot)" "-"
74.7.227.0 - - [09/Dec/2025:00:32:42 +0100] "GET /?path=//kunden/kunden/kunden/kunden/kunden/kunden/kunden/proc/thread-self/root/kunden/kunden/kunden/proc/thread-self/root/kunden/proc/self/cwd/well-known/pki-validation/f/h/c/a HTTP/1.1" 200 15760 edition.gerdgeorge.de "-" "Mozilla/5.0 AppleWebKit/537.36 (KHTML, like Gecko; compatible; GPTBot/1.3; +https://openai.com/gptbot)" "-"
74.7.227.0 - - [09/Dec/2025:00:32:43 +0100] "GET /?path=//kunden/kunden/kunden/kunden/kunden/kunden/kunden/proc/thread-self/root/kunden/kunden/kunden/proc/thread-self/root/kunden/proc/self/cwd/well-known/acme-challenge/h/b/g/d HTTP/1.1" 200 15760 edition.gerdgeorge.de "-" "Mozilla/5.0 AppleWebKit/537.36 (KHTML, like Gecko; compatible; GPTBot/1.3; +https://openai.com/gptbot)" "-"
66.249.64.0 - - [09/Dec/2025:00:32:43 +0100] "GET /?_g=1377006 HTTP/1.1" 200 172183 edition.gerdgeorge.de "-" "Mozilla/5.0 (Linux; Android 6.0.1; Nexus 5X Build/MMB29P) AppleWebKit/537.36 (KHTML, like Gecko) Chrome/141.0.7390.122 Mobile Safari/537.36 (compatible; Googlebot/2.1; +http://www.google.com/bot.html)" "-"
74.7.227.0 - - [09/Dec/2025:00:32:43 +0100] "GET /?path=//kunden/kunden/kunden/kunden/kunden/kunden/kunden/proc/thread-self/root/kunden/kunden/kunden/proc/thread-self/root/kunden/proc/self/cwd/well-known/pki-validation/b/g/c HTTP/1.1" 200 29655 edition.gerdgeorge.de "-" "Mozilla/5.0 AppleWebKit/537.36 (KHTML, like Gecko; compatible; GPTBot/1.3; +https://openai.com/gptbot)" "-"
2001:41d0:700:: - - [09/Dec/2025:00:32:43 +0100] "GET /wp-content/uploads/2025/01/TUI-_-S-J-2000-.jpg HTTP/1.1" 200 87175 gerdgeorge.de "-" "Mozilla/5.0 (Windows NT 10.0; Win64; x64) AppleWebKit/537.36 (KHTML, like Gecko) Chrome/139.0.0.0 Safari/537.36" "-"
54.159.98.0 - - [09/Dec/2025:00:32:44 +0100] "GET /serviette-calamar/?path=//proc/self/root/proc/self/root/kunden/kunden/kunden/proc/self/root/proc/thread-self/root/dev/mapper HTTP/1.1" 200 13899 edition.gerdgeorge.de "-" "Mozilla/5.0 AppleWebKit/537.36 (KHTML, like Gecko; compatible; Amazonbot/0.1; +https://developer.amazon.com/support/amazonbot) Chrome/119.0.6045.214 Safari/537.36" "-"
74.7.227.0 - - [09/Dec/2025:00:32:46 +0100] "GET /?path=//kunden/kunden/kunden/kunden/kunden/kunden/kunden/proc/thread-self/root/kunden/kunden/kunden/proc/thread-self/root/kunden/proc/self/cwd/well-known/pki-validation/h/f/h HTTP/1.1" 200 29655 edition.gerdgeorge.de "-" "Mozilla/5.0 AppleWebKit/537.36 (KHTML, like Gecko; compatible; GPTBot/1.3; +https://openai.com/gptbot)" "-"
66.249.64.0 - - [09/Dec/2025:00:32:47 +0100] "GET /?_g=668088 HTTP/1.1" 200 176060 edition.gerdgeorge.de "-" "Mozilla/5.0 (Linux; Android 6.0.1; Nexus 5X Build/MMB29P) AppleWebKit/537.36 (KHTML, like Gecko) Chrome/141.0.7390.122 Mobile Safari/537.36 (compatible; Googlebot/2.1; +http://www.google.com/bot.html)" "-"
44.205.192.0 - - [09/Dec/2025:00:32:49 +0100] "GET /jets/?path=//kunden/kunden/proc/self/root/proc/self/root/proc/thread-self/root/lib/aspell HTTP/1.1" 200 268557 edition.gerdgeorge.de "-" "Mozilla/5.0 AppleWebKit/537.36 (KHTML, like Gecko; compatible; Amazonbot/0.1; +https://developer.amazon.com/support/amazonbot) Chrome/119.0.6045.214 Safari/537.36" "-"
74.7.227.0 - - [09/Dec/2025:00:32:49 +0100] "GET /?path=//kunden/kunden/kunden/kunden/kunden/kunden/kunden/proc/thread-self/root/kunden/kunden/kunden/proc/thread-self/root/kunden/proc/self/cwd/well-known/pki-validation/g/c/a/c HTTP/1.1" 200 15760 edition.gerdgeorge.de "-" "Mozilla/5.0 AppleWebKit/537.36 (KHTML, like Gecko; compatible; GPTBot/1.3; +https://openai.com/gptbot)" "-"
74.7.227.0 - - [09/Dec/2025:00:32:50 +0100] "GET /?path=//kunden/kunden/kunden/kunden/kunden/kunden/kunden/proc/thread-self/root/kunden/kunden/kunden/proc/thread-self/root/kunden/proc/self/cwd/well-known/pki-validation/g/a/a/g HTTP/1.1" 200 15760 edition.gerdgeorge.de "-" "Mozilla/5.0 AppleWebKit/537.36 (KHTML, like Gecko; compatible; GPTBot/1.3; +https://openai.com/gptbot)" "-"
74.7.227.0 - - [09/Dec/2025:00:32:51 +0100] "GET /?path=//kunden/kunden/kunden/kunden/kunden/kunden/kunden/proc/thread-self/root/kunden/kunden/kunden/proc/thread-self/root/kunden/proc/self/cwd/well-known/pki-validation/b/g/c/h HTTP/1.1" 200 15760 edition.gerdgeorge.de "-" "Mozilla/5.0 AppleWebKit/537.36 (KHTML, like Gecko; compatible; GPTBot/1.3; +https://openai.com/gptbot)" "-"
54.157.84.0 - - [09/Dec/2025:00:32:52 +0100] "GET /serviette-calamar/?path=//proc/self/root/kunden/proc/self/root/proc/self/root/proc/self/root/kunden/lib/locale/en_US HTTP/1.1" 200 34550 edition.gerdgeorge.de "-" "Mozilla/5.0 AppleWebKit/537.36 (KHTML, like Gecko; compatible; Amazonbot/0.1; +https://developer.amazon.com/support/amazonbot) Chrome/119.0.6045.214 Safari/537.36" "-"
74.7.227.0 - - [09/Dec/2025:00:32:52 +0100] "GET /?path=//kunden/kunden/kunden/kunden/kunden/kunden/kunden/proc/thread-self/root/kunden/kunden/kunden/proc/thread-self/root/kunden/proc/self/cwd/well-known/pki-validation/h/f/h/f HTTP/1.1" 200 15760 edition.gerdgeorge.de "-" "Mozilla/5.0 AppleWebKit/537.36 (KHTML, like Gecko; compatible; GPTBot/1.3; +https://openai.com/gptbot)" "-"
74.7.227.0 - - [09/Dec/2025:00:32:53 +0100] "GET /?path=//kunden/kunden/kunden/kunden/kunden/kunden/kunden/proc/thread-self/root/kunden/kunden/kunden/proc/thread-self/root/kunden/proc/self/cwd/well-known/pki-validation/b/e/h/h HTTP/1.1" 200 15760 edition.gerdgeorge.de "-" "Mozilla/5.0 AppleWebKit/537.36 (KHTML, like Gecko; compatible; GPTBot/1.3; +https://openai.com/gptbot)" "-"
74.7.227.0 - - [09/Dec/2025:00:32:54 +0100] "GET /?path=//kunden/kunden/kunden/kunden/kunden/kunden/kunden/proc/thread-self/root/kunden/kunden/kunden/proc/thread-self/root/kunden/proc/self/cwd/well-known/pki-validation/h/f/h/c HTTP/1.1" 200 15760 edition.gerdgeorge.de "-" "Mozilla/5.0 AppleWebKit/537.36 (KHTML, like Gecko; compatible; GPTBot/1.3; +https://openai.com/gptbot)" "-"
74.7.227.0 - - [09/Dec/2025:00:32:54 +0100] "GET /?path=//kunden/kunden/kunden/kunden/kunden/kunden/kunden/proc/thread-self/root/kunden/kunden/kunden/proc/thread-self/root/kunden/proc/self/cwd/well-known/pki-validation/b/b/a/e HTTP/1.1" 200 15760 edition.gerdgeorge.de "-" "Mozilla/5.0 AppleWebKit/537.36 (KHTML, like Gecko; compatible; GPTBot/1.3; +https://openai.com/gptbot)" "-"
74.7.227.0 - - [09/Dec/2025:00:32:55 +0100] "GET /?path=//kunden/kunden/kunden/kunden/kunden/kunden/kunden/proc/thread-self/root/kunden/kunden/kunden/proc/thread-self/root/kunden/proc/self/cwd/well-known/pki-validation/g/h/a/f HTTP/1.1" 200 15760 edition.gerdgeorge.de "-" "Mozilla/5.0 AppleWebKit/537.36 (KHTML, like Gecko; compatible; GPTBot/1.3; +https://openai.com/gptbot)" "-"
74.7.227.0 - - [09/Dec/2025:00:32:55 +0100] "GET /?path=//kunden/kunden/kunden/kunden/kunden/kunden/kunden/proc/thread-self/root/kunden/kunden/kunden/proc/thread-self/root/kunden/proc/self/cwd/well-known/pki-validation/b/g/c/g HTTP/1.1" 200 15760 edition.gerdgeorge.de "-" "Mozilla/5.0 AppleWebKit/537.36 (KHTML, like Gecko; compatible; GPTBot/1.3; +https://openai.com/gptbot)" "-"
74.7.227.0 - - [09/Dec/2025:00:32:56 +0100] "GET /?path=//kunden/kunden/kunden/kunden/kunden/kunden/kunden/proc/thread-self/root/kunden/kunden/kunden/proc/thread-self/root/kunden/proc/self/cwd/well-known/pki-validation/b/g/c/a HTTP/1.1" 200 15760 edition.gerdgeorge.de "-" "Mozilla/5.0 AppleWebKit/537.36 (KHTML, like Gecko; compatible; GPTBot/1.3; +https://openai.com/gptbot)" "-"
52.1.157.0 - - [09/Dec/2025:00:32:56 +0100] "GET /serviette-calamar/?path=//kunden/proc/self/root/proc/self/root/proc/self/root/proc/self/root/lib/locale/zh_SG HTTP/1.1" 200 34104 edition.gerdgeorge.de "-" "Mozilla/5.0 AppleWebKit/537.36 (KHTML, like Gecko; compatible; Amazonbot/0.1; +https://developer.amazon.com/support/amazonbot) Chrome/119.0.6045.214 Safari/537.36" "-"
74.7.227.0 - - [09/Dec/2025:00:32:57 +0100] "GET /?path=//kunden/kunden/kunden/kunden/kunden/kunden/kunden/proc/thread-self/root/kunden/kunden/kunden/proc/thread-self/root/kunden/proc/self/cwd/well-known/pki-validation/a/f/b/c HTTP/1.1" 200 15760 edition.gerdgeorge.de "-" "Mozilla/5.0 AppleWebKit/537.36 (KHTML, like Gecko; compatible; GPTBot/1.3; +https://openai.com/gptbot)" "-"
66.249.78.0 - - [09/Dec/2025:00:32:58 +0100] "GET /?_g=644824 HTTP/1.1" 200 177844 edition.gerdgeorge.de "-" "Mozilla/5.0 (Linux; Android 6.0.1; Nexus 5X Build/MMB29P) AppleWebKit/537.36 (KHTML, like Gecko) Chrome/141.0.7390.122 Mobile Safari/537.36 (compatible; Googlebot/2.1; +http://www.google.com/bot.html)" "-"
74.7.227.0 - - [09/Dec/2025:00:33:00 +0100] "GET /?path=//kunden/kunden/kunden/kunden/kunden/kunden/kunden/proc/thread-self/root/kunden/kunden/kunden/proc/thread-self/root/kunden/proc/self/cwd/well-known/pki-validation/h/a/f HTTP/1.1" 200 29655 edition.gerdgeorge.de "-" "Mozilla/5.0 AppleWebKit/537.36 (KHTML, like Gecko; compatible; GPTBot/1.3; +https://openai.com/gptbot)" "-"
74.7.227.0 - - [09/Dec/2025:00:33:01 +0100] "GET /?path=//kunden/kunden/kunden/kunden/kunden/kunden/kunden/proc/thread-self/root/kunden/kunden/kunden/proc/thread-self/root/kunden/proc/self/cwd/well-known/pki-validation/b/f/a/d HTTP/1.1" 200 15760 edition.gerdgeorge.de "-" "Mozilla/5.0 AppleWebKit/537.36 (KHTML, like Gecko; compatible; GPTBot/1.3; +https://openai.com/gptbot)" "-"
184.72.95.0 - - [09/Dec/2025:00:33:01 +0100] "GET /serviette-calamar/?path=//kunden/proc/self/root/proc/self/root/kunden/proc/self/root/proc/self/root/lib/mc HTTP/1.1" 200 26776 edition.gerdgeorge.de "-" "Mozilla/5.0 AppleWebKit/537.36 (KHTML, like Gecko; compatible; Amazonbot/0.1; +https://developer.amazon.com/support/amazonbot) Chrome/119.0.6045.214 Safari/537.36" "-"
74.7.227.0 - - [09/Dec/2025:00:33:01 +0100] "GET /?path=//kunden/kunden/kunden/kunden/kunden/kunden/kunden/proc/thread-self/root/kunden/kunden/kunden/proc/thread-self/root/kunden/proc/self/cwd/well-known/pki-validation/h/f/h/g HTTP/1.1" 200 15760 edition.gerdgeorge.de "-" "Mozilla/5.0 AppleWebKit/537.36 (KHTML, like Gecko; compatible; GPTBot/1.3; +https://openai.com/gptbot)" "-"
74.7.227.0 - - [09/Dec/2025:00:33:02 +0100] "GET /?path=//kunden/kunden/kunden/kunden/kunden/kunden/kunden/proc/thread-self/root/kunden/kunden/kunden/proc/thread-self/root/kunden/proc/self/cwd/well-known/pki-validation/h/a/f/b HTTP/1.1" 200 15760 edition.gerdgeorge.de "-" "Mozilla/5.0 AppleWebKit/537.36 (KHTML, like Gecko; compatible; GPTBot/1.3; +https://openai.com/gptbot)" "-"
66.249.64.0 - - [09/Dec/2025:00:33:02 +0100] "GET /?_g=618747 HTTP/1.1" 200 175309 edition.gerdgeorge.de "-" "Mozilla/5.0 (Linux; Android 6.0.1; Nexus 5X Build/MMB29P) AppleWebKit/537.36 (KHTML, like Gecko) Chrome/141.0.7390.122 Mobile Safari/537.36 (compatible; Googlebot/2.1; +http://www.google.com/bot.html)" "-"
74.7.227.0 - - [09/Dec/2025:00:33:03 +0100] "GET /?path=//kunden/kunden/kunden/kunden/kunden/kunden/kunden/proc/thread-self/root/kunden/kunden/kunden/proc/thread-self/root/kunden/proc/self/cwd/well-known/pki-validation/b/g/c/c HTTP/1.1" 200 15760 edition.gerdgeorge.de "-" "Mozilla/5.0 AppleWebKit/537.36 (KHTML, like Gecko; compatible; GPTBot/1.3; +https://openai.com/gptbot)" "-"
216.73.216.0 - - [09/Dec/2025:00:33:03 +0100] "GET /imprint?fileloc=%2F%2Fkunden%2Fproc%2Fsys%2Fvm%2Fovercommit_ratio&path=%2F%2Fkunden%2Fproc%2Fsys%2Fvm HTTP/1.1" 200 12345 edition.gerdgeorge.de "-" "Mozilla/5.0 AppleWebKit/537.36 (KHTML, like Gecko; compatible; ClaudeBot/1.0; +claudebot@anthropic.com)" "-"
74.7.227.0 - - [09/Dec/2025:00:33:04 +0100] "GET /?path=//kunden/kunden/kunden/kunden/kunden/kunden/kunden/proc/thread-self/root/kunden/kunden/kunden/proc/thread-self/root/kunden/proc/self/cwd/well-known/pki-validation/h/a/f/g HTTP/1.1" 200 15760 edition.gerdgeorge.de "-" "Mozilla/5.0 AppleWebKit/537.36 (KHTML, like Gecko; compatible; GPTBot/1.3; +https://openai.com/gptbot)" "-"
66.249.78.0 - - [09/Dec/2025:00:33:04 +0100] "GET /?_g=720824 HTTP/1.1" 200 186184 edition.gerdgeorge.de "-" "Mozilla/5.0 (Linux; Android 6.0.1; Nexus 5X Build/MMB29P) AppleWebKit/537.36 (KHTML, like Gecko) Chrome/141.0.7390.122 Mobile Safari/537.36 (compatible; Googlebot/2.1; +http://www.google.com/bot.html)" "-"
3.211.181.0 - - [09/Dec/2025:00:33:05 +0100] "GET /serviette-calamar/?path=//proc/self/root/proc/self/root/kunden/proc/self/root/kunden/kunden/proc/thread-self/root/kunden/dev HTTP/1.1" 200 20186 edition.gerdgeorge.de "-" "Mozilla/5.0 AppleWebKit/537.36 (KHTML, like Gecko; compatible; Amazonbot/0.1; +https://developer.amazon.com/support/amazonbot) Chrome/119.0.6045.214 Safari/537.36" "-"
74.7.227.0 - - [09/Dec/2025:00:33:05 +0100] "GET /?path=//kunden/kunden/kunden/kunden/kunden/kunden/kunden/proc/thread-self/root/kunden/kunden/kunden/proc/thread-self/root/kunden/proc/self/cwd/well-known/pki-validation/h/f/h/a HTTP/1.1" 200 15760 edition.gerdgeorge.de "-" "Mozilla/5.0 AppleWebKit/537.36 (KHTML, like Gecko; compatible; GPTBot/1.3; +https://openai.com/gptbot)" "-"
216.73.216.0 - - [09/Dec/2025:00:33:07 +0100] "GET /imprint?fileloc=%2F%2Fkunden%2Fproc%2Fself%2Fcwd%2Fxmlrpc.php&path=%2F%2Fkunden%2Fproc%2Fself%2Fcwd HTTP/1.1" 200 15901 edition.gerdgeorge.de "-" "Mozilla/5.0 AppleWebKit/537.36 (KHTML, like Gecko; compatible; ClaudeBot/1.0; +claudebot@anthropic.com)" "-"
74.7.227.0 - - [09/Dec/2025:00:33:08 +0100] "GET /?path=//kunden/kunden/kunden/kunden/kunden/kunden/kunden/proc/thread-self/root/kunden/kunden/kunden/proc/thread-self/root/kunden/proc/self/cwd/well-known/pki-validation/g/c/b/f HTTP/1.1" 200 15760 edition.gerdgeorge.de "-" "Mozilla/5.0 AppleWebKit/537.36 (KHTML, like Gecko; compatible; GPTBot/1.3; +https://openai.com/gptbot)" "-"
98.80.130.0 - - [09/Dec/2025:00:33:09 +0100] "GET /serviette-calamar/?path=//proc/self/root/kunden/kunden/kunden/kunden/proc/self/root/proc/self/root/proc/self/root/lib HTTP/1.1" 200 108820 edition.gerdgeorge.de "-" "Mozilla/5.0 AppleWebKit/537.36 (KHTML, like Gecko; compatible; Amazonbot/0.1; +https://developer.amazon.com/support/amazonbot) Chrome/119.0.6045.214 Safari/537.36" "-"
74.7.227.0 - - [09/Dec/2025:00:33:09 +0100] "GET /?path=//kunden/kunden/kunden/kunden/kunden/kunden/kunden/proc/thread-self/root/kunden/kunden/kunden/proc/thread-self/root/kunden/proc/self/cwd/well-known/pki-validation/h/f/h/b HTTP/1.1" 200 15760 edition.gerdgeorge.de "-" "Mozilla/5.0 AppleWebKit/537.36 (KHTML, like Gecko; compatible; GPTBot/1.3; +https://openai.com/gptbot)" "-"
74.7.227.0 - - [09/Dec/2025:00:33:10 +0100] "GET /?path=//kunden/kunden/kunden/kunden/kunden/kunden/kunden/proc/thread-self/root/kunden/kunden/kunden/proc/thread-self/root/kunden/proc/self/cwd/well-known/pki-validation/b/g/c/b HTTP/1.1" 200 15760 edition.gerdgeorge.de "-" "Mozilla/5.0 AppleWebKit/537.36 (KHTML, like Gecko; compatible; GPTBot/1.3; +https://openai.com/gptbot)" "-"
216.73.216.0 - - [09/Dec/2025:00:33:10 +0100] "GET /imprint?path=%2F%2Fkunden%2Fhomepages%2F21%2Fd696135774%2Fmanaged HTTP/1.1" 200 12836 edition.gerdgeorge.de "-" "Mozilla/5.0 AppleWebKit/537.36 (KHTML, like Gecko; compatible; ClaudeBot/1.0; +claudebot@anthropic.com)" "-"
74.7.227.0 - - [09/Dec/2025:00:33:10 +0100] "GET /?path=//kunden/kunden/kunden/kunden/kunden/kunden/kunden/proc/thread-self/root/kunden/kunden/kunden/proc/thread-self/root/kunden/proc/self/cwd/well-known/pki-validation/h/f/h/e HTTP/1.1" 200 15760 edition.gerdgeorge.de "-" "Mozilla/5.0 AppleWebKit/537.36 (KHTML, like Gecko; compatible; GPTBot/1.3; +https://openai.com/gptbot)" "-"
74.7.227.0 - - [09/Dec/2025:00:33:11 +0100] "GET /?path=//kunden/kunden/kunden/kunden/kunden/kunden/kunden/proc/thread-self/root/kunden/kunden/kunden/proc/thread-self/root/kunden/proc/self/cwd/well-known/pki-validation/h/f/h/d HTTP/1.1" 200 15760 edition.gerdgeorge.de "-" "Mozilla/5.0 AppleWebKit/537.36 (KHTML, like Gecko; compatible; GPTBot/1.3; +https://openai.com/gptbot)" "-"
74.7.227.0 - - [09/Dec/2025:00:33:12 +0100] "GET /?path=//kunden/kunden/kunden/kunden/kunden/kunden/kunden/proc/thread-self/root/kunden/kunden/kunden/proc/thread-self/root/kunden/proc/self/cwd/well-known/pki-validation/h/a/f/c HTTP/1.1" 200 15760 edition.gerdgeorge.de "-" "Mozilla/5.0 AppleWebKit/537.36 (KHTML, like Gecko; compatible; GPTBot/1.3; +https://openai.com/gptbot)" "-"
66.249.78.0 - - [09/Dec/2025:00:33:12 +0100] "GET /?_g=1628820 HTTP/1.1" 200 179745 edition.gerdgeorge.de "-" "Mozilla/5.0 (Linux; Android 6.0.1; Nexus 5X Build/MMB29P) AppleWebKit/537.36 (KHTML, like Gecko) Chrome/141.0.7390.122 Mobile Safari/537.36 (compatible; Googlebot/2.1; +http://www.google.com/bot.html)" "-"
74.7.227.0 - - [09/Dec/2025:00:33:12 +0100] "GET /?path=//kunden/kunden/kunden/kunden/kunden/kunden/kunden/proc/thread-self/root/kunden/kunden/kunden/proc/thread-self/root/kunden/proc/self/cwd/well-known/pki-validation/b/g/c/d HTTP/1.1" 200 15760 edition.gerdgeorge.de "-" "Mozilla/5.0 AppleWebKit/537.36 (KHTML, like Gecko; compatible; GPTBot/1.3; +https://openai.com/gptbot)" "-"
216.73.216.0 - - [09/Dec/2025:00:33:12 +0100] "GET /imprint?fileloc=%2F%2Fkunden%2Fproc%2Fself%2Fcwd%2Fwp-trackback.php&path=%2F%2Fkunden%2Fproc%2Fself%2Fcwd HTTP/1.1" 200 17742 edition.gerdgeorge.de "-" "Mozilla/5.0 AppleWebKit/537.36 (KHTML, like Gecko; compatible; ClaudeBot/1.0; +claudebot@anthropic.com)" "-"
74.7.227.0 - - [09/Dec/2025:00:33:13 +0100] "GET /?path=//kunden/kunden/kunden/kunden/kunden/kunden/kunden/proc/thread-self/root/kunden/kunden/kunden/proc/thread-self/root/kunden/proc/self/cwd/well-known/pki-validation/b/g/c/f HTTP/1.1" 200 15760 edition.gerdgeorge.de "-" "Mozilla/5.0 AppleWebKit/537.36 (KHTML, like Gecko; compatible; GPTBot/1.3; +https://openai.com/gptbot)" "-"
18.210.58.0 - - [09/Dec/2025:00:33:13 +0100] "GET /?path=//proc/self/root/kunden/proc/thread-self/root/proc/self/root/proc/thread-self/root/dev HTTP/1.1" 200 19724 edition.gerdgeorge.de "-" "Mozilla/5.0 AppleWebKit/537.36 (KHTML, like Gecko; compatible; Amazonbot/0.1; +https://developer.amazon.com/support/amazonbot) Chrome/119.0.6045.214 Safari/537.36" "-"
74.7.227.0 - - [09/Dec/2025:00:33:13 +0100] "GET /?path=//kunden/kunden/kunden/kunden/kunden/kunden/kunden/proc/thread-self/root/kunden/kunden/kunden/proc/thread-self/root/kunden/proc/self/cwd/well-known/pki-validation/g/c/d/a HTTP/1.1" 200 15760 edition.gerdgeorge.de "-" "Mozilla/5.0 AppleWebKit/537.36 (KHTML, like Gecko; compatible; GPTBot/1.3; +https://openai.com/gptbot)" "-"
74.7.227.0 - - [09/Dec/2025:00:33:14 +0100] "GET /?path=//kunden/kunden/kunden/kunden/kunden/kunden/kunden/proc/thread-self/root/kunden/kunden/kunden/proc/thread-self/root/kunden/proc/self/cwd/well-known/pki-validation/b/b/g/a HTTP/1.1" 200 15760 edition.gerdgeorge.de "-" "Mozilla/5.0 AppleWebKit/537.36 (KHTML, like Gecko; compatible; GPTBot/1.3; +https://openai.com/gptbot)" "-"
216.73.216.0 - - [09/Dec/2025:00:33:15 +0100] "GET /imprint?fileloc=%2F%2Fkunden%2Fproc%2Fsys%2Fvm%2Fmmap_rnd_bits&path=%2F%2Fkunden%2Fproc%2Fsys%2Fvm HTTP/1.1" 200 12339 edition.gerdgeorge.de "-" "Mozilla/5.0 AppleWebKit/537.36 (KHTML, like Gecko; compatible; ClaudeBot/1.0; +claudebot@anthropic.com)" "-"
177.33.139.0 - - [09/Dec/2025:00:33:15 +0100] "POST /xmlrpc.php HTTP/1.1" 503 299 gerdgeorge.de "-" "Mozilla/5.0 (Linux; Android 10; x64) AppleWebKit/537.36 (KHTML, like Gecko) Chrome/99.0.0.0 Safari/537.36" "-"
66.249.64.0 - - [09/Dec/2025:00:33:16 +0100] "GET /?_g=1553812 HTTP/1.1" 200 180849 edition.gerdgeorge.de "-" "Mozilla/5.0 (Linux; Android 6.0.1; Nexus 5X Build/MMB29P) AppleWebKit/537.36 (KHTML, like Gecko) Chrome/141.0.7390.122 Mobile Safari/537.36 (compatible; Googlebot/2.1; +http://www.google.com/bot.html)" "-"
3.208.156.0 - - [09/Dec/2025:00:33:16 +0100] "GET /serviette-calamar/?path=//kunden/proc/self/root/proc/self/root/kunden/proc/thread-self/root/kunden/proc/thread-self/root/run HTTP/1.1" 200 23858 edition.gerdgeorge.de "-" "Mozilla/5.0 AppleWebKit/537.36 (KHTML, like Gecko; compatible; Amazonbot/0.1; +https://developer.amazon.com/support/amazonbot) Chrome/119.0.6045.214 Safari/537.36" "-"
216.73.216.0 - - [09/Dec/2025:00:33:17 +0100] "GET /imprint?path=%2F%2Fkunden%2Fproc%2Fself%2Froot%2Ftmp HTTP/1.1" 200 34458 edition.gerdgeorge.de "-" "Mozilla/5.0 AppleWebKit/537.36 (KHTML, like Gecko; compatible; ClaudeBot/1.0; +claudebot@anthropic.com)" "-"
74.7.227.0 - - [09/Dec/2025:00:33:18 +0100] "GET /?path=//kunden/kunden/kunden/kunden/kunden/kunden/kunden/proc/thread-self/root/kunden/kunden/kunden/proc/thread-self/root/kunden/proc/self/cwd/well-known/pki-validation/h/a/f/h HTTP/1.1" 200 15760 edition.gerdgeorge.de "-" "Mozilla/5.0 AppleWebKit/537.36 (KHTML, like Gecko; compatible; GPTBot/1.3; +https://openai.com/gptbot)" "-"
74.7.227.0 - - [09/Dec/2025:00:33:18 +0100] "GET /?path=//kunden/kunden/kunden/kunden/kunden/kunden/kunden/proc/thread-self/root/kunden/kunden/kunden/proc/thread-self/root/kunden/proc/self/cwd/well-known/pki-validation/h/a/f/f HTTP/1.1" 200 15760 edition.gerdgeorge.de "-" "Mozilla/5.0 AppleWebKit/537.36 (KHTML, like Gecko; compatible; GPTBot/1.3; +https://openai.com/gptbot)" "-"
74.7.227.0 - - [09/Dec/2025:00:33:19 +0100] "GET /?path=//kunden/kunden/kunden/kunden/kunden/kunden/kunden/proc/thread-self/root/kunden/kunden/kunden/proc/thread-self/root/kunden/proc/self/cwd/well-known/pki-validation/a/f/f/b HTTP/1.1" 200 15760 edition.gerdgeorge.de "-" "Mozilla/5.0 AppleWebKit/537.36 (KHTML, like Gecko; compatible; GPTBot/1.3; +https://openai.com/gptbot)" "-"
216.73.216.0 - - [09/Dec/2025:00:33:19 +0100] "GET /imprint?fileloc=%2F%2Fkunden%2Fproc%2Fsys%2Fvm%2Fshaholin_max_processes&path=%2F%2Fkunden%2Fproc%2Fsys%2Fvm HTTP/1.1" 200 12348 edition.gerdgeorge.de "-" "Mozilla/5.0 AppleWebKit/537.36 (KHTML, like Gecko; compatible; ClaudeBot/1.0; +claudebot@anthropic.com)" "-"
216.73.216.0 - - [09/Dec/2025:00:33:20 +0100] "GET /imprint?fileloc=%2F%2Fkunden%2Fproc%2Fself%2Fcwd%2Fwp-config.php&path=%2F%2Fkunden%2Fproc%2Fself%2Fcwd HTTP/1.1" 503 299 edition.gerdgeorge.de "-" "Mozilla/5.0 AppleWebKit/537.36 (KHTML, like Gecko; compatible; ClaudeBot/1.0; +claudebot@anthropic.com)" "-"
74.7.227.0 - - [09/Dec/2025:00:33:20 +0100] "GET /?path=//kunden/kunden/kunden/kunden/kunden/kunden/kunden/proc/thread-self/root/kunden/kunden/kunden/proc/thread-self/root/kunden/proc/self/cwd/well-known/pki-validation/h/a/f/a HTTP/1.1" 200 15760 edition.gerdgeorge.de "-" "Mozilla/5.0 AppleWebKit/537.36 (KHTML, like Gecko; compatible; GPTBot/1.3; +https://openai.com/gptbot)" "-"
23.23.103.0 - - [09/Dec/2025:00:33:20 +0100] "GET /serviette-calamar/?path=//proc/self/root/proc/self/root/proc/thread-self/root/kunden/kunden/proc/thread-self/root/lib/locale/eu_ES HTTP/1.1" 200 35322 edition.gerdgeorge.de "-" "Mozilla/5.0 AppleWebKit/537.36 (KHTML, like Gecko; compatible; Amazonbot/0.1; +https://developer.amazon.com/support/amazonbot) Chrome/119.0.6045.214 Safari/537.36" "-"
74.7.227.0 - - [09/Dec/2025:00:33:21 +0100] "GET /?path=//kunden/kunden/kunden/kunden/kunden/kunden/kunden/proc/thread-self/root/kunden/kunden/kunden/proc/thread-self/root/kunden/proc/self/cwd/well-known/pki-validation/h/a/f/d HTTP/1.1" 200 15760 edition.gerdgeorge.de "-" "Mozilla/5.0 AppleWebKit/537.36 (KHTML, like Gecko; compatible; GPTBot/1.3; +https://openai.com/gptbot)" "-"
74.7.227.0 - - [09/Dec/2025:00:33:21 +0100] "GET /?path=//kunden/kunden/kunden/kunden/kunden/kunden/kunden/proc/thread-self/root/kunden/kunden/kunden/proc/thread-self/root/kunden/proc/self/cwd/well-known/pki-validation/h/b/a/e HTTP/1.1" 200 15760 edition.gerdgeorge.de "-" "Mozilla/5.0 AppleWebKit/537.36 (KHTML, like Gecko; compatible; GPTBot/1.3; +https://openai.com/gptbot)" "-"
74.7.227.0 - - [09/Dec/2025:00:33:22 +0100] "GET /?path=//kunden/kunden/kunden/kunden/kunden/kunden/kunden/proc/thread-self/root/kunden/kunden/kunden/proc/thread-self/root/kunden/proc/self/cwd/well-known/pki-validation/b/c/f/f HTTP/1.1" 200 15760 edition.gerdgeorge.de "-" "Mozilla/5.0 AppleWebKit/537.36 (KHTML, like Gecko; compatible; GPTBot/1.3; +https://openai.com/gptbot)" "-"
216.73.216.0 - - [09/Dec/2025:00:33:22 +0100] "GET /imprint?fileloc=%2F%2Fkunden%2Fproc%2Fnet%2Frt_cache&path=%2F%2Fkunden%2Fproc%2Fnet HTTP/1.1" 200 12415 edition.gerdgeorge.de "-" "Mozilla/5.0 AppleWebKit/537.36 (KHTML, like Gecko; compatible; ClaudeBot/1.0; +claudebot@anthropic.com)" "-"
74.7.227.0 - - [09/Dec/2025:00:33:23 +0100] "GET /?path=//kunden/kunden/kunden/kunden/kunden/kunden/kunden/proc/thread-self/root/kunden/kunden/kunden/proc/thread-self/root/kunden/proc/self/cwd/well-known/pki-validation/b/e/e/b HTTP/1.1" 200 15760 edition.gerdgeorge.de "-" "Mozilla/5.0 AppleWebKit/537.36 (KHTML, like Gecko; compatible; GPTBot/1.3; +https://openai.com/gptbot)" "-"
74.7.227.0 - - [09/Dec/2025:00:33:24 +0100] "GET /?path=//kunden/kunden/kunden/kunden/kunden/kunden/kunden/proc/thread-self/root/kunden/kunden/kunden/proc/thread-self/root/kunden/proc/self/cwd/well-known/pki-validation/h/g/g/a HTTP/1.1" 200 15760 edition.gerdgeorge.de "-" "Mozilla/5.0 AppleWebKit/537.36 (KHTML, like Gecko; compatible; GPTBot/1.3; +https://openai.com/gptbot)" "-"
216.73.216.0 - - [09/Dec/2025:00:33:24 +0100] "GET /imprint?fileloc=%2F%2Fkunden%2Fproc%2Fsys%2Fvm%2Fshaholin_max_delay_ms&path=%2F%2Fkunden%2Fproc%2Fsys%2Fvm HTTP/1.1" 200 12347 edition.gerdgeorge.de "-" "Mozilla/5.0 AppleWebKit/537.36 (KHTML, like Gecko; compatible; ClaudeBot/1.0; +claudebot@anthropic.com)" "-"
216.73.216.0 - - [09/Dec/2025:00:33:25 +0100] "GET /imprint?path=%2F%2Fkunden%2Fproc%2Fself%2Froot%2Fsbin HTTP/1.1" 200 292293 edition.gerdgeorge.de "-" "Mozilla/5.0 AppleWebKit/537.36 (KHTML, like Gecko; compatible; ClaudeBot/1.0; +claudebot@anthropic.com)" "-"
